File: /home/msgdhg02/access-logs/yok789-c.com.msgdhg.com-ssl_log
2409:40e3:1048:ea81:b571:611a:35c7:a3af - - [20/Sep/2026:17:48:17 +0700] "POST /xmlrpc.php HTTP/1.1" 200 403 "-" "Jetpack by WordPress.com"
2409:40e3:1048:ea81:b571:611a:35c7:a3af - - [20/Sep/2026:17:48:28 +0700] "POST /xmlrpc.php HTTP/1.1" 200 403 "-" "Jetpack by WordPress.com"
2409:40e3:1048:ea81:b571:611a:35c7:a3af - - [20/Sep/2026:17:48:39 +0700] "POST /xmlrpc.php HTTP/1.1" 200 403 "-" "WordPress.com; https://wordpress.com"
2409:40e3:1048:ea81:b571:611a:35c7:a3af - - [20/Sep/2026:17:48:50 +0700] "POST /xmlrpc.php HTTP/1.1" 200 403 "-" "Jetpack/12.0; WordPress/6.2; http://site44431628.com"
2409:40e3:1048:ea81:b571:611a:35c7:a3af - - [20/Sep/2026:17:49:01 +0700] "POST /xmlrpc.php HTTP/1.1" 200 403 "-" "Jetpack/12.5; WordPress/6.2; http://site21994430.com"
2409:40e3:1048:ea81:b571:611a:35c7:a3af - - [20/Sep/2026:17:49:13 +0700] "POST /xmlrpc.php HTTP/1.1" 200 403 "-" "Jetpack by WordPress.com (Jetpack 12.1; WordPress 6.3)"
198.252.107.178 - - [20/Sep/2026:18:02:30 +0700] "POST /wp-cron.php?doing_wp_cron=1789902150.3203680515289306640625 HTTP/1.1" 200 - "-" "WordPress/7.1.1; https://yok789-c.com"
173.239.218.33 - - [20/Sep/2026:18:02:24 +0700] "POST /wp-login.php HTTP/1.1" 200 7742 "-" "Mozilla/5.0 (Windows NT 10.0; Win64; x64) AppleWebKit/537.36 Chrome/129.0.0.0 Safari/537.36"
198.252.107.178 - - [20/Sep/2026:18:30:36 +0700] "POST /wp-cron.php?doing_wp_cron=1789903835.8872139453887939453125 HTTP/1.1" 200 - "-" "WordPress/7.1.1; https://yok789-c.com"
2a09:bac1:61c0:30::388:93 - - [20/Sep/2026:18:30:34 +0700] "POST /xmlrpc.php HTTP/1.1" 200 403 "-" "WordPress.com; https://wordpress.com"
198.252.107.178 - - [20/Sep/2026:18:30:40 +0700] "POST /wp-cron.php HTTP/1.1" 200 - "-" "WordPress/7.1.1; https://yok789-c.com"
198.252.107.178 - - [20/Sep/2026:18:30:40 +0700] "GET / HTTP/1.1" 200 75440 "-" "WordPress/7.1.1; https://yok789-c.com"
198.252.107.178 - - [20/Sep/2026:18:30:42 +0700] "GET / HTTP/1.1" 200 75440 "-" "WordPress/7.1.1; https://yok789-c.com"
2a09:bac1:61c0:30::388:93 - - [20/Sep/2026:18:30:43 +0700] "POST /xmlrpc.php HTTP/1.1" 200 403 "-" "WordPress.com; https://wordpress.com"
198.252.107.178 - - [20/Sep/2026:18:30:44 +0700] "GET / HTTP/1.1" 200 75440 "-" "WordPress/7.1.1; https://yok789-c.com"
198.252.107.178 - - [20/Sep/2026:18:30:46 +0700] "GET / HTTP/1.1" 200 75440 "-" "WordPress/7.1.1; https://yok789-c.com"
2a09:bac1:61c0:30::388:93 - - [20/Sep/2026:18:30:55 +0700] "POST /xmlrpc.php HTTP/1.1" 200 403 "-" "Jetpack by WordPress.com (Jetpack 13.0; WordPress 6.2)"
2a09:bac1:61c0:30::388:93 - - [20/Sep/2026:18:31:04 +0700] "POST /xmlrpc.php HTTP/1.1" 200 403 "-" "Jetpack by WordPress.com (Jetpack 12.1; WordPress 6.4)"
2a09:bac1:61c0:30::388:93 - - [20/Sep/2026:18:31:14 +0700] "POST /xmlrpc.php HTTP/1.1" 200 403 "-" "Jetpack by WordPress.com"
2a09:bac1:61c0:30::388:93 - - [20/Sep/2026:18:31:25 +0700] "POST /xmlrpc.php HTTP/1.1" 200 403 "-" "WordPress.com; https://wordpress.com"
2a09:bac1:61c0:30::388:93 - - [20/Sep/2026:18:31:36 +0700] "POST /xmlrpc.php HTTP/1.1" 200 403 "-" "WordPress.com; https://wordpress.com"
2a09:bac1:61c0:30::388:93 - - [20/Sep/2026:18:31:46 +0700] "POST /xmlrpc.php HTTP/1.1" 200 403 "-" "WordPress.com; https://wordpress.com"
2a09:bac1:61c0:30::388:93 - - [20/Sep/2026:18:31:57 +0700] "POST /xmlrpc.php HTTP/1.1" 200 403 "-" "WordPress.com; https://wordpress.com"
2a09:bac1:61c0:30::388:93 - - [20/Sep/2026:18:32:08 +0700] "POST /xmlrpc.php HTTP/1.1" 200 403 "-" "Jetpack by WordPress.com (Jetpack 12.0; WordPress 6.1)"
2a09:bac1:61c0:30::388:93 - - [20/Sep/2026:18:32:18 +0700] "POST /xmlrpc.php HTTP/1.1" 200 403 "-" "WordPress.com; https://wordpress.com"
2a09:bac1:61c0:30::388:93 - - [20/Sep/2026:18:32:29 +0700] "POST /xmlrpc.php HTTP/1.1" 200 403 "-" "Jetpack by WordPress.com (Jetpack 12.5; WordPress 6.2)"
2a09:bac1:61c0:30::388:93 - - [20/Sep/2026:18:32:39 +0700] "POST /xmlrpc.php HTTP/1.1" 200 403 "-" "Jetpack by WordPress.com (Jetpack 13.0; WordPress 6.4)"
2a09:bac1:61c0:30::388:93 - - [20/Sep/2026:18:32:50 +0700] "POST /xmlrpc.php HTTP/1.1" 200 403 "-" "WordPress.com; https://wordpress.com"
2a09:bac1:61c0:30::388:93 - - [20/Sep/2026:18:33:01 +0700] "POST /xmlrpc.php HTTP/1.1" 200 403 "-" "Jetpack by WordPress.com (Jetpack 12.1; WordPress 6.2)"
2a09:bac1:61c0:30::388:93 - - [20/Sep/2026:18:33:11 +0700] "POST /xmlrpc.php HTTP/1.1" 200 403 "-" "Jetpack/12.5; WordPress/6.4; http://site31089594.com"
2a09:bac1:61c0:30::388:93 - - [20/Sep/2026:18:33:22 +0700] "POST /xmlrpc.php HTTP/1.1" 200 403 "-" "Jetpack by WordPress.com"
2a09:bac1:61c0:30::388:93 - - [20/Sep/2026:18:33:32 +0700] "POST /xmlrpc.php HTTP/1.1" 200 403 "-" "WordPress.com; https://wordpress.com"
2a09:bac1:61c0:30::388:93 - - [20/Sep/2026:18:33:43 +0700] "POST /xmlrpc.php HTTP/1.1" 200 403 "-" "WordPress.com; https://wordpress.com"
2a09:bac1:61c0:30::388:93 - - [20/Sep/2026:18:33:54 +0700] "POST /xmlrpc.php HTTP/1.1" 200 403 "-" "Jetpack by WordPress.com"
2a09:bac1:61c0:30::388:93 - - [20/Sep/2026:18:34:04 +0700] "POST /xmlrpc.php HTTP/1.1" 200 403 "-" "Jetpack by WordPress.com"
2a09:bac1:61c0:30::388:93 - - [20/Sep/2026:18:34:15 +0700] "POST /xmlrpc.php HTTP/1.1" 200 403 "-" "Jetpack by WordPress.com (Jetpack 12.0; WordPress 6.4)"
2a09:bac1:61c0:30::388:93 - - [20/Sep/2026:18:34:25 +0700] "POST /xmlrpc.php HTTP/1.1" 200 403 "-" "Jetpack by WordPress.com (Jetpack 12.1; WordPress 6.3)"
2a09:bac1:61c0:30::388:93 - - [20/Sep/2026:18:34:36 +0700] "POST /xmlrpc.php HTTP/1.1" 200 403 "-" "Jetpack/12.5; WordPress/6.3; http://site12960304.com"
2a09:bac1:61c0:30::388:93 - - [20/Sep/2026:18:34:47 +0700] "POST /xmlrpc.php HTTP/1.1" 200 403 "-" "Jetpack by WordPress.com"
2a09:bac1:61c0:30::388:93 - - [20/Sep/2026:18:34:57 +0700] "POST /xmlrpc.php HTTP/1.1" 200 403 "-" "WordPress.com; https://wordpress.com"
2a09:bac1:61c0:30::388:93 - - [20/Sep/2026:18:35:08 +0700] "POST /xmlrpc.php HTTP/1.1" 200 403 "-" "Jetpack/12.0; WordPress/6.2; http://site52055054.com"
2a09:bac1:61c0:30::388:93 - - [20/Sep/2026:18:35:19 +0700] "POST /xmlrpc.php HTTP/1.1" 200 403 "-" "Jetpack/12.1; WordPress/6.3; http://site81733576.com"
117.220.14.199 - - [20/Sep/2026:18:35:21 +0700] "POST /xmlrpc.php HTTP/1.1" 200 403 "-" "Jetpack/12.0; WordPress/6.4; http://site28635487.com"
2a09:bac1:61c0:30::388:93 - - [20/Sep/2026:18:35:29 +0700] "POST /xmlrpc.php HTTP/1.1" 200 403 "-" "Jetpack by WordPress.com"
117.220.14.199 - - [20/Sep/2026:18:35:32 +0700] "POST /xmlrpc.php HTTP/1.1" 200 403 "-" "Jetpack by WordPress.com (Jetpack 12.0; WordPress 6.2)"
2a09:bac1:61c0:30::388:93 - - [20/Sep/2026:18:35:40 +0700] "POST /xmlrpc.php HTTP/1.1" 200 403 "-" "Jetpack by WordPress.com (Jetpack 12.1; WordPress 6.1)"
2a09:bac1:61c0:30::388:93 - - [20/Sep/2026:18:35:50 +0700] "POST /xmlrpc.php HTTP/1.1" 200 403 "-" "Jetpack by WordPress.com (Jetpack 13.0; WordPress 6.1)"
2a09:bac1:61c0:30::388:93 - - [20/Sep/2026:18:36:01 +0700] "POST /xmlrpc.php HTTP/1.1" 200 403 "-" "WordPress.com; https://wordpress.com"
117.220.14.199 - - [20/Sep/2026:18:36:07 +0700] "POST /xmlrpc.php HTTP/1.1" 200 403 "-" "WordPress.com; https://wordpress.com"
2a09:bac1:61c0:30::388:93 - - [20/Sep/2026:18:36:12 +0700] "POST /xmlrpc.php HTTP/1.1" 200 403 "-" "Jetpack by WordPress.com"
117.220.14.199 - - [20/Sep/2026:18:36:21 +0700] "POST /xmlrpc.php HTTP/1.1" 200 403 "-" "Jetpack/12.1; WordPress/6.1; http://site26052412.com"
2a09:bac1:61c0:30::388:93 - - [20/Sep/2026:18:36:23 +0700] "POST /xmlrpc.php HTTP/1.1" 200 403 "-" "WordPress.com; https://wordpress.com"
117.220.14.199 - - [20/Sep/2026:18:36:29 +0700] "POST /xmlrpc.php HTTP/1.1" 200 403 "-" "Jetpack/13.0; WordPress/6.1; http://site45472189.com"
2a09:bac1:61c0:30::388:93 - - [20/Sep/2026:18:36:33 +0700] "POST /xmlrpc.php HTTP/1.1" 200 403 "-" "Jetpack by WordPress.com (Jetpack 12.0; WordPress 6.3)"
117.220.14.199 - - [20/Sep/2026:18:36:40 +0700] "POST /xmlrpc.php HTTP/1.1" 200 403 "-" "Jetpack by WordPress.com (Jetpack 12.0; WordPress 6.1)"
2a09:bac1:61c0:30::388:93 - - [20/Sep/2026:18:36:44 +0700] "POST /xmlrpc.php HTTP/1.1" 200 403 "-" "Jetpack by WordPress.com"
117.220.14.199 - - [20/Sep/2026:18:36:50 +0700] "POST /xmlrpc.php HTTP/1.1" 200 403 "-" "WordPress.com; https://wordpress.com"
2a09:bac1:61c0:30::388:93 - - [20/Sep/2026:18:36:54 +0700] "POST /xmlrpc.php HTTP/1.1" 200 403 "-" "Jetpack/12.5; WordPress/6.4; http://site52108197.com"
117.220.14.199 - - [20/Sep/2026:18:37:01 +0700] "POST /xmlrpc.php HTTP/1.1" 200 403 "-" "Jetpack/12.1; WordPress/6.1; http://site42333957.com"
2a09:bac1:61c0:30::388:93 - - [20/Sep/2026:18:37:05 +0700] "POST /xmlrpc.php HTTP/1.1" 200 403 "-" "Jetpack/12.0; WordPress/6.4; http://site70849393.com"
117.220.14.199 - - [20/Sep/2026:18:37:12 +0700] "POST /xmlrpc.php HTTP/1.1" 200 403 "-" "Jetpack/12.5; WordPress/6.3; http://site54437393.com"
2a09:bac1:61c0:30::388:93 - - [20/Sep/2026:18:37:15 +0700] "POST /xmlrpc.php HTTP/1.1" 200 403 "-" "WordPress.com; https://wordpress.com"
117.220.14.199 - - [20/Sep/2026:18:37:23 +0700] "POST /xmlrpc.php HTTP/1.1" 200 403 "-" "Jetpack/12.0; WordPress/6.3; http://site55990758.com"
2a09:bac1:61c0:30::388:93 - - [20/Sep/2026:18:37:26 +0700] "POST /xmlrpc.php HTTP/1.1" 200 403 "-" "Jetpack/12.1; WordPress/6.1; http://site92389933.com"
117.220.14.199 - - [20/Sep/2026:18:37:33 +0700] "POST /xmlrpc.php HTTP/1.1" 200 403 "-" "Jetpack by WordPress.com (Jetpack 12.0; WordPress 6.3)"
2a09:bac1:61c0:30::388:93 - - [20/Sep/2026:18:37:37 +0700] "POST /xmlrpc.php HTTP/1.1" 200 403 "-" "Jetpack by WordPress.com"
117.220.14.199 - - [20/Sep/2026:18:37:44 +0700] "POST /xmlrpc.php HTTP/1.1" 200 403 "-" "Jetpack/13.0; WordPress/6.3; http://site74487924.com"
2a09:bac1:61c0:30::388:93 - - [20/Sep/2026:18:37:47 +0700] "POST /xmlrpc.php HTTP/1.1" 200 403 "-" "WordPress.com; https://wordpress.com"
117.220.14.199 - - [20/Sep/2026:18:37:55 +0700] "POST /xmlrpc.php HTTP/1.1" 200 403 "-" "Jetpack/12.5; WordPress/6.1; http://site55312305.com"
2a09:bac1:61c0:30::388:93 - - [20/Sep/2026:18:37:58 +0700] "POST /xmlrpc.php HTTP/1.1" 200 403 "-" "WordPress.com; https://wordpress.com"
117.220.14.199 - - [20/Sep/2026:18:38:06 +0700] "POST /xmlrpc.php HTTP/1.1" 200 403 "-" "Jetpack by WordPress.com (Jetpack 13.0; WordPress 6.3)"
2a09:bac1:61c0:30::388:93 - - [20/Sep/2026:18:38:08 +0700] "POST /xmlrpc.php HTTP/1.1" 200 403 "-" "Jetpack by WordPress.com (Jetpack 13.0; WordPress 6.4)"
117.220.14.199 - - [20/Sep/2026:18:38:16 +0700] "POST /xmlrpc.php HTTP/1.1" 200 403 "-" "Jetpack by WordPress.com (Jetpack 12.1; WordPress 6.2)"
2a09:bac1:61c0:30::388:93 - - [20/Sep/2026:18:38:19 +0700] "POST /xmlrpc.php HTTP/1.1" 200 403 "-" "Jetpack by WordPress.com"
117.220.14.199 - - [20/Sep/2026:18:38:27 +0700] "POST /xmlrpc.php HTTP/1.1" 200 403 "-" "Jetpack/12.5; WordPress/6.4; http://site26865515.com"
2a09:bac1:61c0:30::388:93 - - [20/Sep/2026:18:38:30 +0700] "POST /xmlrpc.php HTTP/1.1" 200 403 "-" "Jetpack by WordPress.com"
117.220.14.199 - - [20/Sep/2026:18:38:37 +0700] "POST /xmlrpc.php HTTP/1.1" 200 403 "-" "Jetpack by WordPress.com"
2a09:bac1:61c0:30::388:93 - - [20/Sep/2026:18:38:40 +0700] "POST /xmlrpc.php HTTP/1.1" 200 403 "-" "Jetpack by WordPress.com (Jetpack 13.0; WordPress 6.4)"
117.220.14.199 - - [20/Sep/2026:18:38:48 +0700] "POST /xmlrpc.php HTTP/1.1" 200 403 "-" "WordPress.com; https://wordpress.com"
2a09:bac1:61c0:30::388:93 - - [20/Sep/2026:18:38:51 +0700] "POST /xmlrpc.php HTTP/1.1" 200 403 "-" "Jetpack by WordPress.com (Jetpack 12.0; WordPress 6.2)"
117.220.14.199 - - [20/Sep/2026:18:38:59 +0700] "POST /xmlrpc.php HTTP/1.1" 200 403 "-" "Jetpack by WordPress.com (Jetpack 12.1; WordPress 6.4)"
2a09:bac1:61c0:30::388:93 - - [20/Sep/2026:18:39:01 +0700] "POST /xmlrpc.php HTTP/1.1" 200 403 "-" "WordPress.com; https://wordpress.com"
117.220.14.199 - - [20/Sep/2026:18:39:10 +0700] "POST /xmlrpc.php HTTP/1.1" 200 403 "-" "Jetpack/12.1; WordPress/6.4; http://site99474026.com"
2a09:bac1:61c0:30::388:93 - - [20/Sep/2026:18:39:12 +0700] "POST /xmlrpc.php HTTP/1.1" 200 403 "-" "Jetpack by WordPress.com (Jetpack 13.0; WordPress 6.3)"
117.220.14.199 - - [20/Sep/2026:18:39:20 +0700] "POST /xmlrpc.php HTTP/1.1" 200 403 "-" "Jetpack/12.0; WordPress/6.1; http://site10906639.com"
2a09:bac1:61c0:30::388:93 - - [20/Sep/2026:18:39:23 +0700] "POST /xmlrpc.php HTTP/1.1" 200 403 "-" "Jetpack by WordPress.com (Jetpack 12.0; WordPress 6.4)"
117.220.14.199 - - [20/Sep/2026:18:39:32 +0700] "POST /xmlrpc.php HTTP/1.1" 200 403 "-" "WordPress.com; https://wordpress.com"
2a09:bac1:61c0:30::388:93 - - [20/Sep/2026:18:39:33 +0700] "POST /xmlrpc.php HTTP/1.1" 200 403 "-" "Jetpack by WordPress.com (Jetpack 13.0; WordPress 6.4)"
117.220.14.199 - - [20/Sep/2026:18:39:42 +0700] "POST /xmlrpc.php HTTP/1.1" 200 403 "-" "Jetpack by WordPress.com (Jetpack 12.1; WordPress 6.3)"
2a09:bac1:61c0:30::388:93 - - [20/Sep/2026:18:39:44 +0700] "POST /xmlrpc.php HTTP/1.1" 200 403 "-" "Jetpack by WordPress.com"
117.220.14.199 - - [20/Sep/2026:18:39:52 +0700] "POST /xmlrpc.php HTTP/1.1" 200 403 "-" "WordPress.com; https://wordpress.com"
2a09:bac1:61c0:30::388:93 - - [20/Sep/2026:18:39:55 +0700] "POST /xmlrpc.php HTTP/1.1" 200 403 "-" "Jetpack by WordPress.com (Jetpack 12.5; WordPress 6.3)"
117.220.14.199 - - [20/Sep/2026:18:40:03 +0700] "POST /xmlrpc.php HTTP/1.1" 200 403 "-" "WordPress.com; https://wordpress.com"
2a09:bac1:61c0:30::388:93 - - [20/Sep/2026:18:40:05 +0700] "POST /xmlrpc.php HTTP/1.1" 200 403 "-" "Jetpack by WordPress.com"
117.220.14.199 - - [20/Sep/2026:18:40:13 +0700] "POST /xmlrpc.php HTTP/1.1" 200 403 "-" "Jetpack by WordPress.com"
2a09:bac1:61c0:30::388:93 - - [20/Sep/2026:18:40:16 +0700] "POST /xmlrpc.php HTTP/1.1" 200 403 "-" "WordPress.com; https://wordpress.com"
117.220.14.199 - - [20/Sep/2026:18:40:24 +0700] "POST /xmlrpc.php HTTP/1.1" 200 403 "-" "Jetpack/12.5; WordPress/6.3; http://site34089925.com"
2a09:bac1:61c0:30::388:93 - - [20/Sep/2026:18:40:26 +0700] "POST /xmlrpc.php HTTP/1.1" 200 403 "-" "Jetpack by WordPress.com (Jetpack 12.5; WordPress 6.4)"
117.220.14.199 - - [20/Sep/2026:18:40:35 +0700] "POST /xmlrpc.php HTTP/1.1" 200 403 "-" "WordPress.com; https://wordpress.com"
2a09:bac1:61c0:30::388:93 - - [20/Sep/2026:18:40:37 +0700] "POST /xmlrpc.php HTTP/1.1" 200 403 "-" "Jetpack/12.1; WordPress/6.3; http://site55018726.com"
117.220.14.199 - - [20/Sep/2026:18:40:46 +0700] "POST /xmlrpc.php HTTP/1.1" 200 403 "-" "Jetpack/12.0; WordPress/6.4; http://site77189711.com"
2a09:bac1:61c0:30::388:93 - - [20/Sep/2026:18:40:47 +0700] "POST /xmlrpc.php HTTP/1.1" 200 403 "-" "Jetpack by WordPress.com (Jetpack 12.5; WordPress 6.3)"
117.220.14.199 - - [20/Sep/2026:18:40:56 +0700] "POST /xmlrpc.php HTTP/1.1" 200 403 "-" "WordPress.com; https://wordpress.com"
2a09:bac1:61c0:30::388:93 - - [20/Sep/2026:18:40:58 +0700] "POST /xmlrpc.php HTTP/1.1" 200 403 "-" "Jetpack by WordPress.com"
117.220.14.199 - - [20/Sep/2026:18:41:07 +0700] "POST /xmlrpc.php HTTP/1.1" 200 403 "-" "Jetpack/12.5; WordPress/6.2; http://site13987229.com"
2a09:bac1:61c0:30::388:93 - - [20/Sep/2026:18:41:09 +0700] "POST /xmlrpc.php HTTP/1.1" 200 403 "-" "Jetpack/12.0; WordPress/6.3; http://site19993673.com"
117.220.14.199 - - [20/Sep/2026:18:41:18 +0700] "POST /xmlrpc.php HTTP/1.1" 200 403 "-" "Jetpack by WordPress.com (Jetpack 12.5; WordPress 6.3)"
2a09:bac1:61c0:30::388:93 - - [20/Sep/2026:18:41:19 +0700] "POST /xmlrpc.php HTTP/1.1" 200 403 "-" "Jetpack by WordPress.com (Jetpack 12.0; WordPress 6.4)"
117.220.14.199 - - [20/Sep/2026:18:41:28 +0700] "POST /xmlrpc.php HTTP/1.1" 200 403 "-" "WordPress.com; https://wordpress.com"
2a09:bac1:61c0:30::388:93 - - [20/Sep/2026:18:41:30 +0700] "POST /xmlrpc.php HTTP/1.1" 200 403 "-" "Jetpack by WordPress.com"
117.220.14.199 - - [20/Sep/2026:18:41:39 +0700] "POST /xmlrpc.php HTTP/1.1" 200 403 "-" "Jetpack/12.1; WordPress/6.1; http://site46970662.com"
2a09:bac1:61c0:30::388:93 - - [20/Sep/2026:18:41:40 +0700] "POST /xmlrpc.php HTTP/1.1" 200 403 "-" "Jetpack by WordPress.com (Jetpack 12.1; WordPress 6.1)"
173.239.218.37 - - [20/Sep/2026:18:41:43 +0700] "POST /wp-login.php HTTP/1.1" 200 7742 "-" "Mozilla/5.0 (Macintosh; Intel Mac OS X 10_15_7) AppleWebKit/605.1.15 Version/17.0 Safari/605.1.15"
117.220.14.199 - - [20/Sep/2026:18:41:50 +0700] "POST /xmlrpc.php HTTP/1.1" 200 403 "-" "WordPress.com; https://wordpress.com"
2a09:bac1:61c0:30::388:93 - - [20/Sep/2026:18:41:51 +0700] "POST /xmlrpc.php HTTP/1.1" 200 403 "-" "Jetpack by WordPress.com (Jetpack 12.5; WordPress 6.4)"
117.220.14.199 - - [20/Sep/2026:18:42:00 +0700] "POST /xmlrpc.php HTTP/1.1" 200 403 "-" "Jetpack by WordPress.com"
2a09:bac1:61c0:30::388:93 - - [20/Sep/2026:18:42:02 +0700] "POST /xmlrpc.php HTTP/1.1" 200 403 "-" "Jetpack by WordPress.com (Jetpack 12.0; WordPress 6.2)"
117.220.14.199 - - [20/Sep/2026:18:42:11 +0700] "POST /xmlrpc.php HTTP/1.1" 200 403 "-" "Jetpack by WordPress.com (Jetpack 13.0; WordPress 6.2)"
2a09:bac1:61c0:30::388:93 - - [20/Sep/2026:18:42:12 +0700] "POST /xmlrpc.php HTTP/1.1" 200 403 "-" "Jetpack by WordPress.com"
117.220.14.199 - - [20/Sep/2026:18:42:22 +0700] "POST /xmlrpc.php HTTP/1.1" 200 403 "-" "Jetpack/12.5; WordPress/6.2; http://site68763277.com"
2a09:bac1:61c0:30::388:93 - - [20/Sep/2026:18:42:23 +0700] "POST /xmlrpc.php HTTP/1.1" 200 403 "-" "Jetpack by WordPress.com (Jetpack 12.5; WordPress 6.2)"
117.220.14.199 - - [20/Sep/2026:18:42:32 +0700] "POST /xmlrpc.php HTTP/1.1" 200 403 "-" "Jetpack/13.0; WordPress/6.2; http://site67193360.com"
2a09:bac1:61c0:30::388:93 - - [20/Sep/2026:18:42:34 +0700] "POST /xmlrpc.php HTTP/1.1" 200 403 "-" "Jetpack by WordPress.com (Jetpack 12.1; WordPress 6.1)"
117.220.14.199 - - [20/Sep/2026:18:42:43 +0700] "POST /xmlrpc.php HTTP/1.1" 200 403 "-" "Jetpack/12.5; WordPress/6.1; http://site87845966.com"
2a09:bac1:61c0:30::388:93 - - [20/Sep/2026:18:42:44 +0700] "POST /xmlrpc.php HTTP/1.1" 200 403 "-" "Jetpack by WordPress.com (Jetpack 13.0; WordPress 6.4)"
117.220.14.199 - - [20/Sep/2026:18:42:53 +0700] "POST /xmlrpc.php HTTP/1.1" 200 403 "-" "WordPress.com; https://wordpress.com"
2a09:bac1:61c0:30::388:93 - - [20/Sep/2026:18:42:55 +0700] "POST /xmlrpc.php HTTP/1.1" 200 403 "-" "Jetpack/12.1; WordPress/6.4; http://site58115176.com"
117.220.14.199 - - [20/Sep/2026:18:43:04 +0700] "POST /xmlrpc.php HTTP/1.1" 200 403 "-" "Jetpack by WordPress.com (Jetpack 12.1; WordPress 6.2)"
2a09:bac1:61c0:30::388:93 - - [20/Sep/2026:18:43:05 +0700] "POST /xmlrpc.php HTTP/1.1" 200 403 "-" "Jetpack/12.0; WordPress/6.3; http://site26961399.com"
117.220.14.199 - - [20/Sep/2026:18:43:15 +0700] "POST /xmlrpc.php HTTP/1.1" 200 403 "-" "WordPress.com; https://wordpress.com"
2a09:bac1:61c0:30::388:93 - - [20/Sep/2026:18:43:16 +0700] "POST /xmlrpc.php HTTP/1.1" 200 403 "-" "Jetpack by WordPress.com (Jetpack 12.1; WordPress 6.4)"
117.220.14.199 - - [20/Sep/2026:18:43:25 +0700] "POST /xmlrpc.php HTTP/1.1" 200 403 "-" "WordPress.com; https://wordpress.com"
2a09:bac1:61c0:30::388:93 - - [20/Sep/2026:18:43:26 +0700] "POST /xmlrpc.php HTTP/1.1" 200 403 "-" "Jetpack/13.0; WordPress/6.2; http://site30790905.com"
117.220.14.199 - - [20/Sep/2026:18:43:36 +0700] "POST /xmlrpc.php HTTP/1.1" 200 403 "-" "WordPress.com; https://wordpress.com"
2a09:bac1:61c0:30::388:93 - - [20/Sep/2026:18:43:37 +0700] "POST /xmlrpc.php HTTP/1.1" 200 403 "-" "Jetpack/13.0; WordPress/6.3; http://site83746543.com"
198.252.107.178 - - [20/Sep/2026:18:43:47 +0700] "POST /wp-cron.php?doing_wp_cron=1789904627.6594851016998291015625 HTTP/1.1" 200 - "-" "WordPress/7.1.1; https://yok789-c.com"
117.220.14.199 - - [20/Sep/2026:18:43:47 +0700] "POST /xmlrpc.php HTTP/1.1" 200 403 "-" "Jetpack by WordPress.com"
2a09:bac1:61c0:30::388:93 - - [20/Sep/2026:18:43:48 +0700] "POST /xmlrpc.php HTTP/1.1" 200 403 "-" "Jetpack by WordPress.com"
117.220.14.199 - - [20/Sep/2026:18:43:57 +0700] "POST /xmlrpc.php HTTP/1.1" 200 403 "-" "Jetpack by WordPress.com (Jetpack 12.5; WordPress 6.3)"
2a09:bac1:61c0:30::388:93 - - [20/Sep/2026:18:43:58 +0700] "POST /xmlrpc.php HTTP/1.1" 200 403 "-" "Jetpack by WordPress.com (Jetpack 12.0; WordPress 6.2)"
117.220.14.199 - - [20/Sep/2026:18:44:08 +0700] "POST /xmlrpc.php HTTP/1.1" 200 403 "-" "Jetpack/13.0; WordPress/6.1; http://site53606660.com"
2a09:bac1:61c0:30::388:93 - - [20/Sep/2026:18:44:09 +0700] "POST /xmlrpc.php HTTP/1.1" 200 403 "-" "Jetpack by WordPress.com"
117.220.14.199 - - [20/Sep/2026:18:44:19 +0700] "POST /xmlrpc.php HTTP/1.1" 200 403 "-" "Jetpack/13.0; WordPress/6.1; http://site65857886.com"
2a09:bac1:61c0:30::388:93 - - [20/Sep/2026:18:44:19 +0700] "POST /xmlrpc.php HTTP/1.1" 200 403 "-" "WordPress.com; https://wordpress.com"
117.220.14.199 - - [20/Sep/2026:18:44:29 +0700] "POST /xmlrpc.php HTTP/1.1" 200 403 "-" "Jetpack by WordPress.com"
2a09:bac1:61c0:30::388:93 - - [20/Sep/2026:18:44:30 +0700] "POST /xmlrpc.php HTTP/1.1" 200 403 "-" "Jetpack/13.0; WordPress/6.4; http://site46222707.com"
117.220.14.199 - - [20/Sep/2026:18:44:40 +0700] "POST /xmlrpc.php HTTP/1.1" 200 403 "-" "Jetpack by WordPress.com"
2a09:bac1:61c0:30::388:93 - - [20/Sep/2026:18:44:41 +0700] "POST /xmlrpc.php HTTP/1.1" 200 403 "-" "WordPress.com; https://wordpress.com"
117.220.14.199 - - [20/Sep/2026:18:44:50 +0700] "POST /xmlrpc.php HTTP/1.1" 200 403 "-" "Jetpack/13.0; WordPress/6.4; http://site44341276.com"
2a09:bac1:61c0:30::388:93 - - [20/Sep/2026:18:44:51 +0700] "POST /xmlrpc.php HTTP/1.1" 200 403 "-" "Jetpack by WordPress.com (Jetpack 12.0; WordPress 6.1)"
117.220.14.199 - - [20/Sep/2026:18:45:01 +0700] "POST /xmlrpc.php HTTP/1.1" 200 403 "-" "WordPress.com; https://wordpress.com"
2a09:bac1:61c0:30::388:93 - - [20/Sep/2026:18:45:02 +0700] "POST /xmlrpc.php HTTP/1.1" 200 403 "-" "Jetpack by WordPress.com"
117.220.14.199 - - [20/Sep/2026:18:45:12 +0700] "POST /xmlrpc.php HTTP/1.1" 200 403 "-" "Jetpack/13.0; WordPress/6.4; http://site79561262.com"
2a09:bac1:61c0:30::388:93 - - [20/Sep/2026:18:45:13 +0700] "POST /xmlrpc.php HTTP/1.1" 200 403 "-" "Jetpack by WordPress.com (Jetpack 12.1; WordPress 6.3)"
2409:40d4:304f:1cf7:f134:43fc:cb92:58 - - [20/Sep/2026:18:45:19 +0700] "POST /xmlrpc.php HTTP/1.1" 200 403 "-" "Mozilla/5.0 (X11; Ubuntu; Linux x86_64; x86) AppleWebKit/537.36 (KHTML, like Gecko) Opera/65.0.0.0 Safari/537.36"
117.220.14.199 - - [20/Sep/2026:18:45:22 +0700] "POST /xmlrpc.php HTTP/1.1" 200 403 "-" "Jetpack by WordPress.com"
2a09:bac1:61c0:30::388:93 - - [20/Sep/2026:18:45:23 +0700] "POST /xmlrpc.php HTTP/1.1" 200 403 "-" "Jetpack/12.1; WordPress/6.4; http://site93995737.com"
117.220.14.199 - - [20/Sep/2026:18:45:33 +0700] "POST /xmlrpc.php HTTP/1.1" 200 403 "-" "Jetpack/12.5; WordPress/6.3; http://site32979950.com"
2a09:bac1:61c0:30::388:93 - - [20/Sep/2026:18:45:34 +0700] "POST /xmlrpc.php HTTP/1.1" 200 403 "-" "Jetpack by WordPress.com"
117.220.14.199 - - [20/Sep/2026:18:45:44 +0700] "POST /xmlrpc.php HTTP/1.1" 200 403 "-" "Jetpack by WordPress.com"
2a09:bac1:61c0:30::388:93 - - [20/Sep/2026:18:45:44 +0700] "POST /xmlrpc.php HTTP/1.1" 200 403 "-" "Jetpack by WordPress.com"
117.220.14.199 - - [20/Sep/2026:18:45:54 +0700] "POST /xmlrpc.php HTTP/1.1" 200 403 "-" "Jetpack by WordPress.com"
2a09:bac1:61c0:30::388:93 - - [20/Sep/2026:18:45:55 +0700] "POST /xmlrpc.php HTTP/1.1" 200 403 "-" "Jetpack by WordPress.com"
117.220.14.199 - - [20/Sep/2026:18:46:05 +0700] "POST /xmlrpc.php HTTP/1.1" 200 403 "-" "WordPress.com; https://wordpress.com"
2a09:bac1:61c0:30::388:93 - - [20/Sep/2026:18:46:06 +0700] "POST /xmlrpc.php HTTP/1.1" 200 403 "-" "Jetpack by WordPress.com"
117.220.14.199 - - [20/Sep/2026:18:46:15 +0700] "POST /xmlrpc.php HTTP/1.1" 200 403 "-" "Jetpack by WordPress.com (Jetpack 12.5; WordPress 6.3)"
2a09:bac1:61c0:30::388:93 - - [20/Sep/2026:18:46:16 +0700] "POST /xmlrpc.php HTTP/1.1" 200 403 "-" "Jetpack by WordPress.com (Jetpack 12.0; WordPress 6.4)"
117.220.14.199 - - [20/Sep/2026:18:46:26 +0700] "POST /xmlrpc.php HTTP/1.1" 200 403 "-" "Jetpack/12.5; WordPress/6.1; http://site34048386.com"
2a09:bac1:61c0:30::388:93 - - [20/Sep/2026:18:46:27 +0700] "POST /xmlrpc.php HTTP/1.1" 200 403 "-" "Jetpack/12.0; WordPress/6.3; http://site39262948.com"
117.220.14.199 - - [20/Sep/2026:18:46:37 +0700] "POST /xmlrpc.php HTTP/1.1" 200 403 "-" "Jetpack/12.0; WordPress/6.3; http://site12216717.com"
2a09:bac1:61c0:30::388:93 - - [20/Sep/2026:18:46:38 +0700] "POST /xmlrpc.php HTTP/1.1" 200 403 "-" "WordPress.com; https://wordpress.com"
117.220.14.199 - - [20/Sep/2026:18:46:47 +0700] "POST /xmlrpc.php HTTP/1.1" 200 403 "-" "Jetpack/12.1; WordPress/6.4; http://site10617421.com"
2a09:bac1:61c0:30::388:93 - - [20/Sep/2026:18:46:48 +0700] "POST /xmlrpc.php HTTP/1.1" 200 403 "-" "Jetpack/12.0; WordPress/6.1; http://site50229839.com"
117.220.14.199 - - [20/Sep/2026:18:46:58 +0700] "POST /xmlrpc.php HTTP/1.1" 200 403 "-" "Jetpack by WordPress.com"
2a09:bac1:61c0:30::388:93 - - [20/Sep/2026:18:46:59 +0700] "POST /xmlrpc.php HTTP/1.1" 200 403 "-" "Jetpack by WordPress.com (Jetpack 12.5; WordPress 6.4)"
117.220.14.199 - - [20/Sep/2026:18:47:09 +0700] "POST /xmlrpc.php HTTP/1.1" 200 403 "-" "WordPress.com; https://wordpress.com"
2a09:bac1:61c0:30::388:93 - - [20/Sep/2026:18:47:09 +0700] "POST /xmlrpc.php HTTP/1.1" 200 403 "-" "Jetpack/12.1; WordPress/6.3; http://site90300972.com"
117.220.14.199 - - [20/Sep/2026:18:47:19 +0700] "POST /xmlrpc.php HTTP/1.1" 200 403 "-" "Jetpack by WordPress.com (Jetpack 12.1; WordPress 6.1)"
2a09:bac1:61c0:30::388:93 - - [20/Sep/2026:18:47:22 +0700] "POST /xmlrpc.php HTTP/1.1" 200 403 "-" "Jetpack by WordPress.com (Jetpack 13.0; WordPress 6.2)"
117.220.14.199 - - [20/Sep/2026:18:47:30 +0700] "POST /xmlrpc.php HTTP/1.1" 200 403 "-" "Jetpack by WordPress.com"
2a09:bac1:61c0:30::388:93 - - [20/Sep/2026:18:47:30 +0700] "POST /xmlrpc.php HTTP/1.1" 200 403 "-" "Jetpack by WordPress.com"
117.220.14.199 - - [20/Sep/2026:18:47:41 +0700] "POST /xmlrpc.php HTTP/1.1" 200 403 "-" "Jetpack/12.5; WordPress/6.1; http://site48102186.com"
2a09:bac1:61c0:30::388:93 - - [20/Sep/2026:18:47:41 +0700] "POST /xmlrpc.php HTTP/1.1" 200 403 "-" "Jetpack by WordPress.com (Jetpack 13.0; WordPress 6.1)"
117.220.14.199 - - [20/Sep/2026:18:47:51 +0700] "POST /xmlrpc.php HTTP/1.1" 200 403 "-" "WordPress.com; https://wordpress.com"
2a09:bac1:61c0:30::388:93 - - [20/Sep/2026:18:47:52 +0700] "POST /xmlrpc.php HTTP/1.1" 200 403 "-" "Jetpack by WordPress.com (Jetpack 13.0; WordPress 6.2)"
117.220.14.199 - - [20/Sep/2026:18:48:02 +0700] "POST /xmlrpc.php HTTP/1.1" 200 403 "-" "Jetpack/12.1; WordPress/6.4; http://site23065455.com"
2a09:bac1:61c0:30::388:93 - - [20/Sep/2026:18:48:02 +0700] "POST /xmlrpc.php HTTP/1.1" 200 403 "-" "Jetpack by WordPress.com (Jetpack 13.0; WordPress 6.4)"
117.220.14.199 - - [20/Sep/2026:18:48:13 +0700] "POST /xmlrpc.php HTTP/1.1" 200 403 "-" "Jetpack/12.5; WordPress/6.3; http://site18228809.com"
2a09:bac1:61c0:30::388:93 - - [20/Sep/2026:18:48:13 +0700] "POST /xmlrpc.php HTTP/1.1" 200 403 "-" "Jetpack by WordPress.com (Jetpack 12.5; WordPress 6.4)"
117.220.14.199 - - [20/Sep/2026:18:48:23 +0700] "POST /xmlrpc.php HTTP/1.1" 200 403 "-" "Jetpack by WordPress.com (Jetpack 12.1; WordPress 6.2)"
2a09:bac1:61c0:30::388:93 - - [20/Sep/2026:18:48:24 +0700] "POST /xmlrpc.php HTTP/1.1" 200 403 "-" "Jetpack by WordPress.com"
117.220.14.199 - - [20/Sep/2026:18:48:34 +0700] "POST /xmlrpc.php HTTP/1.1" 200 403 "-" "WordPress.com; https://wordpress.com"
2a09:bac1:61c0:30::388:93 - - [20/Sep/2026:18:48:34 +0700] "POST /xmlrpc.php HTTP/1.1" 200 403 "-" "Jetpack/12.1; WordPress/6.1; http://site15809575.com"
117.220.14.199 - - [20/Sep/2026:18:48:44 +0700] "POST /xmlrpc.php HTTP/1.1" 200 403 "-" "Jetpack by WordPress.com"
2a09:bac1:61c0:30::388:93 - - [20/Sep/2026:18:48:45 +0700] "POST /xmlrpc.php HTTP/1.1" 200 403 "-" "Jetpack/12.0; WordPress/6.2; http://site75909514.com"
117.220.14.199 - - [20/Sep/2026:18:48:55 +0700] "POST /xmlrpc.php HTTP/1.1" 200 403 "-" "Jetpack by WordPress.com (Jetpack 12.5; WordPress 6.1)"
2a09:bac1:61c0:30::388:93 - - [20/Sep/2026:18:48:55 +0700] "POST /xmlrpc.php HTTP/1.1" 200 403 "-" "Jetpack/12.1; WordPress/6.2; http://site45393943.com"
2a09:bac1:61c0:30::388:93 - - [20/Sep/2026:18:49:06 +0700] "POST /xmlrpc.php HTTP/1.1" 200 403 "-" "Jetpack/12.1; WordPress/6.4; http://site55137530.com"
117.220.14.199 - - [20/Sep/2026:18:49:06 +0700] "POST /xmlrpc.php HTTP/1.1" 200 403 "-" "Jetpack by WordPress.com"
2a09:bac1:61c0:30::388:93 - - [20/Sep/2026:18:49:16 +0700] "POST /xmlrpc.php HTTP/1.1" 200 403 "-" "WordPress.com; https://wordpress.com"
117.220.14.199 - - [20/Sep/2026:18:49:18 +0700] "POST /xmlrpc.php HTTP/1.1" 200 403 "-" "Jetpack/13.0; WordPress/6.4; http://site28166272.com"
2a09:bac1:61c0:30::388:93 - - [20/Sep/2026:18:49:27 +0700] "POST /xmlrpc.php HTTP/1.1" 200 403 "-" "Jetpack by WordPress.com (Jetpack 13.0; WordPress 6.4)"
117.220.14.199 - - [20/Sep/2026:18:49:29 +0700] "POST /xmlrpc.php HTTP/1.1" 200 403 "-" "WordPress.com; https://wordpress.com"
2a09:bac1:61c0:30::388:93 - - [20/Sep/2026:18:49:38 +0700] "POST /xmlrpc.php HTTP/1.1" 200 403 "-" "WordPress.com; https://wordpress.com"
117.220.14.199 - - [20/Sep/2026:18:49:40 +0700] "POST /xmlrpc.php HTTP/1.1" 200 403 "-" "Jetpack by WordPress.com (Jetpack 12.0; WordPress 6.4)"
2a09:bac1:61c0:30::388:93 - - [20/Sep/2026:18:49:48 +0700] "POST /xmlrpc.php HTTP/1.1" 200 403 "-" "Jetpack by WordPress.com"
117.220.14.199 - - [20/Sep/2026:18:49:51 +0700] "POST /xmlrpc.php HTTP/1.1" 200 403 "-" "Jetpack by WordPress.com (Jetpack 13.0; WordPress 6.2)"
2a09:bac1:61c0:30::388:93 - - [20/Sep/2026:18:49:59 +0700] "POST /xmlrpc.php HTTP/1.1" 200 403 "-" "WordPress.com; https://wordpress.com"
117.220.14.199 - - [20/Sep/2026:18:50:03 +0700] "POST /xmlrpc.php HTTP/1.1" 200 403 "-" "Jetpack by WordPress.com"
2a09:bac1:61c0:30::388:93 - - [20/Sep/2026:18:50:10 +0700] "POST /xmlrpc.php HTTP/1.1" 200 403 "-" "Jetpack by WordPress.com (Jetpack 12.5; WordPress 6.3)"
117.220.14.199 - - [20/Sep/2026:18:50:15 +0700] "POST /xmlrpc.php HTTP/1.1" 200 403 "-" "Jetpack by WordPress.com (Jetpack 12.5; WordPress 6.1)"
2a09:bac1:61c0:30::388:93 - - [20/Sep/2026:18:50:20 +0700] "POST /xmlrpc.php HTTP/1.1" 200 403 "-" "Jetpack/13.0; WordPress/6.4; http://site15142804.com"
117.220.14.199 - - [20/Sep/2026:18:50:28 +0700] "POST /xmlrpc.php HTTP/1.1" 200 403 "-" "Jetpack by WordPress.com (Jetpack 12.5; WordPress 6.3)"
2a09:bac1:61c0:30::388:93 - - [20/Sep/2026:18:50:31 +0700] "POST /xmlrpc.php HTTP/1.1" 200 403 "-" "Jetpack by WordPress.com (Jetpack 12.5; WordPress 6.1)"
117.220.14.199 - - [20/Sep/2026:18:50:40 +0700] "POST /xmlrpc.php HTTP/1.1" 200 403 "-" "WordPress.com; https://wordpress.com"
2a09:bac1:61c0:30::388:93 - - [20/Sep/2026:18:50:42 +0700] "POST /xmlrpc.php HTTP/1.1" 200 403 "-" "Jetpack by WordPress.com"
117.220.14.199 - - [20/Sep/2026:18:50:51 +0700] "POST /xmlrpc.php HTTP/1.1" 200 403 "-" "Jetpack by WordPress.com (Jetpack 13.0; WordPress 6.1)"
2a09:bac1:61c0:30::388:93 - - [20/Sep/2026:18:50:52 +0700] "POST /xmlrpc.php HTTP/1.1" 200 403 "-" "WordPress.com; https://wordpress.com"
117.220.14.199 - - [20/Sep/2026:18:51:02 +0700] "POST /xmlrpc.php HTTP/1.1" 200 403 "-" "Jetpack by WordPress.com"
2a09:bac1:61c0:30::388:93 - - [20/Sep/2026:18:51:03 +0700] "POST /xmlrpc.php HTTP/1.1" 200 403 "-" "Jetpack by WordPress.com (Jetpack 12.0; WordPress 6.3)"
117.220.14.199 - - [20/Sep/2026:18:51:13 +0700] "POST /xmlrpc.php HTTP/1.1" 200 403 "-" "WordPress.com; https://wordpress.com"
2a09:bac1:61c0:30::388:93 - - [20/Sep/2026:18:51:13 +0700] "POST /xmlrpc.php HTTP/1.1" 200 403 "-" "Jetpack by WordPress.com (Jetpack 12.0; WordPress 6.2)"
2a09:bac1:61c0:30::388:93 - - [20/Sep/2026:18:51:24 +0700] "POST /xmlrpc.php HTTP/1.1" 200 403 "-" "Jetpack by WordPress.com (Jetpack 13.0; WordPress 6.1)"
117.220.14.199 - - [20/Sep/2026:18:51:25 +0700] "POST /xmlrpc.php HTTP/1.1" 200 403 "-" "Jetpack by WordPress.com (Jetpack 12.5; WordPress 6.3)"
2a09:bac1:61c0:30::388:93 - - [20/Sep/2026:18:51:34 +0700] "POST /xmlrpc.php HTTP/1.1" 200 403 "-" "Jetpack by WordPress.com"
117.220.14.199 - - [20/Sep/2026:18:51:35 +0700] "POST /xmlrpc.php HTTP/1.1" 200 403 "-" "Jetpack by WordPress.com (Jetpack 12.5; WordPress 6.1)"
2a09:bac1:61c0:30::388:93 - - [20/Sep/2026:18:51:45 +0700] "POST /xmlrpc.php HTTP/1.1" 200 403 "-" "WordPress.com; https://wordpress.com"
117.220.14.199 - - [20/Sep/2026:18:51:47 +0700] "POST /xmlrpc.php HTTP/1.1" 200 403 "-" "Jetpack by WordPress.com"
82.102.18.118 - - [20/Sep/2026:18:51:54 +0700] "GET / HTTP/1.1" 200 75440 "-" "Mozilla/5.0 (Windows NT 10.0; Win64; x64) AppleWebKit/537.36 (KHTML, like Gecko) Chrome/78.0.3904.108 Safari/537.36"
2a09:bac1:61c0:30::388:93 - - [20/Sep/2026:18:51:56 +0700] "POST /xmlrpc.php HTTP/1.1" 200 403 "-" "Jetpack by WordPress.com"
117.220.14.199 - - [20/Sep/2026:18:51:59 +0700] "POST /xmlrpc.php HTTP/1.1" 200 403 "-" "Jetpack by WordPress.com"
82.102.18.118 - - [20/Sep/2026:18:51:59 +0700] "GET //wp-includes/wlwmanifest.xml HTTP/1.1" 301 - "-" "Mozilla/5.0 (Windows NT 10.0; Win64; x64) AppleWebKit/537.36 (KHTML, like Gecko) Chrome/78.0.3904.108 Safari/537.36"
82.102.18.118 - - [20/Sep/2026:18:52:00 +0700] "GET //xmlrpc.php?rsd HTTP/1.1" 200 786 "-" "Mozilla/5.0 (Windows NT 10.0; Win64; x64) AppleWebKit/537.36 (KHTML, like Gecko) Chrome/78.0.3904.108 Safari/537.36"
82.102.18.118 - - [20/Sep/2026:18:52:03 +0700] "GET //?author=1 HTTP/1.1" 301 - "-" "Mozilla/5.0 (Windows NT 10.0; Win64; x64) AppleWebKit/537.36 (KHTML, like Gecko) Chrome/78.0.3904.108 Safari/537.36"
2a09:bac1:61c0:30::388:93 - - [20/Sep/2026:18:52:06 +0700] "POST /xmlrpc.php HTTP/1.1" 200 403 "-" "Jetpack by WordPress.com (Jetpack 12.5; WordPress 6.1)"
82.102.18.118 - - [20/Sep/2026:18:52:05 +0700] "GET //?author=2 HTTP/1.1" 301 - "-" "Mozilla/5.0 (Windows NT 10.0; Win64; x64) AppleWebKit/537.36 (KHTML, like Gecko) Chrome/78.0.3904.108 Safari/537.36"
82.102.18.118 - - [20/Sep/2026:18:52:08 +0700] "GET //wp-json/wp/v2/users/ HTTP/1.1" 200 880 "-" "Mozilla/5.0 (Windows NT 10.0; Win64; x64) AppleWebKit/537.36 (KHTML, like Gecko) Chrome/78.0.3904.108 Safari/537.36"
117.220.14.199 - - [20/Sep/2026:18:52:10 +0700] "POST /xmlrpc.php HTTP/1.1" 200 403 "-" "WordPress.com; https://wordpress.com"
82.102.18.118 - - [20/Sep/2026:18:52:10 +0700] "POST //xmlrpc.php HTTP/1.1" 200 401 "-" "Mozilla/5.0 (Windows NT 10.0; Win64; x64) AppleWebKit/537.36 (KHTML, like Gecko) Chrome/78.0.3904.108 Safari/537.36"
82.102.18.118 - - [20/Sep/2026:18:52:12 +0700] "POST //xmlrpc.php HTTP/1.1" 200 401 "-" "Mozilla/5.0 (Windows NT 10.0; Win64; x64) AppleWebKit/537.36 (KHTML, like Gecko) Chrome/78.0.3904.108 Safari/537.36"
82.102.18.118 - - [20/Sep/2026:18:52:13 +0700] "POST //xmlrpc.php HTTP/1.1" 200 401 "-" "Mozilla/5.0 (Windows NT 10.0; Win64; x64) AppleWebKit/537.36 (KHTML, like Gecko) Chrome/78.0.3904.108 Safari/537.36"
82.102.18.118 - - [20/Sep/2026:18:52:16 +0700] "POST //xmlrpc.php HTTP/1.1" 200 401 "-" "Mozilla/5.0 (Windows NT 10.0; Win64; x64) AppleWebKit/537.36 (KHTML, like Gecko) Chrome/78.0.3904.108 Safari/537.36"
2a09:bac1:61c0:30::388:93 - - [20/Sep/2026:18:52:17 +0700] "POST /xmlrpc.php HTTP/1.1" 200 403 "-" "WordPress.com; https://wordpress.com"
82.102.18.118 - - [20/Sep/2026:18:52:18 +0700] "POST //xmlrpc.php HTTP/1.1" 200 401 "-" "Mozilla/5.0 (Windows NT 10.0; Win64; x64) AppleWebKit/537.36 (KHTML, like Gecko) Chrome/78.0.3904.108 Safari/537.36"
82.102.18.118 - - [20/Sep/2026:18:52:20 +0700] "POST //xmlrpc.php HTTP/1.1" 200 401 "-" "Mozilla/5.0 (Windows NT 10.0; Win64; x64) AppleWebKit/537.36 (KHTML, like Gecko) Chrome/78.0.3904.108 Safari/537.36"
82.102.18.118 - - [20/Sep/2026:18:52:24 +0700] "POST //xmlrpc.php HTTP/1.1" 200 401 "-" "Mozilla/5.0 (Windows NT 10.0; Win64; x64) AppleWebKit/537.36 (KHTML, like Gecko) Chrome/78.0.3904.108 Safari/537.36"
117.220.14.199 - - [20/Sep/2026:18:52:23 +0700] "POST /xmlrpc.php HTTP/1.1" 200 403 "-" "Jetpack/12.0; WordPress/6.4; http://site24161187.com"
82.102.18.118 - - [20/Sep/2026:18:52:25 +0700] "POST //xmlrpc.php HTTP/1.1" 200 401 "-" "Mozilla/5.0 (Windows NT 10.0; Win64; x64) AppleWebKit/537.36 (KHTML, like Gecko) Chrome/78.0.3904.108 Safari/537.36"
2a09:bac1:61c0:30::388:93 - - [20/Sep/2026:18:52:27 +0700] "POST /xmlrpc.php HTTP/1.1" 200 403 "-" "Jetpack/12.0; WordPress/6.2; http://site37415046.com"
82.102.18.118 - - [20/Sep/2026:18:52:28 +0700] "POST //xmlrpc.php HTTP/1.1" 200 401 "-" "Mozilla/5.0 (Windows NT 10.0; Win64; x64) AppleWebKit/537.36 (KHTML, like Gecko) Chrome/78.0.3904.108 Safari/537.36"
82.102.18.118 - - [20/Sep/2026:18:52:32 +0700] "POST //xmlrpc.php HTTP/1.1" 200 401 "-" "Mozilla/5.0 (Windows NT 10.0; Win64; x64) AppleWebKit/537.36 (KHTML, like Gecko) Chrome/78.0.3904.108 Safari/537.36"
82.102.18.118 - - [20/Sep/2026:18:52:37 +0700] "POST //xmlrpc.php HTTP/1.1" 200 401 "-" "Mozilla/5.0 (Windows NT 10.0; Win64; x64) AppleWebKit/537.36 (KHTML, like Gecko) Chrome/78.0.3904.108 Safari/537.36"
117.220.14.199 - - [20/Sep/2026:18:52:36 +0700] "POST /xmlrpc.php HTTP/1.1" 200 403 "-" "WordPress.com; https://wordpress.com"
2a09:bac1:61c0:30::388:93 - - [20/Sep/2026:18:52:38 +0700] "POST /xmlrpc.php HTTP/1.1" 200 403 "-" "Jetpack by WordPress.com"
82.102.18.118 - - [20/Sep/2026:18:52:40 +0700] "POST //xmlrpc.php HTTP/1.1" 200 401 "-" "Mozilla/5.0 (Windows NT 10.0; Win64; x64) AppleWebKit/537.36 (KHTML, like Gecko) Chrome/78.0.3904.108 Safari/537.36"
82.102.18.118 - - [20/Sep/2026:18:52:41 +0700] "POST //xmlrpc.php HTTP/1.1" 200 401 "-" "Mozilla/5.0 (Windows NT 10.0; Win64; x64) AppleWebKit/537.36 (KHTML, like Gecko) Chrome/78.0.3904.108 Safari/537.36"
82.102.18.118 - - [20/Sep/2026:18:52:45 +0700] "POST //xmlrpc.php HTTP/1.1" 200 401 "-" "Mozilla/5.0 (Windows NT 10.0; Win64; x64) AppleWebKit/537.36 (KHTML, like Gecko) Chrome/78.0.3904.108 Safari/537.36"
117.220.14.199 - - [20/Sep/2026:18:52:47 +0700] "POST /xmlrpc.php HTTP/1.1" 200 403 "-" "WordPress.com; https://wordpress.com"
82.102.18.118 - - [20/Sep/2026:18:52:47 +0700] "POST //xmlrpc.php HTTP/1.1" 200 401 "-" "Mozilla/5.0 (Windows NT 10.0; Win64; x64) AppleWebKit/537.36 (KHTML, like Gecko) Chrome/78.0.3904.108 Safari/537.36"
2a09:bac1:61c0:30::388:93 - - [20/Sep/2026:18:52:48 +0700] "POST /xmlrpc.php HTTP/1.1" 200 403 "-" "Jetpack/12.0; WordPress/6.1; http://site32222912.com"
82.102.18.118 - - [20/Sep/2026:18:52:49 +0700] "POST //xmlrpc.php HTTP/1.1" 200 401 "-" "Mozilla/5.0 (Windows NT 10.0; Win64; x64) AppleWebKit/537.36 (KHTML, like Gecko) Chrome/78.0.3904.108 Safari/537.36"
82.102.18.118 - - [20/Sep/2026:18:52:51 +0700] "POST //xmlrpc.php HTTP/1.1" 200 401 "-" "Mozilla/5.0 (Windows NT 10.0; Win64; x64) AppleWebKit/537.36 (KHTML, like Gecko) Chrome/78.0.3904.108 Safari/537.36"
82.102.18.118 - - [20/Sep/2026:18:52:52 +0700] "POST //xmlrpc.php HTTP/1.1" 200 401 "-" "Mozilla/5.0 (Windows NT 10.0; Win64; x64) AppleWebKit/537.36 (KHTML, like Gecko) Chrome/78.0.3904.108 Safari/537.36"
82.102.18.118 - - [20/Sep/2026:18:52:53 +0700] "POST //xmlrpc.php HTTP/1.1" 200 401 "-" "Mozilla/5.0 (Windows NT 10.0; Win64; x64) AppleWebKit/537.36 (KHTML, like Gecko) Chrome/78.0.3904.108 Safari/537.36"
82.102.18.118 - - [20/Sep/2026:18:52:55 +0700] "POST //xmlrpc.php HTTP/1.1" 200 401 "-" "Mozilla/5.0 (Windows NT 10.0; Win64; x64) AppleWebKit/537.36 (KHTML, like Gecko) Chrome/78.0.3904.108 Safari/537.36"
82.102.18.118 - - [20/Sep/2026:18:52:57 +0700] "POST //xmlrpc.php HTTP/1.1" 200 401 "-" "Mozilla/5.0 (Windows NT 10.0; Win64; x64) AppleWebKit/537.36 (KHTML, like Gecko) Chrome/78.0.3904.108 Safari/537.36"
82.102.18.118 - - [20/Sep/2026:18:52:58 +0700] "POST //xmlrpc.php HTTP/1.1" 200 401 "-" "Mozilla/5.0 (Windows NT 10.0; Win64; x64) AppleWebKit/537.36 (KHTML, like Gecko) Chrome/78.0.3904.108 Safari/537.36"
117.220.14.199 - - [20/Sep/2026:18:52:59 +0700] "POST /xmlrpc.php HTTP/1.1" 200 403 "-" "Jetpack by WordPress.com (Jetpack 12.0; WordPress 6.2)"
82.102.18.118 - - [20/Sep/2026:18:52:59 +0700] "POST //xmlrpc.php HTTP/1.1" 200 401 "-" "Mozilla/5.0 (Windows NT 10.0; Win64; x64) AppleWebKit/537.36 (KHTML, like Gecko) Chrome/78.0.3904.108 Safari/537.36"
2a09:bac1:61c0:30::388:93 - - [20/Sep/2026:18:52:59 +0700] "POST /xmlrpc.php HTTP/1.1" 200 403 "-" "Jetpack/13.0; WordPress/6.1; http://site56756727.com"
82.102.18.118 - - [20/Sep/2026:18:53:00 +0700] "POST //xmlrpc.php HTTP/1.1" 200 401 "-" "Mozilla/5.0 (Windows NT 10.0; Win64; x64) AppleWebKit/537.36 (KHTML, like Gecko) Chrome/78.0.3904.108 Safari/537.36"
82.102.18.118 - - [20/Sep/2026:18:53:01 +0700] "POST //xmlrpc.php HTTP/1.1" 200 401 "-" "Mozilla/5.0 (Windows NT 10.0; Win64; x64) AppleWebKit/537.36 (KHTML, like Gecko) Chrome/78.0.3904.108 Safari/537.36"
82.102.18.118 - - [20/Sep/2026:18:53:03 +0700] "POST //xmlrpc.php HTTP/1.1" 200 401 "-" "Mozilla/5.0 (Windows NT 10.0; Win64; x64) AppleWebKit/537.36 (KHTML, like Gecko) Chrome/78.0.3904.108 Safari/537.36"
82.102.18.118 - - [20/Sep/2026:18:53:04 +0700] "POST //xmlrpc.php HTTP/1.1" 200 401 "-" "Mozilla/5.0 (Windows NT 10.0; Win64; x64) AppleWebKit/537.36 (KHTML, like Gecko) Chrome/78.0.3904.108 Safari/537.36"
82.102.18.118 - - [20/Sep/2026:18:53:05 +0700] "POST //xmlrpc.php HTTP/1.1" 200 401 "-" "Mozilla/5.0 (Windows NT 10.0; Win64; x64) AppleWebKit/537.36 (KHTML, like Gecko) Chrome/78.0.3904.108 Safari/537.36"
82.102.18.118 - - [20/Sep/2026:18:53:07 +0700] "POST //xmlrpc.php HTTP/1.1" 200 401 "-" "Mozilla/5.0 (Windows NT 10.0; Win64; x64) AppleWebKit/537.36 (KHTML, like Gecko) Chrome/78.0.3904.108 Safari/537.36"
82.102.18.118 - - [20/Sep/2026:18:53:08 +0700] "POST //xmlrpc.php HTTP/1.1" 200 401 "-" "Mozilla/5.0 (Windows NT 10.0; Win64; x64) AppleWebKit/537.36 (KHTML, like Gecko) Chrome/78.0.3904.108 Safari/537.36"
82.102.18.118 - - [20/Sep/2026:18:53:09 +0700] "POST //xmlrpc.php HTTP/1.1" 200 401 "-" "Mozilla/5.0 (Windows NT 10.0; Win64; x64) AppleWebKit/537.36 (KHTML, like Gecko) Chrome/78.0.3904.108 Safari/537.36"
2a09:bac1:61c0:30::388:93 - - [20/Sep/2026:18:53:10 +0700] "POST /xmlrpc.php HTTP/1.1" 200 403 "-" "Jetpack/12.1; WordPress/6.1; http://site24643963.com"
117.220.14.199 - - [20/Sep/2026:18:53:10 +0700] "POST /xmlrpc.php HTTP/1.1" 200 403 "-" "WordPress.com; https://wordpress.com"
82.102.18.118 - - [20/Sep/2026:18:53:11 +0700] "POST //xmlrpc.php HTTP/1.1" 200 401 "-" "Mozilla/5.0 (Windows NT 10.0; Win64; x64) AppleWebKit/537.36 (KHTML, like Gecko) Chrome/78.0.3904.108 Safari/537.36"
82.102.18.118 - - [20/Sep/2026:18:53:12 +0700] "POST //xmlrpc.php HTTP/1.1" 200 401 "-" "Mozilla/5.0 (Windows NT 10.0; Win64; x64) AppleWebKit/537.36 (KHTML, like Gecko) Chrome/78.0.3904.108 Safari/537.36"
82.102.18.118 - - [20/Sep/2026:18:53:13 +0700] "POST //xmlrpc.php HTTP/1.1" 200 401 "-" "Mozilla/5.0 (Windows NT 10.0; Win64; x64) AppleWebKit/537.36 (KHTML, like Gecko) Chrome/78.0.3904.108 Safari/537.36"
82.102.18.118 - - [20/Sep/2026:18:53:14 +0700] "POST //xmlrpc.php HTTP/1.1" 200 401 "-" "Mozilla/5.0 (Windows NT 10.0; Win64; x64) AppleWebKit/537.36 (KHTML, like Gecko) Chrome/78.0.3904.108 Safari/537.36"
82.102.18.118 - - [20/Sep/2026:18:53:15 +0700] "POST //xmlrpc.php HTTP/1.1" 200 401 "-" "Mozilla/5.0 (Windows NT 10.0; Win64; x64) AppleWebKit/537.36 (KHTML, like Gecko) Chrome/78.0.3904.108 Safari/537.36"
82.102.18.118 - - [20/Sep/2026:18:53:16 +0700] "POST //xmlrpc.php HTTP/1.1" 200 401 "-" "Mozilla/5.0 (Windows NT 10.0; Win64; x64) AppleWebKit/537.36 (KHTML, like Gecko) Chrome/78.0.3904.108 Safari/537.36"
82.102.18.118 - - [20/Sep/2026:18:53:18 +0700] "POST //xmlrpc.php HTTP/1.1" 200 401 "-" "Mozilla/5.0 (Windows NT 10.0; Win64; x64) AppleWebKit/537.36 (KHTML, like Gecko) Chrome/78.0.3904.108 Safari/537.36"
82.102.18.118 - - [20/Sep/2026:18:53:19 +0700] "POST //xmlrpc.php HTTP/1.1" 200 401 "-" "Mozilla/5.0 (Windows NT 10.0; Win64; x64) AppleWebKit/537.36 (KHTML, like Gecko) Chrome/78.0.3904.108 Safari/537.36"
117.220.14.199 - - [20/Sep/2026:18:53:20 +0700] "POST /xmlrpc.php HTTP/1.1" 200 403 "-" "Jetpack by WordPress.com (Jetpack 12.1; WordPress 6.1)"
2a09:bac1:61c0:30::388:93 - - [20/Sep/2026:18:53:20 +0700] "POST /xmlrpc.php HTTP/1.1" 200 403 "-" "Jetpack/12.5; WordPress/6.4; http://site30966905.com"
82.102.18.118 - - [20/Sep/2026:18:53:21 +0700] "POST //xmlrpc.php HTTP/1.1" 200 401 "-" "Mozilla/5.0 (Windows NT 10.0; Win64; x64) AppleWebKit/537.36 (KHTML, like Gecko) Chrome/78.0.3904.108 Safari/537.36"
82.102.18.118 - - [20/Sep/2026:18:53:22 +0700] "POST //xmlrpc.php HTTP/1.1" 200 401 "-" "Mozilla/5.0 (Windows NT 10.0; Win64; x64) AppleWebKit/537.36 (KHTML, like Gecko) Chrome/78.0.3904.108 Safari/537.36"
82.102.18.118 - - [20/Sep/2026:18:53:24 +0700] "POST //xmlrpc.php HTTP/1.1" 200 401 "-" "Mozilla/5.0 (Windows NT 10.0; Win64; x64) AppleWebKit/537.36 (KHTML, like Gecko) Chrome/78.0.3904.108 Safari/537.36"
82.102.18.118 - - [20/Sep/2026:18:53:26 +0700] "POST //xmlrpc.php HTTP/1.1" 200 401 "-" "Mozilla/5.0 (Windows NT 10.0; Win64; x64) AppleWebKit/537.36 (KHTML, like Gecko) Chrome/78.0.3904.108 Safari/537.36"
82.102.18.118 - - [20/Sep/2026:18:53:27 +0700] "POST //xmlrpc.php HTTP/1.1" 200 401 "-" "Mozilla/5.0 (Windows NT 10.0; Win64; x64) AppleWebKit/537.36 (KHTML, like Gecko) Chrome/78.0.3904.108 Safari/537.36"
82.102.18.118 - - [20/Sep/2026:18:53:29 +0700] "POST //xmlrpc.php HTTP/1.1" 200 401 "-" "Mozilla/5.0 (Windows NT 10.0; Win64; x64) AppleWebKit/537.36 (KHTML, like Gecko) Chrome/78.0.3904.108 Safari/537.36"
82.102.18.118 - - [20/Sep/2026:18:53:30 +0700] "POST //xmlrpc.php HTTP/1.1" 200 401 "-" "Mozilla/5.0 (Windows NT 10.0; Win64; x64) AppleWebKit/537.36 (KHTML, like Gecko) Chrome/78.0.3904.108 Safari/537.36"
2a09:bac1:61c0:30::388:93 - - [20/Sep/2026:18:53:31 +0700] "POST /xmlrpc.php HTTP/1.1" 200 403 "-" "Jetpack/13.0; WordPress/6.1; http://site13724035.com"
82.102.18.118 - - [20/Sep/2026:18:53:32 +0700] "POST //xmlrpc.php HTTP/1.1" 200 401 "-" "Mozilla/5.0 (Windows NT 10.0; Win64; x64) AppleWebKit/537.36 (KHTML, like Gecko) Chrome/78.0.3904.108 Safari/537.36"
117.220.14.199 - - [20/Sep/2026:18:53:32 +0700] "POST /xmlrpc.php HTTP/1.1" 200 403 "-" "Jetpack by WordPress.com"
82.102.18.118 - - [20/Sep/2026:18:53:33 +0700] "POST //xmlrpc.php HTTP/1.1" 200 401 "-" "Mozilla/5.0 (Windows NT 10.0; Win64; x64) AppleWebKit/537.36 (KHTML, like Gecko) Chrome/78.0.3904.108 Safari/537.36"
82.102.18.118 - - [20/Sep/2026:18:53:35 +0700] "POST //xmlrpc.php HTTP/1.1" 200 401 "-" "Mozilla/5.0 (Windows NT 10.0; Win64; x64) AppleWebKit/537.36 (KHTML, like Gecko) Chrome/78.0.3904.108 Safari/537.36"
82.102.18.118 - - [20/Sep/2026:18:53:36 +0700] "POST //xmlrpc.php HTTP/1.1" 200 401 "-" "Mozilla/5.0 (Windows NT 10.0; Win64; x64) AppleWebKit/537.36 (KHTML, like Gecko) Chrome/78.0.3904.108 Safari/537.36"
82.102.18.118 - - [20/Sep/2026:18:53:38 +0700] "POST //xmlrpc.php HTTP/1.1" 200 401 "-" "Mozilla/5.0 (Windows NT 10.0; Win64; x64) AppleWebKit/537.36 (KHTML, like Gecko) Chrome/78.0.3904.108 Safari/537.36"
82.102.18.118 - - [20/Sep/2026:18:53:39 +0700] "POST //xmlrpc.php HTTP/1.1" 200 401 "-" "Mozilla/5.0 (Windows NT 10.0; Win64; x64) AppleWebKit/537.36 (KHTML, like Gecko) Chrome/78.0.3904.108 Safari/537.36"
82.102.18.118 - - [20/Sep/2026:18:53:41 +0700] "POST //xmlrpc.php HTTP/1.1" 200 401 "-" "Mozilla/5.0 (Windows NT 10.0; Win64; x64) AppleWebKit/537.36 (KHTML, like Gecko) Chrome/78.0.3904.108 Safari/537.36"
2a09:bac1:61c0:30::388:93 - - [20/Sep/2026:18:53:41 +0700] "POST /xmlrpc.php HTTP/1.1" 200 403 "-" "Jetpack/12.5; WordPress/6.2; http://site35771330.com"
82.102.18.118 - - [20/Sep/2026:18:53:43 +0700] "POST //xmlrpc.php HTTP/1.1" 200 401 "-" "Mozilla/5.0 (Windows NT 10.0; Win64; x64) AppleWebKit/537.36 (KHTML, like Gecko) Chrome/78.0.3904.108 Safari/537.36"
117.220.14.199 - - [20/Sep/2026:18:53:43 +0700] "POST /xmlrpc.php HTTP/1.1" 200 403 "-" "Jetpack/13.0; WordPress/6.4; http://site22556243.com"
82.102.18.118 - - [20/Sep/2026:18:53:44 +0700] "POST //xmlrpc.php HTTP/1.1" 200 401 "-" "Mozilla/5.0 (Windows NT 10.0; Win64; x64) AppleWebKit/537.36 (KHTML, like Gecko) Chrome/78.0.3904.108 Safari/537.36"
82.102.18.118 - - [20/Sep/2026:18:53:45 +0700] "POST //xmlrpc.php HTTP/1.1" 200 401 "-" "Mozilla/5.0 (Windows NT 10.0; Win64; x64) AppleWebKit/537.36 (KHTML, like Gecko) Chrome/78.0.3904.108 Safari/537.36"
82.102.18.118 - - [20/Sep/2026:18:53:47 +0700] "POST //xmlrpc.php HTTP/1.1" 200 401 "-" "Mozilla/5.0 (Windows NT 10.0; Win64; x64) AppleWebKit/537.36 (KHTML, like Gecko) Chrome/78.0.3904.108 Safari/537.36"
82.102.18.118 - - [20/Sep/2026:18:53:48 +0700] "POST //xmlrpc.php HTTP/1.1" 200 401 "-" "Mozilla/5.0 (Windows NT 10.0; Win64; x64) AppleWebKit/537.36 (KHTML, like Gecko) Chrome/78.0.3904.108 Safari/537.36"
82.102.18.118 - - [20/Sep/2026:18:53:50 +0700] "POST //xmlrpc.php HTTP/1.1" 200 401 "-" "Mozilla/5.0 (Windows NT 10.0; Win64; x64) AppleWebKit/537.36 (KHTML, like Gecko) Chrome/78.0.3904.108 Safari/537.36"
2a09:bac1:61c0:30::388:93 - - [20/Sep/2026:18:53:52 +0700] "POST /xmlrpc.php HTTP/1.1" 200 403 "-" "WordPress.com; https://wordpress.com"
82.102.18.118 - - [20/Sep/2026:18:53:52 +0700] "POST //xmlrpc.php HTTP/1.1" 200 401 "-" "Mozilla/5.0 (Windows NT 10.0; Win64; x64) AppleWebKit/537.36 (KHTML, like Gecko) Chrome/78.0.3904.108 Safari/537.36"
117.220.14.199 - - [20/Sep/2026:18:53:54 +0700] "POST /xmlrpc.php HTTP/1.1" 200 403 "-" "WordPress.com; https://wordpress.com"
2a09:bac1:61c0:30::388:93 - - [20/Sep/2026:18:54:03 +0700] "POST /xmlrpc.php HTTP/1.1" 200 403 "-" "WordPress.com; https://wordpress.com"
117.220.14.199 - - [20/Sep/2026:18:54:06 +0700] "POST /xmlrpc.php HTTP/1.1" 200 403 "-" "Jetpack by WordPress.com (Jetpack 12.5; WordPress 6.3)"
2a09:bac1:61c0:30::388:93 - - [20/Sep/2026:18:54:13 +0700] "POST /xmlrpc.php HTTP/1.1" 200 403 "-" "Jetpack by WordPress.com (Jetpack 12.0; WordPress 6.3)"
117.220.14.199 - - [20/Sep/2026:18:54:19 +0700] "POST /xmlrpc.php HTTP/1.1" 200 403 "-" "Jetpack/12.5; WordPress/6.4; http://site29952172.com"
2a09:bac1:61c0:30::388:93 - - [20/Sep/2026:18:54:24 +0700] "POST /xmlrpc.php HTTP/1.1" 200 403 "-" "Jetpack by WordPress.com (Jetpack 12.1; WordPress 6.1)"
