117.220.14.199 - - [20/Sep/2026:18:54:31 +0700] "POST /xmlrpc.php HTTP/1.1" 200 403 "-" "WordPress.com; https://wordpress.com"
2a09:bac1:61c0:30::388:93 - - [20/Sep/2026:18:54:35 +0700] "POST /xmlrpc.php HTTP/1.1" 200 403 "-" "Jetpack by WordPress.com (Jetpack 13.0; WordPress 6.4)"
117.220.14.199 - - [20/Sep/2026:18:54:41 +0700] "POST /xmlrpc.php HTTP/1.1" 200 403 "-" "Jetpack by WordPress.com"
2a09:bac1:61c0:30::388:93 - - [20/Sep/2026:18:54:45 +0700] "POST /xmlrpc.php HTTP/1.1" 200 403 "-" "Jetpack by WordPress.com"
117.220.14.199 - - [20/Sep/2026:18:54:52 +0700] "POST /xmlrpc.php HTTP/1.1" 200 403 "-" "Jetpack/12.1; WordPress/6.4; http://site19403870.com"
2a09:bac1:61c0:30::388:93 - - [20/Sep/2026:18:54:56 +0700] "POST /xmlrpc.php HTTP/1.1" 200 403 "-" "Jetpack/12.5; WordPress/6.2; http://site43834696.com"
117.220.14.199 - - [20/Sep/2026:18:55:05 +0700] "POST /xmlrpc.php HTTP/1.1" 200 403 "-" "WordPress.com; https://wordpress.com"
2a09:bac1:61c0:30::388:93 - - [20/Sep/2026:18:55:06 +0700] "POST /xmlrpc.php HTTP/1.1" 200 403 "-" "Jetpack by WordPress.com (Jetpack 13.0; WordPress 6.3)"
117.220.14.199 - - [20/Sep/2026:18:55:16 +0700] "POST /xmlrpc.php HTTP/1.1" 200 403 "-" "Jetpack by WordPress.com (Jetpack 12.5; WordPress 6.2)"
2a09:bac1:61c0:30::388:93 - - [20/Sep/2026:18:55:17 +0700] "POST /xmlrpc.php HTTP/1.1" 200 403 "-" "Jetpack/12.5; WordPress/6.1; http://site71998748.com"
2a09:bac1:61c0:30::388:93 - - [20/Sep/2026:18:55:27 +0700] "POST /xmlrpc.php HTTP/1.1" 200 403 "-" "WordPress.com; https://wordpress.com"
117.220.14.199 - - [20/Sep/2026:18:55:28 +0700] "POST /xmlrpc.php HTTP/1.1" 200 403 "-" "Jetpack by WordPress.com (Jetpack 12.1; WordPress 6.2)"
2a09:bac1:61c0:30::388:93 - - [20/Sep/2026:18:55:38 +0700] "POST /xmlrpc.php HTTP/1.1" 200 403 "-" "WordPress.com; https://wordpress.com"
117.220.14.199 - - [20/Sep/2026:18:55:39 +0700] "POST /xmlrpc.php HTTP/1.1" 200 403 "-" "Jetpack/12.1; WordPress/6.1; http://site55157426.com"
2a09:bac1:61c0:30::388:93 - - [20/Sep/2026:18:55:49 +0700] "POST /xmlrpc.php HTTP/1.1" 200 403 "-" "Jetpack by WordPress.com"
117.220.14.199 - - [20/Sep/2026:18:55:50 +0700] "POST /xmlrpc.php HTTP/1.1" 200 403 "-" "Jetpack by WordPress.com"
2a09:bac1:61c0:30::388:93 - - [20/Sep/2026:18:55:59 +0700] "POST /xmlrpc.php HTTP/1.1" 200 403 "-" "Jetpack by WordPress.com (Jetpack 13.0; WordPress 6.2)"
117.220.14.199 - - [20/Sep/2026:18:56:01 +0700] "POST /xmlrpc.php HTTP/1.1" 200 403 "-" "WordPress.com; https://wordpress.com"
2a09:bac1:61c0:30::388:93 - - [20/Sep/2026:18:56:10 +0700] "POST /xmlrpc.php HTTP/1.1" 200 403 "-" "WordPress.com; https://wordpress.com"
117.220.14.199 - - [20/Sep/2026:18:56:13 +0700] "POST /xmlrpc.php HTTP/1.1" 200 403 "-" "Jetpack by WordPress.com (Jetpack 12.0; WordPress 6.1)"
2a09:bac1:61c0:30::388:93 - - [20/Sep/2026:18:56:20 +0700] "POST /xmlrpc.php HTTP/1.1" 200 403 "-" "Jetpack by WordPress.com (Jetpack 13.0; WordPress 6.1)"
117.220.14.199 - - [20/Sep/2026:18:56:24 +0700] "POST /xmlrpc.php HTTP/1.1" 200 403 "-" "Jetpack/12.0; WordPress/6.1; http://site81784753.com"
2a09:bac1:61c0:30::388:93 - - [20/Sep/2026:18:56:31 +0700] "POST /xmlrpc.php HTTP/1.1" 200 403 "-" "Jetpack/12.0; WordPress/6.4; http://site44951577.com"
117.220.14.199 - - [20/Sep/2026:18:56:36 +0700] "POST /xmlrpc.php HTTP/1.1" 200 403 "-" "Jetpack by WordPress.com (Jetpack 12.1; WordPress 6.1)"
2a09:bac1:61c0:30::388:93 - - [20/Sep/2026:18:56:42 +0700] "POST /xmlrpc.php HTTP/1.1" 200 403 "-" "Jetpack by WordPress.com (Jetpack 13.0; WordPress 6.3)"
117.220.14.199 - - [20/Sep/2026:18:56:47 +0700] "POST /xmlrpc.php HTTP/1.1" 200 403 "-" "Jetpack/13.0; WordPress/6.2; http://site34623141.com"
2a09:bac1:61c0:30::388:93 - - [20/Sep/2026:18:56:52 +0700] "POST /xmlrpc.php HTTP/1.1" 200 403 "-" "Jetpack by WordPress.com"
117.220.14.199 - - [20/Sep/2026:18:56:59 +0700] "POST /xmlrpc.php HTTP/1.1" 200 403 "-" "WordPress.com; https://wordpress.com"
117.220.14.199 - - [20/Sep/2026:18:57:10 +0700] "POST /xmlrpc.php HTTP/1.1" 200 403 "-" "Jetpack by WordPress.com"
117.220.14.199 - - [20/Sep/2026:18:57:22 +0700] "POST /xmlrpc.php HTTP/1.1" 200 403 "-" "Jetpack by WordPress.com"
117.220.14.199 - - [20/Sep/2026:18:57:33 +0700] "POST /xmlrpc.php HTTP/1.1" 200 403 "-" "Jetpack by WordPress.com"
117.220.14.199 - - [20/Sep/2026:18:57:44 +0700] "POST /xmlrpc.php HTTP/1.1" 200 403 "-" "Jetpack by WordPress.com (Jetpack 13.0; WordPress 6.4)"
117.220.14.199 - - [20/Sep/2026:18:57:56 +0700] "POST /xmlrpc.php HTTP/1.1" 200 403 "-" "Jetpack/13.0; WordPress/6.1; http://site71096137.com"
117.220.14.199 - - [20/Sep/2026:18:58:07 +0700] "POST /xmlrpc.php HTTP/1.1" 200 403 "-" "Jetpack/12.0; WordPress/6.1; http://site25533924.com"
117.220.14.199 - - [20/Sep/2026:18:58:20 +0700] "POST /xmlrpc.php HTTP/1.1" 200 403 "-" "Jetpack/12.0; WordPress/6.3; http://site71150508.com"
117.220.14.199 - - [20/Sep/2026:18:58:33 +0700] "POST /xmlrpc.php HTTP/1.1" 200 403 "-" "Jetpack by WordPress.com (Jetpack 13.0; WordPress 6.1)"
198.252.107.178 - - [20/Sep/2026:18:58:47 +0700] "POST /wp-cron.php?doing_wp_cron=1789905527.5036749839782714843750 HTTP/1.1" 200 - "-" "WordPress/7.1.1; https://yok789-c.com"
117.220.14.199 - - [20/Sep/2026:18:58:47 +0700] "POST /xmlrpc.php HTTP/1.1" 200 403 "-" "Jetpack by WordPress.com"
117.220.14.199 - - [20/Sep/2026:18:58:58 +0700] "POST /xmlrpc.php HTTP/1.1" 200 403 "-" "Jetpack by WordPress.com (Jetpack 12.1; WordPress 6.4)"
117.220.14.199 - - [20/Sep/2026:18:59:10 +0700] "POST /xmlrpc.php HTTP/1.1" 200 403 "-" "Jetpack by WordPress.com (Jetpack 12.1; WordPress 6.3)"
117.220.14.199 - - [20/Sep/2026:18:59:21 +0700] "POST /xmlrpc.php HTTP/1.1" 200 403 "-" "WordPress.com; https://wordpress.com"
117.220.14.199 - - [20/Sep/2026:18:59:32 +0700] "POST /xmlrpc.php HTTP/1.1" 200 403 "-" "WordPress.com; https://wordpress.com"
117.220.14.199 - - [20/Sep/2026:18:59:44 +0700] "POST /xmlrpc.php HTTP/1.1" 200 403 "-" "WordPress.com; https://wordpress.com"
117.220.14.199 - - [20/Sep/2026:18:59:55 +0700] "POST /xmlrpc.php HTTP/1.1" 200 403 "-" "WordPress.com; https://wordpress.com"
117.220.14.199 - - [20/Sep/2026:19:00:05 +0700] "POST /xmlrpc.php HTTP/1.1" 200 403 "-" "Jetpack by WordPress.com"
117.220.14.199 - - [20/Sep/2026:19:00:16 +0700] "POST /xmlrpc.php HTTP/1.1" 200 403 "-" "Jetpack/12.1; WordPress/6.3; http://site93844236.com"
117.220.14.199 - - [20/Sep/2026:19:00:27 +0700] "POST /xmlrpc.php HTTP/1.1" 200 403 "-" "Jetpack/12.5; WordPress/6.4; http://site48069023.com"
117.220.14.199 - - [20/Sep/2026:19:00:37 +0700] "POST /xmlrpc.php HTTP/1.1" 200 403 "-" "Jetpack/12.0; WordPress/6.3; http://site63139817.com"
117.220.14.199 - - [20/Sep/2026:19:00:48 +0700] "POST /xmlrpc.php HTTP/1.1" 200 403 "-" "Jetpack by WordPress.com (Jetpack 12.5; WordPress 6.4)"
117.220.14.199 - - [20/Sep/2026:19:00:59 +0700] "POST /xmlrpc.php HTTP/1.1" 200 403 "-" "Jetpack by WordPress.com (Jetpack 12.0; WordPress 6.3)"
117.220.14.199 - - [20/Sep/2026:19:01:10 +0700] "POST /xmlrpc.php HTTP/1.1" 200 403 "-" "Jetpack by WordPress.com (Jetpack 12.0; WordPress 6.1)"
173.239.218.48 - - [20/Sep/2026:19:01:16 +0700] "POST /wp-login.php HTTP/1.1" 200 7742 "-" "Mozilla/5.0 (Windows NT 10.0; Win64; rv:143.0) Gecko/20100101 Firefox/143.0"
117.220.14.199 - - [20/Sep/2026:19:01:20 +0700] "POST /xmlrpc.php HTTP/1.1" 200 403 "-" "Jetpack by WordPress.com (Jetpack 12.5; WordPress 6.1)"
117.220.14.199 - - [20/Sep/2026:19:01:31 +0700] "POST /xmlrpc.php HTTP/1.1" 200 403 "-" "WordPress.com; https://wordpress.com"
117.220.14.199 - - [20/Sep/2026:19:01:42 +0700] "POST /xmlrpc.php HTTP/1.1" 200 403 "-" "Jetpack by WordPress.com (Jetpack 12.5; WordPress 6.2)"
117.220.14.199 - - [20/Sep/2026:19:01:53 +0700] "POST /xmlrpc.php HTTP/1.1" 200 403 "-" "WordPress.com; https://wordpress.com"
117.220.14.199 - - [20/Sep/2026:19:02:03 +0700] "POST /xmlrpc.php HTTP/1.1" 200 403 "-" "WordPress.com; https://wordpress.com"
117.220.14.199 - - [20/Sep/2026:19:02:14 +0700] "POST /xmlrpc.php HTTP/1.1" 200 403 "-" "Jetpack by WordPress.com"
117.220.14.199 - - [20/Sep/2026:19:02:25 +0700] "POST /xmlrpc.php HTTP/1.1" 200 403 "-" "WordPress.com; https://wordpress.com"
117.220.14.199 - - [20/Sep/2026:19:02:36 +0700] "POST /xmlrpc.php HTTP/1.1" 200 403 "-" "Jetpack by WordPress.com (Jetpack 13.0; WordPress 6.3)"
117.220.14.199 - - [20/Sep/2026:19:02:46 +0700] "POST /xmlrpc.php HTTP/1.1" 200 403 "-" "Jetpack/12.1; WordPress/6.4; http://site80781234.com"
117.220.14.199 - - [20/Sep/2026:19:02:57 +0700] "POST /xmlrpc.php HTTP/1.1" 200 403 "-" "WordPress.com; https://wordpress.com"
117.220.14.199 - - [20/Sep/2026:19:03:08 +0700] "POST /xmlrpc.php HTTP/1.1" 200 403 "-" "Jetpack by WordPress.com (Jetpack 12.5; WordPress 6.2)"
198.252.107.178 - - [20/Sep/2026:19:21:46 +0700] "POST /wp-cron.php?doing_wp_cron=1789906906.7650270462036132812500 HTTP/1.1" 200 - "-" "WordPress/7.1.1; https://yok789-c.com"
173.239.218.67 - - [20/Sep/2026:19:21:45 +0700] "POST /wp-login.php HTTP/1.1" 200 7742 "-" "Mozilla/5.0 (Macintosh; Intel Mac OS X 10_15_7) AppleWebKit/605.1.15 Version/17.0 Safari/605.1.15"
198.252.107.178 - - [20/Sep/2026:19:42:22 +0700] "POST /wp-cron.php?doing_wp_cron=1789908142.5149860382080078125000 HTTP/1.1" 200 - "-" "WordPress/7.1.1; https://yok789-c.com"
173.239.218.56 - - [20/Sep/2026:19:42:18 +0700] "POST /wp-login.php HTTP/1.1" 200 7742 "-" "Mozilla/5.0 (Windows NT 10.0; Win64; x64) AppleWebKit/537.36 Chrome/129.0.0.0 Safari/537.36"
198.252.107.178 - - [20/Sep/2026:19:48:48 +0700] "POST /wp-cron.php?doing_wp_cron=1789908528.2149529457092285156250 HTTP/1.1" 200 - "-" "WordPress/7.1.1; https://yok789-c.com"
216.73.217.35 - - [20/Sep/2026:19:48:47 +0700] "GET /robots.txt HTTP/1.1" 200 113 "-" "Mozilla/5.0 AppleWebKit/537.36 (KHTML, like Gecko; compatible; ClaudeBot/1.0; +claudebot@anthropic.com)"
198.252.107.178 - - [20/Sep/2026:20:03:50 +0700] "POST /wp-cron.php?doing_wp_cron=1789909430.4545869827270507812500 HTTP/1.1" 200 - "-" "WordPress/7.1.1; https://yok789-c.com"
173.239.218.50 - - [20/Sep/2026:20:03:45 +0700] "POST /wp-login.php HTTP/1.1" 200 7742 "-" "Mozilla/5.0 (Windows NT 10.0; Win64; rv:143.0) Gecko/20100101 Firefox/143.0"
198.252.107.178 - - [20/Sep/2026:20:26:10 +0700] "POST /wp-cron.php?doing_wp_cron=1789910770.3778479099273681640625 HTTP/1.1" 200 - "-" "WordPress/7.1.1; https://yok789-c.com"
173.239.218.46 - - [20/Sep/2026:20:26:04 +0700] "POST /wp-login.php HTTP/1.1" 200 7742 "-" "Mozilla/5.0 (Windows NT 10.0; Win64; rv:143.0) Gecko/20100101 Firefox/143.0"
198.252.107.178 - - [20/Sep/2026:20:51:20 +0700] "POST /wp-cron.php?doing_wp_cron=1789912280.1515100002288818359375 HTTP/1.1" 200 - "-" "WordPress/7.1.1; https://yok789-c.com"
173.239.218.53 - - [20/Sep/2026:20:51:13 +0700] "POST /wp-login.php HTTP/1.1" 200 7742 "-" "Mozilla/5.0 (Windows NT 10.0; Win64; rv:143.0) Gecko/20100101 Firefox/143.0"
198.252.107.178 - - [20/Sep/2026:21:02:25 +0700] "POST /wp-cron.php?doing_wp_cron=1789912945.7839219570159912109375 HTTP/1.1" 200 - "-" "WordPress/7.1.1; https://yok789-c.com"
160.30.69.86 - - [20/Sep/2026:21:02:22 +0700] "POST /xmlrpc.php HTTP/1.1" 200 403 "-" "Jetpack by WordPress.com"
160.30.69.86 - - [20/Sep/2026:21:02:33 +0700] "POST /xmlrpc.php HTTP/1.1" 200 403 "-" "Jetpack/12.5; WordPress/6.1; http://site25702425.com"
160.30.69.86 - - [20/Sep/2026:21:02:43 +0700] "POST /xmlrpc.php HTTP/1.1" 200 403 "-" "WordPress.com; https://wordpress.com"
160.30.69.86 - - [20/Sep/2026:21:02:54 +0700] "POST /xmlrpc.php HTTP/1.1" 200 403 "-" "Jetpack by WordPress.com (Jetpack 12.5; WordPress 6.4)"
160.30.69.86 - - [20/Sep/2026:21:03:05 +0700] "POST /xmlrpc.php HTTP/1.1" 200 403 "-" "Jetpack by WordPress.com (Jetpack 12.0; WordPress 6.1)"
160.30.69.86 - - [20/Sep/2026:21:03:15 +0700] "POST /xmlrpc.php HTTP/1.1" 200 403 "-" "Jetpack by WordPress.com (Jetpack 13.0; WordPress 6.4)"
160.30.69.86 - - [20/Sep/2026:21:03:26 +0700] "POST /xmlrpc.php HTTP/1.1" 200 403 "-" "Jetpack by WordPress.com (Jetpack 12.1; WordPress 6.4)"
160.30.69.86 - - [20/Sep/2026:21:03:37 +0700] "POST /xmlrpc.php HTTP/1.1" 200 403 "-" "Jetpack by WordPress.com (Jetpack 12.5; WordPress 6.1)"
160.30.69.86 - - [20/Sep/2026:21:03:47 +0700] "POST /xmlrpc.php HTTP/1.1" 200 403 "-" "Jetpack/12.1; WordPress/6.4; http://site81644268.com"
160.30.69.86 - - [20/Sep/2026:21:03:58 +0700] "POST /xmlrpc.php HTTP/1.1" 200 403 "-" "Jetpack by WordPress.com"
160.30.69.86 - - [20/Sep/2026:21:04:08 +0700] "POST /xmlrpc.php HTTP/1.1" 200 403 "-" "Jetpack/13.0; WordPress/6.1; http://site70982570.com"
160.30.69.86 - - [20/Sep/2026:21:04:19 +0700] "POST /xmlrpc.php HTTP/1.1" 200 403 "-" "Jetpack by WordPress.com"
160.30.69.86 - - [20/Sep/2026:21:04:30 +0700] "POST /xmlrpc.php HTTP/1.1" 200 403 "-" "Jetpack by WordPress.com"
160.30.69.86 - - [20/Sep/2026:21:04:42 +0700] "POST /xmlrpc.php HTTP/1.1" 200 403 "-" "Jetpack by WordPress.com (Jetpack 12.0; WordPress 6.2)"
160.30.69.86 - - [20/Sep/2026:21:04:51 +0700] "POST /xmlrpc.php HTTP/1.1" 200 403 "-" "WordPress.com; https://wordpress.com"
160.30.69.86 - - [20/Sep/2026:21:05:02 +0700] "POST /xmlrpc.php HTTP/1.1" 200 403 "-" "Jetpack by WordPress.com (Jetpack 12.0; WordPress 6.3)"
160.30.69.86 - - [20/Sep/2026:21:05:12 +0700] "POST /xmlrpc.php HTTP/1.1" 200 403 "-" "Jetpack by WordPress.com"
160.30.69.86 - - [20/Sep/2026:21:05:23 +0700] "POST /xmlrpc.php HTTP/1.1" 200 403 "-" "WordPress.com; https://wordpress.com"
160.30.69.86 - - [20/Sep/2026:21:05:33 +0700] "POST /xmlrpc.php HTTP/1.1" 200 403 "-" "Jetpack by WordPress.com (Jetpack 13.0; WordPress 6.2)"
160.30.69.86 - - [20/Sep/2026:21:05:44 +0700] "POST /xmlrpc.php HTTP/1.1" 200 403 "-" "Jetpack by WordPress.com (Jetpack 12.0; WordPress 6.4)"
160.30.69.86 - - [20/Sep/2026:21:05:55 +0700] "POST /xmlrpc.php HTTP/1.1" 200 403 "-" "Jetpack by WordPress.com"
160.30.69.86 - - [20/Sep/2026:21:06:06 +0700] "POST /xmlrpc.php HTTP/1.1" 200 403 "-" "Jetpack by WordPress.com (Jetpack 13.0; WordPress 6.1)"
160.30.69.86 - - [20/Sep/2026:21:06:16 +0700] "POST /xmlrpc.php HTTP/1.1" 200 403 "-" "Jetpack/12.1; WordPress/6.3; http://site19700512.com"
160.30.69.86 - - [20/Sep/2026:21:06:27 +0700] "POST /xmlrpc.php HTTP/1.1" 200 403 "-" "Jetpack by WordPress.com"
160.30.69.86 - - [20/Sep/2026:21:06:38 +0700] "POST /xmlrpc.php HTTP/1.1" 200 403 "-" "Jetpack by WordPress.com"
160.30.69.86 - - [20/Sep/2026:21:06:48 +0700] "POST /xmlrpc.php HTTP/1.1" 200 403 "-" "Jetpack/12.0; WordPress/6.2; http://site56560568.com"
160.30.69.86 - - [20/Sep/2026:21:06:59 +0700] "POST /xmlrpc.php HTTP/1.1" 200 403 "-" "Jetpack/12.0; WordPress/6.4; http://site25731459.com"
2409:40d6:1156:43e3:6805:2934:dcf8:f02b - - [20/Sep/2026:21:07:10 +0700] "POST /xmlrpc.php HTTP/1.1" 200 403 "-" "WordPress.com; https://wordpress.com"
160.30.69.86 - - [20/Sep/2026:21:07:10 +0700] "POST /xmlrpc.php HTTP/1.1" 200 403 "-" "Jetpack by WordPress.com (Jetpack 12.0; WordPress 6.2)"
160.30.69.86 - - [20/Sep/2026:21:07:20 +0700] "POST /xmlrpc.php HTTP/1.1" 200 403 "-" "Jetpack/12.5; WordPress/6.2; http://site54920734.com"
160.30.69.86 - - [20/Sep/2026:21:07:31 +0700] "POST /xmlrpc.php HTTP/1.1" 200 403 "-" "Jetpack by WordPress.com (Jetpack 12.1; WordPress 6.3)"
160.30.69.86 - - [20/Sep/2026:21:07:41 +0700] "POST /xmlrpc.php HTTP/1.1" 200 403 "-" "WordPress.com; https://wordpress.com"
160.30.69.86 - - [20/Sep/2026:21:07:52 +0700] "POST /xmlrpc.php HTTP/1.1" 200 403 "-" "Jetpack by WordPress.com"
160.30.69.86 - - [20/Sep/2026:21:08:03 +0700] "POST /xmlrpc.php HTTP/1.1" 200 403 "-" "Jetpack by WordPress.com (Jetpack 12.1; WordPress 6.3)"
160.30.69.86 - - [20/Sep/2026:21:08:13 +0700] "POST /xmlrpc.php HTTP/1.1" 200 403 "-" "WordPress.com; https://wordpress.com"
160.30.69.86 - - [20/Sep/2026:21:08:24 +0700] "POST /xmlrpc.php HTTP/1.1" 200 403 "-" "Jetpack by WordPress.com"
160.30.69.86 - - [20/Sep/2026:21:08:35 +0700] "POST /xmlrpc.php HTTP/1.1" 200 403 "-" "Jetpack/12.1; WordPress/6.1; http://site44049059.com"
160.30.69.86 - - [20/Sep/2026:21:08:45 +0700] "POST /xmlrpc.php HTTP/1.1" 200 403 "-" "Jetpack/12.1; WordPress/6.3; http://site82087982.com"
2409:40d6:1156:43e3:6805:2934:dcf8:f02b - - [20/Sep/2026:21:08:46 +0700] "POST /xmlrpc.php HTTP/1.1" 200 403 "-" "Jetpack/13.0; WordPress/6.3; http://site30918406.com"
160.30.69.86 - - [20/Sep/2026:21:08:56 +0700] "POST /xmlrpc.php HTTP/1.1" 200 403 "-" "WordPress.com; https://wordpress.com"
2409:40d6:1156:43e3:6805:2934:dcf8:f02b - - [20/Sep/2026:21:08:56 +0700] "POST /xmlrpc.php HTTP/1.1" 200 403 "-" "WordPress.com; https://wordpress.com"
2409:40d6:1156:43e3:6805:2934:dcf8:f02b - - [20/Sep/2026:21:09:02 +0700] "POST /xmlrpc.php HTTP/1.1" 200 403 "-" "Jetpack by WordPress.com"
160.30.69.86 - - [20/Sep/2026:21:09:07 +0700] "POST /xmlrpc.php HTTP/1.1" 200 403 "-" "WordPress.com; https://wordpress.com"
2409:40d6:1156:43e3:6805:2934:dcf8:f02b - - [20/Sep/2026:21:09:13 +0700] "POST /xmlrpc.php HTTP/1.1" 200 403 "-" "WordPress.com; https://wordpress.com"
160.30.69.86 - - [20/Sep/2026:21:09:17 +0700] "POST /xmlrpc.php HTTP/1.1" 200 403 "-" "WordPress.com; https://wordpress.com"
160.30.69.86 - - [20/Sep/2026:21:09:28 +0700] "POST /xmlrpc.php HTTP/1.1" 200 403 "-" "Jetpack/12.5; WordPress/6.1; http://site48393189.com"
223.184.230.218 - - [20/Sep/2026:21:09:29 +0700] "POST /xmlrpc.php HTTP/1.1" 200 403 "-" "Jetpack by WordPress.com (Jetpack 12.5; WordPress 6.2)"
160.30.69.86 - - [20/Sep/2026:21:09:38 +0700] "POST /xmlrpc.php HTTP/1.1" 200 403 "-" "Jetpack/12.5; WordPress/6.4; http://site48517210.com"
2401:4900:a179:ed3b:f1ed:dea4:11e0:7440 - - [20/Sep/2026:21:09:46 +0700] "POST /xmlrpc.php HTTP/1.1" 200 403 "-" "Jetpack by WordPress.com (Jetpack 13.0; WordPress 6.3)"
160.30.69.86 - - [20/Sep/2026:21:09:49 +0700] "POST /xmlrpc.php HTTP/1.1" 200 403 "-" "Jetpack by WordPress.com"
2401:4900:a179:ed3b:f1ed:dea4:11e0:7440 - - [20/Sep/2026:21:09:57 +0700] "POST /xmlrpc.php HTTP/1.1" 200 403 "-" "Jetpack by WordPress.com"
160.30.69.86 - - [20/Sep/2026:21:10:00 +0700] "POST /xmlrpc.php HTTP/1.1" 200 403 "-" "WordPress.com; https://wordpress.com"
160.30.69.86 - - [20/Sep/2026:21:10:10 +0700] "POST /xmlrpc.php HTTP/1.1" 200 403 "-" "Jetpack by WordPress.com"
160.30.69.86 - - [20/Sep/2026:21:10:21 +0700] "POST /xmlrpc.php HTTP/1.1" 200 403 "-" "Jetpack by WordPress.com"
160.30.69.86 - - [20/Sep/2026:21:10:31 +0700] "POST /xmlrpc.php HTTP/1.1" 200 403 "-" "Jetpack by WordPress.com (Jetpack 13.0; WordPress 6.3)"
2409:40d6:1156:43e3:6805:2934:dcf8:f02b - - [20/Sep/2026:21:10:33 +0700] "POST /xmlrpc.php HTTP/1.1" 200 403 "-" "WordPress.com; https://wordpress.com"
2409:40d6:1156:43e3:6805:2934:dcf8:f02b - - [20/Sep/2026:21:10:39 +0700] "POST /xmlrpc.php HTTP/1.1" 200 403 "-" "Jetpack/12.0; WordPress/6.4; http://site94891871.com"
160.30.69.86 - - [20/Sep/2026:21:10:42 +0700] "POST /xmlrpc.php HTTP/1.1" 200 403 "-" "Jetpack by WordPress.com (Jetpack 13.0; WordPress 6.4)"
2409:40d6:1156:43e3:6805:2934:dcf8:f02b - - [20/Sep/2026:21:10:49 +0700] "POST /xmlrpc.php HTTP/1.1" 200 403 "-" "Jetpack by WordPress.com (Jetpack 12.0; WordPress 6.3)"
160.30.69.86 - - [20/Sep/2026:21:10:53 +0700] "POST /xmlrpc.php HTTP/1.1" 200 403 "-" "Jetpack by WordPress.com"
2409:40d6:1156:43e3:6805:2934:dcf8:f02b - - [20/Sep/2026:21:10:59 +0700] "POST /xmlrpc.php HTTP/1.1" 200 403 "-" "Jetpack/12.1; WordPress/6.2; http://site87867752.com"
160.30.69.86 - - [20/Sep/2026:21:11:03 +0700] "POST /xmlrpc.php HTTP/1.1" 200 403 "-" "Jetpack/13.0; WordPress/6.2; http://site12953333.com"
2409:40d6:1156:43e3:6805:2934:dcf8:f02b - - [20/Sep/2026:21:11:10 +0700] "POST /xmlrpc.php HTTP/1.1" 200 403 "-" "Jetpack by WordPress.com"
160.30.69.86 - - [20/Sep/2026:21:11:14 +0700] "POST /xmlrpc.php HTTP/1.1" 200 403 "-" "WordPress.com; https://wordpress.com"
2409:40d6:1156:43e3:6805:2934:dcf8:f02b - - [20/Sep/2026:21:11:22 +0700] "POST /xmlrpc.php HTTP/1.1" 200 403 "-" "Jetpack by WordPress.com"
160.30.69.86 - - [20/Sep/2026:21:11:25 +0700] "POST /xmlrpc.php HTTP/1.1" 200 403 "-" "Jetpack/12.1; WordPress/6.3; http://site28757718.com"
160.30.69.86 - - [20/Sep/2026:21:11:35 +0700] "POST /xmlrpc.php HTTP/1.1" 200 403 "-" "Jetpack/12.1; WordPress/6.4; http://site30094411.com"
2401:4900:a179:ed3b:f1ed:dea4:11e0:7440 - - [20/Sep/2026:21:11:36 +0700] "POST /xmlrpc.php HTTP/1.1" 200 403 "-" "Jetpack/12.0; WordPress/6.1; http://site62848456.com"
2401:4900:a179:ed3b:f1ed:dea4:11e0:7440 - - [20/Sep/2026:21:11:43 +0700] "POST /xmlrpc.php HTTP/1.1" 200 403 "-" "Jetpack/12.1; WordPress/6.3; http://site73842260.com"
160.30.69.86 - - [20/Sep/2026:21:11:46 +0700] "POST /xmlrpc.php HTTP/1.1" 200 403 "-" "WordPress.com; https://wordpress.com"
2401:4900:a179:ed3b:f1ed:dea4:11e0:7440 - - [20/Sep/2026:21:11:54 +0700] "POST /xmlrpc.php HTTP/1.1" 200 403 "-" "Jetpack by WordPress.com"
160.30.69.86 - - [20/Sep/2026:21:11:57 +0700] "POST /xmlrpc.php HTTP/1.1" 200 403 "-" "WordPress.com; https://wordpress.com"
2401:4900:a179:ed3b:f1ed:dea4:11e0:7440 - - [20/Sep/2026:21:12:03 +0700] "POST /xmlrpc.php HTTP/1.1" 200 403 "-" "Jetpack/13.0; WordPress/6.2; http://site88616184.com"
160.30.69.86 - - [20/Sep/2026:21:12:07 +0700] "POST /xmlrpc.php HTTP/1.1" 200 403 "-" "Jetpack by WordPress.com (Jetpack 12.1; WordPress 6.3)"
2401:4900:a179:ed3b:f1ed:dea4:11e0:7440 - - [20/Sep/2026:21:12:14 +0700] "POST /xmlrpc.php HTTP/1.1" 200 403 "-" "WordPress.com; https://wordpress.com"
160.30.69.86 - - [20/Sep/2026:21:12:18 +0700] "POST /xmlrpc.php HTTP/1.1" 200 403 "-" "WordPress.com; https://wordpress.com"
198.252.107.178 - - [20/Sep/2026:21:12:27 +0700] "POST /wp-cron.php?doing_wp_cron=1789913547.2256031036376953125000 HTTP/1.1" 200 - "-" "WordPress/7.1.1; https://yok789-c.com"
2401:4900:a179:ed3b:f1ed:dea4:11e0:7440 - - [20/Sep/2026:21:12:25 +0700] "POST /xmlrpc.php HTTP/1.1" 200 403 "-" "Jetpack/12.1; WordPress/6.2; http://site93962869.com"
160.30.69.86 - - [20/Sep/2026:21:12:29 +0700] "POST /xmlrpc.php HTTP/1.1" 200 403 "-" "WordPress.com; https://wordpress.com"
2401:4900:a179:ed3b:f1ed:dea4:11e0:7440 - - [20/Sep/2026:21:12:39 +0700] "POST /xmlrpc.php HTTP/1.1" 200 403 "-" "Jetpack by WordPress.com (Jetpack 12.1; WordPress 6.4)"
160.30.69.86 - - [20/Sep/2026:21:12:39 +0700] "POST /xmlrpc.php HTTP/1.1" 200 403 "-" "Jetpack/12.5; WordPress/6.3; http://site82205641.com"
2401:4900:a179:ed3b:f1ed:dea4:11e0:7440 - - [20/Sep/2026:21:12:46 +0700] "POST /xmlrpc.php HTTP/1.1" 200 403 "-" "Jetpack by WordPress.com (Jetpack 12.5; WordPress 6.3)"
160.30.69.86 - - [20/Sep/2026:21:12:50 +0700] "POST /xmlrpc.php HTTP/1.1" 200 403 "-" "Jetpack by WordPress.com (Jetpack 12.5; WordPress 6.2)"
2401:4900:a179:ed3b:f1ed:dea4:11e0:7440 - - [20/Sep/2026:21:12:58 +0700] "POST /xmlrpc.php HTTP/1.1" 200 403 "-" "WordPress.com; https://wordpress.com"
160.30.69.86 - - [20/Sep/2026:21:13:00 +0700] "POST /xmlrpc.php HTTP/1.1" 200 403 "-" "WordPress.com; https://wordpress.com"
2401:4900:a179:ed3b:f1ed:dea4:11e0:7440 - - [20/Sep/2026:21:13:08 +0700] "POST /xmlrpc.php HTTP/1.1" 200 403 "-" "WordPress.com; https://wordpress.com"
160.30.69.86 - - [20/Sep/2026:21:13:11 +0700] "POST /xmlrpc.php HTTP/1.1" 200 403 "-" "Jetpack by WordPress.com"
2401:4900:a179:ed3b:f1ed:dea4:11e0:7440 - - [20/Sep/2026:21:13:18 +0700] "POST /xmlrpc.php HTTP/1.1" 200 403 "-" "Jetpack by WordPress.com"
160.30.69.86 - - [20/Sep/2026:21:13:22 +0700] "POST /xmlrpc.php HTTP/1.1" 200 403 "-" "Jetpack by WordPress.com"
2401:4900:a179:ed3b:f1ed:dea4:11e0:7440 - - [20/Sep/2026:21:13:28 +0700] "POST /xmlrpc.php HTTP/1.1" 200 403 "-" "Jetpack by WordPress.com (Jetpack 12.0; WordPress 6.4)"
160.30.69.86 - - [20/Sep/2026:21:13:32 +0700] "POST /xmlrpc.php HTTP/1.1" 200 403 "-" "Jetpack by WordPress.com"
198.252.107.178 - - [20/Sep/2026:21:13:41 +0700] "POST /wp-cron.php?doing_wp_cron=1789913621.2390339374542236328125 HTTP/1.1" 200 - "-" "WordPress/7.1.1; https://yok789-c.com"
2401:4900:a179:ed3b:f1ed:dea4:11e0:7440 - - [20/Sep/2026:21:13:40 +0700] "POST /xmlrpc.php HTTP/1.1" 200 403 "-" "Jetpack by WordPress.com"
160.30.69.86 - - [20/Sep/2026:21:13:43 +0700] "POST /xmlrpc.php HTTP/1.1" 200 403 "-" "Jetpack by WordPress.com (Jetpack 12.5; WordPress 6.4)"
2401:4900:a179:ed3b:f1ed:dea4:11e0:7440 - - [20/Sep/2026:21:13:51 +0700] "POST /xmlrpc.php HTTP/1.1" 200 403 "-" "Jetpack by WordPress.com (Jetpack 12.0; WordPress 6.1)"
160.30.69.86 - - [20/Sep/2026:21:13:54 +0700] "POST /xmlrpc.php HTTP/1.1" 200 403 "-" "Jetpack by WordPress.com (Jetpack 13.0; WordPress 6.1)"
2401:4900:a179:ed3b:f1ed:dea4:11e0:7440 - - [20/Sep/2026:21:14:00 +0700] "POST /xmlrpc.php HTTP/1.1" 200 403 "-" "Jetpack by WordPress.com"
160.30.69.86 - - [20/Sep/2026:21:14:04 +0700] "POST /xmlrpc.php HTTP/1.1" 200 403 "-" "WordPress.com; https://wordpress.com"
2401:4900:a179:ed3b:f1ed:dea4:11e0:7440 - - [20/Sep/2026:21:14:11 +0700] "POST /xmlrpc.php HTTP/1.1" 200 403 "-" "WordPress.com; https://wordpress.com"
160.30.69.86 - - [20/Sep/2026:21:14:15 +0700] "POST /xmlrpc.php HTTP/1.1" 200 403 "-" "Jetpack by WordPress.com (Jetpack 12.5; WordPress 6.4)"
2401:4900:a179:ed3b:f1ed:dea4:11e0:7440 - - [20/Sep/2026:21:14:23 +0700] "POST /xmlrpc.php HTTP/1.1" 200 403 "-" "Jetpack by WordPress.com"
160.30.69.86 - - [20/Sep/2026:21:14:25 +0700] "POST /xmlrpc.php HTTP/1.1" 200 403 "-" "WordPress.com; https://wordpress.com"
2401:4900:a179:ed3b:f1ed:dea4:11e0:7440 - - [20/Sep/2026:21:14:33 +0700] "POST /xmlrpc.php HTTP/1.1" 200 403 "-" "Jetpack by WordPress.com"
160.30.69.86 - - [20/Sep/2026:21:14:36 +0700] "POST /xmlrpc.php HTTP/1.1" 200 403 "-" "Jetpack/12.0; WordPress/6.1; http://site55937312.com"
2401:4900:a179:ed3b:f1ed:dea4:11e0:7440 - - [20/Sep/2026:21:14:43 +0700] "POST /xmlrpc.php HTTP/1.1" 200 403 "-" "WordPress.com; https://wordpress.com"
160.30.69.86 - - [20/Sep/2026:21:14:47 +0700] "POST /xmlrpc.php HTTP/1.1" 200 403 "-" "Jetpack/12.0; WordPress/6.4; http://site87405387.com"
2401:4900:a179:ed3b:f1ed:dea4:11e0:7440 - - [20/Sep/2026:21:14:54 +0700] "POST /xmlrpc.php HTTP/1.1" 200 403 "-" "Jetpack/12.0; WordPress/6.2; http://site83098530.com"
160.30.69.86 - - [20/Sep/2026:21:14:57 +0700] "POST /xmlrpc.php HTTP/1.1" 200 403 "-" "WordPress.com; https://wordpress.com"
2401:4900:a179:ed3b:f1ed:dea4:11e0:7440 - - [20/Sep/2026:21:15:04 +0700] "POST /xmlrpc.php HTTP/1.1" 200 403 "-" "WordPress.com; https://wordpress.com"
160.30.69.86 - - [20/Sep/2026:21:15:08 +0700] "POST /xmlrpc.php HTTP/1.1" 200 403 "-" "Jetpack by WordPress.com (Jetpack 12.1; WordPress 6.3)"
2401:4900:a179:ed3b:f1ed:dea4:11e0:7440 - - [20/Sep/2026:21:15:17 +0700] "POST /xmlrpc.php HTTP/1.1" 200 403 "-" "WordPress.com; https://wordpress.com"
160.30.69.86 - - [20/Sep/2026:21:15:19 +0700] "POST /xmlrpc.php HTTP/1.1" 200 403 "-" "WordPress.com; https://wordpress.com"
2401:4900:a179:ed3b:f1ed:dea4:11e0:7440 - - [20/Sep/2026:21:15:26 +0700] "POST /xmlrpc.php HTTP/1.1" 200 403 "-" "Jetpack/12.1; WordPress/6.1; http://site54625124.com"
160.30.69.86 - - [20/Sep/2026:21:15:29 +0700] "POST /xmlrpc.php HTTP/1.1" 200 403 "-" "Jetpack by WordPress.com (Jetpack 13.0; WordPress 6.3)"
2401:4900:a179:ed3b:f1ed:dea4:11e0:7440 - - [20/Sep/2026:21:15:37 +0700] "POST /xmlrpc.php HTTP/1.1" 200 403 "-" "WordPress.com; https://wordpress.com"
160.30.69.86 - - [20/Sep/2026:21:15:40 +0700] "POST /xmlrpc.php HTTP/1.1" 200 403 "-" "Jetpack by WordPress.com (Jetpack 12.1; WordPress 6.2)"
2401:4900:a179:ed3b:f1ed:dea4:11e0:7440 - - [20/Sep/2026:21:15:51 +0700] "POST /xmlrpc.php HTTP/1.1" 200 403 "-" "Jetpack by WordPress.com"
160.30.69.86 - - [20/Sep/2026:21:15:51 +0700] "POST /xmlrpc.php HTTP/1.1" 200 403 "-" "Jetpack by WordPress.com (Jetpack 13.0; WordPress 6.1)"
2401:4900:a179:ed3b:f1ed:dea4:11e0:7440 - - [20/Sep/2026:21:15:58 +0700] "POST /xmlrpc.php HTTP/1.1" 200 403 "-" "Jetpack by WordPress.com"
160.30.69.86 - - [20/Sep/2026:21:16:01 +0700] "POST /xmlrpc.php HTTP/1.1" 200 403 "-" "WordPress.com; https://wordpress.com"
2401:4900:a179:ed3b:f1ed:dea4:11e0:7440 - - [20/Sep/2026:21:16:09 +0700] "POST /xmlrpc.php HTTP/1.1" 200 403 "-" "Jetpack by WordPress.com"
160.30.69.86 - - [20/Sep/2026:21:16:12 +0700] "POST /xmlrpc.php HTTP/1.1" 200 403 "-" "WordPress.com; https://wordpress.com"
2401:4900:a179:ed3b:f1ed:dea4:11e0:7440 - - [20/Sep/2026:21:16:19 +0700] "POST /xmlrpc.php HTTP/1.1" 200 403 "-" "WordPress.com; https://wordpress.com"
160.30.69.86 - - [20/Sep/2026:21:16:22 +0700] "POST /xmlrpc.php HTTP/1.1" 200 403 "-" "Jetpack by WordPress.com (Jetpack 12.1; WordPress 6.1)"
2401:4900:a179:ed3b:f1ed:dea4:11e0:7440 - - [20/Sep/2026:21:16:31 +0700] "POST /xmlrpc.php HTTP/1.1" 200 403 "-" "Jetpack/12.1; WordPress/6.2; http://site26123514.com"
160.30.69.86 - - [20/Sep/2026:21:16:33 +0700] "POST /xmlrpc.php HTTP/1.1" 200 403 "-" "Jetpack/12.0; WordPress/6.2; http://site90512175.com"
2401:4900:a179:ed3b:f1ed:dea4:11e0:7440 - - [20/Sep/2026:21:16:41 +0700] "POST /xmlrpc.php HTTP/1.1" 200 403 "-" "WordPress.com; https://wordpress.com"
160.30.69.86 - - [20/Sep/2026:21:16:44 +0700] "POST /xmlrpc.php HTTP/1.1" 200 403 "-" "Jetpack by WordPress.com (Jetpack 12.0; WordPress 6.1)"
41.235.139.190 - - [20/Sep/2026:21:16:48 +0700] "POST /xmlrpc.php HTTP/1.1" 200 403 "-" "WordPress.com; https://wordpress.com"
2401:4900:a179:ed3b:f1ed:dea4:11e0:7440 - - [20/Sep/2026:21:16:51 +0700] "POST /xmlrpc.php HTTP/1.1" 200 403 "-" "WordPress.com; https://wordpress.com"
160.30.69.86 - - [20/Sep/2026:21:16:54 +0700] "POST /xmlrpc.php HTTP/1.1" 200 403 "-" "Jetpack by WordPress.com (Jetpack 12.1; WordPress 6.3)"
41.235.139.190 - - [20/Sep/2026:21:16:58 +0700] "POST /xmlrpc.php HTTP/1.1" 200 403 "-" "Jetpack/12.1; WordPress/6.1; http://site95241340.com"
2401:4900:a179:ed3b:f1ed:dea4:11e0:7440 - - [20/Sep/2026:21:17:02 +0700] "POST /xmlrpc.php HTTP/1.1" 200 403 "-" "Jetpack by WordPress.com (Jetpack 12.1; WordPress 6.2)"
160.30.69.86 - - [20/Sep/2026:21:17:05 +0700] "POST /xmlrpc.php HTTP/1.1" 200 403 "-" "Jetpack/12.1; WordPress/6.3; http://site89247249.com"
41.235.139.190 - - [20/Sep/2026:21:17:09 +0700] "POST /xmlrpc.php HTTP/1.1" 200 403 "-" "WordPress.com; https://wordpress.com"
2401:4900:a179:ed3b:f1ed:dea4:11e0:7440 - - [20/Sep/2026:21:17:13 +0700] "POST /xmlrpc.php HTTP/1.1" 200 403 "-" "WordPress.com; https://wordpress.com"
160.30.69.86 - - [20/Sep/2026:21:17:15 +0700] "POST /xmlrpc.php HTTP/1.1" 200 403 "-" "Jetpack by WordPress.com"
41.235.139.190 - - [20/Sep/2026:21:17:19 +0700] "POST /xmlrpc.php HTTP/1.1" 200 403 "-" "Jetpack by WordPress.com"
85.204.70.116 - - [20/Sep/2026:21:17:19 +0700] "GET / HTTP/1.1" 200 75440 "-" "Mozilla/5.0 (Windows NT 10.0; Win64; x64) AppleWebKit/537.36 (KHTML, like Gecko) Chrome/78.0.3904.108 Safari/537.36"
2401:4900:a179:ed3b:f1ed:dea4:11e0:7440 - - [20/Sep/2026:21:17:24 +0700] "POST /xmlrpc.php HTTP/1.1" 200 403 "-" "WordPress.com; https://wordpress.com"
85.204.70.116 - - [20/Sep/2026:21:17:24 +0700] "GET //wp-includes/wlwmanifest.xml HTTP/1.1" 301 - "-" "Mozilla/5.0 (Windows NT 10.0; Win64; x64) AppleWebKit/537.36 (KHTML, like Gecko) Chrome/78.0.3904.108 Safari/537.36"
85.204.70.116 - - [20/Sep/2026:21:17:29 +0700] "GET //xmlrpc.php?rsd HTTP/1.1" 200 786 "-" "Mozilla/5.0 (Windows NT 10.0; Win64; x64) AppleWebKit/537.36 (KHTML, like Gecko) Chrome/78.0.3904.108 Safari/537.36"
160.30.69.86 - - [20/Sep/2026:21:17:26 +0700] "POST /xmlrpc.php HTTP/1.1" 200 403 "-" "Jetpack by WordPress.com (Jetpack 12.5; WordPress 6.3)"
85.204.70.116 - - [20/Sep/2026:21:17:29 +0700] "GET //?author=1 HTTP/1.1" 301 - "-" "Mozilla/5.0 (Windows NT 10.0; Win64; x64) AppleWebKit/537.36 (KHTML, like Gecko) Chrome/78.0.3904.108 Safari/537.36"
41.235.139.190 - - [20/Sep/2026:21:17:30 +0700] "POST /xmlrpc.php HTTP/1.1" 200 403 "-" "Jetpack/12.5; WordPress/6.3; http://site26251719.com"
85.204.70.116 - - [20/Sep/2026:21:17:33 +0700] "GET //?author=2 HTTP/1.1" 301 - "-" "Mozilla/5.0 (Windows NT 10.0; Win64; x64) AppleWebKit/537.36 (KHTML, like Gecko) Chrome/78.0.3904.108 Safari/537.36"
85.204.70.116 - - [20/Sep/2026:21:17:35 +0700] "GET //wp-json/wp/v2/users/ HTTP/1.1" 200 880 "-" "Mozilla/5.0 (Windows NT 10.0; Win64; x64) AppleWebKit/537.36 (KHTML, like Gecko) Chrome/78.0.3904.108 Safari/537.36"
2401:4900:a179:ed3b:f1ed:dea4:11e0:7440 - - [20/Sep/2026:21:17:35 +0700] "POST /xmlrpc.php HTTP/1.1" 200 403 "-" "Jetpack/12.5; WordPress/6.4; http://site80297825.com"
85.204.70.116 - - [20/Sep/2026:21:17:37 +0700] "POST //xmlrpc.php HTTP/1.1" 200 401 "-" "Mozilla/5.0 (Windows NT 10.0; Win64; x64) AppleWebKit/537.36 (KHTML, like Gecko) Chrome/78.0.3904.108 Safari/537.36"
160.30.69.86 - - [20/Sep/2026:21:17:37 +0700] "POST /xmlrpc.php HTTP/1.1" 200 403 "-" "WordPress.com; https://wordpress.com"
85.204.70.116 - - [20/Sep/2026:21:17:40 +0700] "POST //xmlrpc.php HTTP/1.1" 200 401 "-" "Mozilla/5.0 (Windows NT 10.0; Win64; x64) AppleWebKit/537.36 (KHTML, like Gecko) Chrome/78.0.3904.108 Safari/537.36"
41.235.139.190 - - [20/Sep/2026:21:17:41 +0700] "POST /xmlrpc.php HTTP/1.1" 200 403 "-" "WordPress.com; https://wordpress.com"
85.204.70.116 - - [20/Sep/2026:21:17:41 +0700] "POST //xmlrpc.php HTTP/1.1" 200 401 "-" "Mozilla/5.0 (Windows NT 10.0; Win64; x64) AppleWebKit/537.36 (KHTML, like Gecko) Chrome/78.0.3904.108 Safari/537.36"
85.204.70.116 - - [20/Sep/2026:21:17:43 +0700] "POST //xmlrpc.php HTTP/1.1" 200 401 "-" "Mozilla/5.0 (Windows NT 10.0; Win64; x64) AppleWebKit/537.36 (KHTML, like Gecko) Chrome/78.0.3904.108 Safari/537.36"
2401:4900:a179:ed3b:f1ed:dea4:11e0:7440 - - [20/Sep/2026:21:17:45 +0700] "POST /xmlrpc.php HTTP/1.1" 200 403 "-" "Jetpack by WordPress.com (Jetpack 13.0; WordPress 6.3)"
85.204.70.116 - - [20/Sep/2026:21:17:45 +0700] "POST //xmlrpc.php HTTP/1.1" 200 401 "-" "Mozilla/5.0 (Windows NT 10.0; Win64; x64) AppleWebKit/537.36 (KHTML, like Gecko) Chrome/78.0.3904.108 Safari/537.36"
160.30.69.86 - - [20/Sep/2026:21:17:48 +0700] "POST /xmlrpc.php HTTP/1.1" 200 403 "-" "Jetpack by WordPress.com (Jetpack 13.0; WordPress 6.2)"
85.204.70.116 - - [20/Sep/2026:21:17:47 +0700] "POST //xmlrpc.php HTTP/1.1" 200 401 "-" "Mozilla/5.0 (Windows NT 10.0; Win64; x64) AppleWebKit/537.36 (KHTML, like Gecko) Chrome/78.0.3904.108 Safari/537.36"
41.235.139.190 - - [20/Sep/2026:21:17:51 +0700] "POST /xmlrpc.php HTTP/1.1" 200 403 "-" "WordPress.com; https://wordpress.com"
85.204.70.116 - - [20/Sep/2026:21:17:51 +0700] "POST //xmlrpc.php HTTP/1.1" 200 401 "-" "Mozilla/5.0 (Windows NT 10.0; Win64; x64) AppleWebKit/537.36 (KHTML, like Gecko) Chrome/78.0.3904.108 Safari/537.36"
85.204.70.116 - - [20/Sep/2026:21:17:54 +0700] "POST //xmlrpc.php HTTP/1.1" 200 401 "-" "Mozilla/5.0 (Windows NT 10.0; Win64; x64) AppleWebKit/537.36 (KHTML, like Gecko) Chrome/78.0.3904.108 Safari/537.36"
85.204.70.116 - - [20/Sep/2026:21:17:55 +0700] "POST //xmlrpc.php HTTP/1.1" 200 401 "-" "Mozilla/5.0 (Windows NT 10.0; Win64; x64) AppleWebKit/537.36 (KHTML, like Gecko) Chrome/78.0.3904.108 Safari/537.36"
2401:4900:a179:ed3b:f1ed:dea4:11e0:7440 - - [20/Sep/2026:21:17:56 +0700] "POST /xmlrpc.php HTTP/1.1" 200 403 "-" "Jetpack by WordPress.com (Jetpack 12.1; WordPress 6.2)"
160.30.69.86 - - [20/Sep/2026:21:17:58 +0700] "POST /xmlrpc.php HTTP/1.1" 200 403 "-" "Jetpack by WordPress.com (Jetpack 13.0; WordPress 6.3)"
85.204.70.116 - - [20/Sep/2026:21:17:58 +0700] "POST //xmlrpc.php HTTP/1.1" 200 401 "-" "Mozilla/5.0 (Windows NT 10.0; Win64; x64) AppleWebKit/537.36 (KHTML, like Gecko) Chrome/78.0.3904.108 Safari/537.36"
85.204.70.116 - - [20/Sep/2026:21:18:00 +0700] "POST //xmlrpc.php HTTP/1.1" 200 401 "-" "Mozilla/5.0 (Windows NT 10.0; Win64; x64) AppleWebKit/537.36 (KHTML, like Gecko) Chrome/78.0.3904.108 Safari/537.36"
85.204.70.116 - - [20/Sep/2026:21:18:02 +0700] "POST //xmlrpc.php HTTP/1.1" 200 401 "-" "Mozilla/5.0 (Windows NT 10.0; Win64; x64) AppleWebKit/537.36 (KHTML, like Gecko) Chrome/78.0.3904.108 Safari/537.36"
41.235.139.190 - - [20/Sep/2026:21:18:02 +0700] "POST /xmlrpc.php HTTP/1.1" 200 403 "-" "Jetpack/12.5; WordPress/6.4; http://site56116428.com"
85.204.70.116 - - [20/Sep/2026:21:18:04 +0700] "POST //xmlrpc.php HTTP/1.1" 200 401 "-" "Mozilla/5.0 (Windows NT 10.0; Win64; x64) AppleWebKit/537.36 (KHTML, like Gecko) Chrome/78.0.3904.108 Safari/537.36"
85.204.70.116 - - [20/Sep/2026:21:18:05 +0700] "POST //xmlrpc.php HTTP/1.1" 200 401 "-" "Mozilla/5.0 (Windows NT 10.0; Win64; x64) AppleWebKit/537.36 (KHTML, like Gecko) Chrome/78.0.3904.108 Safari/537.36"
2401:4900:a179:ed3b:f1ed:dea4:11e0:7440 - - [20/Sep/2026:21:18:06 +0700] "POST /xmlrpc.php HTTP/1.1" 200 403 "-" "Jetpack/12.0; WordPress/6.3; http://site98215134.com"
160.30.69.86 - - [20/Sep/2026:21:18:09 +0700] "POST /xmlrpc.php HTTP/1.1" 200 403 "-" "Jetpack by WordPress.com"
85.204.70.116 - - [20/Sep/2026:21:18:08 +0700] "POST //xmlrpc.php HTTP/1.1" 200 401 "-" "Mozilla/5.0 (Windows NT 10.0; Win64; x64) AppleWebKit/537.36 (KHTML, like Gecko) Chrome/78.0.3904.108 Safari/537.36"
85.204.70.116 - - [20/Sep/2026:21:18:11 +0700] "POST //xmlrpc.php HTTP/1.1" 200 401 "-" "Mozilla/5.0 (Windows NT 10.0; Win64; x64) AppleWebKit/537.36 (KHTML, like Gecko) Chrome/78.0.3904.108 Safari/537.36"
41.235.139.190 - - [20/Sep/2026:21:18:13 +0700] "POST /xmlrpc.php HTTP/1.1" 200 403 "-" "Jetpack by WordPress.com"
85.204.70.116 - - [20/Sep/2026:21:18:13 +0700] "POST //xmlrpc.php HTTP/1.1" 200 401 "-" "Mozilla/5.0 (Windows NT 10.0; Win64; x64) AppleWebKit/537.36 (KHTML, like Gecko) Chrome/78.0.3904.108 Safari/537.36"
85.204.70.116 - - [20/Sep/2026:21:18:17 +0700] "POST //xmlrpc.php HTTP/1.1" 200 401 "-" "Mozilla/5.0 (Windows NT 10.0; Win64; x64) AppleWebKit/537.36 (KHTML, like Gecko) Chrome/78.0.3904.108 Safari/537.36"
85.204.70.116 - - [20/Sep/2026:21:18:20 +0700] "POST //xmlrpc.php HTTP/1.1" 200 401 "-" "Mozilla/5.0 (Windows NT 10.0; Win64; x64) AppleWebKit/537.36 (KHTML, like Gecko) Chrome/78.0.3904.108 Safari/537.36"
160.30.69.86 - - [20/Sep/2026:21:18:20 +0700] "POST /xmlrpc.php HTTP/1.1" 200 403 "-" "WordPress.com; https://wordpress.com"
2401:4900:a179:ed3b:f1ed:dea4:11e0:7440 - - [20/Sep/2026:21:18:18 +0700] "POST /xmlrpc.php HTTP/1.1" 200 403 "-" "Jetpack by WordPress.com"
85.204.70.116 - - [20/Sep/2026:21:18:22 +0700] "POST //xmlrpc.php HTTP/1.1" 200 401 "-" "Mozilla/5.0 (Windows NT 10.0; Win64; x64) AppleWebKit/537.36 (KHTML, like Gecko) Chrome/78.0.3904.108 Safari/537.36"
41.235.139.190 - - [20/Sep/2026:21:18:23 +0700] "POST /xmlrpc.php HTTP/1.1" 200 403 "-" "Jetpack/12.1; WordPress/6.2; http://site49346923.com"
85.204.70.116 - - [20/Sep/2026:21:18:25 +0700] "POST //xmlrpc.php HTTP/1.1" 200 401 "-" "Mozilla/5.0 (Windows NT 10.0; Win64; x64) AppleWebKit/537.36 (KHTML, like Gecko) Chrome/78.0.3904.108 Safari/537.36"
2401:4900:a179:ed3b:f1ed:dea4:11e0:7440 - - [20/Sep/2026:21:18:28 +0700] "POST /xmlrpc.php HTTP/1.1" 200 403 "-" "Jetpack/12.5; WordPress/6.4; http://site69148132.com"
85.204.70.116 - - [20/Sep/2026:21:18:28 +0700] "POST //xmlrpc.php HTTP/1.1" 200 401 "-" "Mozilla/5.0 (Windows NT 10.0; Win64; x64) AppleWebKit/537.36 (KHTML, like Gecko) Chrome/78.0.3904.108 Safari/537.36"
160.30.69.86 - - [20/Sep/2026:21:18:30 +0700] "POST /xmlrpc.php HTTP/1.1" 200 403 "-" "Jetpack/13.0; WordPress/6.1; http://site22567780.com"
85.204.70.116 - - [20/Sep/2026:21:18:32 +0700] "POST //xmlrpc.php HTTP/1.1" 200 401 "-" "Mozilla/5.0 (Windows NT 10.0; Win64; x64) AppleWebKit/537.36 (KHTML, like Gecko) Chrome/78.0.3904.108 Safari/537.36"
41.235.139.190 - - [20/Sep/2026:21:18:34 +0700] "POST /xmlrpc.php HTTP/1.1" 200 403 "-" "Jetpack by WordPress.com (Jetpack 13.0; WordPress 6.2)"
85.204.70.116 - - [20/Sep/2026:21:18:36 +0700] "POST //xmlrpc.php HTTP/1.1" 200 401 "-" "Mozilla/5.0 (Windows NT 10.0; Win64; x64) AppleWebKit/537.36 (KHTML, like Gecko) Chrome/78.0.3904.108 Safari/537.36"
2401:4900:a179:ed3b:f1ed:dea4:11e0:7440 - - [20/Sep/2026:21:18:39 +0700] "POST /xmlrpc.php HTTP/1.1" 200 403 "-" "Jetpack/12.0; WordPress/6.4; http://site18342107.com"
85.204.70.116 - - [20/Sep/2026:21:18:37 +0700] "POST //xmlrpc.php HTTP/1.1" 200 401 "-" "Mozilla/5.0 (Windows NT 10.0; Win64; x64) AppleWebKit/537.36 (KHTML, like Gecko) Chrome/78.0.3904.108 Safari/537.36"
160.30.69.86 - - [20/Sep/2026:21:18:41 +0700] "POST /xmlrpc.php HTTP/1.1" 200 403 "-" "Jetpack/13.0; WordPress/6.1; http://site31073034.com"
85.204.70.116 - - [20/Sep/2026:21:18:43 +0700] "POST //xmlrpc.php HTTP/1.1" 200 401 "-" "Mozilla/5.0 (Windows NT 10.0; Win64; x64) AppleWebKit/537.36 (KHTML, like Gecko) Chrome/78.0.3904.108 Safari/537.36"
41.235.139.190 - - [20/Sep/2026:21:18:45 +0700] "POST /xmlrpc.php HTTP/1.1" 200 403 "-" "WordPress.com; https://wordpress.com"
85.204.70.116 - - [20/Sep/2026:21:18:45 +0700] "POST //xmlrpc.php HTTP/1.1" 200 401 "-" "Mozilla/5.0 (Windows NT 10.0; Win64; x64) AppleWebKit/537.36 (KHTML, like Gecko) Chrome/78.0.3904.108 Safari/537.36"
2401:4900:a179:ed3b:f1ed:dea4:11e0:7440 - - [20/Sep/2026:21:18:49 +0700] "POST /xmlrpc.php HTTP/1.1" 200 403 "-" "Jetpack by WordPress.com"
85.204.70.116 - - [20/Sep/2026:21:18:50 +0700] "POST //xmlrpc.php HTTP/1.1" 200 401 "-" "Mozilla/5.0 (Windows NT 10.0; Win64; x64) AppleWebKit/537.36 (KHTML, like Gecko) Chrome/78.0.3904.108 Safari/537.36"
160.30.69.86 - - [20/Sep/2026:21:18:53 +0700] "POST /xmlrpc.php HTTP/1.1" 200 403 "-" "Jetpack/12.5; WordPress/6.1; http://site14244925.com"
85.204.70.116 - - [20/Sep/2026:21:18:56 +0700] "POST //xmlrpc.php HTTP/1.1" 200 401 "-" "Mozilla/5.0 (Windows NT 10.0; Win64; x64) AppleWebKit/537.36 (KHTML, like Gecko) Chrome/78.0.3904.108 Safari/537.36"
41.235.139.190 - - [20/Sep/2026:21:18:55 +0700] "POST /xmlrpc.php HTTP/1.1" 200 403 "-" "WordPress.com; https://wordpress.com"
2401:4900:a179:ed3b:f1ed:dea4:11e0:7440 - - [20/Sep/2026:21:19:01 +0700] "POST /xmlrpc.php HTTP/1.1" 200 403 "-" "Jetpack/13.0; WordPress/6.2; http://site78644367.com"
85.204.70.116 - - [20/Sep/2026:21:19:02 +0700] "POST //xmlrpc.php HTTP/1.1" 200 401 "-" "Mozilla/5.0 (Windows NT 10.0; Win64; x64) AppleWebKit/537.36 (KHTML, like Gecko) Chrome/78.0.3904.108 Safari/537.36"
160.30.69.86 - - [20/Sep/2026:21:19:04 +0700] "POST /xmlrpc.php HTTP/1.1" 200 403 "-" "WordPress.com; https://wordpress.com"
41.235.139.190 - - [20/Sep/2026:21:19:07 +0700] "POST /xmlrpc.php HTTP/1.1" 200 403 "-" "Jetpack/12.1; WordPress/6.1; http://site26505801.com"
85.204.70.116 - - [20/Sep/2026:21:19:06 +0700] "POST //xmlrpc.php HTTP/1.1" 200 401 "-" "Mozilla/5.0 (Windows NT 10.0; Win64; x64) AppleWebKit/537.36 (KHTML, like Gecko) Chrome/78.0.3904.108 Safari/537.36"
2401:4900:a179:ed3b:f1ed:dea4:11e0:7440 - - [20/Sep/2026:21:19:11 +0700] "POST /xmlrpc.php HTTP/1.1" 200 403 "-" "WordPress.com; https://wordpress.com"
85.204.70.116 - - [20/Sep/2026:21:19:11 +0700] "POST //xmlrpc.php HTTP/1.1" 200 401 "-" "Mozilla/5.0 (Windows NT 10.0; Win64; x64) AppleWebKit/537.36 (KHTML, like Gecko) Chrome/78.0.3904.108 Safari/537.36"
160.30.69.86 - - [20/Sep/2026:21:19:14 +0700] "POST /xmlrpc.php HTTP/1.1" 200 403 "-" "WordPress.com; https://wordpress.com"
41.235.139.190 - - [20/Sep/2026:21:19:17 +0700] "POST /xmlrpc.php HTTP/1.1" 200 403 "-" "WordPress.com; https://wordpress.com"
85.204.70.116 - - [20/Sep/2026:21:19:18 +0700] "POST //xmlrpc.php HTTP/1.1" 200 401 "-" "Mozilla/5.0 (Windows NT 10.0; Win64; x64) AppleWebKit/537.36 (KHTML, like Gecko) Chrome/78.0.3904.108 Safari/537.36"
2401:4900:a179:ed3b:f1ed:dea4:11e0:7440 - - [20/Sep/2026:21:19:22 +0700] "POST /xmlrpc.php HTTP/1.1" 200 403 "-" "Jetpack by WordPress.com"
41.235.139.190 - - [20/Sep/2026:21:19:27 +0700] "POST /xmlrpc.php HTTP/1.1" 200 403 "-" "Jetpack by WordPress.com (Jetpack 12.1; WordPress 6.1)"
85.204.70.116 - - [20/Sep/2026:21:19:26 +0700] "POST //xmlrpc.php HTTP/1.1" 200 401 "-" "Mozilla/5.0 (Windows NT 10.0; Win64; x64) AppleWebKit/537.36 (KHTML, like Gecko) Chrome/78.0.3904.108 Safari/537.36"
160.30.69.80 - - [20/Sep/2026:21:19:26 +0700] "POST /xmlrpc.php HTTP/1.1" 200 403 "-" "Jetpack by WordPress.com"
2401:4900:a179:ed3b:f1ed:dea4:11e0:7440 - - [20/Sep/2026:21:19:33 +0700] "POST /xmlrpc.php HTTP/1.1" 200 403 "-" "Jetpack by WordPress.com"
160.30.69.80 - - [20/Sep/2026:21:19:36 +0700] "POST /xmlrpc.php HTTP/1.1" 200 403 "-" "Jetpack by WordPress.com"
85.204.70.116 - - [20/Sep/2026:21:19:35 +0700] "POST //xmlrpc.php HTTP/1.1" 200 401 "-" "Mozilla/5.0 (Windows NT 10.0; Win64; x64) AppleWebKit/537.36 (KHTML, like Gecko) Chrome/78.0.3904.108 Safari/537.36"
41.235.139.190 - - [20/Sep/2026:21:19:38 +0700] "POST /xmlrpc.php HTTP/1.1" 200 403 "-" "Jetpack by WordPress.com (Jetpack 12.1; WordPress 6.2)"
85.204.70.116 - - [20/Sep/2026:21:19:41 +0700] "POST //xmlrpc.php HTTP/1.1" 200 401 "-" "Mozilla/5.0 (Windows NT 10.0; Win64; x64) AppleWebKit/537.36 (KHTML, like Gecko) Chrome/78.0.3904.108 Safari/537.36"
2401:4900:a179:ed3b:f1ed:dea4:11e0:7440 - - [20/Sep/2026:21:19:43 +0700] "POST /xmlrpc.php HTTP/1.1" 200 403 "-" "WordPress.com; https://wordpress.com"
160.30.69.80 - - [20/Sep/2026:21:19:46 +0700] "POST /xmlrpc.php HTTP/1.1" 200 403 "-" "Jetpack by WordPress.com"
85.204.70.116 - - [20/Sep/2026:21:19:49 +0700] "POST //xmlrpc.php HTTP/1.1" 200 401 "-" "Mozilla/5.0 (Windows NT 10.0; Win64; x64) AppleWebKit/537.36 (KHTML, like Gecko) Chrome/78.0.3904.108 Safari/537.36"
41.235.139.190 - - [20/Sep/2026:21:19:49 +0700] "POST /xmlrpc.php HTTP/1.1" 200 403 "-" "Jetpack by WordPress.com"
2401:4900:a179:ed3b:f1ed:dea4:11e0:7440 - - [20/Sep/2026:21:19:53 +0700] "POST /xmlrpc.php HTTP/1.1" 200 403 "-" "Jetpack/13.0; WordPress/6.1; http://site38315694.com"
2401:4900:a179:ed3b:f1ed:dea4:11e0:7440 - - [20/Sep/2026:21:20:51 +0700] "POST /xmlrpc.php HTTP/1.1" 504 - "-" "WordPress.com; https://wordpress.com"
41.235.139.190 - - [20/Sep/2026:21:19:59 +0700] "POST /xmlrpc.php HTTP/1.1" 504 - "-" "WordPress.com; https://wordpress.com"
2401:4900:a179:ed3b:f1ed:dea4:11e0:7440 - - [20/Sep/2026:21:20:05 +0700] "POST /xmlrpc.php HTTP/1.1" 504 - "-" "Jetpack by WordPress.com"
41.235.139.190 - - [20/Sep/2026:21:20:37 +0700] "POST /xmlrpc.php HTTP/1.1" 504 - "-" "Jetpack by WordPress.com"
160.30.69.80 - - [20/Sep/2026:21:20:08 +0700] "POST /xmlrpc.php HTTP/1.1" 504 - "-" "Jetpack by WordPress.com"
160.30.69.80 - - [20/Sep/2026:21:19:56 +0700] "POST /xmlrpc.php HTTP/1.1" 504 - "-" "Jetpack by WordPress.com"
85.204.70.116 - - [20/Sep/2026:21:19:56 +0700] "POST //xmlrpc.php HTTP/1.1" 504 - "-" "Mozilla/5.0 (Windows NT 10.0; Win64; x64) AppleWebKit/537.36 (KHTML, like Gecko) Chrome/78.0.3904.108 Safari/537.36"
160.30.69.80 - - [20/Sep/2026:21:21:31 +0700] "POST /xmlrpc.php HTTP/1.1" 500 2482 "-" "Jetpack by WordPress.com (Jetpack 12.5; WordPress 6.3)"
41.235.139.190 - - [20/Sep/2026:21:21:31 +0700] "POST /xmlrpc.php HTTP/1.1" 500 2482 "-" "Jetpack/12.1; WordPress/6.1; http://site44614079.com"
41.235.139.190 - - [20/Sep/2026:21:41:36 +0700] "POST /xmlrpc.php HTTP/1.1" 200 - "-" "WordPress.com; https://wordpress.com"
41.235.139.190 - - [20/Sep/2026:21:41:36 +0700] "POST /xmlrpc.php HTTP/1.1" 200 - "-" "Jetpack by WordPress.com"
41.235.139.190 - - [20/Sep/2026:21:41:46 +0700] "POST /xmlrpc.php HTTP/1.1" 200 - "-" "Jetpack by WordPress.com"
198.252.107.178 - - [20/Sep/2026:21:42:04 +0700] "POST /wp-cron.php?doing_wp_cron=1789915324.5126600265502929687500 HTTP/1.1" 200 - "-" "WordPress/7.1.1; https://yok789-c.com"
41.235.139.190 - - [20/Sep/2026:21:41:57 +0700] "POST /xmlrpc.php HTTP/1.1" 200 403 "-" "WordPress.com; https://wordpress.com"
41.235.139.190 - - [20/Sep/2026:21:42:07 +0700] "POST /xmlrpc.php HTTP/1.1" 200 403 "-" "WordPress.com; https://wordpress.com"
41.235.139.190 - - [20/Sep/2026:21:42:18 +0700] "POST /xmlrpc.php HTTP/1.1" 200 403 "-" "Jetpack by WordPress.com"
41.235.139.190 - - [20/Sep/2026:21:42:28 +0700] "POST /xmlrpc.php HTTP/1.1" 200 403 "-" "Jetpack by WordPress.com"
41.235.139.190 - - [20/Sep/2026:21:42:39 +0700] "POST /xmlrpc.php HTTP/1.1" 200 403 "-" "Jetpack/12.0; WordPress/6.4; http://site37051011.com"
41.235.139.190 - - [20/Sep/2026:21:42:50 +0700] "POST /xmlrpc.php HTTP/1.1" 200 403 "-" "Jetpack by WordPress.com"
41.235.139.190 - - [20/Sep/2026:21:43:01 +0700] "POST /xmlrpc.php HTTP/1.1" 200 403 "-" "Jetpack/12.0; WordPress/6.3; http://site82016570.com"
41.235.139.190 - - [20/Sep/2026:21:43:11 +0700] "POST /xmlrpc.php HTTP/1.1" 200 403 "-" "WordPress.com; https://wordpress.com"
43.165.197.116 - - [20/Sep/2026:21:52:50 +0700] "GET / HTTP/1.1" 200 75440 "http://yok789-c.com" "Mozilla/5.0 (iPhone; CPU iPhone OS 13_2_3 like Mac OS X) AppleWebKit/605.1.15 (KHTML, like Gecko) Version/13.0.3 Mobile/15E148 Safari/604.1"
120.27.16.37 - - [20/Sep/2026:22:03:20 +0700] "GET / HTTP/1.1" 200 75440 "http://yok789-c.com" "Mozilla/5.0 (iPhone; CPU iPhone OS 13_2_3 like Mac OS X) AppleWebKit/605.1.15 (KHTML, like Gecko) Version/13.0.3 Mobile/15E148 Safari/604.1"
202.47.53.174 - - [20/Sep/2026:22:06:40 +0700] "POST /xmlrpc.php HTTP/1.1" 200 403 "-" "Jetpack/12.0; WordPress/6.3; http://site67352153.com"
202.47.53.174 - - [20/Sep/2026:22:06:51 +0700] "POST /xmlrpc.php HTTP/1.1" 200 403 "-" "WordPress.com; https://wordpress.com"
202.47.53.174 - - [20/Sep/2026:22:07:01 +0700] "POST /xmlrpc.php HTTP/1.1" 200 403 "-" "WordPress.com; https://wordpress.com"
202.47.53.174 - - [20/Sep/2026:22:07:12 +0700] "POST /xmlrpc.php HTTP/1.1" 200 403 "-" "Jetpack by WordPress.com (Jetpack 12.1; WordPress 6.1)"
202.47.53.174 - - [20/Sep/2026:22:07:23 +0700] "POST /xmlrpc.php HTTP/1.1" 200 403 "-" "Jetpack/13.0; WordPress/6.2; http://site39391066.com"
202.47.53.174 - - [20/Sep/2026:22:07:34 +0700] "POST /xmlrpc.php HTTP/1.1" 200 403 "-" "WordPress.com; https://wordpress.com"
202.47.53.174 - - [20/Sep/2026:22:07:44 +0700] "POST /xmlrpc.php HTTP/1.1" 200 403 "-" "Jetpack by WordPress.com"
202.47.53.174 - - [20/Sep/2026:22:07:55 +0700] "POST /xmlrpc.php HTTP/1.1" 200 403 "-" "WordPress.com; https://wordpress.com"
202.47.53.174 - - [20/Sep/2026:22:08:05 +0700] "POST /xmlrpc.php HTTP/1.1" 200 403 "-" "Jetpack by WordPress.com"
202.47.53.174 - - [20/Sep/2026:22:08:16 +0700] "POST /xmlrpc.php HTTP/1.1" 200 403 "-" "Jetpack by WordPress.com"
202.47.53.174 - - [20/Sep/2026:22:08:26 +0700] "POST /xmlrpc.php HTTP/1.1" 200 403 "-" "Jetpack/12.1; WordPress/6.1; http://site69529381.com"
