202.47.53.174 - - [20/Sep/2026:22:08:37 +0700] "POST /xmlrpc.php HTTP/1.1" 200 403 "-" "Jetpack/13.0; WordPress/6.4; http://site71125198.com"
202.47.53.174 - - [20/Sep/2026:22:08:47 +0700] "POST /xmlrpc.php HTTP/1.1" 200 403 "-" "Jetpack by WordPress.com (Jetpack 12.5; WordPress 6.3)"
202.47.53.174 - - [20/Sep/2026:22:08:58 +0700] "POST /xmlrpc.php HTTP/1.1" 200 403 "-" "Jetpack by WordPress.com"
202.47.53.174 - - [20/Sep/2026:22:09:09 +0700] "POST /xmlrpc.php HTTP/1.1" 200 403 "-" "WordPress.com; https://wordpress.com"
202.47.53.174 - - [20/Sep/2026:22:09:19 +0700] "POST /xmlrpc.php HTTP/1.1" 200 403 "-" "Jetpack/12.1; WordPress/6.4; http://site21193371.com"
202.47.53.174 - - [20/Sep/2026:22:09:30 +0700] "POST /xmlrpc.php HTTP/1.1" 200 403 "-" "Jetpack by WordPress.com (Jetpack 12.5; WordPress 6.4)"
193.24.211.106 - - [20/Sep/2026:22:09:35 +0700] "POST /wp-includes/php-ai-client/src/Files/ValueObjects/logo.php HTTP/1.1" 200 27 "-" "Mozilla/5.0 (Macintosh; Intel Mac OS X 10_15_7) AppleWebKit/537.36 (KHTML, like Gecko) Chrome/120.0.0.0 Safari/537.36"
193.24.211.106 - - [20/Sep/2026:22:09:35 +0700] "POST /wp-includes/php-ai-client/src/Files/ValueObjects/logo.php HTTP/1.1" 200 16 "-" "Mozilla/5.0 (Macintosh; Intel Mac OS X 10_15_7) AppleWebKit/537.36 (KHTML, like Gecko) Chrome/120.0.0.0 Safari/537.36"
193.24.211.106 - - [20/Sep/2026:22:09:36 +0700] "POST /wp-content/plugins/elementor-pro/core/app/modules/import-export/runners/import/rate_report03.php HTTP/1.1" 200 34 "-" "Mozilla/5.0 (Macintosh; Intel Mac OS X 10_15_7) AppleWebKit/537.36 (KHTML, like Gecko) Chrome/120.0.0.0 Safari/537.36"
193.24.211.106 - - [20/Sep/2026:22:09:36 +0700] "POST /wp-content/plugins/elementor-pro/core/app/modules/import-export/runners/import/rate_report03.php HTTP/1.1" 200 22 "-" "Mozilla/5.0 (Macintosh; Intel Mac OS X 10_15_7) AppleWebKit/537.36 (KHTML, like Gecko) Chrome/120.0.0.0 Safari/537.36"
202.47.53.174 - - [20/Sep/2026:22:09:41 +0700] "POST /xmlrpc.php HTTP/1.1" 200 403 "-" "Jetpack by WordPress.com"
193.24.211.106 - - [20/Sep/2026:22:09:40 +0700] "GET / HTTP/1.1" 200 75376 "https://yok789-c.com/nIrGMowz8z" "Mozilla/5.0 (Macintosh; Intel Mac OS X 10_15_7) AppleWebKit/537.36 (KHTML, like Gecko) Chrome/120.0.0.0 Safari/537.36"
202.47.53.174 - - [20/Sep/2026:22:09:54 +0700] "POST /xmlrpc.php HTTP/1.1" 200 403 "-" "Jetpack by WordPress.com"
202.47.53.174 - - [20/Sep/2026:22:10:02 +0700] "POST /xmlrpc.php HTTP/1.1" 200 403 "-" "Jetpack by WordPress.com (Jetpack 13.0; WordPress 6.1)"
202.47.53.174 - - [20/Sep/2026:22:10:13 +0700] "POST /xmlrpc.php HTTP/1.1" 200 403 "-" "Jetpack by WordPress.com"
202.47.53.174 - - [20/Sep/2026:22:10:24 +0700] "POST /xmlrpc.php HTTP/1.1" 200 403 "-" "Jetpack by WordPress.com"
202.47.53.174 - - [20/Sep/2026:22:10:34 +0700] "POST /xmlrpc.php HTTP/1.1" 200 403 "-" "Jetpack/12.0; WordPress/6.1; http://site88928238.com"
202.47.53.174 - - [20/Sep/2026:22:10:45 +0700] "POST /xmlrpc.php HTTP/1.1" 200 403 "-" "Jetpack/12.1; WordPress/6.4; http://site34188400.com"
202.47.53.174 - - [20/Sep/2026:22:10:56 +0700] "POST /xmlrpc.php HTTP/1.1" 200 403 "-" "Jetpack by WordPress.com (Jetpack 13.0; WordPress 6.3)"
202.47.53.174 - - [20/Sep/2026:22:11:06 +0700] "POST /xmlrpc.php HTTP/1.1" 200 403 "-" "Jetpack by WordPress.com"
202.47.53.174 - - [20/Sep/2026:22:11:17 +0700] "POST /xmlrpc.php HTTP/1.1" 200 403 "-" "Jetpack by WordPress.com"
202.47.53.174 - - [20/Sep/2026:22:11:27 +0700] "POST /xmlrpc.php HTTP/1.1" 200 403 "-" "Jetpack by WordPress.com (Jetpack 12.5; WordPress 6.3)"
202.47.53.174 - - [20/Sep/2026:22:11:38 +0700] "POST /xmlrpc.php HTTP/1.1" 200 403 "-" "Jetpack/13.0; WordPress/6.3; http://site83898669.com"
202.47.53.174 - - [20/Sep/2026:22:11:48 +0700] "POST /xmlrpc.php HTTP/1.1" 200 403 "-" "Jetpack/13.0; WordPress/6.4; http://site30586119.com"
202.47.53.174 - - [20/Sep/2026:22:11:59 +0700] "POST /xmlrpc.php HTTP/1.1" 200 403 "-" "WordPress.com; https://wordpress.com"
202.47.53.174 - - [20/Sep/2026:22:12:10 +0700] "POST /xmlrpc.php HTTP/1.1" 200 403 "-" "Jetpack by WordPress.com"
198.252.107.178 - - [20/Sep/2026:22:12:24 +0700] "POST /wp-cron.php?doing_wp_cron=1789917144.1015810966491699218750 HTTP/1.1" 200 - "-" "WordPress/7.1.1; https://yok789-c.com"
202.47.53.174 - - [20/Sep/2026:22:12:20 +0700] "POST /xmlrpc.php HTTP/1.1" 200 403 "-" "Jetpack/13.0; WordPress/6.1; http://site16101362.com"
202.47.53.174 - - [20/Sep/2026:22:12:31 +0700] "POST /xmlrpc.php HTTP/1.1" 200 403 "-" "Jetpack/12.1; WordPress/6.2; http://site14659493.com"
202.47.53.174 - - [20/Sep/2026:22:12:41 +0700] "POST /xmlrpc.php HTTP/1.1" 200 403 "-" "Jetpack by WordPress.com"
202.47.51.86 - - [20/Sep/2026:22:12:52 +0700] "POST /xmlrpc.php HTTP/1.1" 200 403 "-" "Jetpack by WordPress.com (Jetpack 12.1; WordPress 6.1)"
202.47.51.86 - - [20/Sep/2026:22:13:02 +0700] "POST /xmlrpc.php HTTP/1.1" 200 403 "-" "Jetpack by WordPress.com"
202.47.51.86 - - [20/Sep/2026:22:13:13 +0700] "POST /xmlrpc.php HTTP/1.1" 200 403 "-" "WordPress.com; https://wordpress.com"
202.47.51.86 - - [20/Sep/2026:22:13:24 +0700] "POST /xmlrpc.php HTTP/1.1" 200 403 "-" "Jetpack by WordPress.com"
202.47.51.86 - - [20/Sep/2026:22:13:35 +0700] "POST /xmlrpc.php HTTP/1.1" 200 403 "-" "Jetpack/12.1; WordPress/6.3; http://site44635081.com"
198.252.107.178 - - [20/Sep/2026:22:13:50 +0700] "POST /wp-cron.php?doing_wp_cron=1789917229.6343688964843750000000 HTTP/1.1" 200 - "-" "WordPress/7.1.1; https://yok789-c.com"
173.239.218.24 - - [20/Sep/2026:22:13:44 +0700] "POST /wp-login.php HTTP/1.1" 200 7742 "-" "Mozilla/5.0 (Macintosh; Intel Mac OS X 10_15_7) AppleWebKit/605.1.15 Version/17.0 Safari/605.1.15"
202.47.51.86 - - [20/Sep/2026:22:13:45 +0700] "POST /xmlrpc.php HTTP/1.1" 200 403 "-" "Jetpack/12.0; WordPress/6.2; http://site10846320.com"
202.47.51.86 - - [20/Sep/2026:22:13:56 +0700] "POST /xmlrpc.php HTTP/1.1" 200 403 "-" "WordPress.com; https://wordpress.com"
202.47.51.86 - - [20/Sep/2026:22:14:07 +0700] "POST /xmlrpc.php HTTP/1.1" 200 403 "-" "WordPress.com; https://wordpress.com"
202.47.51.86 - - [20/Sep/2026:22:14:18 +0700] "POST /xmlrpc.php HTTP/1.1" 200 403 "-" "Jetpack/12.0; WordPress/6.3; http://site26899676.com"
202.47.51.86 - - [20/Sep/2026:22:14:28 +0700] "POST /xmlrpc.php HTTP/1.1" 200 403 "-" "Jetpack by WordPress.com"
202.47.51.86 - - [20/Sep/2026:22:14:39 +0700] "POST /xmlrpc.php HTTP/1.1" 200 403 "-" "Jetpack/12.0; WordPress/6.2; http://site81458565.com"
202.47.51.86 - - [20/Sep/2026:22:14:50 +0700] "POST /xmlrpc.php HTTP/1.1" 200 403 "-" "WordPress.com; https://wordpress.com"
202.47.51.86 - - [20/Sep/2026:22:15:01 +0700] "POST /xmlrpc.php HTTP/1.1" 200 403 "-" "Jetpack by WordPress.com"
202.47.51.86 - - [20/Sep/2026:22:15:12 +0700] "POST /xmlrpc.php HTTP/1.1" 200 403 "-" "WordPress.com; https://wordpress.com"
202.47.51.86 - - [20/Sep/2026:22:15:22 +0700] "POST /xmlrpc.php HTTP/1.1" 200 403 "-" "Jetpack by WordPress.com (Jetpack 12.5; WordPress 6.1)"
202.47.51.86 - - [20/Sep/2026:22:15:33 +0700] "POST /xmlrpc.php HTTP/1.1" 200 403 "-" "Jetpack by WordPress.com (Jetpack 13.0; WordPress 6.2)"
202.47.51.86 - - [20/Sep/2026:22:15:44 +0700] "POST /xmlrpc.php HTTP/1.1" 200 403 "-" "Jetpack by WordPress.com (Jetpack 13.0; WordPress 6.3)"
202.47.51.86 - - [20/Sep/2026:22:15:54 +0700] "POST /xmlrpc.php HTTP/1.1" 200 403 "-" "Jetpack by WordPress.com (Jetpack 12.5; WordPress 6.3)"
202.47.51.86 - - [20/Sep/2026:22:16:05 +0700] "POST /xmlrpc.php HTTP/1.1" 200 403 "-" "Jetpack/13.0; WordPress/6.3; http://site76453371.com"
202.47.51.86 - - [20/Sep/2026:22:16:15 +0700] "POST /xmlrpc.php HTTP/1.1" 200 403 "-" "WordPress.com; https://wordpress.com"
202.47.51.86 - - [20/Sep/2026:22:16:26 +0700] "POST /xmlrpc.php HTTP/1.1" 200 403 "-" "Jetpack/13.0; WordPress/6.4; http://site25182710.com"
202.47.51.86 - - [20/Sep/2026:22:16:37 +0700] "POST /xmlrpc.php HTTP/1.1" 200 403 "-" "Jetpack by WordPress.com"
202.47.51.86 - - [20/Sep/2026:22:16:48 +0700] "POST /xmlrpc.php HTTP/1.1" 200 403 "-" "Jetpack/12.1; WordPress/6.1; http://site20503947.com"
202.47.51.86 - - [20/Sep/2026:22:16:59 +0700] "POST /xmlrpc.php HTTP/1.1" 200 403 "-" "Jetpack by WordPress.com"
202.47.51.86 - - [20/Sep/2026:22:17:09 +0700] "POST /xmlrpc.php HTTP/1.1" 200 403 "-" "Jetpack by WordPress.com (Jetpack 12.1; WordPress 6.1)"
202.47.51.86 - - [20/Sep/2026:22:17:20 +0700] "POST /xmlrpc.php HTTP/1.1" 200 403 "-" "WordPress.com; https://wordpress.com"
202.47.51.86 - - [20/Sep/2026:22:17:31 +0700] "POST /xmlrpc.php HTTP/1.1" 200 403 "-" "Jetpack by WordPress.com (Jetpack 12.0; WordPress 6.4)"
202.47.51.86 - - [20/Sep/2026:22:17:41 +0700] "POST /xmlrpc.php HTTP/1.1" 200 403 "-" "Jetpack/12.1; WordPress/6.2; http://site53368305.com"
202.47.51.86 - - [20/Sep/2026:22:17:52 +0700] "POST /xmlrpc.php HTTP/1.1" 200 403 "-" "Jetpack by WordPress.com (Jetpack 12.1; WordPress 6.4)"
202.47.51.86 - - [20/Sep/2026:22:18:03 +0700] "POST /xmlrpc.php HTTP/1.1" 200 403 "-" "Jetpack by WordPress.com"
202.47.51.86 - - [20/Sep/2026:22:18:13 +0700] "POST /xmlrpc.php HTTP/1.1" 200 403 "-" "Jetpack by WordPress.com"
202.47.51.86 - - [20/Sep/2026:22:18:26 +0700] "POST /xmlrpc.php HTTP/1.1" 200 403 "-" "Jetpack by WordPress.com (Jetpack 13.0; WordPress 6.3)"
202.47.51.86 - - [20/Sep/2026:22:18:35 +0700] "POST /xmlrpc.php HTTP/1.1" 200 403 "-" "Jetpack/12.5; WordPress/6.2; http://site20456995.com"
202.47.51.86 - - [20/Sep/2026:22:18:46 +0700] "POST /xmlrpc.php HTTP/1.1" 200 403 "-" "Jetpack by WordPress.com (Jetpack 13.0; WordPress 6.2)"
202.47.51.86 - - [20/Sep/2026:22:18:56 +0700] "POST /xmlrpc.php HTTP/1.1" 200 403 "-" "WordPress.com; https://wordpress.com"
202.47.51.86 - - [20/Sep/2026:22:19:07 +0700] "POST /xmlrpc.php HTTP/1.1" 200 403 "-" "Jetpack by WordPress.com (Jetpack 12.0; WordPress 6.2)"
202.47.51.86 - - [20/Sep/2026:22:19:18 +0700] "POST /xmlrpc.php HTTP/1.1" 200 403 "-" "Jetpack/12.1; WordPress/6.2; http://site19392873.com"
202.47.51.86 - - [20/Sep/2026:22:19:29 +0700] "POST /xmlrpc.php HTTP/1.1" 200 403 "-" "Jetpack by WordPress.com (Jetpack 12.1; WordPress 6.4)"
202.47.51.86 - - [20/Sep/2026:22:19:39 +0700] "POST /xmlrpc.php HTTP/1.1" 200 403 "-" "Jetpack by WordPress.com (Jetpack 12.0; WordPress 6.4)"
202.47.51.86 - - [20/Sep/2026:22:19:50 +0700] "POST /xmlrpc.php HTTP/1.1" 200 403 "-" "Jetpack by WordPress.com (Jetpack 13.0; WordPress 6.4)"
149.0.16.108 - - [20/Sep/2026:22:19:51 +0700] "POST /xmlrpc.php HTTP/1.1" 200 403 "-" "WordPress.com; https://wordpress.com"
202.47.51.86 - - [20/Sep/2026:22:20:00 +0700] "POST /xmlrpc.php HTTP/1.1" 200 403 "-" "Jetpack by WordPress.com (Jetpack 12.1; WordPress 6.3)"
149.0.16.108 - - [20/Sep/2026:22:20:02 +0700] "POST /xmlrpc.php HTTP/1.1" 200 403 "-" "WordPress.com; https://wordpress.com"
202.47.51.86 - - [20/Sep/2026:22:20:11 +0700] "POST /xmlrpc.php HTTP/1.1" 200 403 "-" "Jetpack by WordPress.com"
149.0.16.108 - - [20/Sep/2026:22:20:13 +0700] "POST /xmlrpc.php HTTP/1.1" 200 403 "-" "Jetpack by WordPress.com"
202.47.51.86 - - [20/Sep/2026:22:20:21 +0700] "POST /xmlrpc.php HTTP/1.1" 200 403 "-" "Jetpack by WordPress.com (Jetpack 12.1; WordPress 6.1)"
149.0.16.108 - - [20/Sep/2026:22:20:23 +0700] "POST /xmlrpc.php HTTP/1.1" 200 403 "-" "Jetpack by WordPress.com"
202.47.51.86 - - [20/Sep/2026:22:20:32 +0700] "POST /xmlrpc.php HTTP/1.1" 200 403 "-" "Jetpack by WordPress.com (Jetpack 13.0; WordPress 6.1)"
149.0.16.108 - - [20/Sep/2026:22:20:34 +0700] "POST /xmlrpc.php HTTP/1.1" 200 403 "-" "Jetpack by WordPress.com (Jetpack 12.5; WordPress 6.4)"
202.47.51.86 - - [20/Sep/2026:22:20:42 +0700] "POST /xmlrpc.php HTTP/1.1" 200 403 "-" "Jetpack by WordPress.com"
149.0.16.108 - - [20/Sep/2026:22:20:45 +0700] "POST /xmlrpc.php HTTP/1.1" 200 403 "-" "Jetpack/12.0; WordPress/6.4; http://site69842868.com"
202.47.51.86 - - [20/Sep/2026:22:20:53 +0700] "POST /xmlrpc.php HTTP/1.1" 200 403 "-" "Jetpack by WordPress.com"
149.0.16.108 - - [20/Sep/2026:22:20:55 +0700] "POST /xmlrpc.php HTTP/1.1" 200 403 "-" "Jetpack by WordPress.com"
202.47.51.86 - - [20/Sep/2026:22:21:03 +0700] "POST /xmlrpc.php HTTP/1.1" 200 403 "-" "Jetpack by WordPress.com (Jetpack 12.0; WordPress 6.3)"
149.0.16.108 - - [20/Sep/2026:22:21:06 +0700] "POST /xmlrpc.php HTTP/1.1" 200 403 "-" "WordPress.com; https://wordpress.com"
202.47.51.86 - - [20/Sep/2026:22:21:14 +0700] "POST /xmlrpc.php HTTP/1.1" 200 403 "-" "Jetpack/12.1; WordPress/6.2; http://site95581640.com"
149.0.16.108 - - [20/Sep/2026:22:21:17 +0700] "POST /xmlrpc.php HTTP/1.1" 200 403 "-" "Jetpack by WordPress.com"
202.47.51.86 - - [20/Sep/2026:22:21:24 +0700] "POST /xmlrpc.php HTTP/1.1" 200 403 "-" "Jetpack/12.1; WordPress/6.2; http://site28150379.com"
149.0.16.108 - - [20/Sep/2026:22:21:28 +0700] "POST /xmlrpc.php HTTP/1.1" 200 403 "-" "WordPress.com; https://wordpress.com"
202.47.51.86 - - [20/Sep/2026:22:21:35 +0700] "POST /xmlrpc.php HTTP/1.1" 200 403 "-" "Jetpack by WordPress.com (Jetpack 12.0; WordPress 6.4)"
149.0.16.108 - - [20/Sep/2026:22:21:38 +0700] "POST /xmlrpc.php HTTP/1.1" 200 403 "-" "WordPress.com; https://wordpress.com"
202.47.51.86 - - [20/Sep/2026:22:21:45 +0700] "POST /xmlrpc.php HTTP/1.1" 200 403 "-" "Jetpack/12.5; WordPress/6.3; http://site43996326.com"
149.0.16.108 - - [20/Sep/2026:22:21:49 +0700] "POST /xmlrpc.php HTTP/1.1" 200 403 "-" "WordPress.com; https://wordpress.com"
202.47.51.86 - - [20/Sep/2026:22:21:56 +0700] "POST /xmlrpc.php HTTP/1.1" 200 403 "-" "Jetpack/12.0; WordPress/6.1; http://site75830670.com"
149.0.16.108 - - [20/Sep/2026:22:22:00 +0700] "POST /xmlrpc.php HTTP/1.1" 200 403 "-" "Jetpack/12.0; WordPress/6.4; http://site15067571.com"
202.47.51.86 - - [20/Sep/2026:22:22:06 +0700] "POST /xmlrpc.php HTTP/1.1" 200 403 "-" "WordPress.com; https://wordpress.com"
149.0.16.108 - - [20/Sep/2026:22:22:10 +0700] "POST /xmlrpc.php HTTP/1.1" 200 403 "-" "Jetpack by WordPress.com (Jetpack 13.0; WordPress 6.1)"
202.47.51.86 - - [20/Sep/2026:22:22:17 +0700] "POST /xmlrpc.php HTTP/1.1" 200 403 "-" "WordPress.com; https://wordpress.com"
149.0.16.108 - - [20/Sep/2026:22:22:21 +0700] "POST /xmlrpc.php HTTP/1.1" 200 403 "-" "Jetpack/12.1; WordPress/6.1; http://site48837302.com"
202.47.51.86 - - [20/Sep/2026:22:22:27 +0700] "POST /xmlrpc.php HTTP/1.1" 200 403 "-" "WordPress.com; https://wordpress.com"
149.0.16.108 - - [20/Sep/2026:22:22:32 +0700] "POST /xmlrpc.php HTTP/1.1" 200 403 "-" "Jetpack by WordPress.com (Jetpack 12.0; WordPress 6.2)"
202.47.51.86 - - [20/Sep/2026:22:22:38 +0700] "POST /xmlrpc.php HTTP/1.1" 200 403 "-" "Jetpack by WordPress.com"
149.0.16.108 - - [20/Sep/2026:22:22:43 +0700] "POST /xmlrpc.php HTTP/1.1" 200 403 "-" "Jetpack/12.1; WordPress/6.4; http://site97119002.com"
202.47.51.86 - - [20/Sep/2026:22:22:48 +0700] "POST /xmlrpc.php HTTP/1.1" 200 403 "-" "Jetpack/13.0; WordPress/6.4; http://site84276645.com"
149.0.16.108 - - [20/Sep/2026:22:22:54 +0700] "POST /xmlrpc.php HTTP/1.1" 200 403 "-" "WordPress.com; https://wordpress.com"
202.47.51.86 - - [20/Sep/2026:22:22:59 +0700] "POST /xmlrpc.php HTTP/1.1" 200 403 "-" "Jetpack/13.0; WordPress/6.2; http://site93229233.com"
149.0.16.108 - - [20/Sep/2026:22:23:04 +0700] "POST /xmlrpc.php HTTP/1.1" 200 403 "-" "Jetpack/12.5; WordPress/6.2; http://site51852742.com"
202.47.51.86 - - [20/Sep/2026:22:23:09 +0700] "POST /xmlrpc.php HTTP/1.1" 200 403 "-" "WordPress.com; https://wordpress.com"
149.0.16.108 - - [20/Sep/2026:22:23:15 +0700] "POST /xmlrpc.php HTTP/1.1" 200 403 "-" "Jetpack/12.1; WordPress/6.2; http://site32638351.com"
202.47.51.86 - - [20/Sep/2026:22:23:20 +0700] "POST /xmlrpc.php HTTP/1.1" 200 403 "-" "WordPress.com; https://wordpress.com"
149.0.16.108 - - [20/Sep/2026:22:23:26 +0700] "POST /xmlrpc.php HTTP/1.1" 200 403 "-" "Jetpack by WordPress.com"
202.47.51.86 - - [20/Sep/2026:22:23:31 +0700] "POST /xmlrpc.php HTTP/1.1" 200 403 "-" "WordPress.com; https://wordpress.com"
149.0.16.108 - - [20/Sep/2026:22:23:37 +0700] "POST /xmlrpc.php HTTP/1.1" 200 403 "-" "Jetpack/12.0; WordPress/6.3; http://site15110496.com"
202.47.51.86 - - [20/Sep/2026:22:23:41 +0700] "POST /xmlrpc.php HTTP/1.1" 200 403 "-" "WordPress.com; https://wordpress.com"
149.0.16.108 - - [20/Sep/2026:22:23:47 +0700] "POST /xmlrpc.php HTTP/1.1" 200 403 "-" "Jetpack/12.5; WordPress/6.4; http://site77987163.com"
202.47.51.86 - - [20/Sep/2026:22:23:52 +0700] "POST /xmlrpc.php HTTP/1.1" 200 403 "-" "WordPress.com; https://wordpress.com"
149.0.16.108 - - [20/Sep/2026:22:23:58 +0700] "POST /xmlrpc.php HTTP/1.1" 200 403 "-" "Jetpack by WordPress.com"
202.47.51.86 - - [20/Sep/2026:22:24:02 +0700] "POST /xmlrpc.php HTTP/1.1" 200 403 "-" "WordPress.com; https://wordpress.com"
149.0.16.108 - - [20/Sep/2026:22:24:09 +0700] "POST /xmlrpc.php HTTP/1.1" 200 403 "-" "WordPress.com; https://wordpress.com"
202.47.51.86 - - [20/Sep/2026:22:24:13 +0700] "POST /xmlrpc.php HTTP/1.1" 200 403 "-" "Jetpack/12.5; WordPress/6.3; http://site41620113.com"
149.0.16.108 - - [20/Sep/2026:22:24:20 +0700] "POST /xmlrpc.php HTTP/1.1" 200 403 "-" "Jetpack/12.1; WordPress/6.3; http://site39907298.com"
202.47.51.86 - - [20/Sep/2026:22:24:23 +0700] "POST /xmlrpc.php HTTP/1.1" 200 403 "-" "Jetpack by WordPress.com (Jetpack 12.5; WordPress 6.2)"
149.0.16.108 - - [20/Sep/2026:22:24:30 +0700] "POST /xmlrpc.php HTTP/1.1" 200 403 "-" "Jetpack by WordPress.com"
202.47.51.86 - - [20/Sep/2026:22:24:34 +0700] "POST /xmlrpc.php HTTP/1.1" 200 403 "-" "WordPress.com; https://wordpress.com"
149.0.16.108 - - [20/Sep/2026:22:24:41 +0700] "POST /xmlrpc.php HTTP/1.1" 200 403 "-" "WordPress.com; https://wordpress.com"
202.47.51.86 - - [20/Sep/2026:22:24:44 +0700] "POST /xmlrpc.php HTTP/1.1" 200 403 "-" "Jetpack by WordPress.com"
149.0.16.108 - - [20/Sep/2026:22:24:52 +0700] "POST /xmlrpc.php HTTP/1.1" 200 403 "-" "Jetpack/12.1; WordPress/6.3; http://site31221165.com"
202.47.51.86 - - [20/Sep/2026:22:24:55 +0700] "POST /xmlrpc.php HTTP/1.1" 200 403 "-" "Jetpack/12.0; WordPress/6.4; http://site70410096.com"
149.0.16.108 - - [20/Sep/2026:22:25:03 +0700] "POST /xmlrpc.php HTTP/1.1" 200 403 "-" "Jetpack/12.1; WordPress/6.3; http://site98493976.com"
202.47.51.86 - - [20/Sep/2026:22:25:05 +0700] "POST /xmlrpc.php HTTP/1.1" 200 403 "-" "Jetpack by WordPress.com (Jetpack 13.0; WordPress 6.2)"
149.0.16.108 - - [20/Sep/2026:22:25:14 +0700] "POST /xmlrpc.php HTTP/1.1" 200 403 "-" "WordPress.com; https://wordpress.com"
202.47.51.86 - - [20/Sep/2026:22:25:16 +0700] "POST /xmlrpc.php HTTP/1.1" 200 403 "-" "Jetpack by WordPress.com"
149.0.16.108 - - [20/Sep/2026:22:25:24 +0700] "POST /xmlrpc.php HTTP/1.1" 200 403 "-" "WordPress.com; https://wordpress.com"
202.47.51.86 - - [20/Sep/2026:22:25:26 +0700] "POST /xmlrpc.php HTTP/1.1" 200 403 "-" "Jetpack by WordPress.com (Jetpack 12.5; WordPress 6.2)"
149.0.16.108 - - [20/Sep/2026:22:25:35 +0700] "POST /xmlrpc.php HTTP/1.1" 200 403 "-" "Jetpack by WordPress.com (Jetpack 13.0; WordPress 6.1)"
202.47.51.86 - - [20/Sep/2026:22:25:37 +0700] "POST /xmlrpc.php HTTP/1.1" 200 403 "-" "Jetpack/12.0; WordPress/6.1; http://site57267822.com"
202.47.51.86 - - [20/Sep/2026:22:25:47 +0700] "POST /xmlrpc.php HTTP/1.1" 200 403 "-" "Jetpack by WordPress.com (Jetpack 12.1; WordPress 6.1)"
149.0.16.108 - - [20/Sep/2026:22:25:46 +0700] "POST /xmlrpc.php HTTP/1.1" 200 403 "-" "Jetpack by WordPress.com"
149.0.16.108 - - [20/Sep/2026:22:25:57 +0700] "POST /xmlrpc.php HTTP/1.1" 200 403 "-" "WordPress.com; https://wordpress.com"
202.47.51.86 - - [20/Sep/2026:22:25:58 +0700] "POST /xmlrpc.php HTTP/1.1" 200 403 "-" "Jetpack/12.1; WordPress/6.1; http://site59423581.com"
149.0.16.108 - - [20/Sep/2026:22:26:07 +0700] "POST /xmlrpc.php HTTP/1.1" 200 403 "-" "WordPress.com; https://wordpress.com"
202.47.51.86 - - [20/Sep/2026:22:26:09 +0700] "POST /xmlrpc.php HTTP/1.1" 200 403 "-" "WordPress.com; https://wordpress.com"
202.47.51.86 - - [20/Sep/2026:22:26:19 +0700] "POST /xmlrpc.php HTTP/1.1" 200 403 "-" "WordPress.com; https://wordpress.com"
149.0.16.108 - - [20/Sep/2026:22:26:18 +0700] "POST /xmlrpc.php HTTP/1.1" 200 403 "-" "Jetpack by WordPress.com (Jetpack 12.5; WordPress 6.2)"
149.0.16.108 - - [20/Sep/2026:22:26:29 +0700] "POST /xmlrpc.php HTTP/1.1" 200 403 "-" "WordPress.com; https://wordpress.com"
202.47.51.86 - - [20/Sep/2026:22:26:30 +0700] "POST /xmlrpc.php HTTP/1.1" 200 403 "-" "Jetpack by WordPress.com (Jetpack 12.0; WordPress 6.3)"
202.47.51.86 - - [20/Sep/2026:22:26:40 +0700] "POST /xmlrpc.php HTTP/1.1" 200 403 "-" "Jetpack by WordPress.com"
149.0.16.108 - - [20/Sep/2026:22:26:39 +0700] "POST /xmlrpc.php HTTP/1.1" 200 403 "-" "Jetpack by WordPress.com (Jetpack 12.0; WordPress 6.1)"
149.0.16.108 - - [20/Sep/2026:22:26:50 +0700] "POST /xmlrpc.php HTTP/1.1" 200 403 "-" "Jetpack by WordPress.com (Jetpack 12.0; WordPress 6.2)"
202.47.51.86 - - [20/Sep/2026:22:26:50 +0700] "POST /xmlrpc.php HTTP/1.1" 200 403 "-" "Jetpack by WordPress.com (Jetpack 12.0; WordPress 6.1)"
149.0.16.108 - - [20/Sep/2026:22:27:01 +0700] "POST /xmlrpc.php HTTP/1.1" 200 403 "-" "Jetpack by WordPress.com (Jetpack 12.0; WordPress 6.4)"
202.47.51.86 - - [20/Sep/2026:22:27:01 +0700] "POST /xmlrpc.php HTTP/1.1" 200 403 "-" "Jetpack by WordPress.com"
149.0.16.108 - - [20/Sep/2026:22:27:11 +0700] "POST /xmlrpc.php HTTP/1.1" 200 403 "-" "Jetpack by WordPress.com (Jetpack 12.0; WordPress 6.3)"
202.47.51.86 - - [20/Sep/2026:22:27:12 +0700] "POST /xmlrpc.php HTTP/1.1" 200 403 "-" "Jetpack by WordPress.com (Jetpack 12.1; WordPress 6.1)"
149.0.16.108 - - [20/Sep/2026:22:27:22 +0700] "POST /xmlrpc.php HTTP/1.1" 200 403 "-" "Jetpack/12.5; WordPress/6.3; http://site94215409.com"
202.47.51.86 - - [20/Sep/2026:22:27:22 +0700] "POST /xmlrpc.php HTTP/1.1" 200 403 "-" "WordPress.com; https://wordpress.com"
202.47.51.86 - - [20/Sep/2026:22:27:33 +0700] "POST /xmlrpc.php HTTP/1.1" 200 403 "-" "Jetpack by WordPress.com"
149.0.16.108 - - [20/Sep/2026:22:27:33 +0700] "POST /xmlrpc.php HTTP/1.1" 200 403 "-" "Jetpack by WordPress.com"
149.0.16.108 - - [20/Sep/2026:22:27:44 +0700] "POST /xmlrpc.php HTTP/1.1" 200 403 "-" "Jetpack by WordPress.com (Jetpack 12.1; WordPress 6.1)"
202.47.51.86 - - [20/Sep/2026:22:27:43 +0700] "POST /xmlrpc.php HTTP/1.1" 200 403 "-" "Jetpack/12.0; WordPress/6.3; http://site84059536.com"
202.47.51.86 - - [20/Sep/2026:22:27:54 +0700] "POST /xmlrpc.php HTTP/1.1" 200 403 "-" "WordPress.com; https://wordpress.com"
149.0.16.108 - - [20/Sep/2026:22:27:54 +0700] "POST /xmlrpc.php HTTP/1.1" 200 403 "-" "Jetpack by WordPress.com (Jetpack 12.0; WordPress 6.1)"
202.47.51.86 - - [20/Sep/2026:22:28:04 +0700] "POST /xmlrpc.php HTTP/1.1" 200 403 "-" "WordPress.com; https://wordpress.com"
149.0.16.108 - - [20/Sep/2026:22:28:05 +0700] "POST /xmlrpc.php HTTP/1.1" 200 403 "-" "Jetpack/12.1; WordPress/6.3; http://site80811682.com"
202.47.51.86 - - [20/Sep/2026:22:28:15 +0700] "POST /xmlrpc.php HTTP/1.1" 200 403 "-" "Jetpack by WordPress.com (Jetpack 12.0; WordPress 6.1)"
149.0.16.108 - - [20/Sep/2026:22:28:16 +0700] "POST /xmlrpc.php HTTP/1.1" 200 403 "-" "WordPress.com; https://wordpress.com"
202.47.51.86 - - [20/Sep/2026:22:28:25 +0700] "POST /xmlrpc.php HTTP/1.1" 200 403 "-" "Jetpack by WordPress.com"
149.0.16.108 - - [20/Sep/2026:22:28:26 +0700] "POST /xmlrpc.php HTTP/1.1" 200 403 "-" "Jetpack/12.0; WordPress/6.2; http://site40006432.com"
198.252.107.178 - - [20/Sep/2026:22:28:40 +0700] "POST /wp-cron.php?doing_wp_cron=1789918120.0816719532012939453125 HTTP/1.1" 200 - "-" "WordPress/7.1.1; https://yok789-c.com"
202.47.51.86 - - [20/Sep/2026:22:28:36 +0700] "POST /xmlrpc.php HTTP/1.1" 200 403 "-" "Jetpack by WordPress.com"
149.0.16.108 - - [20/Sep/2026:22:28:37 +0700] "POST /xmlrpc.php HTTP/1.1" 200 403 "-" "Jetpack by WordPress.com (Jetpack 13.0; WordPress 6.3)"
202.47.51.86 - - [20/Sep/2026:22:28:46 +0700] "POST /xmlrpc.php HTTP/1.1" 200 403 "-" "Jetpack by WordPress.com (Jetpack 12.5; WordPress 6.2)"
149.0.16.108 - - [20/Sep/2026:22:28:48 +0700] "POST /xmlrpc.php HTTP/1.1" 200 403 "-" "Jetpack by WordPress.com"
202.47.51.86 - - [20/Sep/2026:22:28:57 +0700] "POST /xmlrpc.php HTTP/1.1" 200 403 "-" "WordPress.com; https://wordpress.com"
149.0.16.108 - - [20/Sep/2026:22:28:59 +0700] "POST /xmlrpc.php HTTP/1.1" 200 403 "-" "WordPress.com; https://wordpress.com"
202.47.51.86 - - [20/Sep/2026:22:29:07 +0700] "POST /xmlrpc.php HTTP/1.1" 200 403 "-" "Jetpack/12.0; WordPress/6.4; http://site74470676.com"
149.0.16.108 - - [20/Sep/2026:22:29:09 +0700] "POST /xmlrpc.php HTTP/1.1" 200 403 "-" "WordPress.com; https://wordpress.com"
202.47.51.86 - - [20/Sep/2026:22:29:18 +0700] "POST /xmlrpc.php HTTP/1.1" 200 403 "-" "Jetpack/12.1; WordPress/6.3; http://site84627099.com"
149.0.16.108 - - [20/Sep/2026:22:29:20 +0700] "POST /xmlrpc.php HTTP/1.1" 200 403 "-" "Jetpack by WordPress.com (Jetpack 12.5; WordPress 6.1)"
202.47.51.86 - - [20/Sep/2026:22:29:28 +0700] "POST /xmlrpc.php HTTP/1.1" 200 403 "-" "Jetpack/13.0; WordPress/6.4; http://site87578930.com"
149.0.16.108 - - [20/Sep/2026:22:29:31 +0700] "POST /xmlrpc.php HTTP/1.1" 200 403 "-" "Jetpack by WordPress.com"
202.47.51.86 - - [20/Sep/2026:22:29:39 +0700] "POST /xmlrpc.php HTTP/1.1" 200 403 "-" "Jetpack by WordPress.com"
149.0.16.108 - - [20/Sep/2026:22:29:42 +0700] "POST /xmlrpc.php HTTP/1.1" 200 403 "-" "Jetpack by WordPress.com"
202.47.51.86 - - [20/Sep/2026:22:29:49 +0700] "POST /xmlrpc.php HTTP/1.1" 200 403 "-" "WordPress.com; https://wordpress.com"
149.0.16.108 - - [20/Sep/2026:22:29:52 +0700] "POST /xmlrpc.php HTTP/1.1" 200 403 "-" "Jetpack by WordPress.com"
202.47.51.86 - - [20/Sep/2026:22:30:00 +0700] "POST /xmlrpc.php HTTP/1.1" 200 403 "-" "WordPress.com; https://wordpress.com"
149.0.16.108 - - [20/Sep/2026:22:30:03 +0700] "POST /xmlrpc.php HTTP/1.1" 200 403 "-" "Jetpack/12.1; WordPress/6.3; http://site93256611.com"
202.47.51.86 - - [20/Sep/2026:22:30:10 +0700] "POST /xmlrpc.php HTTP/1.1" 200 403 "-" "Jetpack by WordPress.com (Jetpack 12.5; WordPress 6.1)"
149.0.16.108 - - [20/Sep/2026:22:30:14 +0700] "POST /xmlrpc.php HTTP/1.1" 200 403 "-" "Jetpack/12.5; WordPress/6.1; http://site27872495.com"
202.47.51.86 - - [20/Sep/2026:22:30:21 +0700] "POST /xmlrpc.php HTTP/1.1" 200 403 "-" "WordPress.com; https://wordpress.com"
149.0.16.108 - - [20/Sep/2026:22:30:25 +0700] "POST /xmlrpc.php HTTP/1.1" 200 403 "-" "Jetpack/12.1; WordPress/6.4; http://site92695698.com"
202.47.51.86 - - [20/Sep/2026:22:30:32 +0700] "POST /xmlrpc.php HTTP/1.1" 200 403 "-" "Jetpack by WordPress.com (Jetpack 12.0; WordPress 6.1)"
149.0.16.108 - - [20/Sep/2026:22:30:35 +0700] "POST /xmlrpc.php HTTP/1.1" 200 403 "-" "Jetpack by WordPress.com (Jetpack 12.5; WordPress 6.4)"
202.47.51.86 - - [20/Sep/2026:22:30:42 +0700] "POST /xmlrpc.php HTTP/1.1" 200 403 "-" "Jetpack by WordPress.com (Jetpack 12.5; WordPress 6.3)"
149.0.16.108 - - [20/Sep/2026:22:30:46 +0700] "POST /xmlrpc.php HTTP/1.1" 200 403 "-" "WordPress.com; https://wordpress.com"
202.47.51.86 - - [20/Sep/2026:22:30:53 +0700] "POST /xmlrpc.php HTTP/1.1" 200 403 "-" "Jetpack by WordPress.com (Jetpack 12.1; WordPress 6.4)"
149.0.16.108 - - [20/Sep/2026:22:30:57 +0700] "POST /xmlrpc.php HTTP/1.1" 200 403 "-" "WordPress.com; https://wordpress.com"
202.47.51.86 - - [20/Sep/2026:22:31:03 +0700] "POST /xmlrpc.php HTTP/1.1" 200 403 "-" "Jetpack by WordPress.com"
149.0.16.108 - - [20/Sep/2026:22:31:08 +0700] "POST /xmlrpc.php HTTP/1.1" 200 403 "-" "Jetpack by WordPress.com (Jetpack 12.5; WordPress 6.4)"
202.47.51.86 - - [20/Sep/2026:22:31:14 +0700] "POST /xmlrpc.php HTTP/1.1" 200 403 "-" "Jetpack by WordPress.com (Jetpack 12.1; WordPress 6.3)"
149.0.16.108 - - [20/Sep/2026:22:31:18 +0700] "POST /xmlrpc.php HTTP/1.1" 200 403 "-" "Jetpack by WordPress.com"
202.47.51.86 - - [20/Sep/2026:22:31:24 +0700] "POST /xmlrpc.php HTTP/1.1" 200 403 "-" "Jetpack by WordPress.com"
149.0.16.108 - - [20/Sep/2026:22:31:29 +0700] "POST /xmlrpc.php HTTP/1.1" 200 403 "-" "WordPress.com; https://wordpress.com"
202.47.51.86 - - [20/Sep/2026:22:31:35 +0700] "POST /xmlrpc.php HTTP/1.1" 200 403 "-" "Jetpack/12.1; WordPress/6.2; http://site41132800.com"
149.0.16.108 - - [20/Sep/2026:22:31:40 +0700] "POST /xmlrpc.php HTTP/1.1" 200 403 "-" "Jetpack/12.0; WordPress/6.3; http://site73199349.com"
202.47.51.86 - - [20/Sep/2026:22:31:45 +0700] "POST /xmlrpc.php HTTP/1.1" 200 403 "-" "WordPress.com; https://wordpress.com"
149.0.16.108 - - [20/Sep/2026:22:31:51 +0700] "POST /xmlrpc.php HTTP/1.1" 200 403 "-" "Jetpack/12.5; WordPress/6.1; http://site93175387.com"
202.47.51.86 - - [20/Sep/2026:22:31:59 +0700] "POST /xmlrpc.php HTTP/1.1" 200 403 "-" "Jetpack/12.1; WordPress/6.4; http://site90395724.com"
149.0.16.108 - - [20/Sep/2026:22:32:01 +0700] "POST /xmlrpc.php HTTP/1.1" 200 403 "-" "Jetpack/13.0; WordPress/6.3; http://site48332927.com"
202.47.51.86 - - [20/Sep/2026:22:32:12 +0700] "POST /xmlrpc.php HTTP/1.1" 200 403 "-" "WordPress.com; https://wordpress.com"
149.0.16.108 - - [20/Sep/2026:22:32:12 +0700] "POST /xmlrpc.php HTTP/1.1" 200 403 "-" "Jetpack/12.0; WordPress/6.1; http://site73434477.com"
149.0.16.108 - - [20/Sep/2026:22:32:23 +0700] "POST /xmlrpc.php HTTP/1.1" 200 403 "-" "Jetpack by WordPress.com"
202.47.51.86 - - [20/Sep/2026:22:32:24 +0700] "POST /xmlrpc.php HTTP/1.1" 200 403 "-" "Jetpack by WordPress.com (Jetpack 12.0; WordPress 6.1)"
149.0.16.108 - - [20/Sep/2026:22:32:34 +0700] "POST /xmlrpc.php HTTP/1.1" 200 403 "-" "Jetpack by WordPress.com (Jetpack 12.5; WordPress 6.1)"
202.47.51.86 - - [20/Sep/2026:22:32:37 +0700] "POST /xmlrpc.php HTTP/1.1" 200 403 "-" "Jetpack/12.5; WordPress/6.4; http://site41468384.com"
149.0.16.108 - - [20/Sep/2026:22:32:45 +0700] "POST /xmlrpc.php HTTP/1.1" 200 403 "-" "Jetpack by WordPress.com"
202.47.51.86 - - [20/Sep/2026:22:32:50 +0700] "POST /xmlrpc.php HTTP/1.1" 200 403 "-" "Jetpack/12.5; WordPress/6.2; http://site30329810.com"
149.0.16.108 - - [20/Sep/2026:22:32:56 +0700] "POST /xmlrpc.php HTTP/1.1" 200 403 "-" "Jetpack by WordPress.com (Jetpack 12.5; WordPress 6.4)"
202.47.51.86 - - [20/Sep/2026:22:33:03 +0700] "POST /xmlrpc.php HTTP/1.1" 200 403 "-" "Jetpack by WordPress.com (Jetpack 12.0; WordPress 6.1)"
149.0.16.108 - - [20/Sep/2026:22:33:06 +0700] "POST /xmlrpc.php HTTP/1.1" 200 403 "-" "Jetpack/12.0; WordPress/6.1; http://site58558003.com"
202.47.51.86 - - [20/Sep/2026:22:33:15 +0700] "POST /xmlrpc.php HTTP/1.1" 200 403 "-" "Jetpack/12.1; WordPress/6.4; http://site13467383.com"
149.0.16.108 - - [20/Sep/2026:22:33:17 +0700] "POST /xmlrpc.php HTTP/1.1" 200 403 "-" "Jetpack/12.0; WordPress/6.1; http://site79665367.com"
149.0.16.108 - - [20/Sep/2026:22:33:27 +0700] "POST /xmlrpc.php HTTP/1.1" 200 403 "-" "Jetpack by WordPress.com"
149.0.16.108 - - [20/Sep/2026:22:33:38 +0700] "POST /xmlrpc.php HTTP/1.1" 200 403 "-" "WordPress.com; https://wordpress.com"
149.0.16.108 - - [20/Sep/2026:22:33:50 +0700] "POST /xmlrpc.php HTTP/1.1" 200 403 "-" "Jetpack by WordPress.com"
149.0.16.108 - - [20/Sep/2026:22:33:59 +0700] "POST /xmlrpc.php HTTP/1.1" 200 403 "-" "WordPress.com; https://wordpress.com"
149.0.16.108 - - [20/Sep/2026:22:34:10 +0700] "POST /xmlrpc.php HTTP/1.1" 200 403 "-" "Jetpack by WordPress.com"
149.0.16.108 - - [20/Sep/2026:22:34:23 +0700] "POST /xmlrpc.php HTTP/1.1" 200 403 "-" "WordPress.com; https://wordpress.com"
149.0.16.108 - - [20/Sep/2026:22:34:32 +0700] "POST /xmlrpc.php HTTP/1.1" 200 403 "-" "WordPress.com; https://wordpress.com"
149.0.16.108 - - [20/Sep/2026:22:34:42 +0700] "POST /xmlrpc.php HTTP/1.1" 200 403 "-" "Jetpack by WordPress.com (Jetpack 12.1; WordPress 6.4)"
149.0.16.108 - - [20/Sep/2026:22:34:53 +0700] "POST /xmlrpc.php HTTP/1.1" 200 403 "-" "WordPress.com; https://wordpress.com"
149.0.16.108 - - [20/Sep/2026:22:35:04 +0700] "POST /xmlrpc.php HTTP/1.1" 200 403 "-" "Jetpack/12.5; WordPress/6.2; http://site18606483.com"
149.0.16.108 - - [20/Sep/2026:22:35:15 +0700] "POST /xmlrpc.php HTTP/1.1" 200 403 "-" "Jetpack by WordPress.com"
149.0.16.108 - - [20/Sep/2026:22:35:26 +0700] "POST /xmlrpc.php HTTP/1.1" 200 403 "-" "Jetpack by WordPress.com (Jetpack 12.0; WordPress 6.2)"
149.0.16.108 - - [20/Sep/2026:22:35:36 +0700] "POST /xmlrpc.php HTTP/1.1" 200 403 "-" "Jetpack by WordPress.com (Jetpack 12.1; WordPress 6.1)"
149.0.16.108 - - [20/Sep/2026:22:35:47 +0700] "POST /xmlrpc.php HTTP/1.1" 200 403 "-" "Jetpack/12.1; WordPress/6.2; http://site13386907.com"
149.0.16.108 - - [20/Sep/2026:22:35:58 +0700] "POST /xmlrpc.php HTTP/1.1" 200 403 "-" "Jetpack/13.0; WordPress/6.3; http://site39559442.com"
149.0.16.108 - - [20/Sep/2026:22:36:08 +0700] "POST /xmlrpc.php HTTP/1.1" 200 403 "-" "Jetpack/12.5; WordPress/6.1; http://site37844674.com"
149.0.16.108 - - [20/Sep/2026:22:36:19 +0700] "POST /xmlrpc.php HTTP/1.1" 200 403 "-" "Jetpack/13.0; WordPress/6.4; http://site24430560.com"
149.0.16.108 - - [20/Sep/2026:22:36:30 +0700] "POST /xmlrpc.php HTTP/1.1" 200 403 "-" "Jetpack by WordPress.com (Jetpack 13.0; WordPress 6.2)"
149.0.16.108 - - [20/Sep/2026:22:36:41 +0700] "POST /xmlrpc.php HTTP/1.1" 200 403 "-" "Jetpack by WordPress.com (Jetpack 12.0; WordPress 6.3)"
149.0.16.108 - - [20/Sep/2026:22:36:51 +0700] "POST /xmlrpc.php HTTP/1.1" 200 403 "-" "WordPress.com; https://wordpress.com"
149.0.16.108 - - [20/Sep/2026:22:37:02 +0700] "POST /xmlrpc.php HTTP/1.1" 200 403 "-" "Jetpack/12.1; WordPress/6.2; http://site65778605.com"
149.0.16.108 - - [20/Sep/2026:22:37:13 +0700] "POST /xmlrpc.php HTTP/1.1" 200 403 "-" "Jetpack by WordPress.com (Jetpack 12.5; WordPress 6.2)"
149.0.16.108 - - [20/Sep/2026:22:37:24 +0700] "POST /xmlrpc.php HTTP/1.1" 200 403 "-" "Jetpack by WordPress.com"
149.0.16.108 - - [20/Sep/2026:22:37:34 +0700] "POST /xmlrpc.php HTTP/1.1" 200 403 "-" "Jetpack by WordPress.com (Jetpack 13.0; WordPress 6.3)"
149.0.16.108 - - [20/Sep/2026:22:37:45 +0700] "POST /xmlrpc.php HTTP/1.1" 200 403 "-" "WordPress.com; https://wordpress.com"
85.204.70.116 - - [20/Sep/2026:22:37:42 +0700] "GET / HTTP/1.1" 200 75440 "-" "Mozilla/5.0 (Windows NT 10.0; Win64; x64) AppleWebKit/537.36 (KHTML, like Gecko) Chrome/78.0.3904.108 Safari/537.36"
85.204.70.116 - - [20/Sep/2026:22:37:48 +0700] "GET //wp-includes/wlwmanifest.xml HTTP/1.1" 301 - "-" "Mozilla/5.0 (Windows NT 10.0; Win64; x64) AppleWebKit/537.36 (KHTML, like Gecko) Chrome/78.0.3904.108 Safari/537.36"
85.204.70.116 - - [20/Sep/2026:22:37:51 +0700] "GET //xmlrpc.php?rsd HTTP/1.1" 200 786 "-" "Mozilla/5.0 (Windows NT 10.0; Win64; x64) AppleWebKit/537.36 (KHTML, like Gecko) Chrome/78.0.3904.108 Safari/537.36"
173.239.218.51 - - [20/Sep/2026:22:37:53 +0700] "POST /wp-login.php HTTP/1.1" 200 7742 "-" "Mozilla/5.0 (Windows NT 10.0; Win64; rv:143.0) Gecko/20100101 Firefox/143.0"
85.204.70.116 - - [20/Sep/2026:22:37:54 +0700] "GET //?author=1 HTTP/1.1" 301 - "-" "Mozilla/5.0 (Windows NT 10.0; Win64; x64) AppleWebKit/537.36 (KHTML, like Gecko) Chrome/78.0.3904.108 Safari/537.36"
149.0.16.108 - - [20/Sep/2026:22:37:56 +0700] "POST /xmlrpc.php HTTP/1.1" 200 403 "-" "Jetpack/13.0; WordPress/6.4; http://site35732530.com"
85.204.70.116 - - [20/Sep/2026:22:37:56 +0700] "GET //?author=2 HTTP/1.1" 301 - "-" "Mozilla/5.0 (Windows NT 10.0; Win64; x64) AppleWebKit/537.36 (KHTML, like Gecko) Chrome/78.0.3904.108 Safari/537.36"
85.204.70.116 - - [20/Sep/2026:22:37:59 +0700] "GET //wp-json/wp/v2/users/ HTTP/1.1" 200 880 "-" "Mozilla/5.0 (Windows NT 10.0; Win64; x64) AppleWebKit/537.36 (KHTML, like Gecko) Chrome/78.0.3904.108 Safari/537.36"
85.204.70.116 - - [20/Sep/2026:22:38:03 +0700] "POST //xmlrpc.php HTTP/1.1" 200 401 "-" "Mozilla/5.0 (Windows NT 10.0; Win64; x64) AppleWebKit/537.36 (KHTML, like Gecko) Chrome/78.0.3904.108 Safari/537.36"
149.0.16.108 - - [20/Sep/2026:22:38:07 +0700] "POST /xmlrpc.php HTTP/1.1" 200 403 "-" "WordPress.com; https://wordpress.com"
85.204.70.116 - - [20/Sep/2026:22:38:06 +0700] "POST //xmlrpc.php HTTP/1.1" 200 401 "-" "Mozilla/5.0 (Windows NT 10.0; Win64; x64) AppleWebKit/537.36 (KHTML, like Gecko) Chrome/78.0.3904.108 Safari/537.36"
85.204.70.116 - - [20/Sep/2026:22:38:09 +0700] "POST //xmlrpc.php HTTP/1.1" 200 401 "-" "Mozilla/5.0 (Windows NT 10.0; Win64; x64) AppleWebKit/537.36 (KHTML, like Gecko) Chrome/78.0.3904.108 Safari/537.36"
85.204.70.116 - - [20/Sep/2026:22:38:13 +0700] "POST //xmlrpc.php HTTP/1.1" 200 401 "-" "Mozilla/5.0 (Windows NT 10.0; Win64; x64) AppleWebKit/537.36 (KHTML, like Gecko) Chrome/78.0.3904.108 Safari/537.36"
85.204.70.116 - - [20/Sep/2026:22:38:15 +0700] "POST //xmlrpc.php HTTP/1.1" 200 401 "-" "Mozilla/5.0 (Windows NT 10.0; Win64; x64) AppleWebKit/537.36 (KHTML, like Gecko) Chrome/78.0.3904.108 Safari/537.36"
149.0.16.108 - - [20/Sep/2026:22:38:18 +0700] "POST /xmlrpc.php HTTP/1.1" 200 403 "-" "Jetpack/12.5; WordPress/6.4; http://site97260113.com"
85.204.70.116 - - [20/Sep/2026:22:38:18 +0700] "POST //xmlrpc.php HTTP/1.1" 200 401 "-" "Mozilla/5.0 (Windows NT 10.0; Win64; x64) AppleWebKit/537.36 (KHTML, like Gecko) Chrome/78.0.3904.108 Safari/537.36"
85.204.70.116 - - [20/Sep/2026:22:38:21 +0700] "POST //xmlrpc.php HTTP/1.1" 200 401 "-" "Mozilla/5.0 (Windows NT 10.0; Win64; x64) AppleWebKit/537.36 (KHTML, like Gecko) Chrome/78.0.3904.108 Safari/537.36"
85.204.70.116 - - [20/Sep/2026:22:38:23 +0700] "POST //xmlrpc.php HTTP/1.1" 200 401 "-" "Mozilla/5.0 (Windows NT 10.0; Win64; x64) AppleWebKit/537.36 (KHTML, like Gecko) Chrome/78.0.3904.108 Safari/537.36"
85.204.70.116 - - [20/Sep/2026:22:38:25 +0700] "POST //xmlrpc.php HTTP/1.1" 200 401 "-" "Mozilla/5.0 (Windows NT 10.0; Win64; x64) AppleWebKit/537.36 (KHTML, like Gecko) Chrome/78.0.3904.108 Safari/537.36"
85.204.70.116 - - [20/Sep/2026:22:38:28 +0700] "POST //xmlrpc.php HTTP/1.1" 200 401 "-" "Mozilla/5.0 (Windows NT 10.0; Win64; x64) AppleWebKit/537.36 (KHTML, like Gecko) Chrome/78.0.3904.108 Safari/537.36"
149.0.16.108 - - [20/Sep/2026:22:38:28 +0700] "POST /xmlrpc.php HTTP/1.1" 200 403 "-" "Jetpack/12.5; WordPress/6.2; http://site67477953.com"
85.204.70.116 - - [20/Sep/2026:22:38:30 +0700] "POST //xmlrpc.php HTTP/1.1" 200 401 "-" "Mozilla/5.0 (Windows NT 10.0; Win64; x64) AppleWebKit/537.36 (KHTML, like Gecko) Chrome/78.0.3904.108 Safari/537.36"
85.204.70.116 - - [20/Sep/2026:22:38:33 +0700] "POST //xmlrpc.php HTTP/1.1" 200 401 "-" "Mozilla/5.0 (Windows NT 10.0; Win64; x64) AppleWebKit/537.36 (KHTML, like Gecko) Chrome/78.0.3904.108 Safari/537.36"
85.204.70.116 - - [20/Sep/2026:22:38:35 +0700] "POST //xmlrpc.php HTTP/1.1" 200 401 "-" "Mozilla/5.0 (Windows NT 10.0; Win64; x64) AppleWebKit/537.36 (KHTML, like Gecko) Chrome/78.0.3904.108 Safari/537.36"
85.204.70.116 - - [20/Sep/2026:22:38:38 +0700] "POST //xmlrpc.php HTTP/1.1" 200 401 "-" "Mozilla/5.0 (Windows NT 10.0; Win64; x64) AppleWebKit/537.36 (KHTML, like Gecko) Chrome/78.0.3904.108 Safari/537.36"
149.0.16.108 - - [20/Sep/2026:22:38:39 +0700] "POST /xmlrpc.php HTTP/1.1" 200 403 "-" "Jetpack by WordPress.com"
85.204.70.116 - - [20/Sep/2026:22:38:39 +0700] "POST //xmlrpc.php HTTP/1.1" 200 401 "-" "Mozilla/5.0 (Windows NT 10.0; Win64; x64) AppleWebKit/537.36 (KHTML, like Gecko) Chrome/78.0.3904.108 Safari/537.36"
85.204.70.116 - - [20/Sep/2026:22:38:42 +0700] "POST //xmlrpc.php HTTP/1.1" 200 401 "-" "Mozilla/5.0 (Windows NT 10.0; Win64; x64) AppleWebKit/537.36 (KHTML, like Gecko) Chrome/78.0.3904.108 Safari/537.36"
85.204.70.116 - - [20/Sep/2026:22:38:45 +0700] "POST //xmlrpc.php HTTP/1.1" 200 401 "-" "Mozilla/5.0 (Windows NT 10.0; Win64; x64) AppleWebKit/537.36 (KHTML, like Gecko) Chrome/78.0.3904.108 Safari/537.36"
85.204.70.116 - - [20/Sep/2026:22:38:48 +0700] "POST //xmlrpc.php HTTP/1.1" 200 401 "-" "Mozilla/5.0 (Windows NT 10.0; Win64; x64) AppleWebKit/537.36 (KHTML, like Gecko) Chrome/78.0.3904.108 Safari/537.36"
149.0.16.108 - - [20/Sep/2026:22:38:50 +0700] "POST /xmlrpc.php HTTP/1.1" 200 403 "-" "WordPress.com; https://wordpress.com"
85.204.70.116 - - [20/Sep/2026:22:38:51 +0700] "POST //xmlrpc.php HTTP/1.1" 200 401 "-" "Mozilla/5.0 (Windows NT 10.0; Win64; x64) AppleWebKit/537.36 (KHTML, like Gecko) Chrome/78.0.3904.108 Safari/537.36"
85.204.70.116 - - [20/Sep/2026:22:38:55 +0700] "POST //xmlrpc.php HTTP/1.1" 200 401 "-" "Mozilla/5.0 (Windows NT 10.0; Win64; x64) AppleWebKit/537.36 (KHTML, like Gecko) Chrome/78.0.3904.108 Safari/537.36"
85.204.70.116 - - [20/Sep/2026:22:38:57 +0700] "POST //xmlrpc.php HTTP/1.1" 200 401 "-" "Mozilla/5.0 (Windows NT 10.0; Win64; x64) AppleWebKit/537.36 (KHTML, like Gecko) Chrome/78.0.3904.108 Safari/537.36"
85.204.70.116 - - [20/Sep/2026:22:38:59 +0700] "POST //xmlrpc.php HTTP/1.1" 200 401 "-" "Mozilla/5.0 (Windows NT 10.0; Win64; x64) AppleWebKit/537.36 (KHTML, like Gecko) Chrome/78.0.3904.108 Safari/537.36"
149.0.16.108 - - [20/Sep/2026:22:39:01 +0700] "POST /xmlrpc.php HTTP/1.1" 200 403 "-" "Jetpack/13.0; WordPress/6.4; http://site48751070.com"
85.204.70.116 - - [20/Sep/2026:22:39:03 +0700] "POST //xmlrpc.php HTTP/1.1" 200 401 "-" "Mozilla/5.0 (Windows NT 10.0; Win64; x64) AppleWebKit/537.36 (KHTML, like Gecko) Chrome/78.0.3904.108 Safari/537.36"
85.204.70.116 - - [20/Sep/2026:22:39:05 +0700] "POST //xmlrpc.php HTTP/1.1" 200 401 "-" "Mozilla/5.0 (Windows NT 10.0; Win64; x64) AppleWebKit/537.36 (KHTML, like Gecko) Chrome/78.0.3904.108 Safari/537.36"
85.204.70.116 - - [20/Sep/2026:22:39:09 +0700] "POST //xmlrpc.php HTTP/1.1" 200 401 "-" "Mozilla/5.0 (Windows NT 10.0; Win64; x64) AppleWebKit/537.36 (KHTML, like Gecko) Chrome/78.0.3904.108 Safari/537.36"
85.204.70.116 - - [20/Sep/2026:22:39:11 +0700] "POST //xmlrpc.php HTTP/1.1" 200 401 "-" "Mozilla/5.0 (Windows NT 10.0; Win64; x64) AppleWebKit/537.36 (KHTML, like Gecko) Chrome/78.0.3904.108 Safari/537.36"
149.0.16.108 - - [20/Sep/2026:22:39:12 +0700] "POST /xmlrpc.php HTTP/1.1" 200 403 "-" "Jetpack by WordPress.com (Jetpack 12.0; WordPress 6.1)"
85.204.70.116 - - [20/Sep/2026:22:39:14 +0700] "POST //xmlrpc.php HTTP/1.1" 200 401 "-" "Mozilla/5.0 (Windows NT 10.0; Win64; x64) AppleWebKit/537.36 (KHTML, like Gecko) Chrome/78.0.3904.108 Safari/537.36"
85.204.70.116 - - [20/Sep/2026:22:39:16 +0700] "POST //xmlrpc.php HTTP/1.1" 200 401 "-" "Mozilla/5.0 (Windows NT 10.0; Win64; x64) AppleWebKit/537.36 (KHTML, like Gecko) Chrome/78.0.3904.108 Safari/537.36"
85.204.70.116 - - [20/Sep/2026:22:39:17 +0700] "POST //xmlrpc.php HTTP/1.1" 200 401 "-" "Mozilla/5.0 (Windows NT 10.0; Win64; x64) AppleWebKit/537.36 (KHTML, like Gecko) Chrome/78.0.3904.108 Safari/537.36"
85.204.70.116 - - [20/Sep/2026:22:39:21 +0700] "POST //xmlrpc.php HTTP/1.1" 200 401 "-" "Mozilla/5.0 (Windows NT 10.0; Win64; x64) AppleWebKit/537.36 (KHTML, like Gecko) Chrome/78.0.3904.108 Safari/537.36"
149.0.16.108 - - [20/Sep/2026:22:39:22 +0700] "POST /xmlrpc.php HTTP/1.1" 200 403 "-" "Jetpack by WordPress.com (Jetpack 12.0; WordPress 6.2)"
85.204.70.116 - - [20/Sep/2026:22:39:24 +0700] "POST //xmlrpc.php HTTP/1.1" 200 401 "-" "Mozilla/5.0 (Windows NT 10.0; Win64; x64) AppleWebKit/537.36 (KHTML, like Gecko) Chrome/78.0.3904.108 Safari/537.36"
85.204.70.116 - - [20/Sep/2026:22:39:26 +0700] "POST //xmlrpc.php HTTP/1.1" 200 401 "-" "Mozilla/5.0 (Windows NT 10.0; Win64; x64) AppleWebKit/537.36 (KHTML, like Gecko) Chrome/78.0.3904.108 Safari/537.36"
85.204.70.116 - - [20/Sep/2026:22:39:30 +0700] "POST //xmlrpc.php HTTP/1.1" 200 401 "-" "Mozilla/5.0 (Windows NT 10.0; Win64; x64) AppleWebKit/537.36 (KHTML, like Gecko) Chrome/78.0.3904.108 Safari/537.36"
85.204.70.116 - - [20/Sep/2026:22:39:33 +0700] "POST //xmlrpc.php HTTP/1.1" 200 401 "-" "Mozilla/5.0 (Windows NT 10.0; Win64; x64) AppleWebKit/537.36 (KHTML, like Gecko) Chrome/78.0.3904.108 Safari/537.36"
149.0.16.108 - - [20/Sep/2026:22:39:33 +0700] "POST /xmlrpc.php HTTP/1.1" 200 403 "-" "Jetpack by WordPress.com"
85.204.70.116 - - [20/Sep/2026:22:39:36 +0700] "POST //xmlrpc.php HTTP/1.1" 200 401 "-" "Mozilla/5.0 (Windows NT 10.0; Win64; x64) AppleWebKit/537.36 (KHTML, like Gecko) Chrome/78.0.3904.108 Safari/537.36"
85.204.70.116 - - [20/Sep/2026:22:39:39 +0700] "POST //xmlrpc.php HTTP/1.1" 200 401 "-" "Mozilla/5.0 (Windows NT 10.0; Win64; x64) AppleWebKit/537.36 (KHTML, like Gecko) Chrome/78.0.3904.108 Safari/537.36"
85.204.70.116 - - [20/Sep/2026:22:39:42 +0700] "POST //xmlrpc.php HTTP/1.1" 200 401 "-" "Mozilla/5.0 (Windows NT 10.0; Win64; x64) AppleWebKit/537.36 (KHTML, like Gecko) Chrome/78.0.3904.108 Safari/537.36"
149.0.16.108 - - [20/Sep/2026:22:39:44 +0700] "POST /xmlrpc.php HTTP/1.1" 200 403 "-" "Jetpack by WordPress.com (Jetpack 13.0; WordPress 6.2)"
85.204.70.116 - - [20/Sep/2026:22:39:45 +0700] "POST //xmlrpc.php HTTP/1.1" 200 401 "-" "Mozilla/5.0 (Windows NT 10.0; Win64; x64) AppleWebKit/537.36 (KHTML, like Gecko) Chrome/78.0.3904.108 Safari/537.36"
85.204.70.116 - - [20/Sep/2026:22:39:49 +0700] "POST //xmlrpc.php HTTP/1.1" 200 401 "-" "Mozilla/5.0 (Windows NT 10.0; Win64; x64) AppleWebKit/537.36 (KHTML, like Gecko) Chrome/78.0.3904.108 Safari/537.36"
85.204.70.116 - - [20/Sep/2026:22:39:51 +0700] "POST //xmlrpc.php HTTP/1.1" 200 401 "-" "Mozilla/5.0 (Windows NT 10.0; Win64; x64) AppleWebKit/537.36 (KHTML, like Gecko) Chrome/78.0.3904.108 Safari/537.36"
85.204.70.116 - - [20/Sep/2026:22:39:53 +0700] "POST //xmlrpc.php HTTP/1.1" 200 401 "-" "Mozilla/5.0 (Windows NT 10.0; Win64; x64) AppleWebKit/537.36 (KHTML, like Gecko) Chrome/78.0.3904.108 Safari/537.36"
85.204.70.116 - - [20/Sep/2026:22:39:54 +0700] "POST //xmlrpc.php HTTP/1.1" 200 401 "-" "Mozilla/5.0 (Windows NT 10.0; Win64; x64) AppleWebKit/537.36 (KHTML, like Gecko) Chrome/78.0.3904.108 Safari/537.36"
149.0.16.108 - - [20/Sep/2026:22:39:55 +0700] "POST /xmlrpc.php HTTP/1.1" 200 403 "-" "Jetpack by WordPress.com (Jetpack 12.0; WordPress 6.2)"
85.204.70.116 - - [20/Sep/2026:22:39:56 +0700] "POST //xmlrpc.php HTTP/1.1" 200 401 "-" "Mozilla/5.0 (Windows NT 10.0; Win64; x64) AppleWebKit/537.36 (KHTML, like Gecko) Chrome/78.0.3904.108 Safari/537.36"
85.204.70.116 - - [20/Sep/2026:22:40:00 +0700] "POST //xmlrpc.php HTTP/1.1" 200 401 "-" "Mozilla/5.0 (Windows NT 10.0; Win64; x64) AppleWebKit/537.36 (KHTML, like Gecko) Chrome/78.0.3904.108 Safari/537.36"
149.0.16.108 - - [20/Sep/2026:22:40:05 +0700] "POST /xmlrpc.php HTTP/1.1" 200 403 "-" "Jetpack/12.1; WordPress/6.2; http://site90077176.com"
85.204.70.116 - - [20/Sep/2026:22:40:03 +0700] "POST //xmlrpc.php HTTP/1.1" 200 401 "-" "Mozilla/5.0 (Windows NT 10.0; Win64; x64) AppleWebKit/537.36 (KHTML, like Gecko) Chrome/78.0.3904.108 Safari/537.36"
85.204.70.116 - - [20/Sep/2026:22:40:08 +0700] "POST //xmlrpc.php HTTP/1.1" 200 401 "-" "Mozilla/5.0 (Windows NT 10.0; Win64; x64) AppleWebKit/537.36 (KHTML, like Gecko) Chrome/78.0.3904.108 Safari/537.36"
85.204.70.116 - - [20/Sep/2026:22:40:11 +0700] "POST //xmlrpc.php HTTP/1.1" 200 401 "-" "Mozilla/5.0 (Windows NT 10.0; Win64; x64) AppleWebKit/537.36 (KHTML, like Gecko) Chrome/78.0.3904.108 Safari/537.36"
85.204.70.116 - - [20/Sep/2026:22:40:13 +0700] "POST //xmlrpc.php HTTP/1.1" 200 401 "-" "Mozilla/5.0 (Windows NT 10.0; Win64; x64) AppleWebKit/537.36 (KHTML, like Gecko) Chrome/78.0.3904.108 Safari/537.36"
85.204.70.116 - - [20/Sep/2026:22:40:16 +0700] "POST //xmlrpc.php HTTP/1.1" 200 401 "-" "Mozilla/5.0 (Windows NT 10.0; Win64; x64) AppleWebKit/537.36 (KHTML, like Gecko) Chrome/78.0.3904.108 Safari/537.36"
149.0.16.108 - - [20/Sep/2026:22:40:16 +0700] "POST /xmlrpc.php HTTP/1.1" 200 403 "-" "WordPress.com; https://wordpress.com"
85.204.70.116 - - [20/Sep/2026:22:40:18 +0700] "POST //xmlrpc.php HTTP/1.1" 200 401 "-" "Mozilla/5.0 (Windows NT 10.0; Win64; x64) AppleWebKit/537.36 (KHTML, like Gecko) Chrome/78.0.3904.108 Safari/537.36"
85.204.70.116 - - [20/Sep/2026:22:40:21 +0700] "POST //xmlrpc.php HTTP/1.1" 200 401 "-" "Mozilla/5.0 (Windows NT 10.0; Win64; x64) AppleWebKit/537.36 (KHTML, like Gecko) Chrome/78.0.3904.108 Safari/537.36"
85.204.70.116 - - [20/Sep/2026:22:40:25 +0700] "POST //xmlrpc.php HTTP/1.1" 200 401 "-" "Mozilla/5.0 (Windows NT 10.0; Win64; x64) AppleWebKit/537.36 (KHTML, like Gecko) Chrome/78.0.3904.108 Safari/537.36"
149.0.16.108 - - [20/Sep/2026:22:40:27 +0700] "POST /xmlrpc.php HTTP/1.1" 200 403 "-" "Jetpack by WordPress.com (Jetpack 12.1; WordPress 6.3)"
85.204.70.116 - - [20/Sep/2026:22:40:27 +0700] "POST //xmlrpc.php HTTP/1.1" 200 401 "-" "Mozilla/5.0 (Windows NT 10.0; Win64; x64) AppleWebKit/537.36 (KHTML, like Gecko) Chrome/78.0.3904.108 Safari/537.36"
85.204.70.116 - - [20/Sep/2026:22:40:31 +0700] "POST //xmlrpc.php HTTP/1.1" 200 401 "-" "Mozilla/5.0 (Windows NT 10.0; Win64; x64) AppleWebKit/537.36 (KHTML, like Gecko) Chrome/78.0.3904.108 Safari/537.36"
85.204.70.116 - - [20/Sep/2026:22:40:33 +0700] "POST //xmlrpc.php HTTP/1.1" 200 401 "-" "Mozilla/5.0 (Windows NT 10.0; Win64; x64) AppleWebKit/537.36 (KHTML, like Gecko) Chrome/78.0.3904.108 Safari/537.36"
85.204.70.116 - - [20/Sep/2026:22:40:36 +0700] "POST //xmlrpc.php HTTP/1.1" 200 401 "-" "Mozilla/5.0 (Windows NT 10.0; Win64; x64) AppleWebKit/537.36 (KHTML, like Gecko) Chrome/78.0.3904.108 Safari/537.36"
149.0.16.108 - - [20/Sep/2026:22:40:37 +0700] "POST /xmlrpc.php HTTP/1.1" 200 403 "-" "Jetpack by WordPress.com"
85.204.70.116 - - [20/Sep/2026:22:40:38 +0700] "POST //xmlrpc.php HTTP/1.1" 200 401 "-" "Mozilla/5.0 (Windows NT 10.0; Win64; x64) AppleWebKit/537.36 (KHTML, like Gecko) Chrome/78.0.3904.108 Safari/537.36"
85.204.70.116 - - [20/Sep/2026:22:40:40 +0700] "POST //xmlrpc.php HTTP/1.1" 200 401 "-" "Mozilla/5.0 (Windows NT 10.0; Win64; x64) AppleWebKit/537.36 (KHTML, like Gecko) Chrome/78.0.3904.108 Safari/537.36"
85.204.70.116 - - [20/Sep/2026:22:40:41 +0700] "POST //xmlrpc.php HTTP/1.1" 200 401 "-" "Mozilla/5.0 (Windows NT 10.0; Win64; x64) AppleWebKit/537.36 (KHTML, like Gecko) Chrome/78.0.3904.108 Safari/537.36"
85.204.70.116 - - [20/Sep/2026:22:40:44 +0700] "POST //xmlrpc.php HTTP/1.1" 200 401 "-" "Mozilla/5.0 (Windows NT 10.0; Win64; x64) AppleWebKit/537.36 (KHTML, like Gecko) Chrome/78.0.3904.108 Safari/537.36"
149.0.16.108 - - [20/Sep/2026:22:40:48 +0700] "POST /xmlrpc.php HTTP/1.1" 200 403 "-" "Jetpack/13.0; WordPress/6.3; http://site80483219.com"
149.0.16.108 - - [20/Sep/2026:22:40:59 +0700] "POST /xmlrpc.php HTTP/1.1" 200 403 "-" "Jetpack by WordPress.com"
149.0.16.108 - - [20/Sep/2026:22:41:10 +0700] "POST /xmlrpc.php HTTP/1.1" 200 403 "-" "Jetpack by WordPress.com (Jetpack 12.5; WordPress 6.1)"
