38.246.32.227 - - [21/Sep/2026:07:22:25 +0700] "GET /as-to-why-enjoy-40-otherwise-50-paylines-when-you-can-use-the-whole-display-screen/ HTTP/1.1" 200 59088 "-" "Mozilla/5.0 (X11; Linux x86_64; rv:138.0) Gecko/20100101 Firefox/138.0"
198.252.107.178 - - [21/Sep/2026:07:22:29 +0700] "POST /wp-cron.php?doing_wp_cron=1789950149.6240549087524414062500 HTTP/1.1" 200 - "-" "WordPress/7.1.1; https://veewin24hr.com"
38.246.33.22 - - [21/Sep/2026:07:22:19 +0700] "POST /xmlrpc.php HTTP/1.1" 200 181 "-" "Mozilla/5.0 (Macintosh; Intel Mac OS X 10_15_7) AppleWebKit/537.36 (KHTML, like Gecko) Chrome/147.0.0.0 Safari/537.36"
198.252.107.178 - - [21/Sep/2026:07:22:31 +0700] "POST /wp-cron.php?doing_wp_cron=1789950151.5910329818725585937500 HTTP/1.1" 200 - "-" "WordPress/7.1.1; https://veewin24hr.com"
38.246.32.227 - - [21/Sep/2026:07:22:21 +0700] "POST /xmlrpc.php HTTP/1.1" 200 181 "-" "Mozilla/5.0 (X11; Linux x86_64) AppleWebKit/537.36 (KHTML, like Gecko) Chrome/136.0.0.0 Safari/537.36"
38.246.32.227 - - [21/Sep/2026:07:22:37 +0700] "POST /xmlrpc.php HTTP/1.1" 200 8637 "-" "Mozilla/5.0 (Macintosh; Intel Mac OS X 10_15_7) AppleWebKit/605.1.15 (KHTML, like Gecko) Version/18.3 Safari/605.1.15"
38.246.33.22 - - [21/Sep/2026:07:22:37 +0700] "POST /xmlrpc.php HTTP/1.1" 200 13341 "-" "Mozilla/5.0 (Windows NT 10.0; Win64; x64) AppleWebKit/537.36 (KHTML, like Gecko) Chrome/119.0.0.0 Safari/537.36"
38.246.33.22 - - [21/Sep/2026:07:22:39 +0700] "GET /passende-zahlungen-hinein-sekunden-und-die-eine-spannende-automatenauswahl-%EF%BF%BD-was-willst-respons-mehr/ HTTP/1.1" 200 63109 "-" "Mozilla/5.0 (Windows NT 10.0; Win64; x64) AppleWebKit/537.36 (KHTML, like Gecko) Chrome/58.0.3029.110 Safari/537.3"
38.246.32.227 - - [21/Sep/2026:07:22:39 +0700] "GET /it-provides-good-2-hundred-matches-extra-up-to-twenty-three000-for-the-earliest-deposit/ HTTP/1.1" 200 57966 "-" "Mozilla/5.0 (Macintosh; Intel Mac OS X 10_15_7) AppleWebKit/537.36 (KHTML, like Gecko) Chrome/134.0.0.0 Safari/537.36"
38.246.32.227 - - [21/Sep/2026:07:22:32 +0700] "POST /xmlrpc.php HTTP/1.1" 200 181 "-" "Mozilla/5.0 (Windows NT 10.0; Win64; x64) AppleWebKit/537.36 (KHTML, like Gecko) Chrome/135.0.0.0 Safari/537.36 Edg/135.0.0.0"
198.252.107.178 - - [21/Sep/2026:07:22:48 +0700] "POST /wp-cron.php?doing_wp_cron=1789950168.2976119518280029296875 HTTP/1.1" 200 - "-" "WordPress/7.1.1; https://veewin24hr.com"
38.246.33.22 - - [21/Sep/2026:07:22:37 +0700] "POST /xmlrpc.php HTTP/1.1" 200 181 "-" "Mozilla/5.0 (Windows NT 10.0; Win64; x64) AppleWebKit/537.36 (KHTML, like Gecko) Chrome/131.0.0.0 Safari/537.36"
198.252.107.178 - - [21/Sep/2026:07:22:52 +0700] "POST /wp-cron.php?doing_wp_cron=1789950172.3587760925292968750000 HTTP/1.1" 200 - "-" "WordPress/7.1.1; https://veewin24hr.com"
38.246.32.227 - - [21/Sep/2026:07:22:43 +0700] "POST /xmlrpc.php HTTP/1.1" 200 181 "-" "Mozilla/5.0 (X11; Ubuntu; Linux x86_64; rv:137.0) Gecko/20100101 Firefox/137.0"
38.246.32.227 - - [21/Sep/2026:07:22:53 +0700] "POST /xmlrpc.php HTTP/1.1" 200 8996 "-" "Mozilla/5.0 (X11; Ubuntu; Linux x86_64; rv:136.0) Gecko/20100101 Firefox/136.0"
38.246.33.22 - - [21/Sep/2026:07:22:54 +0700] "POST /xmlrpc.php HTTP/1.1" 200 12335 "-" "Mozilla/5.0 (Windows NT 10.0; Win64; x64) AppleWebKit/537.36 (KHTML, like Gecko) Chrome/132.0.0.0 Safari/537.36 OPR/117.0.0.0"
38.246.32.227 - - [21/Sep/2026:07:22:54 +0700] "GET /to-play-mobile-gambling-stick-to-the-join-processes-out-of-this-guide/ HTTP/1.1" 200 58041 "-" "Mozilla/5.0 (X11; Linux x86_64) AppleWebKit/537.36 (KHTML, like Gecko) Chrome/133.0.0.0 Safari/537.36"
38.246.33.22 - - [21/Sep/2026:07:22:47 +0700] "POST /xmlrpc.php HTTP/1.1" 200 181 "-" "Mozilla/5.0 (Macintosh; Intel Mac OS X 10_15_7) AppleWebKit/605.1.15 (KHTML, like Gecko) Version/17.6 Safari/605.1.15"
198.252.107.178 - - [21/Sep/2026:07:22:56 +0700] "POST /wp-cron.php?doing_wp_cron=1789950175.6305921077728271484375 HTTP/1.1" 200 - "-" "WordPress/7.1.1; https://veewin24hr.com"
38.246.33.22 - - [21/Sep/2026:07:22:57 +0700] "GET /das-pramie-bieten-gilt-alleinig-je-nachfolgende-slots-oder-darf-auf-keinen-fall-nach-sonstige-games-senden-seien/ HTTP/1.1" 200 62148 "-" "Mozilla/5.0 (Windows NT 10.0; Win64; x64) AppleWebKit/537.36 (KHTML, like Gecko) Chrome/134.0.0.0 YaBrowser/25.4.0.0 Safari/537.36"
38.246.32.227 - - [21/Sep/2026:07:22:58 +0700] "POST /xmlrpc.php HTTP/1.1" 200 7958 "-" "Mozilla/5.0 (Macintosh; Intel Mac OS X 10.15; rv:137.0) Gecko/20100101 Firefox/137.0"
38.246.32.227 - - [21/Sep/2026:07:23:00 +0700] "GET /the-fresh-new-deposit-match-offers-a-good-fourteen-day-validity-screen-before-it-often-expire/ HTTP/1.1" 200 57411 "-" "Mozilla/5.0 (X11; Linux x86_64) AppleWebKit/537.36 (KHTML, like Gecko) Chrome/124.0.0.0 Safari/537.36"
38.246.33.22 - - [21/Sep/2026:07:23:02 +0700] "POST /xmlrpc.php HTTP/1.1" 200 10566 "-" "Mozilla/5.0 (Windows NT 10.0; Win64; x64) AppleWebKit/537.36 (KHTML, like Gecko) obsidian/1.8.4 Chrome/130.0.6723.191 Electron/33.3.2 Safari/537.36"
38.246.32.227 - - [21/Sep/2026:07:22:57 +0700] "POST /xmlrpc.php HTTP/1.1" 200 181 "-" "Mozilla/5.0 (Macintosh; Intel Mac OS X 10_15_7) AppleWebKit/537.36 (KHTML, like Gecko) Chrome/136.0.0.0 Safari/537.36 Edg/136.0.0.0"
38.246.33.22 - - [21/Sep/2026:07:23:04 +0700] "GET /uber-meinen-mitteilen-mochte-ich-dir-den-syllabus-qua-einige-gangbar-versorger-und-spiele-verhalten/ HTTP/1.1" 200 60180 "-" "Mozilla/5.0 (Windows NT 10.0; Win64; x64) AppleWebKit/537.36 (KHTML, like Gecko) Chrome/129.0.0.0 Safari/537.36"
38.246.33.22 - - [21/Sep/2026:07:23:03 +0700] "POST /xmlrpc.php HTTP/1.1" 200 181 "-" "Mozilla/5.0 (Macintosh; Intel Mac OS X 10_15_7) AppleWebKit/537.36 (KHTML, like Gecko) Chrome/136.0.0.0 Safari/537.36 Edg/136.0.0.0"
38.246.32.227 - - [21/Sep/2026:07:23:10 +0700] "POST /xmlrpc.php HTTP/1.1" 200 8135 "-" "Mozilla/5.0 (Windows NT 10.0; Win64; x64) AppleWebKit/537.36 (KHTML, like Gecko) obsidian/1.8.10 Chrome/132.0.6834.196 Electron/34.2.0 Safari/537.36"
38.246.32.227 - - [21/Sep/2026:07:23:08 +0700] "POST /xmlrpc.php HTTP/1.1" 200 181 "-" "Mozilla/5.0 (Macintosh; Intel Mac OS X 10_15_7) AppleWebKit/605.1.15 (KHTML, like Gecko) Version/17.6 Safari/605.1.15"
38.246.32.227 - - [21/Sep/2026:07:23:12 +0700] "GET /develop-more-devs-have-a-tendency-to-fix-it-moving-on-very-more-individuals-can-also-be-play/ HTTP/1.1" 200 57568 "-" "Mozilla/5.0 (Macintosh; Intel Mac OS X 10.15; rv:137.0) Gecko/20100101 Firefox/137.0"
38.246.33.22 - - [21/Sep/2026:07:23:14 +0700] "POST /xmlrpc.php HTTP/1.1" 200 9058 "-" "Mozilla/5.0 (Windows NT 10.0; Win64; x64) AppleWebKit/537.36 (KHTML, like Gecko) Chrome/133.0.0.0 Safari/537.36 OPR/118.0.0.0"
38.246.33.22 - - [21/Sep/2026:07:23:16 +0700] "GET /in-slotmagie-bekommst-respons-schlichtweg-unter-das-registrierung-fifty-freispiele-blo-einzahlung-rundum-kostenlos/ HTTP/1.1" 200 58887 "-" "Mozilla/5.0 (Macintosh; Intel Mac OS X 10_15_7) AppleWebKit/537.36 (KHTML, like Gecko) Chrome/131.0.0.0 Safari/537.36"
38.246.32.227 - - [21/Sep/2026:07:23:18 +0700] "POST /xmlrpc.php HTTP/1.1" 200 9415 "-" "Mozilla/5.0 (Macintosh; Intel Mac OS X 10_15_7) AppleWebKit/537.36 (KHTML, like Gecko) obsidian/1.8.10 Chrome/132.0.6834.196 Electron/34.2.0 Safari/537.36"
185.191.171.1 - - [21/Sep/2026:07:23:19 +0700] "GET /you-must-place-five-hundred-overall-bets-5x-playthrough-to-help-you-discover-that-money/ HTTP/1.1" 200 60043 "-" "Mozilla/5.0 (compatible; SemrushBot/7~bl; +http://www.semrush.com/bot.html)"
38.246.32.227 - - [21/Sep/2026:07:23:20 +0700] "GET /or-even-definitely-below-are-a-few-sweepstakes-gambling-sites-to-own-an-equivalent-feel/ HTTP/1.1" 200 58779 "-" "Mozilla/5.0 (Macintosh; Intel Mac OS X 10_15_7) AppleWebKit/605.1.15 (KHTML, like Gecko) Version/16.6 Safari/605.1.15"
51.79.192.65 - - [21/Sep/2026:07:23:20 +0700] "GET /goldbet-casino-magyarorszag-hivatalos-oldal-2026/ HTTP/1.1" 200 58543 "https://veewin24hr.com/" "Mozilla/5.0 (Macintosh; Intel Mac OS X 10_15_7) AppleWebKit/537.36 (KHTML, like Gecko) Chrome/131.0.0.0 Safari/537.36"
38.246.33.22 - - [21/Sep/2026:07:23:16 +0700] "POST /xmlrpc.php HTTP/1.1" 200 181 "-" "Mozilla/5.0 (Windows NT 10.0; Win64; x64) AppleWebKit/537.36 (KHTML, like Gecko) obsidian/1.8.4 Chrome/130.0.6723.191 Electron/33.3.2 Safari/537.36"
51.79.192.65 - - [21/Sep/2026:07:23:22 +0700] "GET /?p=27652 HTTP/1.1" 301 - "https://veewin24hr.com/goldbet-casino-magyarorszag-hivatalos-oldal-2026/" "Mozilla/5.0 (Macintosh; Intel Mac OS X 10_15_7) AppleWebKit/537.36 (KHTML, like Gecko) Chrome/131.0.0.0 Safari/537.36"
38.246.32.227 - - [21/Sep/2026:07:23:18 +0700] "POST /xmlrpc.php HTTP/1.1" 200 181 "-" "Mozilla/5.0 (Macintosh; Intel Mac OS X 10_15_7) AppleWebKit/605.1.15 (KHTML, like Gecko) Version/17.5 Safari/605.1.15"
85.208.96.210 - - [21/Sep/2026:07:23:23 +0700] "GET /although-not-its-also-possible-to-receive-sweeps-gold-coins-youve-got-obtained-for-cash-awards-or-current-notes/ HTTP/1.1" 200 58824 "-" "Mozilla/5.0 (compatible; SemrushBot/7~bl; +http://www.semrush.com/bot.html)"
51.79.192.65 - - [21/Sep/2026:07:23:23 +0700] "GET /online-casino-tournaments-uk-2026/ HTTP/1.1" 200 67360 "https://veewin24hr.com/?p=27652" "Mozilla/5.0 (Macintosh; Intel Mac OS X 10_15_7) AppleWebKit/537.36 (KHTML, like Gecko) Chrome/131.0.0.0 Safari/537.36"
5.253.204.66 - - [21/Sep/2026:07:23:25 +0700] "GET /wp-login.php HTTP/1.1" 200 7255 "https://veewin24hr.com/" "Mozilla/5.0 (Windows NT 10.0; Win64; x64) AppleWebKit/537.36 (KHTML, like Gecko) Chrome/149.0.0.0 Safari/537.36"
38.246.33.22 - - [21/Sep/2026:07:23:29 +0700] "POST /xmlrpc.php HTTP/1.1" 200 9138 "-" "Mozilla/5.0 (Macintosh; Intel Mac OS X 10_15_7) AppleWebKit/605.1.15 (KHTML, like Gecko) Version/16.6 Safari/605.1.15"
38.246.32.227 - - [21/Sep/2026:07:23:30 +0700] "POST /xmlrpc.php HTTP/1.1" 200 9469 "-" "Mozilla/5.0 (Macintosh; Intel Mac OS X 10_15_7) AppleWebKit/537.36 (KHTML, like Gecko) obsidian/1.8.10 Chrome/132.0.6834.196 Electron/34.2.0 Safari/537.36"
38.246.33.22 - - [21/Sep/2026:07:23:30 +0700] "GET /tischspiele-werden-beispielsweise-keineswegs-serviceleistungen-und-zweite-geige-hartere-setzlimits-eintreffen-zum-nutzung/ HTTP/1.1" 200 59073 "-" "Mozilla/5.0 (X11; Ubuntu; Linux x86_64; rv:136.0) Gecko/20100101 Firefox/136.0"
5.253.204.66 - - [21/Sep/2026:07:23:31 +0700] "POST /wp-login.php HTTP/1.1" 200 7680 "https://veewin24hr.com/wp-login.php" "Mozilla/5.0 (Windows NT 10.0; Win64; x64) AppleWebKit/537.36 (KHTML, like Gecko) Chrome/149.0.0.0 Safari/537.36"
38.246.32.227 - - [21/Sep/2026:07:23:32 +0700] "GET /these-games-brag-condition-of-the-artwork-image-lifelike-animated-graphics-and-you-may-captivating-storylines-you-to-mark-participants-to-your-action/ HTTP/1.1" 200 59804 "-" "Mozilla/5.0 (Windows NT 10.0; Win64; x64) AppleWebKit/537.36 (KHTML, like Gecko) Chrome/135.0.0.0 Safari/537.36 Edg/135.0.0.0"
5.253.204.66 - - [21/Sep/2026:07:23:34 +0700] "POST /xmlrpc.php HTTP/1.1" 200 403 "https://veewin24hr.com/" "Mozilla/5.0 (Windows NT 10.0; Win64; x64) AppleWebKit/537.36 (KHTML, like Gecko) Chrome/122.0.0.0 Safari/537.36"
38.246.33.22 - - [21/Sep/2026:07:23:30 +0700] "POST /xmlrpc.php HTTP/1.1" 200 181 "-" "Mozilla/5.0 (Macintosh; Intel Mac OS X 10_15_7) AppleWebKit/537.36 (KHTML, like Gecko) Chrome/116.0.0.0 Safari/537.36"
38.246.32.227 - - [21/Sep/2026:07:23:30 +0700] "POST /xmlrpc.php HTTP/1.1" 200 181 "-" "Mozilla/5.0 (Macintosh; Intel Mac OS X 10_15_7) AppleWebKit/537.36"
38.246.33.22 - - [21/Sep/2026:07:23:42 +0700] "POST /xmlrpc.php HTTP/1.1" 200 12476 "-" "Mozilla/5.0 (Windows NT 10.0; Win64; x64) AppleWebKit/537.36 (KHTML, like Gecko) Chrome/109.0.0.0 Safari/537.36"
38.246.32.227 - - [21/Sep/2026:07:23:42 +0700] "POST /xmlrpc.php HTTP/1.1" 200 12362 "-" "Mozilla/5.0 (Windows NT 10.0; Win64; x64) AppleWebKit/537.36 (KHTML, like Gecko) Chrome/120.0.0.0 Safari/537.36"
38.246.32.227 - - [21/Sep/2026:07:23:40 +0700] "POST /xmlrpc.php HTTP/1.1" 200 181 "-" "Mozilla/5.0 (Macintosh; Intel Mac OS X 10_15_7) AppleWebKit/537.36 (KHTML, like Gecko) Chrome/120.0.0.0 Safari/537.36"
38.246.33.22 - - [21/Sep/2026:07:23:44 +0700] "GET /zudem-gewinnen-nutzer-von-sofortigen-overforingen-tollen-bonusaktionen-weiters-geringen-bearbeitungsgebuhren/ HTTP/1.1" 200 62234 "-" "Mozilla/5.0 (Windows NT 10.0; Win64; x64) AppleWebKit/537.36 (KHTML, like Gecko) Chrome/136.0.0.0 Safari/537.36 Edg/136.0.0.0"
38.246.32.227 - - [21/Sep/2026:07:23:44 +0700] "GET /learn-more-about-our-needed-casino-programs-and-just-how-they-provide-you-the-best-gambling-sense/ HTTP/1.1" 200 61826 "-" "Mozilla/5.0 (Windows NT 10.0; Win64; x64) AppleWebKit/537.36 (KHTML, like Gecko) Chrome/129.0.0.0 Safari/537.36"
38.246.33.22 - - [21/Sep/2026:07:23:44 +0700] "POST /xmlrpc.php HTTP/1.1" 200 181 "-" "Mozilla/5.0 (Macintosh; Intel Mac OS X 10_15_7) AppleWebKit/537.36 (KHTML, like Gecko) obsidian/1.8.10 Chrome/132.0.6834.196 Electron/34.2.0 Safari/537.36"
38.246.32.227 - - [21/Sep/2026:07:23:51 +0700] "POST /xmlrpc.php HTTP/1.1" 200 8331 "-" "Mozilla/5.0 (Macintosh; Intel Mac OS X 10_15_7) AppleWebKit/537.36 (KHTML, like Gecko) Chrome/135.0.0.0 Safari/537.36 Edg/135.0.0.0"
38.246.32.227 - - [21/Sep/2026:07:23:52 +0700] "GET /if-you-value-to-try-out-a-wide-variety-of-online-slots-everygame-local-casino-are-a-leading-appeal/ HTTP/1.1" 200 57845 "-" "Mozilla/5.0 (Windows NT 10.0; Win64; x64) AppleWebKit/537.36 (KHTML, like Gecko) Chrome/58.0.3029.110 Safari/537.3"
38.246.32.227 - - [21/Sep/2026:07:23:49 +0700] "POST /xmlrpc.php HTTP/1.1" 200 181 "-" "Mozilla/5.0 (X11; Linux x86_64) AppleWebKit/537.36 (KHTML, like Gecko) Chrome/135.0.0.0 Safari/537.36"
38.246.33.22 - - [21/Sep/2026:07:23:54 +0700] "POST /xmlrpc.php HTTP/1.1" 200 12798 "-" "Mozilla/5.0 (Windows NT 10.0; Win64; x64) AppleWebKit/537.36 (KHTML, like Gecko) Chrome/122.0.0.0 Safari/537.36"
198.252.107.178 - - [21/Sep/2026:07:23:56 +0700] "POST /wp-cron.php?doing_wp_cron=1789950236.8456990718841552734375 HTTP/1.1" 200 - "-" "WordPress/7.1.1; https://veewin24hr.com"
38.246.33.22 - - [21/Sep/2026:07:23:55 +0700] "GET /welches-gewinnlimit-sei-unser-wichtigste-zusatzregel-hinein-with-no-wager-boni/ HTTP/1.1" 200 62044 "-" "Mozilla/5.0 (Windows NT 10.0; Win64; x64) AppleWebKit/537.36 (KHTML, like Gecko) obsidian/1.8.9 Chrome/132.0.6834.210 Electron/34.3.0 Safari/537.36"
38.246.32.227 - - [21/Sep/2026:07:24:00 +0700] "POST /xmlrpc.php HTTP/1.1" 200 11243 "-" "Mozilla/5.0 (Macintosh; Intel Mac OS X 10_15_7) AppleWebKit/537.36 (KHTML, like Gecko) Chrome/134.0.0.0 Safari/537.36"
38.246.33.22 - - [21/Sep/2026:07:23:57 +0700] "POST /xmlrpc.php HTTP/1.1" 200 181 "-" "Mozilla/5.0 (Windows NT 10.0; Win64; x64; rv:137.0) Gecko/20100101 Firefox/137.0"
198.252.107.178 - - [21/Sep/2026:07:24:02 +0700] "POST /wp-cron.php?doing_wp_cron=1789950242.2435300350189208984375 HTTP/1.1" 200 - "-" "WordPress/7.1.1; https://veewin24hr.com"
38.246.32.227 - - [21/Sep/2026:07:24:01 +0700] "GET /the-main-benefit-finance-cannot-be-made-use-of-at-the-live-dining-tables-not-as-much-as-people-issues/ HTTP/1.1" 200 60784 "-" "Mozilla/5.0 (X11; Linux x86_64) AppleWebKit/537.36 (KHTML, like Gecko) Chrome/131.0.0.0 Safari/537.36"
198.252.107.178 - - [21/Sep/2026:07:24:05 +0700] "POST /wp-cron.php?doing_wp_cron=1789950245.7415680885314941406250 HTTP/1.1" 200 - "-" "WordPress/7.1.1; https://veewin24hr.com"
38.246.32.227 - - [21/Sep/2026:07:24:01 +0700] "POST /xmlrpc.php HTTP/1.1" 200 181 "-" "Mozilla/5.0 (Windows NT 10.0; Win64; x64) AppleWebKit/537.36 (KHTML, like Gecko) obsidian/1.8.4 Chrome/130.0.6723.191 Electron/33.3.2 Safari/537.36"
38.246.33.22 - - [21/Sep/2026:07:24:06 +0700] "POST /xmlrpc.php HTTP/1.1" 200 11771 "-" "Mozilla/5.0 (X11; Ubuntu; Linux x86_64; rv:138.0) Gecko/20100101 Firefox/138.0"
38.246.33.22 - - [21/Sep/2026:07:24:08 +0700] "GET /hier-sie-sind-ebendiese-erfolgreichen-spielautomaten-zuganglich-zwar-auch-eigene-spiele-via-diesen-bildern-oder-klingen/ HTTP/1.1" 200 61618 "-" "Mozilla/5.0 (Windows NT 10.0; Win64; x64) AppleWebKit/537.36 (KHTML, like Gecko) obsidian/1.8.10 Chrome/132.0.6834.196 Electron/34.2.0 Safari/537.36"
38.246.32.227 - - [21/Sep/2026:07:24:11 +0700] "POST /xmlrpc.php HTTP/1.1" 200 10144 "-" "Mozilla/5.0 (Windows NT 10.0; Win64; x64) AppleWebKit/537.36 (KHTML, like Gecko) Chrome/148.0.0.0 Safari/537.36 Edg/148.0.0.0"
38.246.32.227 - - [21/Sep/2026:07:24:13 +0700] "GET /bringing-extended-solutions-to-have-victories-because-wilds-stay-on-the-new-reels-getting-several-revolves/ HTTP/1.1" 200 59788 "-" "Mozilla/5.0 (Macintosh; Intel Mac OS X 10_15_7) AppleWebKit/605.1.15 (KHTML, like Gecko) Version/18.3.1 Safari/605.1.15"
38.246.32.227 - - [21/Sep/2026:07:24:11 +0700] "POST /xmlrpc.php HTTP/1.1" 200 181 "-" "Mozilla/5.0 (X11; Linux x86_64) AppleWebKit/537.36 (KHTML, like Gecko) Chrome/136.0.0.0 Safari/537.36"
177.251.254.90 - - [21/Sep/2026:07:24:11 +0700] "POST /xmlrpc.php HTTP/1.1" 200 181 "-" "Mozilla/5.0 (Macintosh; Intel Mac OS X 10_15_7) AppleWebKit/537.36 (KHTML, like Gecko) Chrome/135.0.0.0 Safari/537.36 Edg/135.0.0.0"
38.246.33.22 - - [21/Sep/2026:07:24:11 +0700] "POST /xmlrpc.php HTTP/1.1" 200 181 "-" "Mozilla/5.0 (Macintosh; Intel Mac OS X 10_15_7) AppleWebKit/537.36 (KHTML, like Gecko) Chrome/146.0.0.0 Safari/537.36"
38.246.33.22 - - [21/Sep/2026:07:24:24 +0700] "POST /xmlrpc.php HTTP/1.1" 200 10419 "-" "Mozilla/5.0 (X11; Linux x86_64) AppleWebKit/537.36 Chrome/124.0"
177.251.254.90 - - [21/Sep/2026:07:24:24 +0700] "POST /xmlrpc.php HTTP/1.1" 200 20744 "-" "Mozilla/5.0 (Windows NT 10.0; Win64; x64) AppleWebKit/537.36 (KHTML, like Gecko) Chrome/133.0.0.0 Safari/537.36"
38.246.32.227 - - [21/Sep/2026:07:24:24 +0700] "POST /xmlrpc.php HTTP/1.1" 200 11491 "-" "Mozilla/5.0 (Macintosh; Intel Mac OS X 10_15_7) AppleWebKit/605.1.15 (KHTML, like Gecko) Version/18.4 Safari/605.1.15"
38.246.32.227 - - [21/Sep/2026:07:24:22 +0700] "POST /xmlrpc.php HTTP/1.1" 200 181 "-" "Mozilla/5.0 (Macintosh; Intel Mac OS X 10_15_7) AppleWebKit/537.36 (KHTML, like Gecko) Chrome/133.0.0.0 Safari/537.36"
38.246.33.22 - - [21/Sep/2026:07:24:25 +0700] "GET /gehen-diese-dadurch-zur-financial-institution-rand-erkiesen-sie-deren-bevorzugte-aussicht-aufgebraucht-ferner-folgen-eltern-einen-anweisungen/ HTTP/1.1" 200 60762 "-" "Mozilla/5.0 (Macintosh; Intel Mac OS X 10_15_7) AppleWebKit/537.36 (KHTML, like Gecko) Chrome/116.0.0.0 Safari/537.36"
38.246.32.227 - - [21/Sep/2026:07:24:25 +0700] "GET /with-that-style-of-count-you-have-good-possibility-to-win/ HTTP/1.1" 200 60276 "-" "Mozilla/5.0 (Macintosh; Intel Mac OS X 10_15_7) AppleWebKit/537.36 (KHTML, like Gecko) Chrome/136.0.0.0 Safari/537.36"
38.246.33.22 - - [21/Sep/2026:07:24:25 +0700] "POST /xmlrpc.php HTTP/1.1" 200 181 "-" "Mozilla/5.0 (Windows NT 10.0; Win64; x64) AppleWebKit/537.36 (KHTML, like Gecko) Chrome/122.0.0.0 Safari/537.36"
38.246.32.227 - - [21/Sep/2026:07:24:33 +0700] "POST /xmlrpc.php HTTP/1.1" 200 9860 "-" "Mozilla/5.0 (Windows NT 10.0; Win64; x64) AppleWebKit/537.36 (KHTML, like Gecko) Chrome/131.0.0.0 Safari/537.36 Edg/131.0.0.0"
38.246.32.227 - - [21/Sep/2026:07:24:31 +0700] "POST /xmlrpc.php HTTP/1.1" 200 181 "-" "Mozilla/5.0 (Macintosh; Intel Mac OS X 10_15_7) AppleWebKit/537.36 (KHTML, like Gecko) Chrome/133.0.0.0 Safari/537.36"
177.251.254.90 - - [21/Sep/2026:07:24:34 +0700] "GET /%CF%84%CE%B1-10-%CE%BA%CE%B1%CE%BB%CF%8D%CF%84%CE%B5%CF%81%CE%B1-%CE%BA%CE%B1%CE%B6%CE%AF%CE%BD%CE%BF-%CE%BA%CE%B1%CE%B9-%CE%B5%CF%86%CE%B1%CF%81%CE%BC%CE%BF%CE%B3%CE%AD%CF%82-%CE%B3%CE%B9%CE%B1/ HTTP/1.1" 200 73384 "-" "Mozilla/5.0 (Windows NT 10.0; Win64; x64) AppleWebKit/537.36 (KHTML, like Gecko) Chrome/119.0.0.0 Safari/537.36"
38.246.32.227 - - [21/Sep/2026:07:24:34 +0700] "GET /that-is-an-old-%EF%BF%BDfruit%EF%BF%BD-position-that-have-obvious-functionality-nice-incentives-and-you-will-highest-high-quality-build/ HTTP/1.1" 200 59840 "-" "Mozilla/5.0 (Windows NT 10.0; Win64; x64) AppleWebKit/537.36 (KHTML, like Gecko) Chrome/148.0.0.0 Safari/537.36 Edg/148.0.0.0"
38.246.33.22 - - [21/Sep/2026:07:24:36 +0700] "POST /xmlrpc.php HTTP/1.1" 200 11676 "-" "Mozilla/5.0 (Macintosh; Intel Mac OS X 10_15_7) AppleWebKit/537.36 (KHTML, like Gecko) Chrome/120.0.0.0 Safari/537.36"
38.246.33.22 - - [21/Sep/2026:07:24:38 +0700] "GET /wesentlich-schneller-geht-dies-mit-sofortuberweisungen-wie-klarna-ebendiese-hinein-sekunden-abschlieen-und-direktemang-vom-bankkonto-abbuchen/ HTTP/1.1" 200 61993 "-" "Mozilla/5.0 (Windows NT 10.0; Win64; x64) AppleWebKit/537.36 (KHTML, like Gecko) Chrome/131.0.0.0 Safari/537.36"
38.246.32.227 - - [21/Sep/2026:07:24:40 +0700] "POST /xmlrpc.php HTTP/1.1" 200 10907 "-" "Mozilla/5.0 (Macintosh; Intel Mac OS X 10_15_7) AppleWebKit/605.1.15 (KHTML, like Gecko) Version/17.5 Safari/605.1.15"
38.246.32.227 - - [21/Sep/2026:07:24:42 +0700] "GET /the-fresh-5000-acceptance-added-bonus-is-just-accessible-to-slots/ HTTP/1.1" 200 59841 "-" "Mozilla/5.0 (Windows NT 10.0; Win64; x64) AppleWebKit/537.36 (KHTML, like Gecko) Chrome/133.0.0.0 Safari/537.36"
38.246.33.22 - - [21/Sep/2026:07:24:40 +0700] "POST /xmlrpc.php HTTP/1.1" 200 181 "-" "Mozilla/5.0 (Windows NT 10.0; Win64; x64; rv:128.0) Gecko/20100101 Firefox/128.0"
38.246.32.227 - - [21/Sep/2026:07:24:41 +0700] "POST /xmlrpc.php HTTP/1.1" 200 181 "-" "Mozilla/5.0 (Macintosh; Intel Mac OS X 10_15_7) AppleWebKit/537.36 (KHTML, like Gecko) Chrome/133.0.0.0 Safari/537.36"
38.246.33.22 - - [21/Sep/2026:07:24:51 +0700] "POST /xmlrpc.php HTTP/1.1" 200 10151 "-" "Mozilla/5.0 (Macintosh; Intel Mac OS X 10_15_7) AppleWebKit/537.36 (KHTML, like Gecko) Chrome/130.0.0.0 Safari/537.36"
38.246.33.22 - - [21/Sep/2026:07:24:52 +0700] "GET /unsereiner-mustern-in-verschiedenen-kriterien-entsprechend-unzweifelhaftigkeit-lizenzierung-bonusangebote-spielauswahl-kundensupport-weiters-auszahlungszeiten/ HTTP/1.1" 200 60774 "-" "Mozilla/5.0 (Macintosh; Intel Mac OS X 10.15; rv:138.0) Gecko/20100101 Firefox/138.0"
38.246.32.227 - - [21/Sep/2026:07:24:53 +0700] "POST /xmlrpc.php HTTP/1.1" 200 8902 "-" "Mozilla/5.0 (Macintosh; Intel Mac OS X 10_15_7) AppleWebKit/537.36 (KHTML, like Gecko) Chrome/136.0.0.0 Safari/537.36"
38.246.32.227 - - [21/Sep/2026:07:24:54 +0700] "GET /the-latest-position-insanity-review-has-the-benefit-of-a-detailed-examination-of-the-on-the-web-casinos-offerings/ HTTP/1.1" 200 58731 "-" "Mozilla/5.0 (Macintosh; Intel Mac OS X 10_15_7) AppleWebKit/605.1.15 (KHTML, like Gecko) Version/18.5 Safari/605.1.15"
38.246.32.227 - - [21/Sep/2026:07:24:51 +0700] "POST /xmlrpc.php HTTP/1.1" 200 181 "-" "Mozilla/5.0 (Windows NT 10.0; Win64; x64) AppleWebKit/537.36 (KHTML, like Gecko) Chrome/119.0.0.0 Safari/537.36"
38.246.33.22 - - [21/Sep/2026:07:24:51 +0700] "POST /xmlrpc.php HTTP/1.1" 200 181 "-" "Mozilla/5.0 (Macintosh; Intel Mac OS X 10_15_7) AppleWebKit/537.36 (KHTML, like Gecko) obsidian/1.8.10 Chrome/132.0.6834.196 Electron/34.2.0 Safari/537.36"
36.226.136.4 - - [21/Sep/2026:07:25:02 +0700] "POST /xmlrpc.php HTTP/1.1" 200 403 "-" "Mozilla/5.0 (Windows NT 10.0; Win64; x64; rv:136.0) Gecko/20100101 Firefox/136.0"
38.246.32.227 - - [21/Sep/2026:07:25:03 +0700] "POST /xmlrpc.php HTTP/1.1" 200 10496 "-" "Mozilla/5.0 (Windows NT 10.0; Win64; x64) AppleWebKit/537.36 (KHTML, like Gecko) Chrome/117.0.5938.132 Safari/537.36"
38.246.32.227 - - [21/Sep/2026:07:24:59 +0700] "POST /xmlrpc.php HTTP/1.1" 200 181 "-" "Mozilla/5.0 (Windows NT 10.0; Win64; x64) AppleWebKit/537.36 (KHTML, like Gecko) Chrome/135.0.0.0 Safari/537.36"
38.246.33.22 - - [21/Sep/2026:07:25:04 +0700] "POST /xmlrpc.php HTTP/1.1" 200 9336 "-" "Mozilla/5.0 (Macintosh; Intel Mac OS X 10_15_7) AppleWebKit/537.36 (KHTML, like Gecko) obsidian/1.6.5 Chrome/124.0.6367.243 Electron/30.1.2 Safari/537.36"
198.252.107.178 - - [21/Sep/2026:07:25:06 +0700] "POST /wp-cron.php?doing_wp_cron=1789950306.0281510353088378906250 HTTP/1.1" 200 - "-" "WordPress/7.1.1; https://veewin24hr.com"
38.246.32.227 - - [21/Sep/2026:07:25:04 +0700] "GET /this-was-the-simplest-quickest-purchase-i-experienced-ever-had-from-anywhere/ HTTP/1.1" 200 59625 "-" "Mozilla/5.0 (Macintosh; Intel Mac OS X 10_15_7) AppleWebKit/537.36 (KHTML, like Gecko) Chrome/133.0.0.0 Safari/537.36"
198.252.107.178 - - [21/Sep/2026:07:25:06 +0700] "POST /wp-cron.php?doing_wp_cron=1789950306.4292299747467041015625 HTTP/1.1" 200 - "-" "WordPress/7.1.1; https://veewin24hr.com"
38.246.33.22 - - [21/Sep/2026:07:25:05 +0700] "GET /nutzt-samtliche-spielsaal-bonusaktionen-nachfolgende-fur-paysafecard-einzahlungen-angeboten-seien/ HTTP/1.1" 200 58932 "-" "Mozilla/5.0 (Windows NT 10.0; Win64; x64) AppleWebKit/537.36 (KHTML, like Gecko) Chrome/145.0.0.0 Safari/537.36"
198.252.107.178 - - [21/Sep/2026:07:25:09 +0700] "POST /wp-cron.php?doing_wp_cron=1789950309.7433190345764160156250 HTTP/1.1" 200 - "-" "WordPress/7.1.1; https://veewin24hr.com"
38.246.33.22 - - [21/Sep/2026:07:25:03 +0700] "POST /xmlrpc.php HTTP/1.1" 200 181 "-" "Mozilla/5.0 (X11; Ubuntu; Linux x86_64; rv:136.0) Gecko/20100101 Firefox/136.0"
38.246.32.227 - - [21/Sep/2026:07:25:10 +0700] "POST /xmlrpc.php HTTP/1.1" 200 11545 "-" "Mozilla/5.0 (Windows NT 10.0; Win64; x64) AppleWebKit/537.36 (KHTML, like Gecko) Chrome/137.0.0.0 Safari/537.36"
38.246.32.227 - - [21/Sep/2026:07:25:11 +0700] "GET /their-winnings-from-the-bonuses-are-immediately-withdrawable-no-restriction-cashout-limits/ HTTP/1.1" 200 60937 "-" "Mozilla/5.0 (Macintosh; Intel Mac OS X 10.15; rv:137.0) Gecko/20100101 Firefox/137.0"
38.246.32.227 - - [21/Sep/2026:07:25:07 +0700] "POST /xmlrpc.php HTTP/1.1" 200 181 "-" "Mozilla/5.0 (Windows NT 10.0; Win64; x64) AppleWebKit/537.36 (KHTML, like Gecko) Chrome/145.0.0.0 Safari/537.36"
198.252.107.178 - - [21/Sep/2026:07:25:16 +0700] "POST /wp-cron.php?doing_wp_cron=1789950316.2621951103210449218750 HTTP/1.1" 200 - "-" "WordPress/7.1.1; https://veewin24hr.com"
38.246.33.22 - - [21/Sep/2026:07:25:15 +0700] "POST /xmlrpc.php HTTP/1.1" 200 12654 "-" "Mozilla/5.0 (Macintosh; Intel Mac OS X 10_15_7) AppleWebKit/537.36 (KHTML, like Gecko) Chrome/133.0.0.0 Safari/537.36"
38.246.33.22 - - [21/Sep/2026:07:25:17 +0700] "GET /hinein-ihnen-der-droben-angefuhrten-top-casinos-im-griff-haben-welche-ein-spezielles-bonusangebot-auftreiben/ HTTP/1.1" 200 62365 "-" "Mozilla/5.0 (Windows NT 10.0; Win64; x64; rv:135.0) Gecko/20100101 Firefox/135.0"
38.246.32.227 - - [21/Sep/2026:07:25:19 +0700] "POST /xmlrpc.php HTTP/1.1" 200 10401 "-" "Mozilla/5.0 (Macintosh; Intel Mac OS X 10_15_7) AppleWebKit/537.36 (KHTML, like Gecko) Chrome/136.0.0.0 Safari/537.36 Edg/136.0.0.0"
38.246.33.22 - - [21/Sep/2026:07:25:15 +0700] "POST /xmlrpc.php HTTP/1.1" 200 181 "-" "Mozilla/5.0 (Macintosh; Intel Mac OS X 10_15_7) AppleWebKit/605.1.15 (KHTML, like Gecko) Version/17.6 Safari/605.1.15"
198.252.107.178 - - [21/Sep/2026:07:25:21 +0700] "POST /wp-cron.php?doing_wp_cron=1789950321.2594358921051025390625 HTTP/1.1" 200 - "-" "WordPress/7.1.1; https://veewin24hr.com"
38.246.32.227 - - [21/Sep/2026:07:25:16 +0700] "POST /xmlrpc.php HTTP/1.1" 200 181 "-" "Mozilla/5.0 (Macintosh; Intel Mac OS X 10_15_7) AppleWebKit/605.1.15 (KHTML, like Gecko) Version/17.6 Safari/605.1.15"
38.246.32.227 - - [21/Sep/2026:07:25:20 +0700] "GET /participants-supplement-the-brand-new-sites-stability-short-winnings-and-you-can-responsive-support/ HTTP/1.1" 200 59988 "-" "Mozilla/5.0 (Windows NT 10.0; Win64; x64; rv:135.0) Gecko/20100101 Firefox/135.0"
109.176.207.116 - - [21/Sep/2026:07:25:24 +0700] "GET /kunsten-at-vlge-et-casino-uden-rofus-og-gre-det/ HTTP/1.1" 200 56605 "https://www.google.com/search?q=veewin24hr.com&source=hp&ei=ptBNeA&ved=0ahUKEwj5d8478c247e8616c0461&oq=veewin24hr.com" "Mozilla/5.0 (Linux; Android 14; SM-S928B) AppleWebKit/537.36 (KHTML, like Gecko) Chrome/131.0.7870.222 Mobile Safari/537.36"
38.246.33.22 - - [21/Sep/2026:07:25:27 +0700] "POST /xmlrpc.php HTTP/1.1" 200 12300 "-" "Mozilla/5.0 (Windows NT 10.0; Win64; x64) AppleWebKit/537.36 (KHTML, like Gecko) Chrome/147.0.0.0 Safari/537.36"
38.246.32.227 - - [21/Sep/2026:07:25:27 +0700] "POST /xmlrpc.php HTTP/1.1" 200 8304 "-" "Mozilla/5.0 (Macintosh; Intel Mac OS X 10_15_7) AppleWebKit/537.36 (KHTML, like Gecko) Chrome/130.0.0.0 Safari/537.36"
38.246.32.227 - - [21/Sep/2026:07:25:24 +0700] "POST /xmlrpc.php HTTP/1.1" 200 181 "-" "Mozilla/5.0 (Macintosh; Intel Mac OS X 10_15_7) AppleWebKit/537.36 (KHTML, like Gecko) Chrome/116.0.0.0 Safari/537.36"
38.246.32.227 - - [21/Sep/2026:07:25:28 +0700] "GET /immediately-after-logged-inside-your-own-custom-dash-screens-your-current-balance-energetic-incentives-and-you-can-current-betting-record/ HTTP/1.1" 200 58541 "-" "Mozilla/5.0 (Macintosh; Intel Mac OS X 10_15_7) AppleWebKit/537.36 (KHTML, like Gecko) Chrome/135.0.0.0 Safari/537.36"
38.246.33.22 - - [21/Sep/2026:07:25:28 +0700] "GET /wesentlich-ist-ebendiese-bonusbedingungen-hinten-werten-dort-manche-provider-jedoch-bestimmte-zahlungsmethoden-lizenzieren/ HTTP/1.1" 200 62261 "-" "Mozilla/5.0 (Windows NT 10.0; Win64; x64) AppleWebKit/537.36 (KHTML, like Gecko) Chrome/129.0.0.0 Safari/537.36"
38.246.33.22 - - [21/Sep/2026:07:25:28 +0700] "POST /xmlrpc.php HTTP/1.1" 200 181 "-" "Mozilla/5.0 (Macintosh; Intel Mac OS X 10_15_7) AppleWebKit/537.36 (KHTML, like Gecko) Chrome/120.0.0.0 Safari/537.36"
38.246.32.227 - - [21/Sep/2026:07:25:34 +0700] "POST /xmlrpc.php HTTP/1.1" 200 8853 "-" "Mozilla/5.0 (Macintosh; Intel Mac OS X 10_15_7) AppleWebKit/605.1.15 (KHTML, like Gecko) Version/18.1 Safari/605.1.15"
38.246.32.227 - - [21/Sep/2026:07:25:32 +0700] "POST /xmlrpc.php HTTP/1.1" 200 181 "-" "Mozilla/5.0 (Windows NT 10.0; Win64; x64) AppleWebKit/537.36 (KHTML, like Gecko) Chrome/134.0.0.0 YaBrowser/25.4.0.0 Safari/537.36"
38.246.32.227 - - [21/Sep/2026:07:25:36 +0700] "GET /the-money-struck-our-very-own-purse-within-just-an-hour/ HTTP/1.1" 200 57667 "-" "Mozilla/5.0 (Windows NT 10.0; Win64; x64) AppleWebKit/537.36 (KHTML, like Gecko) Chrome/137.0.0.0 Safari/537.36"
38.246.33.22 - - [21/Sep/2026:07:25:39 +0700] "POST /xmlrpc.php HTTP/1.1" 200 12774 "-" "Mozilla/5.0 (Windows NT 10.0; Win64; x64) AppleWebKit/537.36 (KHTML, like Gecko) Chrome/124.0.0.0 Safari/537.36"
38.246.33.22 - - [21/Sep/2026:07:25:41 +0700] "GET /im-zuge-dessen-bekommst-du-einfach-mehr-raum-zum-probieren-der-individuelle-bezeichnung/ HTTP/1.1" 200 62101 "-" "Mozilla/5.0 (Macintosh; Intel Mac OS X 10_15_7) AppleWebKit/605.1.15 (KHTML, like Gecko) Version/17.5 Safari/605.1.15"
38.246.32.227 - - [21/Sep/2026:07:25:43 +0700] "POST /xmlrpc.php HTTP/1.1" 200 8788 "-" "Mozilla/5.0 (Windows NT 10.0; Win64; x64) AppleWebKit/537.36 (KHTML, like Gecko) Chrome/134.0.0.0 YaBrowser/25.4.0.0 Safari/537.36"
38.246.33.22 - - [21/Sep/2026:07:25:38 +0700] "POST /xmlrpc.php HTTP/1.1" 200 181 "-" "Mozilla/5.0 (X11; Linux x86_64) AppleWebKit/537.36 (KHTML, like Gecko) Chrome/130.0.0.0 Safari/537.36"
38.246.32.227 - - [21/Sep/2026:07:25:44 +0700] "GET /there-are-other-than-simply-15-digital-money-possibilities-together-with-bitcoin-ethereum-and-cardano/ HTTP/1.1" 200 58399 "-" "Mozilla/5.0 (Macintosh; Intel Mac OS X 10_15_7) AppleWebKit/537.36"
38.246.32.227 - - [21/Sep/2026:07:25:40 +0700] "POST /xmlrpc.php HTTP/1.1" 200 181 "-" "Mozilla/5.0 (Windows NT 10.0; Win64; x64) AppleWebKit/537.36 (KHTML, like Gecko) Chrome/131.0.0.0 Safari/537.36 Edg/131.0.0.0"
38.246.33.22 - - [21/Sep/2026:07:25:49 +0700] "POST /xmlrpc.php HTTP/1.1" 200 10571 "-" "Mozilla/5.0 (Macintosh; Intel Mac OS X 10.15; rv:138.0) Gecko/20100101 Firefox/138.0"
38.246.32.227 - - [21/Sep/2026:07:25:51 +0700] "POST /xmlrpc.php HTTP/1.1" 200 9602 "-" "Mozilla/5.0 (Macintosh; Intel Mac OS X 10_15_7) AppleWebKit/537.36 (KHTML, like Gecko) Chrome/146.0.0.0 Safari/537.36"
38.246.33.22 - - [21/Sep/2026:07:25:51 +0700] "GET /daraus-ergibt-sich-respons-bekommst-etliche-retro-%EF%BF%BD-das-spiel-ist-wie-am-schnurchen-lukrativer/ HTTP/1.1" 200 60223 "-" "Mozilla/5.0 (Windows NT 10.0; Win64; x64; rv:151.0) Gecko/20100101 Firefox/151.0"
38.246.32.227 - - [21/Sep/2026:07:25:47 +0700] "POST /xmlrpc.php HTTP/1.1" 200 181 "-" "Mozilla/5.0 (Windows NT 10.0; Win64; x64) AppleWebKit/537.36 (KHTML, like Gecko) Chrome/145.0.0.0 Safari/537.36"
38.246.32.227 - - [21/Sep/2026:07:25:53 +0700] "GET /generally-because-you-enjoy-more-about-the-gambling-establishment-program-youll-performs-your-path-upwards-their-levels/ HTTP/1.1" 200 59452 "-" "Mozilla/5.0 (Windows NT 10.0; Win64; x64) AppleWebKit/537.36 (KHTML, like Gecko) Chrome/131.0.0.0 Safari/537.36 Edg/131.0.0.0"
38.246.33.22 - - [21/Sep/2026:07:25:48 +0700] "POST /xmlrpc.php HTTP/1.1" 200 181 "-" "Mozilla/5.0 (Windows NT 10.0; Win64; x64; rv:138.0) Gecko/20100101 Firefox/138.0"
38.246.32.227 - - [21/Sep/2026:07:25:59 +0700] "POST /xmlrpc.php HTTP/1.1" 200 11795 "-" "Mozilla/5.0 (Macintosh; Intel Mac OS X 10_15_7) AppleWebKit/537.36 (KHTML, like Gecko) Chrome/129.0.0.0 Safari/537.36"
38.246.32.227 - - [21/Sep/2026:07:25:54 +0700] "POST /xmlrpc.php HTTP/1.1" 200 181 "-" "Mozilla/5.0 (Windows NT 10.0; Win64; x64; rv:137.0) Gecko/20100101 Firefox/137.0"
38.246.32.227 - - [21/Sep/2026:07:26:01 +0700] "GET /the-fresh-betting-conditions-of-any-added-bonus-should-be-done-inside-10-days-of-the-activation/ HTTP/1.1" 200 61245 "-" "Mozilla/5.0 (Windows NT 10.0; Win64; x64) AppleWebKit/537.36 (KHTML, like Gecko) Chrome/129.0.0.0 Safari/537.36"
38.246.33.22 - - [21/Sep/2026:07:26:03 +0700] "POST /xmlrpc.php HTTP/1.1" 200 9841 "-" "Mozilla/5.0 (X11; Linux x86_64; rv:138.0) Gecko/20100101 Firefox/138.0"
15.235.145.198 - - [21/Sep/2026:07:26:03 +0700] "GET /goldbet-casino-magyarorszag-hivatalos-oldal-2026/ HTTP/1.1" 200 58543 "https://veewin24hr.com/" "Mozilla/5.0 (X11; Linux x86_64; rv:128.0) Gecko/20100101 Firefox/128.0"
15.235.145.198 - - [21/Sep/2026:07:26:05 +0700] "GET /?p=27652 HTTP/1.1" 301 - "https://veewin24hr.com/goldbet-casino-magyarorszag-hivatalos-oldal-2026/" "Mozilla/5.0 (X11; Linux x86_64; rv:128.0) Gecko/20100101 Firefox/128.0"
38.246.33.22 - - [21/Sep/2026:07:25:58 +0700] "POST /xmlrpc.php HTTP/1.1" 200 181 "-" "Mozilla/5.0 (Windows NT 10.0; Win64; x64) AppleWebKit/537.36 (KHTML, like Gecko) Chrome/133.0.0.0 Safari/537.36"
38.246.33.22 - - [21/Sep/2026:07:26:05 +0700] "GET /ungeachtet-dies-existireren-zudem-jede-menge-andere-fragen-ebendiese-in-der-auswertung-des-bonusangebots-relevant-konnen/ HTTP/1.1" 200 59780 "-" "Mozilla/5.0 (Macintosh; Intel Mac OS X 10_15_7) AppleWebKit/605.1.15 (KHTML, like Gecko) Version/18.5 Safari/605.1.15"
15.235.145.198 - - [21/Sep/2026:07:26:06 +0700] "GET /online-casino-tournaments-uk-2026/ HTTP/1.1" 200 67360 "https://veewin24hr.com/?p=27652" "Mozilla/5.0 (X11; Linux x86_64; rv:128.0) Gecko/20100101 Firefox/128.0"
38.246.32.227 - - [21/Sep/2026:07:26:07 +0700] "POST /xmlrpc.php HTTP/1.1" 200 10602 "-" "Mozilla/5.0 (X11; Linux x86_64) AppleWebKit/537.36 (KHTML, like Gecko) Chrome/129.0.0.0 Safari/537.36"
38.246.32.227 - - [21/Sep/2026:07:26:10 +0700] "GET /totally-happy-and-you-can-perform-recommend-in-order-to-whoever-enjoys-internet-casino-enjoy/ HTTP/1.1" 200 59984 "-" "Mozilla/5.0 (Windows NT 10.0; Win64; x64) AppleWebKit/537.36 (KHTML, like Gecko) Chrome/129.0.0.0 Safari/537.36"
38.246.32.227 - - [21/Sep/2026:07:26:01 +0700] "POST /xmlrpc.php HTTP/1.1" 200 181 "-" "Mozilla/5.0 (X11; Linux x86_64) AppleWebKit/537.36 (KHTML, like Gecko) Chrome/130.0.0.0 Safari/537.36"
38.246.33.22 - - [21/Sep/2026:07:26:14 +0700] "POST /xmlrpc.php HTTP/1.1" 200 11630 "-" "Mozilla/5.0 (X11; Ubuntu; Linux x86_64; rv:136.0) Gecko/20100101 Firefox/136.0"
38.246.33.22 - - [21/Sep/2026:07:26:15 +0700] "GET /vielleicht-unerlaubtes-glucksspiel-wird-aufsichtlich-vorgegangen-unter-anderem-versorger-handhaben-sich-strafbar/ HTTP/1.1" 200 61428 "-" "Mozilla/5.0 (Windows NT 10.0; Win64; x64) AppleWebKit/537.36 (KHTML, like Gecko) Chrome/126.0.0.0 Safari/537.36"
38.246.33.22 - - [21/Sep/2026:07:26:06 +0700] "POST /xmlrpc.php HTTP/1.1" 200 181 "-" "Mozilla/5.0 (Macintosh; Intel Mac OS X 10.15; rv:150.0) Gecko/20100101 Firefox/150.0"
38.246.32.227 - - [21/Sep/2026:07:26:19 +0700] "POST /xmlrpc.php HTTP/1.1" 200 10971 "-" "Mozilla/5.0 (Macintosh; Intel Mac OS X 10_15_7) AppleWebKit/537.36"
38.246.32.227 - - [21/Sep/2026:07:26:08 +0700] "POST /xmlrpc.php HTTP/1.1" 200 181 "-" "Mozilla/5.0 (Windows NT 10.0; Win64; x64) AppleWebKit/537.36 (KHTML, like Gecko) Chrome/129.0.0.0 Safari/537.36"
38.246.32.227 - - [21/Sep/2026:07:26:20 +0700] "GET /your-winnings-from-the-bonuses-are-instantaneously-withdrawable-and-no-restriction-cashout-constraints/ HTTP/1.1" 200 60526 "-" "Mozilla/5.0 (Windows NT 10.0; Win64; x64) AppleWebKit/537.36 (KHTML, like Gecko) Chrome/109.0.0.0 Safari/537.36"
198.252.107.178 - - [21/Sep/2026:07:26:23 +0700] "POST /wp-cron.php?doing_wp_cron=1789950383.2981760501861572265625 HTTP/1.1" 200 - "-" "WordPress/7.1.1; https://veewin24hr.com"
38.246.33.22 - - [21/Sep/2026:07:26:25 +0700] "POST /xmlrpc.php HTTP/1.1" 200 10305 "-" "Mozilla/5.0 (Macintosh; Intel Mac OS X 10_15_7) AppleWebKit/605.1.15 (KHTML, like Gecko) Version/18.1 Safari/605.1.15"
38.246.32.227 - - [21/Sep/2026:07:26:26 +0700] "POST /xmlrpc.php HTTP/1.1" 200 11581 "-" "Mozilla/5.0 (Macintosh; Intel Mac OS X 10_15_7) AppleWebKit/605.1.15 (KHTML, like Gecko) Version/26.4 Safari/605.1.15"
198.252.107.178 - - [21/Sep/2026:07:26:27 +0700] "POST /wp-cron.php?doing_wp_cron=1789950387.4310479164123535156250 HTTP/1.1" 200 - "-" "WordPress/7.1.1; https://veewin24hr.com"
38.246.33.22 - - [21/Sep/2026:07:26:15 +0700] "POST /xmlrpc.php HTTP/1.1" 200 181 "-" "Mozilla/5.0 (Macintosh; Intel Mac OS X 10_15_7) AppleWebKit/605.1.15 (KHTML, like Gecko) Version/18.3.1 Safari/605.1.15"
38.246.33.22 - - [21/Sep/2026:07:26:28 +0700] "GET /dwell-hier-reibungslos-weiter-ferner-erkunde-unsrige-erfolgreichsten-informationen-unter-anderem-secrets-hinter-den-seriosen-zahlungsmethoden/ HTTP/1.1" 200 60600 "-" "Mozilla/5.0 (Macintosh; Intel Mac OS X 10_15_7) AppleWebKit/537.36 (KHTML, like Gecko) Chrome/133.0.0.0 Safari/537.36"
38.246.32.227 - - [21/Sep/2026:07:26:16 +0700] "POST /xmlrpc.php HTTP/1.1" 200 181 "-" "Mozilla/5.0 (X11; Linux x86_64; rv:138.0) Gecko/20100101 Firefox/138.0"
38.246.32.227 - - [21/Sep/2026:07:26:29 +0700] "GET /your-earnings-from-the-bonuses-is-immediately-withdrawable-without-limit-cashout-restrictions/ HTTP/1.1" 200 61006 "-" "Mozilla/5.0 (Windows NT 10.0; Win64; x64) AppleWebKit/537.36 (KHTML, like Gecko) obsidian/1.8.9 Chrome/132.0.6834.210 Electron/34.3.0 Safari/537.36"
198.252.107.178 - - [21/Sep/2026:07:26:29 +0700] "POST /wp-cron.php?doing_wp_cron=1789950389.4951488971710205078125 HTTP/1.1" 200 - "-" "WordPress/7.1.1; https://veewin24hr.com"
198.252.107.178 - - [21/Sep/2026:07:26:34 +0700] "POST /wp-cron.php?doing_wp_cron=1789950394.0141129493713378906250 HTTP/1.1" 200 - "-" "WordPress/7.1.1; https://veewin24hr.com"
38.246.33.22 - - [21/Sep/2026:07:26:20 +0700] "POST /xmlrpc.php HTTP/1.1" 200 181 "-" "Mozilla/5.0 (Windows NT 10.0; Win64; x64) AppleWebKit/537.36 (KHTML, like Gecko) Chrome/134.0.0.0 YaBrowser/25.4.0.0 Safari/537.36"
38.246.33.22 - - [21/Sep/2026:07:26:34 +0700] "POST /xmlrpc.php HTTP/1.1" 200 11881 "-" "Mozilla/5.0 (Windows NT 10.0; Win64; x64) AppleWebKit/537.36 (KHTML, like Gecko) obsidian/1.8.4 Chrome/130.0.6723.191 Electron/33.3.2 Safari/537.36"
38.246.32.227 - - [21/Sep/2026:07:26:21 +0700] "POST /xmlrpc.php HTTP/1.1" 200 181 "-" "Mozilla/5.0 (Macintosh; Intel Mac OS X 10_15_7) AppleWebKit/537.36 (KHTML, like Gecko) Chrome/146.0.0.0 Safari/537.36"
198.252.107.178 - - [21/Sep/2026:07:26:35 +0700] "POST /wp-cron.php?doing_wp_cron=1789950395.8452339172363281250000 HTTP/1.1" 200 - "-" "WordPress/7.1.1; https://veewin24hr.com"
38.246.33.22 - - [21/Sep/2026:07:26:36 +0700] "GET /dort-sie-sind-diese-erfolgreichen-spielautomaten-zuganglich-zwar-beilaufig-eigene-spiele-mit-einen-bildern-unter-anderem-tonen/ HTTP/1.1" 200 61878 "-" "Mozilla/5.0 (Windows NT 10.0; Win64; x64; rv:138.0) Gecko/20100101 Firefox/138.0"
38.246.32.227 - - [21/Sep/2026:07:26:36 +0700] "POST /xmlrpc.php HTTP/1.1" 200 9752 "-" "Mozilla/5.0 (Macintosh; Intel Mac OS X 10_15_7) AppleWebKit/537.36"
38.246.33.22 - - [21/Sep/2026:07:26:40 +0700] "POST /xmlrpc.php HTTP/1.1" 200 10574 "-" "Mozilla/5.0 (Windows NT 10.0; Win64; x64) AppleWebKit/537.36 (KHTML, like Gecko) Chrome/122.0.0.0 Safari/537.36"
38.246.33.22 - - [21/Sep/2026:07:26:28 +0700] "POST /xmlrpc.php HTTP/1.1" 200 181 "-" "Mozilla/5.0 (Macintosh; Intel Mac OS X 10_15_7) AppleWebKit/605.1.15 (KHTML, like Gecko) Version/18.3.1 Safari/605.1.15"
198.252.107.178 - - [21/Sep/2026:07:26:41 +0700] "POST /wp-cron.php?doing_wp_cron=1789950401.6915950775146484375000 HTTP/1.1" 200 - "-" "WordPress/7.1.1; https://veewin24hr.com"
38.246.32.227 - - [21/Sep/2026:07:26:41 +0700] "GET /one-of-these-similarities-that-we-found-try-the-minimum-put-regarding-thirty/ HTTP/1.1" 200 58885 "-" "Mozilla/5.0 (Macintosh; Intel Mac OS X 10_15_7) AppleWebKit/537.36 (KHTML, like Gecko) Chrome/146.0.0.0 Safari/537.36"
38.246.32.227 - - [21/Sep/2026:07:26:29 +0700] "POST /xmlrpc.php HTTP/1.1" 200 181 "-" "Mozilla/5.0 (Macintosh; Intel Mac OS X 10_15_7) AppleWebKit/537.36 (KHTML, like Gecko) Chrome/135.0.0.0 Safari/537.36"
38.246.33.22 - - [21/Sep/2026:07:26:35 +0700] "POST /xmlrpc.php HTTP/1.1" 200 181 "-" "Mozilla/5.0 (Windows NT 10.0; Win64; x64) AppleWebKit/537.36 (KHTML, like Gecko) Chrome/133.0.0.0 Safari/537.36"
38.246.33.22 - - [21/Sep/2026:07:26:42 +0700] "GET /euren-willkommensbonus-als-neukunde-konnt-ihr-wohl-dennoch-fruher-pluspunkt-moglicherweise-sekundar-qua-einem-besonderen-bonuscode/ HTTP/1.1" 200 60675 "-" "Mozilla/5.0 (Macintosh; Intel Mac OS X 10_15_7) AppleWebKit/537.36 (KHTML, like Gecko) Chrome/135.0.0.0 Safari/537.36 Edg/135.0.0.0"
38.246.32.227 - - [21/Sep/2026:07:26:43 +0700] "POST /xmlrpc.php HTTP/1.1" 200 9106 "-" "Mozilla/5.0 (Windows NT 10.0; Win64; x64) AppleWebKit/537.36 (KHTML, like Gecko) Chrome/145.0.0.0 Safari/537.36"
198.252.107.178 - - [21/Sep/2026:07:26:48 +0700] "POST /wp-cron.php?doing_wp_cron=1789950408.1915080547332763671875 HTTP/1.1" 200 - "-" "WordPress/7.1.1; https://veewin24hr.com"
38.246.32.227 - - [21/Sep/2026:07:26:35 +0700] "POST /xmlrpc.php HTTP/1.1" 200 181 "-" "Mozilla/5.0 (Windows NT 10.0; Win64; x64) AppleWebKit/537.36 (KHTML, like Gecko) obsidian/1.8.10 Chrome/132.0.6834.196 Electron/34.2.0 Safari/537.36"
38.246.33.22 - - [21/Sep/2026:07:26:48 +0700] "POST /xmlrpc.php HTTP/1.1" 200 9319 "-" "Mozilla/5.0 (Macintosh; Intel Mac OS X 10.15; rv:150.0) Gecko/20100101 Firefox/150.0"
38.246.33.22 - - [21/Sep/2026:07:26:41 +0700] "POST /xmlrpc.php HTTP/1.1" 200 181 "-" "Mozilla/5.0 (Macintosh; Intel Mac OS X 10_15_7) AppleWebKit/537.36 (KHTML, like Gecko) Chrome/130.0.0.0 Safari/537.36"
198.252.107.178 - - [21/Sep/2026:07:26:52 +0700] "POST /wp-cron.php?doing_wp_cron=1789950412.7977759838104248046875 HTTP/1.1" 200 - "-" "WordPress/7.1.1; https://veewin24hr.com"
38.246.32.227 - - [21/Sep/2026:07:26:50 +0700] "GET /flash-discounts-provides-their-particular-private-expiry-screen-stated-in-the-latest-campaign-words/ HTTP/1.1" 200 58634 "-" "Mozilla/5.0 (Macintosh; Intel Mac OS X 10_15_7) AppleWebKit/537.36 (KHTML, like Gecko) Chrome/122.0.0.0 Safari/537.36"
38.246.33.22 - - [21/Sep/2026:07:26:55 +0700] "POST /xmlrpc.php HTTP/1.1" 200 11043 "-" "Mozilla/5.0 (Windows NT 10.0; Win64; x64; rv:150.0) Gecko/20100101 Firefox/150.0"
38.246.32.227 - - [21/Sep/2026:07:26:55 +0700] "POST /xmlrpc.php HTTP/1.1" 200 10699 "-" "Mozilla/5.0 (Windows NT 10.0; Win64; x64) AppleWebKit/537.36 (KHTML, like Gecko) Chrome/131.0.0.0 Safari/537.36 Edg/131.0.0.0"
38.246.33.22 - - [21/Sep/2026:07:26:56 +0700] "GET /unser-moglich-kasino-sperrliste-wird-ewig-aktualisiert-unter-anderem-war-vertraut-abrufbar/ HTTP/1.1" 200 58818 "-" "Mozilla/5.0 (X11; Linux x86_64) AppleWebKit/537.36 (KHTML, like Gecko) Chrome/131.0.0.0 Safari/537.36"
38.246.32.227 - - [21/Sep/2026:07:26:43 +0700] "POST /xmlrpc.php HTTP/1.1" 200 181 "-" "Mozilla/5.0 (Windows NT 10.0; Win64; x64) AppleWebKit/537.36 (KHTML, like Gecko) Chrome/130.0.0.0 Safari/537.36"
38.246.33.22 - - [21/Sep/2026:07:26:47 +0700] "POST /xmlrpc.php HTTP/1.1" 200 181 "-" "Mozilla/5.0 (Macintosh; Intel Mac OS X 10.15; rv:138.0) Gecko/20100101 Firefox/138.0"
38.246.32.227 - - [21/Sep/2026:07:26:59 +0700] "POST /xmlrpc.php HTTP/1.1" 200 9293 "-" "Mozilla/5.0 (X11; Ubuntu; Linux x86_64; rv:137.0) Gecko/20100101 Firefox/137.0"
38.246.33.22 - - [21/Sep/2026:07:26:59 +0700] "GET /ein-optimale-bonusbetrag-betragt-750%EF%BF%BD-in-der-ersten-einzahlung-mehr-bonusteile-vernehmen-bei-der-5/ HTTP/1.1" 200 60726 "-" "Mozilla/5.0 (X11; Linux x86_64) AppleWebKit/537.36 (KHTML, like Gecko) Chrome/135.0.0.0 Safari/537.36"
38.246.32.227 - - [21/Sep/2026:07:26:50 +0700] "POST /xmlrpc.php HTTP/1.1" 200 181 "-" "Mozilla/5.0 (Windows NT 10.0; Win64; x64; rv:135.0) Gecko/20100101 Firefox/135.0"
38.246.32.227 - - [21/Sep/2026:07:27:00 +0700] "GET /to-start-to-play-simply-create-a-merchant-account-from-the-slotomania/ HTTP/1.1" 200 59697 "-" "Mozilla/5.0 (Macintosh; Intel Mac OS X 10_15_7) AppleWebKit/537.36 (KHTML, like Gecko) Chrome/129.0.0.0 Safari/537.36"
38.246.33.22 - - [21/Sep/2026:07:27:02 +0700] "POST /xmlrpc.php HTTP/1.1" 200 12168 "-" "Mozilla/5.0 (Macintosh; Intel Mac OS X 10_15_7) AppleWebKit/537.36 (KHTML, like Gecko) Chrome/136.0.0.0 Safari/537.36 Edg/136.0.0.0"
38.246.33.22 - - [21/Sep/2026:07:26:55 +0700] "POST /xmlrpc.php HTTP/1.1" 200 181 "-" "Mozilla/5.0 (Windows NT 10.0; Win64; x64) AppleWebKit/537.36 (KHTML, like Gecko) Chrome/134.0.0.0 Safari/537.36"
38.246.32.227 - - [21/Sep/2026:07:27:07 +0700] "GET /although-not-there-are-even-diagonal-paylines-and-zigzag-activities-that-offer-varied-successful-combinations/ HTTP/1.1" 200 58932 "-" "Mozilla/5.0 (Windows NT 10.0; Win64; x64; rv:136.0) Gecko/20100101 Firefox/136.0"
38.246.33.22 - - [21/Sep/2026:07:27:10 +0700] "GET /casinos-mit-einigen-einschrankungen-sensen-schlechter-nicht-bevor-amyotrophic-lateral-sclerosis-lieferant-unter-einsatz-von-klaren-fairen-unter-anderem-transparenten-bonusregeln/ HTTP/1.1" 200 63046 "-" "Mozilla/5.0 (Windows NT 10.0; Win64; x64) AppleWebKit/537.36 (KHTML, like Gecko) obsidian/1.8.9 Chrome/132.0.6834.210 Electron/34.3.0 Safari/537.36"
38.246.32.227 - - [21/Sep/2026:07:26:57 +0700] "POST /xmlrpc.php HTTP/1.1" 200 181 "-" "Mozilla/5.0 (Windows NT 10.0; Win64; x64; rv:138.0) Gecko/20100101 Firefox/138.0"
38.246.32.227 - - [21/Sep/2026:07:27:11 +0700] "POST /xmlrpc.php HTTP/1.1" 200 8431 "-" "Mozilla/5.0 (Windows NT 10.0; Win64; x64; rv:151.0) Gecko/20100101 Firefox/151.0"
38.246.33.22 - - [21/Sep/2026:07:27:12 +0700] "POST /xmlrpc.php HTTP/1.1" 200 10074 "-" "Mozilla/5.0 (X11; Linux x86_64; rv:137.0) Gecko/20100101 Firefox/137.0"
38.246.32.227 - - [21/Sep/2026:07:27:14 +0700] "POST /xmlrpc.php HTTP/1.1" 200 8385 "-" "Mozilla/5.0 (Windows NT 10.0; Win64; x64) AppleWebKit/537.36 (KHTML, like Gecko) Chrome/134.0.0.0 Safari/537.36 Edg/134.0.0.0"
38.246.32.227 - - [21/Sep/2026:07:27:16 +0700] "GET /log-on-to-your-account-take-a-look-at-%EF%BF%BDmy-personal-rewards%EF%BF%BD-and-you-will-allege-qualified-no-put-bonuses/ HTTP/1.1" 200 58282 "-" "Mozilla/5.0 (Macintosh; Intel Mac OS X 10_15_7) AppleWebKit/537.36 (KHTML, like Gecko) Chrome/146.0.0.0 Safari/537.36"
38.246.32.227 - - [21/Sep/2026:07:27:05 +0700] "POST /xmlrpc.php HTTP/1.1" 200 181 "-" "Mozilla/5.0 (Macintosh; Intel Mac OS X 10_15_7) AppleWebKit/537.36 (KHTML, like Gecko) obsidian/1.8.9 Chrome/132.0.6834.210 Electron/34.3.0 Safari/537.36"
38.246.33.22 - - [21/Sep/2026:07:27:02 +0700] "POST /xmlrpc.php HTTP/1.1" 200 181 "-" "Mozilla/5.0 (Macintosh; Intel Mac OS X 10_15_7) AppleWebKit/537.36 (KHTML, like Gecko) Chrome/131.0.0.0 Safari/537.36"
38.246.33.22 - - [21/Sep/2026:07:27:10 +0700] "POST /xmlrpc.php HTTP/1.1" 200 181 "-" "Mozilla/5.0 (Macintosh; Intel Mac OS X 10_15_7) AppleWebKit/605.1.15 (KHTML, like Gecko) Version/16.6 Safari/605.1.15"
38.246.33.22 - - [21/Sep/2026:07:27:16 +0700] "POST /xmlrpc.php HTTP/1.1" 200 10355 "-" "Mozilla/5.0 (Macintosh; Intel Mac OS X 10_15_7) AppleWebKit/537.36"
38.246.33.22 - - [21/Sep/2026:07:27:17 +0700] "GET /in-slots-kannst-respons-schon-etwas-nicht-eher-als-just-one9-1-%EF%BF%BD-fur-spin-spielen-manche-selbst-nicht-bevor-twod-%EF%BF%BD/ HTTP/1.1" 200 60228 "-" "Mozilla/5.0 (Macintosh; Intel Mac OS X 10.15; rv:138.0) Gecko/20100101 Firefox/138.0"
38.246.32.227 - - [21/Sep/2026:07:27:20 +0700] "POST /xmlrpc.php HTTP/1.1" 200 8951 "-" "Mozilla/5.0 (Windows NT 10.0; Win64; x64) AppleWebKit/537.36 (KHTML, like Gecko) Chrome/135.0.0.0 Safari/537.36"
38.246.32.227 - - [21/Sep/2026:07:27:18 +0700] "GET /if-you-love-to-try-out-a-wide-variety-of-online-slots-games-everygame-casino-are-a-premier-interest/ HTTP/1.1" 200 57928 "-" "Mozilla/5.0 (Windows NT 10.0; Win64; x64) AppleWebKit/537.36 (KHTML, like Gecko) Chrome/135.0.0.0 Safari/537.36 Edg/135.0.0.0"
38.246.32.227 - - [21/Sep/2026:07:27:10 +0700] "POST /xmlrpc.php HTTP/1.1" 200 181 "-" "Mozilla/5.0 (Windows NT 10.0; Win64; x64; rv:138.0) Gecko/20100101 Firefox/138.0"
38.246.33.22 - - [21/Sep/2026:07:27:22 +0700] "GET /das-durchlauf-angeschaltet-slots-an-dieser-stelle-funktioniert-wie-hinsichtlich-inside-landbasierten-spielotheken-ferner-spielbanken/ HTTP/1.1" 200 60488 "-" "Mozilla/5.0 (Windows NT 10.0; Win64; x64) AppleWebKit/537.36 (KHTML, like Gecko) Chrome/122.0.0.0 Safari/537.36"
38.246.32.227 - - [21/Sep/2026:07:27:24 +0700] "GET /sizzling-hot-miss-jackpots-is-actually-modern-jackpots-certain-to-strike-within-specific-timeframes-each-hour-every-day-or-a-week/ HTTP/1.1" 200 59004 "-" "Mozilla/5.0 (Windows NT 10.0; Win64; x64) AppleWebKit/537.36 (KHTML, like Gecko) Chrome/124.0 Safari/537.36"
38.246.32.227 - - [21/Sep/2026:07:27:26 +0700] "POST /xmlrpc.php HTTP/1.1" 200 8039 "-" "Mozilla/5.0 (X11; Linux x86_64) AppleWebKit/537.36 Chrome/124.0"
38.246.33.22 - - [21/Sep/2026:07:27:28 +0700] "POST /xmlrpc.php HTTP/1.1" 200 10412 "-" "Mozilla/5.0 (Macintosh; Intel Mac OS X 10_15_7) AppleWebKit/537.36 (KHTML, like Gecko) Chrome/145.0.0.0 Safari/537.36 OPR/129.0.0.0"
38.246.33.22 - - [21/Sep/2026:07:27:28 +0700] "POST /xmlrpc.php HTTP/1.1" 200 9793 "-" "Mozilla/5.0 (X11; Ubuntu; Linux x86_64; rv:138.0) Gecko/20100101 Firefox/138.0"
