38.246.33.22 - - [21/Sep/2026:04:38:12 +0700] "POST /xmlrpc.php HTTP/1.1" 301 - "-" "Mozilla/5.0 (Macintosh; Intel Mac OS X 10_15_7) AppleWebKit/537.36 (KHTML, like Gecko) Chrome/130.0.0.0 Safari/537.36"
38.246.33.22 - - [21/Sep/2026:04:38:17 +0700] "POST /xmlrpc.php HTTP/1.1" 301 - "-" "Mozilla/5.0 (Macintosh; Intel Mac OS X 10_15_7) AppleWebKit/537.36 (KHTML, like Gecko) Chrome/122.0.0.0 Safari/537.36"
185.191.171.12 - - [21/Sep/2026:04:38:16 +0700] "GET /expertise-table-constraints-is-vital-when-choosing-a-knowledgeable-real-time-specialist-games-to-suit-your-finances/ HTTP/1.1" 504 40641 "-" "Mozilla/5.0 (compatible; SemrushBot/7~bl; +http://www.semrush.com/bot.html)"
104.248.25.191 - - [21/Sep/2026:04:38:11 +0700] "GET /?p=213006 HTTP/1.1" 504 80256 "-" "Mozilla/5.0 (Windows NT 10.0; Win64; x64) AppleWebKit/537.36 (KHTML, like Gecko) Chrome/109.0.0.0 Safari/537.36"
38.246.32.227 - - [21/Sep/2026:04:38:22 +0700] "POST /xmlrpc.php HTTP/1.1" 301 - "-" "Mozilla/5.0 (Macintosh; Intel Mac OS X 10_15_7) AppleWebKit/605.1.15 (KHTML, like Gecko) Version/17.6 Safari/605.1.15"
38.246.33.22 - - [21/Sep/2026:04:38:26 +0700] "POST /xmlrpc.php HTTP/1.1" 301 - "-" "Mozilla/5.0 (Windows NT 10.0; Win64; x64; rv:138.0) Gecko/20100101 Firefox/138.0"
198.252.107.178 - - [21/Sep/2026:04:38:26 +0700] "POST /wp-cron.php?doing_wp_cron=1789940246.5604200363159179687500 HTTP/1.1" 504 - "-" "WordPress/7.1.1; https://veewin24hr.com"
38.246.32.227 - - [21/Sep/2026:04:38:28 +0700] "POST /xmlrpc.php HTTP/1.1" 504 - "-" "Mozilla/5.0 (Macintosh; Intel Mac OS X 10_15_7) AppleWebKit/537.36 (KHTML, like Gecko) Chrome/147.0.0.0 Safari/537.36"
104.248.25.191 - - [21/Sep/2026:04:38:29 +0700] "POST /xmlrpc.php HTTP/1.1" 504 - "-" "Mozilla/5.0 (Macintosh; Intel Mac OS X 10_15_7) AppleWebKit/537.36 (KHTML, like Gecko) obsidian/1.8.10 Chrome/132.0.6834.196 Electron/34.2.0 Safari/537.36"
38.246.33.22 - - [21/Sep/2026:04:38:31 +0700] "POST /xmlrpc.php HTTP/1.1" 504 - "-" "Mozilla/5.0 (X11; Linux x86_64) AppleWebKit/537.36 (KHTML, like Gecko) Chrome/136.0.0.0 Safari/537.36"
38.246.32.227 - - [21/Sep/2026:04:38:33 +0700] "POST /xmlrpc.php HTTP/1.1" 504 - "-" "Mozilla/5.0 (Windows NT 10.0; Win64; x64; rv:136.0) Gecko/20100101 Firefox/136.0"
38.246.33.22 - - [21/Sep/2026:04:38:35 +0700] "POST /xmlrpc.php HTTP/1.1" 504 - "-" "Mozilla/5.0 (Macintosh; Intel Mac OS X 10_15_7) AppleWebKit/605.1.15 (KHTML, like Gecko) Version/17.5 Safari/605.1.15"
38.246.33.22 - - [21/Sep/2026:04:38:42 +0700] "POST /xmlrpc.php HTTP/1.1" 504 - "-" "Mozilla/5.0 (Windows NT 10.0; Win64; x64) AppleWebKit/537.36 (KHTML, like Gecko) Chrome/131.0.0.0 Safari/537.36"
155.138.156.38 - - [21/Sep/2026:04:38:42 +0700] "GET /goldbet-casino-magyarorszag-hivatalos-oldal-2026/ HTTP/1.1" 504 - "https://veewin24hr.com/" "Mozilla/5.0 (Macintosh; Intel Mac OS X 10.15; rv:138.0) Gecko/20100101 Firefox/138.0"
38.246.33.22 - - [21/Sep/2026:04:38:40 +0700] "POST /xmlrpc.php HTTP/1.1" 504 - "-" "Mozilla/5.0 (Macintosh; Intel Mac OS X 10.15; rv:138.0) Gecko/20100101 Firefox/138.0"
38.246.32.227 - - [21/Sep/2026:04:38:44 +0700] "GET /?p=213009 HTTP/1.1" 504 - "-" "Mozilla/5.0 (X11; Linux x86_64) AppleWebKit/537.36 (KHTML, like Gecko) Chrome/134.0.0.0 Safari/537.36"
38.246.33.22 - - [21/Sep/2026:04:38:47 +0700] "POST /xmlrpc.php HTTP/1.1" 504 - "-" "Mozilla/5.0 (Windows NT 10.0; Win64; x64) AppleWebKit/537.36 (KHTML, like Gecko) Chrome/109.0.0.0 Safari/537.36"
38.246.33.22 - - [21/Sep/2026:04:38:48 +0700] "POST /xmlrpc.php HTTP/1.1" 504 - "-" "Mozilla/5.0 (X11; Linux x86_64) AppleWebKit/537.36 (KHTML, like Gecko) Chrome/135.0.0.0 Safari/537.36"
38.246.33.22 - - [21/Sep/2026:04:38:55 +0700] "POST /xmlrpc.php HTTP/1.1" 504 - "-" "Mozilla/5.0 (Windows NT 10.0; Win64; x64) AppleWebKit/537.36 (KHTML, like Gecko) Chrome/136.0.0.0 Safari/537.36"
38.246.33.22 - - [21/Sep/2026:04:38:54 +0700] "GET /?p=213016 HTTP/1.1" 504 - "-" "Mozilla/5.0 (X11; Linux x86_64) AppleWebKit/537.36 (KHTML, like Gecko) Chrome/148.0.0.0 Safari/537.36"
38.246.33.22 - - [21/Sep/2026:04:38:51 +0700] "GET /?p=213012 HTTP/1.1" 504 - "-" "Mozilla/5.0 (Windows NT 10.0; Win64; x64) AppleWebKit/537.36 (KHTML, like Gecko) Chrome/135.0.0.0 Safari/537.36"
104.248.25.191 - - [21/Sep/2026:04:38:55 +0700] "POST /xmlrpc.php HTTP/1.1" 504 - "-" "Mozilla/5.0 (Macintosh; Intel Mac OS X 10_15_7) AppleWebKit/537.36 (KHTML, like Gecko) obsidian/1.6.5 Chrome/124.0.6367.243 Electron/30.1.2 Safari/537.36"
38.246.33.22 - - [21/Sep/2026:04:38:54 +0700] "GET /?p=213014 HTTP/1.1" 504 - "-" "Mozilla/5.0 (X11; Linux x86_64) AppleWebKit/537.36 (KHTML, like Gecko) Chrome/133.0.0.0 Safari/537.36"
38.246.32.227 - - [21/Sep/2026:04:38:56 +0700] "GET /?p=213015 HTTP/1.1" 504 - "-" "Mozilla/5.0 (Macintosh; Intel Mac OS X 10_15_7) AppleWebKit/537.36 (KHTML, like Gecko) Chrome/135.0.0.0 Safari/537.36 Edg/135.0.0.0"
38.246.33.22 - - [21/Sep/2026:04:38:59 +0700] "POST /xmlrpc.php HTTP/1.1" 504 - "-" "Mozilla/5.0 (Windows NT 10.0; Win64; x64) AppleWebKit/537.36 (KHTML, like Gecko) Chrome/134.0.0.0 YaBrowser/25.4.0.0 Safari/537.36"
38.246.33.22 - - [21/Sep/2026:04:38:59 +0700] "POST /xmlrpc.php HTTP/1.1" 504 - "-" "Mozilla/5.0 (Windows NT 10.0; Win64; x64) AppleWebKit/537.36 (KHTML, like Gecko) Chrome/132.0.0.0 Safari/537.36 OPR/117.0.0.0"
38.246.33.22 - - [21/Sep/2026:04:39:01 +0700] "POST /xmlrpc.php HTTP/1.1" 504 - "-" "Mozilla/5.0 (Macintosh; Intel Mac OS X 10_15_7) AppleWebKit/537.36 (KHTML, like Gecko) Chrome/122.0.0.0 Safari/537.36"
185.193.167.21 - - [21/Sep/2026:04:39:07 +0700] "GET /malta-online-casinos-mga-licence-uk-2026/ HTTP/1.1" 504 - "https://veewin24hr.com/" "Mozilla/5.0 (Linux; Android 10; K) AppleWebKit/537.36 (KHTML, like Gecko) Chrome/148.0.0.0 Mobile Safari/537.36"
38.246.33.22 - - [21/Sep/2026:04:39:15 +0700] "POST /xmlrpc.php HTTP/1.1" 504 - "-" "Mozilla/5.0 (Windows NT 10.0; Win64; x64; rv:135.0) Gecko/20100101 Firefox/135.0"
198.252.107.178 - - [21/Sep/2026:04:39:21 +0700] "POST /wp-cron.php?doing_wp_cron=1789940307.4222741127014160156250 HTTP/1.1" 504 - "-" "WordPress/7.1.1; https://veewin24hr.com"
38.246.33.22 - - [21/Sep/2026:04:39:08 +0700] "POST /xmlrpc.php HTTP/1.1" 504 - "-" "Mozilla/5.0 (Macintosh; Intel Mac OS X 10_15_7) AppleWebKit/537.36 (KHTML, like Gecko) Chrome/148.0.0.0 Safari/537.36"
38.246.33.22 - - [21/Sep/2026:04:39:16 +0700] "GET /?p=213023 HTTP/1.1" 504 - "-" "Mozilla/5.0 (Windows NT 10.0; Win64; x64; rv:138.0) Gecko/20100101 Firefox/138.0"
198.252.107.178 - - [21/Sep/2026:04:39:19 +0700] "POST /wp-cron.php?doing_wp_cron=1789940307.4234108924865722656250 HTTP/1.1" 504 - "-" "WordPress/7.1.1; https://veewin24hr.com"
38.246.33.22 - - [21/Sep/2026:04:39:19 +0700] "GET /?p=213026 HTTP/1.1" 504 - "-" "Mozilla/5.0 (X11; Linux x86_64) AppleWebKit/537.36 (KHTML, like Gecko) Chrome/136.0.0.0 Safari/537.36"
38.246.33.22 - - [21/Sep/2026:04:39:12 +0700] "POST /xmlrpc.php HTTP/1.1" 504 - "-" "Mozilla/5.0 (Windows NT 10.0; Win64; x64) AppleWebKit/537.36 (KHTML, like Gecko) Chrome/130.0.0.0 Safari/537.36"
198.252.107.178 - - [21/Sep/2026:04:39:21 +0700] "POST /wp-cron.php?doing_wp_cron=1789940307.3551609516143798828125 HTTP/1.1" 504 - "-" "WordPress/7.1.1; https://veewin24hr.com"
38.246.32.227 - - [21/Sep/2026:04:39:19 +0700] "GET /?p=213024 HTTP/1.1" 504 - "-" "Mozilla/5.0 (Windows NT 10.0; Win64; x64) AppleWebKit/537.36 (KHTML, like Gecko) Chrome/124.0.0.0 Safari/537.36"
104.248.25.191 - - [21/Sep/2026:04:39:31 +0700] "POST /xmlrpc.php HTTP/1.1" 504 - "-" "Mozilla/5.0 (Windows NT 10.0; Win64; x64) AppleWebKit/537.36 (KHTML, like Gecko) Chrome/145.0.0.0 Safari/537.36"
38.246.33.22 - - [21/Sep/2026:04:39:14 +0700] "POST /xmlrpc.php HTTP/1.1" 504 - "-" "Mozilla/5.0 (Windows NT 10.0; Win64; x64) AppleWebKit/537.36 (KHTML, like Gecko) Chrome/124.0 Safari/537.36"
198.252.107.178 - - [21/Sep/2026:04:39:24 +0700] "POST /wp-cron.php?doing_wp_cron=1789940308.0592570304870605468750 HTTP/1.1" 504 - "-" "WordPress/7.1.1; https://veewin24hr.com"
104.248.25.191 - - [21/Sep/2026:04:39:21 +0700] "POST /xmlrpc.php HTTP/1.1" 504 - "-" "Mozilla/5.0 (Macintosh; Intel Mac OS X 10_15_7) AppleWebKit/605.1.15 (KHTML, like Gecko) Version/18.5 Safari/605.1.15"
38.246.32.227 - - [21/Sep/2026:04:39:24 +0700] "GET /?p=213019 HTTP/1.1" 504 - "-" "Mozilla/5.0 (Windows NT 10.0; Win64; x64; rv:128.0) Gecko/20100101 Firefox/128.0"
38.246.32.227 - - [21/Sep/2026:04:39:41 +0700] "GET /?p=213035 HTTP/1.1" 504 - "-" "Mozilla/5.0 (Windows NT 10.0; Win64; x64) AppleWebKit/537.36 (KHTML, like Gecko) Chrome/136.0.0.0 Safari/537.36 Edg/136.0.0.0"
155.138.156.38 - - [21/Sep/2026:04:39:48 +0700] "GET /goldbet-casino-magyarorszag-hivatalos-oldal-2026/ HTTP/1.1" 504 - "https://veewin24hr.com/" "Mozilla/5.0 (Macintosh; Intel Mac OS X 10.15; rv:138.0) Gecko/20100101 Firefox/138.0"
45.11.172.56 - - [21/Sep/2026:04:39:46 +0700] "GET /malta-online-casinos-mga-licence-uk-2026/ HTTP/1.1" 504 - "https://veewin24hr.com/" "Mozilla/5.0 (Linux; Android 10; K) AppleWebKit/537.36 (KHTML, like Gecko) Chrome/148.0.0.0 Mobile Safari/537.36"
38.246.33.22 - - [21/Sep/2026:04:39:42 +0700] "GET /?p=213034 HTTP/1.1" 504 - "-" "Mozilla/5.0 (Windows NT 10.0; Win64; x64; rv:136.0) Gecko/20100101 Firefox/136.0"
104.248.25.191 - - [21/Sep/2026:04:39:40 +0700] "POST /xmlrpc.php HTTP/1.1" 504 - "-" "Mozilla/5.0 (Windows NT 10.0; Win64; x64) AppleWebKit/537.36 (KHTML, like Gecko) Chrome/124.0 Safari/537.36"
198.252.107.178 - - [21/Sep/2026:04:39:34 +0700] "POST /wp-cron.php?doing_wp_cron=1789940318.9306640625000000000000 HTTP/1.1" 504 - "-" "WordPress/7.1.1; https://veewin24hr.com"
104.248.25.191 - - [21/Sep/2026:04:39:53 +0700] "POST /xmlrpc.php HTTP/1.1" 504 - "-" "Mozilla/5.0 (Windows NT 10.0; Win64; x64) AppleWebKit/537.36 (KHTML, like Gecko) obsidian/1.8.3 Chrome/130.0.6723.191 Electron/33.3.2 Safari/537.36"
38.246.33.22 - - [21/Sep/2026:04:39:44 +0700] "POST /xmlrpc.php HTTP/1.1" 504 - "-" "Mozilla/5.0 (X11; Linux x86_64) AppleWebKit/537.36 (KHTML, like Gecko) Chrome/124.0.0.0 Safari/537.36"
38.246.33.22 - - [21/Sep/2026:04:40:08 +0700] "POST /xmlrpc.php HTTP/1.1" 504 - "-" "Mozilla/5.0 (Windows NT 10.0; Win64; x64) AppleWebKit/537.36 (KHTML, like Gecko) Chrome/109.0.0.0 Safari/537.36"
38.246.32.227 - - [21/Sep/2026:04:40:05 +0700] "POST /xmlrpc.php HTTP/1.1" 504 - "-" "Mozilla/5.0 (Windows NT 10.0; Win64; x64) AppleWebKit/537.36 (KHTML, like Gecko) Chrome/129.0.0.0 Safari/537.36"
38.246.32.227 - - [21/Sep/2026:04:40:09 +0700] "POST /xmlrpc.php HTTP/1.1" 504 - "-" "Mozilla/5.0 (Macintosh; Intel Mac OS X 10_15_7) AppleWebKit/537.36 (KHTML, like Gecko) obsidian/1.8.10 Chrome/132.0.6834.196 Electron/34.2.0 Safari/537.36"
38.246.33.22 - - [21/Sep/2026:04:40:09 +0700] "POST /xmlrpc.php HTTP/1.1" 504 - "-" "Mozilla/5.0 (Macintosh; Intel Mac OS X 10_15_7) AppleWebKit/537.36 (KHTML, like Gecko) obsidian/1.8.9 Chrome/132.0.6834.210 Electron/34.3.0 Safari/537.36"
38.246.33.22 - - [21/Sep/2026:04:40:09 +0700] "POST /xmlrpc.php HTTP/1.1" 504 - "-" "Mozilla/5.0 (Windows NT 10.0; Win64; x64) AppleWebKit/537.36 (KHTML, like Gecko) Chrome/130.0.0.0 Safari/537.36"
198.252.107.178 - - [21/Sep/2026:04:40:17 +0700] "POST /wp-cron.php?doing_wp_cron=1789940383.3302841186523437500000 HTTP/1.1" 504 - "-" "WordPress/7.1.1; https://veewin24hr.com"
198.252.107.178 - - [21/Sep/2026:04:40:13 +0700] "POST /wp-cron.php?doing_wp_cron=1789940379.3742129802703857421875 HTTP/1.1" 504 - "-" "WordPress/7.1.1; https://veewin24hr.com"
198.252.107.178 - - [21/Sep/2026:04:40:13 +0700] "POST /wp-cron.php?doing_wp_cron=1789940379.3331799507141113281250 HTTP/1.1" 504 - "-" "WordPress/7.1.1; https://veewin24hr.com"
198.252.107.178 - - [21/Sep/2026:04:40:18 +0700] "POST /wp-cron.php?doing_wp_cron=1789940383.4153239727020263671875 HTTP/1.1" 504 - "-" "WordPress/7.1.1; https://veewin24hr.com"
38.246.33.22 - - [21/Sep/2026:04:40:28 +0700] "POST /xmlrpc.php HTTP/1.1" 504 - "-" "Mozilla/5.0 (Windows NT 10.0; Win64; x64) AppleWebKit/537.36 (KHTML, like Gecko) Chrome/91.0.4472.124 Safari/537.36"
198.252.107.178 - - [21/Sep/2026:04:40:22 +0700] "POST /wp-cron.php?doing_wp_cron=1789940390.6808719635009765625000 HTTP/1.1" 504 - "-" "WordPress/7.1.1; https://veewin24hr.com"
38.246.33.22 - - [21/Sep/2026:04:40:28 +0700] "POST /xmlrpc.php HTTP/1.1" 504 - "-" "Mozilla/5.0 (X11; Linux x86_64) AppleWebKit/537.36 (KHTML, like Gecko) Chrome/130.0.0.0 Safari/537.36"
155.138.156.38 - - [21/Sep/2026:04:40:37 +0700] "GET /goldbet-casino-magyarorszag-hivatalos-oldal-2026/ HTTP/1.1" 504 - "https://veewin24hr.com/" "Mozilla/5.0 (Macintosh; Intel Mac OS X 10.15; rv:138.0) Gecko/20100101 Firefox/138.0"
38.246.33.22 - - [21/Sep/2026:04:40:44 +0700] "POST /xmlrpc.php HTTP/1.1" 504 - "-" "Mozilla/5.0 (Macintosh; Intel Mac OS X 10_15_7) AppleWebKit/605.1.15 (KHTML, like Gecko) Version/26.4 Safari/605.1.15"
38.246.32.227 - - [21/Sep/2026:04:40:45 +0700] "POST /xmlrpc.php HTTP/1.1" 504 - "-" "Mozilla/5.0 (Windows NT 10.0; Win64; x64) AppleWebKit/537.36 (KHTML, like Gecko) obsidian/1.8.4 Chrome/130.0.6723.191 Electron/33.3.2 Safari/537.36"
51.81.111.119 - - [21/Sep/2026:04:40:41 +0700] "GET /unlike-practical-lotto-brings-you-may-enjoy-interactive-decision-while-making-and-you-can-added-bonus-amounts/ HTTP/1.1" 504 - "-" "Mozilla/5.0 (compatible; AhrefsBot/7.0; +http://ahrefs.com/robot/)"
38.246.32.227 - - [21/Sep/2026:04:40:27 +0700] "POST /xmlrpc.php HTTP/1.1" 504 - "-" "Mozilla/5.0 (X11; Linux x86_64) AppleWebKit/537.36 (KHTML, like Gecko) Chrome/131.0.0.0 Safari/537.36"
38.246.32.227 - - [21/Sep/2026:04:40:28 +0700] "POST /xmlrpc.php HTTP/1.1" 504 - "-" "Mozilla/5.0 (Windows NT 10.0; Win64; x64) AppleWebKit/537.36 (KHTML, like Gecko) obsidian/1.6.5 Chrome/124.0.6367.243 Electron/30.1.2 Safari/537.36"
198.252.107.178 - - [21/Sep/2026:04:41:06 +0700] "POST /wp-cron.php?doing_wp_cron=1789940457.0977909564971923828125 HTTP/1.1" 504 - "-" "WordPress/7.1.1; https://veewin24hr.com"
85.208.96.193 - - [21/Sep/2026:04:41:00 +0700] "GET /which-is-until-it%EF%BF%BDs-claimed-by-a-fortunate-pro-this-may-be-resets-and-you-may-begins-once-again/ HTTP/1.1" 504 - "-" "Mozilla/5.0 (compatible; SemrushBot/7~bl; +http://www.semrush.com/bot.html)"
198.252.107.178 - - [21/Sep/2026:04:41:02 +0700] "POST /wp-cron.php?doing_wp_cron=1789940454.4311308860778808593750 HTTP/1.1" 504 - "-" "WordPress/7.1.1; https://veewin24hr.com"
198.252.107.178 - - [21/Sep/2026:04:41:12 +0700] "POST /wp-cron.php?doing_wp_cron=1789940466.0882461071014404296875 HTTP/1.1" 504 - "-" "WordPress/7.1.1; https://veewin24hr.com"
198.252.107.178 - - [21/Sep/2026:04:41:09 +0700] "POST /wp-cron.php?doing_wp_cron=1789940464.4870219230651855468750 HTTP/1.1" 504 - "-" "WordPress/7.1.1; https://veewin24hr.com"
198.252.107.178 - - [21/Sep/2026:04:41:11 +0700] "POST /wp-cron.php?doing_wp_cron=1789940466.0529611110687255859375 HTTP/1.1" 504 - "-" "WordPress/7.1.1; https://veewin24hr.com"
64.225.105.238 - - [21/Sep/2026:04:42:11 +0700] "POST /xmlrpc.php HTTP/1.1" 504 - "-" "Mozilla/5.0 (Windows NT 10.0; Win64; x64) AppleWebKit/537.36 (KHTML, like Gecko) Chrome/124.0 Safari/537.36"
198.252.107.178 - - [21/Sep/2026:04:43:35 +0700] "POST /wp-cron.php?doing_wp_cron=1789940586.3035819530487060546875 HTTP/1.1" 504 - "-" "WordPress/7.1.1; https://veewin24hr.com"
64.225.105.238 - - [21/Sep/2026:04:43:47 +0700] "POST /xmlrpc.php HTTP/1.1" 504 - "-" "Mozilla/5.0 (X11; Linux x86_64) AppleWebKit/537.36 (KHTML, like Gecko) Chrome/135.0.0.0 Safari/537.36"
198.252.107.178 - - [21/Sep/2026:04:44:38 +0700] "POST /wp-cron.php?doing_wp_cron=1789940655.4486460685729980468750 HTTP/1.1" 504 - "-" "WordPress/7.1.1; https://veewin24hr.com"
64.225.105.238 - - [21/Sep/2026:04:44:43 +0700] "POST /xmlrpc.php HTTP/1.1" 504 - "-" "Mozilla/5.0 (X11; Ubuntu; Linux x86_64; rv:136.0) Gecko/20100101 Firefox/136.0"
198.252.107.178 - - [21/Sep/2026:04:44:23 +0700] "POST /wp-cron.php?doing_wp_cron=1789940630.7954978942871093750000 HTTP/1.1" 504 - "-" "WordPress/7.1.1; https://veewin24hr.com"
38.246.32.227 - - [21/Sep/2026:04:45:41 +0700] "POST /xmlrpc.php HTTP/1.1" 504 - "-" "Mozilla/5.0 (X11; Linux x86_64; rv:128.0) Gecko/20100101 Firefox/128.0"
85.208.96.208 - - [21/Sep/2026:04:44:51 +0700] "GET /bonus-din-cauza-primirea-prima-casino-9999-ron-1000-twisting-gratuite/ HTTP/1.1" 504 - "-" "Mozilla/5.0 (compatible; SemrushBot/7~bl; +http://www.semrush.com/bot.html)"
198.252.107.178 - - [21/Sep/2026:04:45:11 +0700] "POST /wp-cron.php?doing_wp_cron=1789940703.8332130908966064453125 HTTP/1.1" 504 - "-" "WordPress/7.1.1; https://veewin24hr.com"
158.173.67.13 - - [21/Sep/2026:04:45:00 +0700] "GET /european-roulette-online-casinos-uk-2026/ HTTP/1.1" 504 - "https://veewin24hr.com/" "Mozilla/5.0 (Windows NT 10.0; Win64; x64) AppleWebKit/537.36 (KHTML, like Gecko) Chrome/133.0.0.0 Safari/537.36"
64.225.105.238 - - [21/Sep/2026:04:44:10 +0700] "POST /xmlrpc.php HTTP/1.1" 504 - "-" "Mozilla/5.0 (Windows NT 10.0; Win64; x64) AppleWebKit/537.36 (KHTML, like Gecko) Chrome/124.0 Safari/537.36"
195.80.150.131 - - [21/Sep/2026:04:45:16 +0700] "GET /european-roulette-online-casinos-uk-2026/ HTTP/1.1" 504 - "https://veewin24hr.com/" "Mozilla/5.0 (Windows NT 10.0; Win64; x64) AppleWebKit/537.36 (KHTML, like Gecko) Chrome/133.0.0.0 Safari/537.36"
38.246.32.227 - - [21/Sep/2026:04:44:47 +0700] "POST /xmlrpc.php HTTP/1.1" 504 - "-" "Mozilla/5.0 (Windows NT 10.0; Win64; x64) AppleWebKit/537.36 (KHTML, like Gecko) Chrome/109.0.0.0 Safari/537.36"
45.157.112.42 - - [21/Sep/2026:04:44:43 +0700] "GET /european-roulette-online-casinos-uk-2026/ HTTP/1.1" 504 - "https://veewin24hr.com/" "Mozilla/5.0 (Windows NT 10.0; Win64; x64) AppleWebKit/537.36 (KHTML, like Gecko) Chrome/133.0.0.0 Safari/537.36"
172.245.216.225 - - [21/Sep/2026:04:45:20 +0700] "GET /malta-online-casinos-mga-licence-uk-2026/ HTTP/1.1" 504 - "https://veewin24hr.com/" "Mozilla/5.0 (Macintosh; Intel Mac OS X 10_15_7) AppleWebKit/537.36 (KHTML, like Gecko) Chrome/130.0.0.0 Safari/537.36"
89.213.229.112 - - [21/Sep/2026:04:44:58 +0700] "GET /malta-online-casinos-mga-licence-uk-2026/ HTTP/1.1" 504 - "https://veewin24hr.com/" "Mozilla/5.0 (Macintosh; Intel Mac OS X 10_15_7) AppleWebKit/537.36 (KHTML, like Gecko) Chrome/130.0.0.0 Safari/537.36"
198.252.107.178 - - [21/Sep/2026:04:44:20 +0700] "POST /wp-cron.php?doing_wp_cron=1789940630.7474100589752197265625 HTTP/1.1" 504 - "-" "WordPress/7.1.1; https://veewin24hr.com"
85.208.96.208 - - [21/Sep/2026:04:45:28 +0700] "GET /bonus-din-cauza-primirea-prima-casino-9999-ron-1000-twisting-gratuite/ HTTP/1.1" 504 - "-" "Mozilla/5.0 (compatible; SemrushBot/7~bl; +http://www.semrush.com/bot.html)"
64.225.105.238 - - [21/Sep/2026:04:45:07 +0700] "POST /xmlrpc.php HTTP/1.1" 504 - "-" "Mozilla/5.0 (X11; Linux x86_64) AppleWebKit/537.36 (KHTML, like Gecko) Chrome/135.0.0.0 Safari/537.36"
198.252.107.178 - - [21/Sep/2026:04:46:26 +0700] "POST /wp-cron.php?doing_wp_cron=1789940772.8851170539855957031250 HTTP/1.1" 504 - "-" "WordPress/7.1.1; https://veewin24hr.com"
198.252.107.178 - - [21/Sep/2026:04:46:22 +0700] "POST /wp-cron.php?doing_wp_cron=1789940772.7642381191253662109375 HTTP/1.1" 504 - "-" "WordPress/7.1.1; https://veewin24hr.com"
125.161.26.67 - - [21/Sep/2026:04:47:09 +0700] "POST /xmlrpc.php HTTP/1.1" 504 - "-" "Mozilla/5.0 (X11; Linux x86_64; rv:128.0) Gecko/20100101 Firefox/128.0"
198.252.107.178 - - [21/Sep/2026:04:46:27 +0700] "POST /wp-cron.php?doing_wp_cron=1789940773.0260028839111328125000 HTTP/1.1" 504 - "-" "WordPress/7.1.1; https://veewin24hr.com"
198.252.107.178 - - [21/Sep/2026:04:46:19 +0700] "POST /wp-cron.php?doing_wp_cron=1789940769.2029790878295898437500 HTTP/1.1" 504 - "-" "WordPress/7.1.1; https://veewin24hr.com"
38.246.32.227 - - [21/Sep/2026:04:46:20 +0700] "POST /xmlrpc.php HTTP/1.1" 504 - "-" "Mozilla/5.0 (Windows NT 10.0; Win64; x64) AppleWebKit/537.36 (KHTML, like Gecko) Chrome/109.0.0.0 Safari/537.36"
51.81.105.16 - - [21/Sep/2026:04:46:45 +0700] "GET /this-is-why-we-merely-highly-recommend-gambling-enterprises-that-have-24-seven-customer-service-owing-to-multiple-channels/ HTTP/1.1" 504 - "-" "Mozilla/5.0 (compatible; AhrefsBot/7.0; +http://ahrefs.com/robot/)"
198.252.107.178 - - [21/Sep/2026:04:46:17 +0700] "POST /wp-cron.php?doing_wp_cron=1789940769.0716080665588378906250 HTTP/1.1" 504 - "-" "WordPress/7.1.1; https://veewin24hr.com"
64.225.105.238 - - [21/Sep/2026:04:46:05 +0700] "POST /xmlrpc.php HTTP/1.1" 504 - "-" "Mozilla/5.0 (X11; Ubuntu; Linux x86_64; rv:136.0) Gecko/20100101 Firefox/136.0"
38.246.32.227 - - [21/Sep/2026:04:47:38 +0700] "POST /xmlrpc.php HTTP/1.1" 504 - "-" "Mozilla/5.0 (X11; Linux x86_64; rv:128.0) Gecko/20100101 Firefox/128.0"
198.252.107.178 - - [21/Sep/2026:04:47:52 +0700] "POST /wp-cron.php?doing_wp_cron=1789940852.1463251113891601562500 HTTP/1.1" 504 - "-" "WordPress/7.1.1; https://veewin24hr.com"
198.252.107.178 - - [21/Sep/2026:04:47:51 +0700] "POST /wp-cron.php?doing_wp_cron=1789940852.9382610321044921875000 HTTP/1.1" 504 - "-" "WordPress/7.1.1; https://veewin24hr.com"
98.97.134.81 - - [21/Sep/2026:04:47:05 +0700] "POST /xmlrpc.php HTTP/1.1" 504 - "-" "Mozilla/5.0 (Windows NT 10.0; Win64; x64) AppleWebKit/537.36 (KHTML, like Gecko) Chrome/132.0.0.0 Safari/537.36"
38.246.32.227 - - [21/Sep/2026:04:48:33 +0700] "POST /xmlrpc.php HTTP/1.1" 504 - "-" "Mozilla/5.0 (Macintosh; Intel Mac OS X 10_15_7) AppleWebKit/537.36 (KHTML, like Gecko) Chrome/146.0.0.0 Safari/537.36"
38.246.32.227 - - [21/Sep/2026:04:49:03 +0700] "POST /xmlrpc.php HTTP/1.1" 500 2482 "-" "Mozilla/5.0 (Macintosh; Intel Mac OS X 10_15_7) AppleWebKit/537.36 (KHTML, like Gecko) obsidian/1.8.9 Chrome/132.0.6834.210 Electron/34.3.0 Safari/537.36"
198.252.107.178 - - [21/Sep/2026:04:49:00 +0700] "POST /wp-cron.php?doing_wp_cron=1789940869.7408969402313232421875 HTTP/1.1" 500 2482 "-" "WordPress/7.1.1; https://veewin24hr.com"
198.252.107.178 - - [21/Sep/2026:04:49:01 +0700] "POST /wp-cron.php?doing_wp_cron=1789940869.8456199169158935546875 HTTP/1.1" 500 2482 "-" "WordPress/7.1.1; https://veewin24hr.com"
38.246.33.22 - - [21/Sep/2026:04:50:57 +0700] "POST /xmlrpc.php HTTP/1.1" 500 2482 "-" "Mozilla/5.0 (Macintosh; Intel Mac OS X 10.15; rv:137.0) Gecko/20100101 Firefox/137.0"
202.155.143.185 - - [21/Sep/2026:04:53:20 +0700] "GET /online-casino-american-roulette-uk-2026/ HTTP/1.1" 500 2482 "https://veewin24hr.com/" "Mozilla/5.0 (Linux; Android 10; K) AppleWebKit/537.36 (KHTML, like Gecko) Chrome/147.0.0.0 Mobile Safari/537.36"
196.240.173.30 - - [21/Sep/2026:04:58:53 +0700] "GET /understanding-payment-authorization-rates-between-visa-debit-and-credit-at-online-casinos-3/ HTTP/1.1" 500 2482 "-" "undici"
85.208.96.208 - - [21/Sep/2026:05:01:26 +0700] "GET /avoid-current-email-address-if-you-need-an-easy-answer-because-it-often-takes-sheesh-a-dozen-to-a-day-to-reply/ HTTP/1.1" 500 236 "-" "Mozilla/5.0 (compatible; SemrushBot/7~bl; +http://www.semrush.com/bot.html)"
165.99.15.69 - - [21/Sep/2026:05:01:21 +0700] "GET /non-ukgc-licensed-casinos-2026/ HTTP/1.1" 500 2482 "https://veewin24hr.com/" "Mozilla/5.0 (X11; Linux x86_64) AppleWebKit/537.36 (KHTML, like Gecko) Chrome/148.0.0.0 Safari/537.36"
198.252.107.178 - - [21/Sep/2026:05:02:41 +0700] "POST /wp-cron.php?doing_wp_cron=1789941761.0413389205932617187500 HTTP/1.1" 200 - "-" "WordPress/7.1.1; https://veewin24hr.com"
95.216.2.144 - - [21/Sep/2026:05:02:31 +0700] "GET /malta-online-casinos-mga-licence-uk-2026/ HTTP/1.1" 200 72138 "https://veewin24hr.com/" "Mozilla/5.0 (Windows NT 10.0; Win64; x64) AppleWebKit/537.36 (KHTML, like Gecko) obsidian/1.6.5 Chrome/124.0.6367.243 Electron/30.1.2 Safari/537.36"
203.176.176.82 - - [21/Sep/2026:05:02:56 +0700] "POST /xmlrpc.php HTTP/1.1" 200 403 "-" "Mozilla/5.0 (Macintosh; Intel Mac OS X 10.15; rv:137.0) Gecko/20100101 Firefox/137.0"
198.252.107.178 - - [21/Sep/2026:05:03:51 +0700] "POST /wp-cron.php?doing_wp_cron=1789941831.7586510181427001953125 HTTP/1.1" 200 - "-" "WordPress/7.1.1; https://veewin24hr.com"
94.25.110.24 - - [21/Sep/2026:05:02:58 +0700] "POST /xmlrpc.php HTTP/1.1" 200 181 "-" "Mozilla/5.0 (Windows NT 10.0; Win64; x64) AppleWebKit/537.36 (KHTML, like Gecko) Chrome/134.0.0.0 Safari/537.36"
198.252.107.178 - - [21/Sep/2026:05:03:56 +0700] "POST /wp-cron.php?doing_wp_cron=1789941836.9501919746398925781250 HTTP/1.1" 200 - "-" "WordPress/7.1.1; https://veewin24hr.com"
185.191.171.18 - - [21/Sep/2026:05:03:55 +0700] "GET /onlayn-kazinolarda-canl-diler-oyunlarnn-yukslmsi-126/ HTTP/1.1" 200 54800 "-" "Mozilla/5.0 (compatible; SemrushBot/7~bl; +http://www.semrush.com/bot.html)"
154.195.184.190 - - [21/Sep/2026:05:03:58 +0700] "GET /goldbet-casino-magyarorszag-hivatalos-oldal-2026/ HTTP/1.1" 200 58543 "https://veewin24hr.com/" "Mozilla/5.0 (X11; Ubuntu; Linux x86_64; rv:136.0) Gecko/20100101 Firefox/136.0"
154.195.184.190 - - [21/Sep/2026:05:04:06 +0700] "GET /wp-login.php?action=register HTTP/1.1" 302 - "https://veewin24hr.com/goldbet-casino-magyarorszag-hivatalos-oldal-2026/" "Mozilla/5.0 (Windows NT 6.3; Win64; x64) AppleWebKit/537.36 (KHTML, like Gecko) Chrome/103.0.0.0 Safari/537.36"
154.195.184.190 - - [21/Sep/2026:05:04:07 +0700] "GET /wp-login.php?registration=disabled HTTP/1.1" 200 7447 "https://veewin24hr.com/wp-login.php?action=register" "Mozilla/5.0 (Windows NT 6.3; Win64; x64) AppleWebKit/537.36 (KHTML, like Gecko) Chrome/103.0.0.0 Safari/537.36"
185.191.171.12 - - [21/Sep/2026:05:05:00 +0700] "GET /%D0%BE%D1%82%D1%87%D0%B5%D0%B3%D0%BE-%D0%B3%D0%BE%D1%80%D0%BE%D0%B6%D0%B0%D0%BD%D0%B5-%D0%BD%D0%B0%D1%87%D0%B8%D0%BD%D0%B0%D1%8E%D1%82-%D0%B8%D0%B7%D1%83%D1%87%D0%B0%D1%82%D1%8C-%D1%85%D1%80%D0%BE/ HTTP/1.1" 200 72610 "-" "Mozilla/5.0 (compatible; SemrushBot/7~bl; +http://www.semrush.com/bot.html)"
207.46.13.150 - - [21/Sep/2026:05:05:43 +0700] "GET /the-lower-lowest-put-is-additionally-a-great-feature-for-these-who-wish-to-start-brief/ HTTP/1.1" 200 59655 "-" "Mozilla/5.0 AppleWebKit/537.36 (KHTML, like Gecko; compatible; bingbot/2.0; +http://www.bing.com/bingbot.htm) Chrome/116.0.1938.76 Safari/537.36"
196.242.20.94 - - [21/Sep/2026:05:06:29 +0700] "GET /goldbet-casino-magyarorszag-hivatalos-oldal-2026/ HTTP/1.1" 200 58543 "https://veewin24hr.com/" "Mozilla/5.0 (Windows NT 10.0; Win64; x64) AppleWebKit/537.36 (KHTML, like Gecko) Chrome/126.0.0.0 Safari/537.36"
196.242.20.94 - - [21/Sep/2026:05:06:38 +0700] "GET /wp-login.php?action=register HTTP/1.1" 302 - "https://veewin24hr.com/goldbet-casino-magyarorszag-hivatalos-oldal-2026/" "Mozilla/5.0 (Windows NT 6.3; Win64; x64) AppleWebKit/537.36 (KHTML, like Gecko) Chrome/103.0.0.0 Safari/537.36"
196.242.20.94 - - [21/Sep/2026:05:06:40 +0700] "GET /wp-login.php?registration=disabled HTTP/1.1" 200 7447 "https://veewin24hr.com/wp-login.php?action=register" "Mozilla/5.0 (Windows NT 6.3; Win64; x64) AppleWebKit/537.36 (KHTML, like Gecko) Chrome/103.0.0.0 Safari/537.36"
51.81.111.125 - - [21/Sep/2026:05:07:04 +0700] "GET /the-brand-new-rtp-gives-you-an-idea-of-the-average-return-your-can-get/ HTTP/1.1" 200 60577 "-" "Mozilla/5.0 (compatible; AhrefsBot/7.0; +http://ahrefs.com/robot/)"
198.252.107.178 - - [21/Sep/2026:05:07:43 +0700] "POST /wp-cron.php?doing_wp_cron=1789942063.6938800811767578125000 HTTP/1.1" 200 - "-" "WordPress/7.1.1; https://veewin24hr.com"
196.51.200.152 - - [21/Sep/2026:05:07:26 +0700] "POST /xmlrpc.php HTTP/1.1" 200 181 "-" "Mozilla/5.0 (Windows NT 10.0; Win64; x64) AppleWebKit/537.36 (KHTML, like Gecko) Chrome/123.0.0.0 Safari/537.36"
196.51.200.152 - - [21/Sep/2026:05:07:45 +0700] "POST /xmlrpc.php HTTP/1.1" 200 2014 "-" "Mozilla/5.0 (Windows NT 10.0; Win64; x64) AppleWebKit/537.36 (KHTML, like Gecko) Chrome/123.0.0.0 Safari/537.36"
85.208.96.201 - - [21/Sep/2026:05:08:08 +0700] "GET /the-newest-winnings-out-of-ignitions-enjoy-extra-wanted-meeting-minimum-deposit-and-you-will-wagering-criteria-before-withdrawal/ HTTP/1.1" 200 58441 "-" "Mozilla/5.0 (compatible; SemrushBot/7~bl; +http://www.semrush.com/bot.html)"
185.191.171.8 - - [21/Sep/2026:05:08:31 +0700] "GET /jack-casino-to-good2000-bonus-three-hundred-free-revolves-slots-alive-local-casino-and-you-can-fast-payouts/ HTTP/1.1" 200 58294 "-" "Mozilla/5.0 (compatible; SemrushBot/7~bl; +http://www.semrush.com/bot.html)"
217.165.36.2 - - [21/Sep/2026:05:08:38 +0700] "POST /xmlrpc.php HTTP/1.1" 200 403 "-" "Jetpack by WordPress.com"
217.165.36.2 - - [21/Sep/2026:05:08:48 +0700] "POST /xmlrpc.php HTTP/1.1" 200 403 "-" "Jetpack/12.0; WordPress/6.4; http://site27328526.com"
217.165.36.2 - - [21/Sep/2026:05:08:59 +0700] "POST /xmlrpc.php HTTP/1.1" 200 403 "-" "WordPress.com; https://wordpress.com"
217.165.36.2 - - [21/Sep/2026:05:09:09 +0700] "POST /xmlrpc.php HTTP/1.1" 200 403 "-" "WordPress.com; https://wordpress.com"
217.165.36.2 - - [21/Sep/2026:05:09:20 +0700] "POST /xmlrpc.php HTTP/1.1" 200 403 "-" "Jetpack by WordPress.com (Jetpack 12.0; WordPress 6.3)"
217.165.36.2 - - [21/Sep/2026:05:09:31 +0700] "POST /xmlrpc.php HTTP/1.1" 200 403 "-" "Jetpack by WordPress.com"
217.165.36.2 - - [21/Sep/2026:05:09:41 +0700] "POST /xmlrpc.php HTTP/1.1" 200 403 "-" "Jetpack/12.1; WordPress/6.3; http://site18992851.com"
185.191.171.12 - - [21/Sep/2026:05:09:48 +0700] "GET /takze-chory-przyjmowac-wydatkow-poniewaz-graczy-ktorzy-maja-korzystaja-z-z-pomocy-niektore-z-osobach-operatorow/ HTTP/1.1" 200 62286 "-" "Mozilla/5.0 (compatible; SemrushBot/7~bl; +http://www.semrush.com/bot.html)"
217.165.36.2 - - [21/Sep/2026:05:09:52 +0700] "POST /xmlrpc.php HTTP/1.1" 200 403 "-" "Jetpack by WordPress.com"
92.99.176.73 - - [21/Sep/2026:05:09:55 +0700] "POST /xmlrpc.php HTTP/1.1" 200 403 "-" "Jetpack by WordPress.com"
217.165.36.2 - - [21/Sep/2026:05:10:03 +0700] "POST /xmlrpc.php HTTP/1.1" 200 403 "-" "Jetpack by WordPress.com (Jetpack 12.1; WordPress 6.2)"
92.99.176.73 - - [21/Sep/2026:05:10:05 +0700] "POST /xmlrpc.php HTTP/1.1" 200 403 "-" "WordPress.com; https://wordpress.com"
183.96.249.21 - - [21/Sep/2026:05:10:04 +0700] "GET /malta-online-casinos-mga-licence-uk-2026/ HTTP/1.1" 200 72138 "https://veewin24hr.com/" "Mozilla/5.0 (Windows NT 10.0; Win64; x64) AppleWebKit/537.36 (KHTML, like Gecko) Chrome/148.0.0.0 Safari/537.36"
183.96.249.21 - - [21/Sep/2026:05:10:11 +0700] "GET /wp-login.php?action=register HTTP/1.1" 302 - "https://veewin24hr.com/malta-online-casinos-mga-licence-uk-2026/" "Mozilla/5.0 (Windows NT 6.3; Win64; x64) AppleWebKit/537.36 (KHTML, like Gecko) Chrome/103.0.0.0 Safari/537.36"
183.96.249.21 - - [21/Sep/2026:05:10:13 +0700] "GET /wp-login.php?registration=disabled HTTP/1.1" 200 7447 "https://veewin24hr.com/wp-login.php?action=register" "Mozilla/5.0 (Windows NT 6.3; Win64; x64) AppleWebKit/537.36 (KHTML, like Gecko) Chrome/103.0.0.0 Safari/537.36"
217.165.36.2 - - [21/Sep/2026:05:10:13 +0700] "POST /xmlrpc.php HTTP/1.1" 200 403 "-" "Jetpack by WordPress.com (Jetpack 12.0; WordPress 6.1)"
92.99.176.73 - - [21/Sep/2026:05:10:16 +0700] "POST /xmlrpc.php HTTP/1.1" 200 403 "-" "WordPress.com; https://wordpress.com"
217.165.36.2 - - [21/Sep/2026:05:10:24 +0700] "POST /xmlrpc.php HTTP/1.1" 200 403 "-" "Jetpack/12.1; WordPress/6.2; http://site43259777.com"
92.99.176.73 - - [21/Sep/2026:05:10:26 +0700] "POST /xmlrpc.php HTTP/1.1" 200 403 "-" "Jetpack by WordPress.com"
217.165.36.2 - - [21/Sep/2026:05:10:35 +0700] "POST /xmlrpc.php HTTP/1.1" 200 403 "-" "Jetpack by WordPress.com (Jetpack 13.0; WordPress 6.1)"
92.99.176.73 - - [21/Sep/2026:05:10:37 +0700] "POST /xmlrpc.php HTTP/1.1" 200 403 "-" "WordPress.com; https://wordpress.com"
217.165.36.2 - - [21/Sep/2026:05:10:45 +0700] "POST /xmlrpc.php HTTP/1.1" 200 403 "-" "WordPress.com; https://wordpress.com"
92.99.176.73 - - [21/Sep/2026:05:10:48 +0700] "POST /xmlrpc.php HTTP/1.1" 200 403 "-" "Jetpack/12.0; WordPress/6.1; http://site66911038.com"
109.176.207.116 - - [21/Sep/2026:05:10:47 +0700] "GET /slots-charm-where-the-charm-isn-t-just-in-the-name-5/ HTTP/1.1" 200 57826 "https://www.google.com/search?q=veewin24hr.com%20review&source=hp&ei=ptPLnA&ved=0ahUKEwj8fe385d75d461cf38ca8&oq=veewin24hr.com%20review" "Mozilla/5.0 (Macintosh; Intel Mac OS X 14_5) AppleWebKit/605.1.15 (KHTML, like Gecko) Version/17.1 Safari/605.1.15"
217.165.36.2 - - [21/Sep/2026:05:10:56 +0700] "POST /xmlrpc.php HTTP/1.1" 200 403 "-" "Jetpack/12.1; WordPress/6.3; http://site97821068.com"
92.99.176.73 - - [21/Sep/2026:05:10:58 +0700] "POST /xmlrpc.php HTTP/1.1" 200 403 "-" "Jetpack by WordPress.com"
217.165.36.2 - - [21/Sep/2026:05:11:07 +0700] "POST /xmlrpc.php HTTP/1.1" 200 403 "-" "WordPress.com; https://wordpress.com"
92.99.176.73 - - [21/Sep/2026:05:11:09 +0700] "POST /xmlrpc.php HTTP/1.1" 200 403 "-" "WordPress.com; https://wordpress.com"
217.165.36.2 - - [21/Sep/2026:05:11:17 +0700] "POST /xmlrpc.php HTTP/1.1" 200 403 "-" "Jetpack by WordPress.com (Jetpack 12.0; WordPress 6.3)"
92.99.176.73 - - [21/Sep/2026:05:11:20 +0700] "POST /xmlrpc.php HTTP/1.1" 200 403 "-" "Jetpack by WordPress.com"
217.165.36.2 - - [21/Sep/2026:05:11:28 +0700] "POST /xmlrpc.php HTTP/1.1" 200 403 "-" "WordPress.com; https://wordpress.com"
92.99.176.73 - - [21/Sep/2026:05:11:30 +0700] "POST /xmlrpc.php HTTP/1.1" 200 403 "-" "WordPress.com; https://wordpress.com"
217.165.36.2 - - [21/Sep/2026:05:11:39 +0700] "POST /xmlrpc.php HTTP/1.1" 200 403 "-" "Jetpack by WordPress.com (Jetpack 12.0; WordPress 6.1)"
92.99.176.73 - - [21/Sep/2026:05:11:41 +0700] "POST /xmlrpc.php HTTP/1.1" 200 403 "-" "Jetpack by WordPress.com (Jetpack 13.0; WordPress 6.2)"
217.165.36.2 - - [21/Sep/2026:05:11:49 +0700] "POST /xmlrpc.php HTTP/1.1" 200 403 "-" "WordPress.com; https://wordpress.com"
92.99.176.73 - - [21/Sep/2026:05:11:52 +0700] "POST /xmlrpc.php HTTP/1.1" 200 403 "-" "WordPress.com; https://wordpress.com"
217.165.36.2 - - [21/Sep/2026:05:12:00 +0700] "POST /xmlrpc.php HTTP/1.1" 200 403 "-" "Jetpack by WordPress.com"
92.99.176.73 - - [21/Sep/2026:05:12:02 +0700] "POST /xmlrpc.php HTTP/1.1" 200 403 "-" "Jetpack by WordPress.com (Jetpack 13.0; WordPress 6.4)"
118.189.242.201 - - [21/Sep/2026:05:12:07 +0700] "GET /goldbet-casino-magyarorszag-hivatalos-oldal-2026/ HTTP/1.1" 200 58543 "https://veewin24hr.com/" "Mozilla/5.0 (Windows NT 10.0; Win64; x64; rv:151.0) Gecko/20100101 Firefox/151.0"
118.189.242.201 - - [21/Sep/2026:05:12:09 +0700] "GET /?p=27652 HTTP/1.1" 301 - "https://veewin24hr.com/goldbet-casino-magyarorszag-hivatalos-oldal-2026/" "Mozilla/5.0 (Windows NT 10.0; Win64; x64; rv:151.0) Gecko/20100101 Firefox/151.0"
217.165.36.2 - - [21/Sep/2026:05:12:11 +0700] "POST /xmlrpc.php HTTP/1.1" 200 403 "-" "Jetpack by WordPress.com (Jetpack 12.1; WordPress 6.1)"
118.189.242.201 - - [21/Sep/2026:05:12:11 +0700] "GET /online-casino-tournaments-uk-2026/ HTTP/1.1" 200 67360 "https://veewin24hr.com/?p=27652" "Mozilla/5.0 (Windows NT 10.0; Win64; x64; rv:151.0) Gecko/20100101 Firefox/151.0"
192.185.176.194 - - [21/Sep/2026:05:12:12 +0700] "GET /wp-login.php HTTP/1.1" 200 7255 "-" "Mozilla/5.0 (Windows NT 10.0; Win64; x64) AppleWebKit/537.36 (KHTML, like Gecko) Chrome/150.0.0.0 Safari/537.36"
92.99.176.73 - - [21/Sep/2026:05:12:13 +0700] "POST /xmlrpc.php HTTP/1.1" 200 403 "-" "Jetpack by WordPress.com"
192.185.176.194 - - [21/Sep/2026:05:12:14 +0700] "POST /wp-login.php HTTP/1.1" 200 7676 "https://veewin24hr.com/wp-login.php" "Mozilla/5.0 (Windows NT 10.0; Win64; x64) AppleWebKit/537.36 (KHTML, like Gecko) Chrome/150.0.0.0 Safari/537.36"
192.185.176.194 - - [21/Sep/2026:05:12:15 +0700] "GET /wp-json/wp/v2/users/me HTTP/1.1" 401 96 "-" "Mozilla/5.0 (Windows NT 10.0; Win64; x64) AppleWebKit/537.36 (KHTML, like Gecko) Chrome/150.0.0.0 Safari/537.36"
217.165.36.2 - - [21/Sep/2026:05:12:21 +0700] "POST /xmlrpc.php HTTP/1.1" 200 403 "-" "Jetpack by WordPress.com (Jetpack 13.0; WordPress 6.3)"
92.99.176.73 - - [21/Sep/2026:05:12:24 +0700] "POST /xmlrpc.php HTTP/1.1" 200 403 "-" "Jetpack by WordPress.com (Jetpack 12.1; WordPress 6.3)"
217.165.36.2 - - [21/Sep/2026:05:12:32 +0700] "POST /xmlrpc.php HTTP/1.1" 200 403 "-" "Jetpack/13.0; WordPress/6.4; http://site52635200.com"
92.99.176.73 - - [21/Sep/2026:05:12:34 +0700] "POST /xmlrpc.php HTTP/1.1" 200 403 "-" "Jetpack by WordPress.com (Jetpack 12.0; WordPress 6.3)"
217.165.36.2 - - [21/Sep/2026:05:12:43 +0700] "POST /xmlrpc.php HTTP/1.1" 200 403 "-" "Jetpack by WordPress.com"
85.208.96.199 - - [21/Sep/2026:05:12:42 +0700] "GET /get-50-right-back-on-first-day-local-casino-losses-as-the-a-totally-free-added-bonus-fund-doing-fifty/ HTTP/1.1" 200 57670 "-" "Mozilla/5.0 (compatible; SemrushBot/7~bl; +http://www.semrush.com/bot.html)"
92.99.176.73 - - [21/Sep/2026:05:12:45 +0700] "POST /xmlrpc.php HTTP/1.1" 200 403 "-" "Jetpack/12.0; WordPress/6.3; http://site89047072.com"
217.165.36.2 - - [21/Sep/2026:05:12:53 +0700] "POST /xmlrpc.php HTTP/1.1" 200 403 "-" "Jetpack by WordPress.com (Jetpack 12.1; WordPress 6.4)"
92.99.176.73 - - [21/Sep/2026:05:12:56 +0700] "POST /xmlrpc.php HTTP/1.1" 200 403 "-" "Jetpack by WordPress.com"
217.165.36.2 - - [21/Sep/2026:05:13:04 +0700] "POST /xmlrpc.php HTTP/1.1" 200 403 "-" "Jetpack/12.0; WordPress/6.1; http://site25934373.com"
92.99.176.73 - - [21/Sep/2026:05:13:06 +0700] "POST /xmlrpc.php HTTP/1.1" 200 403 "-" "Jetpack by WordPress.com"
64.31.4.68 - - [21/Sep/2026:05:13:12 +0700] "POST /xmlrpc.php HTTP/1.1" 200 403 "-" "Mozilla/5.0 (Windows NT 10.0; Win64; x64) AppleWebKit/537.36 (KHTML, like Gecko) Chrome/145.0.0.0 Safari/537.36"
217.165.36.2 - - [21/Sep/2026:05:13:15 +0700] "POST /xmlrpc.php HTTP/1.1" 200 403 "-" "WordPress.com; https://wordpress.com"
92.99.176.73 - - [21/Sep/2026:05:13:17 +0700] "POST /xmlrpc.php HTTP/1.1" 200 403 "-" "WordPress.com; https://wordpress.com"
217.165.36.2 - - [21/Sep/2026:05:13:25 +0700] "POST /xmlrpc.php HTTP/1.1" 200 403 "-" "Jetpack/12.5; WordPress/6.3; http://site10936866.com"
92.99.176.73 - - [21/Sep/2026:05:13:28 +0700] "POST /xmlrpc.php HTTP/1.1" 200 403 "-" "Jetpack by WordPress.com"
217.165.36.2 - - [21/Sep/2026:05:13:36 +0700] "POST /xmlrpc.php HTTP/1.1" 200 403 "-" "Jetpack by WordPress.com"
92.99.176.73 - - [21/Sep/2026:05:13:38 +0700] "POST /xmlrpc.php HTTP/1.1" 200 403 "-" "Jetpack by WordPress.com (Jetpack 12.1; WordPress 6.3)"
217.165.36.2 - - [21/Sep/2026:05:13:47 +0700] "POST /xmlrpc.php HTTP/1.1" 200 403 "-" "Jetpack by WordPress.com (Jetpack 12.0; WordPress 6.4)"
51.79.192.65 - - [21/Sep/2026:05:13:46 +0700] "GET /goldbet-casino-magyarorszag-hivatalos-oldal-2026/ HTTP/1.1" 200 58543 "https://veewin24hr.com/" "Mozilla/5.0 (Windows NT 10.0; Win64; x64; rv:137.0) Gecko/20100101 Firefox/137.0"
51.79.192.65 - - [21/Sep/2026:05:13:48 +0700] "GET /?p=27652 HTTP/1.1" 301 - "https://veewin24hr.com/goldbet-casino-magyarorszag-hivatalos-oldal-2026/" "Mozilla/5.0 (Windows NT 10.0; Win64; x64; rv:137.0) Gecko/20100101 Firefox/137.0"
92.99.176.73 - - [21/Sep/2026:05:13:49 +0700] "POST /xmlrpc.php HTTP/1.1" 200 403 "-" "Jetpack/12.5; WordPress/6.3; http://site73613733.com"
51.79.192.65 - - [21/Sep/2026:05:13:49 +0700] "GET /online-casino-tournaments-uk-2026/ HTTP/1.1" 200 67360 "https://veewin24hr.com/?p=27652" "Mozilla/5.0 (Windows NT 10.0; Win64; x64; rv:137.0) Gecko/20100101 Firefox/137.0"
217.165.36.2 - - [21/Sep/2026:05:13:58 +0700] "POST /xmlrpc.php HTTP/1.1" 200 403 "-" "Jetpack by WordPress.com (Jetpack 12.0; WordPress 6.1)"
92.99.176.73 - - [21/Sep/2026:05:14:00 +0700] "POST /xmlrpc.php HTTP/1.1" 200 403 "-" "Jetpack by WordPress.com"
217.165.36.2 - - [21/Sep/2026:05:14:08 +0700] "POST /xmlrpc.php HTTP/1.1" 200 403 "-" "WordPress.com; https://wordpress.com"
92.99.176.73 - - [21/Sep/2026:05:14:10 +0700] "POST /xmlrpc.php HTTP/1.1" 200 403 "-" "WordPress.com; https://wordpress.com"
148.113.245.55 - - [21/Sep/2026:05:14:10 +0700] "GET /wp-admin/ HTTP/1.1" 302 - "-" "Mozilla/5.0 (X11; Linux x86_64) AppleWebKit/537.36 (KHTML, like Gecko) HeadlessChrome/153.0.8010.12 Safari/537.36"
148.113.245.55 - - [21/Sep/2026:05:14:11 +0700] "GET /wp-login.php?redirect_to=https%3A%2F%2Fveewin24hr.com%2Fwp-admin%2F&reauth=1 HTTP/1.1" 200 7255 "-" "Mozilla/5.0 (X11; Linux x86_64) AppleWebKit/537.36 (KHTML, like Gecko) HeadlessChrome/153.0.8010.12 Safari/537.36"
148.113.245.55 - - [21/Sep/2026:05:14:12 +0700] "GET /wp-admin/js/user-profile.min.js?ver=7.1.1 HTTP/1.1" 200 7914 "https://veewin24hr.com/wp-login.php?redirect_to=https%3A%2F%2Fveewin24hr.com%2Fwp-admin%2F&reauth=1" "Mozilla/5.0 (X11; Linux x86_64) AppleWebKit/537.36 (KHTML, like Gecko) HeadlessChrome/153.0.8010.12 Safari/537.36"
148.113.245.55 - - [21/Sep/2026:05:14:12 +0700] "GET /wp-includes/css/dashicons.min.css?ver=7.1.1 HTTP/1.1" 200 59004 "https://veewin24hr.com/wp-login.php?redirect_to=https%3A%2F%2Fveewin24hr.com%2Fwp-admin%2F&reauth=1" "Mozilla/5.0 (X11; Linux x86_64) AppleWebKit/537.36 (KHTML, like Gecko) HeadlessChrome/153.0.8010.12 Safari/537.36"
148.113.245.55 - - [21/Sep/2026:05:14:12 +0700] "GET /wp-includes/js/dist/i18n.min.js?ver=1dfe7db3940c23ea9216 HTTP/1.1" 200 5791 "https://veewin24hr.com/wp-login.php?redirect_to=https%3A%2F%2Fveewin24hr.com%2Fwp-admin%2F&reauth=1" "Mozilla/5.0 (X11; Linux x86_64) AppleWebKit/537.36 (KHTML, like Gecko) HeadlessChrome/153.0.8010.12 Safari/537.36"
148.113.245.55 - - [21/Sep/2026:05:14:12 +0700] "GET /wp-includes/js/jquery/jquery.min.js?ver=3.7.1 HTTP/1.1" 200 87553 "https://veewin24hr.com/wp-login.php?redirect_to=https%3A%2F%2Fveewin24hr.com%2Fwp-admin%2F&reauth=1" "Mozilla/5.0 (X11; Linux x86_64) AppleWebKit/537.36 (KHTML, like Gecko) HeadlessChrome/153.0.8010.12 Safari/537.36"
148.113.245.55 - - [21/Sep/2026:05:14:12 +0700] "GET /wp-includes/css/dist/base-styles/admin-schemes.min.css?ver=7.1.1 HTTP/1.1" 200 3582 "https://veewin24hr.com/wp-login.php?redirect_to=https%3A%2F%2Fveewin24hr.com%2Fwp-admin%2F&reauth=1" "Mozilla/5.0 (X11; Linux x86_64) AppleWebKit/537.36 (KHTML, like Gecko) HeadlessChrome/153.0.8010.12 Safari/537.36"
148.113.245.55 - - [21/Sep/2026:05:14:12 +0700] "GET /wp-includes/js/underscore.min.js?ver=1.13.8 HTTP/1.1" 200 19012 "https://veewin24hr.com/wp-login.php?redirect_to=https%3A%2F%2Fveewin24hr.com%2Fwp-admin%2F&reauth=1" "Mozilla/5.0 (X11; Linux x86_64) AppleWebKit/537.36 (KHTML, like Gecko) HeadlessChrome/153.0.8010.12 Safari/537.36"
148.113.245.55 - - [21/Sep/2026:05:14:12 +0700] "GET /wp-includes/js/wp-util.min.js?ver=7.1.1 HTTP/1.1" 200 1431 "https://veewin24hr.com/wp-login.php?redirect_to=https%3A%2F%2Fveewin24hr.com%2Fwp-admin%2F&reauth=1" "Mozilla/5.0 (X11; Linux x86_64) AppleWebKit/537.36 (KHTML, like Gecko) HeadlessChrome/153.0.8010.12 Safari/537.36"
148.113.245.55 - - [21/Sep/2026:05:14:12 +0700] "GET /wp-admin/css/forms.min.css?ver=7.1.1 HTTP/1.1" 200 31036 "https://veewin24hr.com/wp-login.php?redirect_to=https%3A%2F%2Fveewin24hr.com%2Fwp-admin%2F&reauth=1" "Mozilla/5.0 (X11; Linux x86_64) AppleWebKit/537.36 (KHTML, like Gecko) HeadlessChrome/153.0.8010.12 Safari/537.36"
148.113.245.55 - - [21/Sep/2026:05:14:12 +0700] "GET /wp-admin/css/l10n.min.css?ver=7.1.1 HTTP/1.1" 200 3200 "https://veewin24hr.com/wp-login.php?redirect_to=https%3A%2F%2Fveewin24hr.com%2Fwp-admin%2F&reauth=1" "Mozilla/5.0 (X11; Linux x86_64) AppleWebKit/537.36 (KHTML, like Gecko) HeadlessChrome/153.0.8010.12 Safari/537.36"
148.113.245.55 - - [21/Sep/2026:05:14:12 +0700] "GET /wp-admin/js/password-strength-meter.min.js?ver=7.1.1 HTTP/1.1" 200 1123 "https://veewin24hr.com/wp-login.php?redirect_to=https%3A%2F%2Fveewin24hr.com%2Fwp-admin%2F&reauth=1" "Mozilla/5.0 (X11; Linux x86_64) AppleWebKit/537.36 (KHTML, like Gecko) HeadlessChrome/153.0.8010.12 Safari/537.36"
148.113.245.55 - - [21/Sep/2026:05:14:13 +0700] "GET /wp-admin/css/wp-tooltip.min.css?ver=7.1.1 HTTP/1.1" 200 2280 "https://veewin24hr.com/wp-login.php?redirect_to=https%3A%2F%2Fveewin24hr.com%2Fwp-admin%2F&reauth=1" "Mozilla/5.0 (X11; Linux x86_64) AppleWebKit/537.36 (KHTML, like Gecko) HeadlessChrome/153.0.8010.12 Safari/537.36"
148.113.245.55 - - [21/Sep/2026:05:14:13 +0700] "GET /wp-includes/js/clipboard.min.js?ver=2.0.11 HTTP/1.1" 200 9009 "https://veewin24hr.com/wp-login.php?redirect_to=https%3A%2F%2Fveewin24hr.com%2Fwp-admin%2F&reauth=1" "Mozilla/5.0 (X11; Linux x86_64) AppleWebKit/537.36 (KHTML, like Gecko) HeadlessChrome/153.0.8010.12 Safari/537.36"
148.113.245.55 - - [21/Sep/2026:05:14:13 +0700] "GET /wp-includes/js/wp-tooltip.js?ver=7.1.1 HTTP/1.1" 200 1846 "https://veewin24hr.com/wp-login.php?redirect_to=https%3A%2F%2Fveewin24hr.com%2Fwp-admin%2F&reauth=1" "Mozilla/5.0 (X11; Linux x86_64) AppleWebKit/537.36 (KHTML, like Gecko) HeadlessChrome/153.0.8010.12 Safari/537.36"
148.113.245.55 - - [21/Sep/2026:05:14:14 +0700] "GET /wp-includes/js/zxcvbn-async.min.js?ver=1.0 HTTP/1.1" 200 351 "https://veewin24hr.com/wp-login.php?redirect_to=https%3A%2F%2Fveewin24hr.com%2Fwp-admin%2F&reauth=1" "Mozilla/5.0 (X11; Linux x86_64) AppleWebKit/537.36 (KHTML, like Gecko) HeadlessChrome/153.0.8010.12 Safari/537.36"
148.113.245.55 - - [21/Sep/2026:05:14:14 +0700] "GET /wp-includes/js/dist/dom-ready.min.js?ver=3fe927cab37bf38d6a23 HTTP/1.1" 200 881 "https://veewin24hr.com/wp-login.php?redirect_to=https%3A%2F%2Fveewin24hr.com%2Fwp-admin%2F&reauth=1" "Mozilla/5.0 (X11; Linux x86_64) AppleWebKit/537.36 (KHTML, like Gecko) HeadlessChrome/153.0.8010.12 Safari/537.36"
148.113.245.55 - - [21/Sep/2026:05:14:15 +0700] "GET /wp-admin/css/login.min.css?ver=7.1.1 HTTP/1.1" 200 6962 "https://veewin24hr.com/wp-login.php?redirect_to=https%3A%2F%2Fveewin24hr.com%2Fwp-admin%2F&reauth=1" "Mozilla/5.0 (X11; Linux x86_64) AppleWebKit/537.36 (KHTML, like Gecko) HeadlessChrome/153.0.8010.12 Safari/537.36"
148.113.245.55 - - [21/Sep/2026:05:14:15 +0700] "GET /wp-includes/js/dist/hooks.min.js?ver=f0f188028580e8dc1255 HTTP/1.1" 200 5107 "https://veewin24hr.com/wp-login.php?redirect_to=https%3A%2F%2Fveewin24hr.com%2Fwp-admin%2F&reauth=1" "Mozilla/5.0 (X11; Linux x86_64) AppleWebKit/537.36 (KHTML, like Gecko) HeadlessChrome/153.0.8010.12 Safari/537.36"
148.113.245.55 - - [21/Sep/2026:05:14:15 +0700] "GET /wp-includes/css/buttons.min.css?ver=7.1.1 HTTP/1.1" 200 8244 "https://veewin24hr.com/wp-login.php?redirect_to=https%3A%2F%2Fveewin24hr.com%2Fwp-admin%2F&reauth=1" "Mozilla/5.0 (X11; Linux x86_64) AppleWebKit/537.36 (KHTML, like Gecko) HeadlessChrome/153.0.8010.12 Safari/537.36"
148.113.245.55 - - [21/Sep/2026:05:14:15 +0700] "GET /wp-includes/js/jquery/jquery-migrate.min.js?ver=3.4.1 HTTP/1.1" 200 13577 "https://veewin24hr.com/wp-login.php?redirect_to=https%3A%2F%2Fveewin24hr.com%2Fwp-admin%2F&reauth=1" "Mozilla/5.0 (X11; Linux x86_64) AppleWebKit/537.36 (KHTML, like Gecko) HeadlessChrome/153.0.8010.12 Safari/537.36"
148.113.245.55 - - [21/Sep/2026:05:14:15 +0700] "GET /wp-includes/js/dist/a11y.min.js?ver=31c6cec5a4ff7aff483d HTTP/1.1" 200 2616 "https://veewin24hr.com/wp-login.php?redirect_to=https%3A%2F%2Fveewin24hr.com%2Fwp-admin%2F&reauth=1" "Mozilla/5.0 (X11; Linux x86_64) AppleWebKit/537.36 (KHTML, like Gecko) HeadlessChrome/153.0.8010.12 Safari/537.36"
148.113.245.55 - - [21/Sep/2026:05:14:16 +0700] "GET /wp-admin/images/wordpress-logo-gray.svg?ver=20260303 HTTP/1.1" 200 1521 "https://veewin24hr.com/wp-admin/css/login.min.css?ver=7.1.1" "Mozilla/5.0 (X11; Linux x86_64) AppleWebKit/537.36 (KHTML, like Gecko) HeadlessChrome/153.0.8010.12 Safari/537.36"
148.113.245.55 - - [21/Sep/2026:05:14:15 +0700] "POST /wp-login.php HTTP/1.1" 302 - "https://veewin24hr.com/wp-login.php?redirect_to=https%3A%2F%2Fveewin24hr.com%2Fwp-admin%2F&reauth=1" "Mozilla/5.0 (X11; Linux x86_64) AppleWebKit/537.36 (KHTML, like Gecko) HeadlessChrome/153.0.8010.12 Safari/537.36"
217.165.36.2 - - [21/Sep/2026:05:14:19 +0700] "POST /xmlrpc.php HTTP/1.1" 200 403 "-" "WordPress.com; https://wordpress.com"
148.113.245.55 - - [21/Sep/2026:05:14:21 +0700] "GET /wp-content/plugins/wordpress-seo/css/dist/admin-global-2830.css HTTP/1.1" 200 31259 "https://veewin24hr.com/wp-admin/" "Mozilla/5.0 (X11; Linux x86_64) AppleWebKit/537.36 (KHTML, like Gecko) HeadlessChrome/153.0.8010.12 Safari/537.36"
148.113.245.55 - - [21/Sep/2026:05:14:21 +0700] "GET /wp-content/plugins/wordpress-seo/css/dist/dashboard-2830.css HTTP/1.1" 200 998 "https://veewin24hr.com/wp-admin/" "Mozilla/5.0 (X11; Linux x86_64) AppleWebKit/537.36 (KHTML, like Gecko) HeadlessChrome/153.0.8010.12 Safari/537.36"
148.113.245.55 - - [21/Sep/2026:05:14:21 +0700] "GET /wp-content/plugins/wordpress-seo/css/dist/monorepo-2830.css HTTP/1.1" 200 33689 "https://veewin24hr.com/wp-admin/" "Mozilla/5.0 (X11; Linux x86_64) AppleWebKit/537.36 (KHTML, like Gecko) HeadlessChrome/153.0.8010.12 Safari/537.36"
148.113.245.55 - - [21/Sep/2026:05:14:21 +0700] "GET /wp-content/mu-plugins/wp-toolkit/UI/admin/css/dashboardHost.css?ver=1788299004 HTTP/1.1" 200 15978 "https://veewin24hr.com/wp-admin/" "Mozilla/5.0 (X11; Linux x86_64) AppleWebKit/537.36 (KHTML, like Gecko) HeadlessChrome/153.0.8010.12 Safari/537.36"
148.113.245.55 - - [21/Sep/2026:05:14:21 +0700] "GET /wp-admin/css/colors/modern/colors.min.css?ver=7.1.1 HTTP/1.1" 200 21807 "https://veewin24hr.com/wp-admin/" "Mozilla/5.0 (X11; Linux x86_64) AppleWebKit/537.36 (KHTML, like Gecko) HeadlessChrome/153.0.8010.12 Safari/537.36"
148.113.245.55 - - [21/Sep/2026:05:14:21 +0700] "GET /wp-content/plugins/elementor-pro/assets/css/admin.min.css?ver=4.2.1 HTTP/1.1" 200 21608 "https://veewin24hr.com/wp-admin/" "Mozilla/5.0 (X11; Linux x86_64) AppleWebKit/537.36 (KHTML, like Gecko) HeadlessChrome/153.0.8010.12 Safari/537.36"
148.113.245.55 - - [21/Sep/2026:05:14:21 +0700] "GET /wp-content/plugins/elementor/vendor/elementor/wp-one-package/assets/build/common.css?ver=1.0.68 HTTP/1.1" 200 1562 "https://veewin24hr.com/wp-admin/" "Mozilla/5.0 (X11; Linux x86_64) AppleWebKit/537.36 (KHTML, like Gecko) HeadlessChrome/153.0.8010.12 Safari/537.36"
148.113.245.55 - - [21/Sep/2026:05:14:21 +0700] "GET /wp-content/plugins/elementor/assets/lib/eicons/css/elementor-icons.min.css?ver=5.53.0 HTTP/1.1" 200 22258 "https://veewin24hr.com/wp-admin/" "Mozilla/5.0 (X11; Linux x86_64) AppleWebKit/537.36 (KHTML, like Gecko) HeadlessChrome/153.0.8010.12 Safari/537.36"
