198.252.107.178 - - [21/Sep/2026:09:23:08 +0700] "POST /wp-cron.php?doing_wp_cron=1789957388.3175559043884277343750 HTTP/1.1" 200 - "-" "WordPress/7.1.1; https://veewin24hr.com"
135.136.0.181 - - [21/Sep/2026:09:23:02 +0700] "POST /xmlrpc.php HTTP/1.1" 200 181 "-" "Mozilla/5.0 (Macintosh; Intel Mac OS X 10_15_7) AppleWebKit/537.36 (KHTML, like Gecko) Chrome/136.0.0.0 Safari/537.36"
135.136.0.181 - - [21/Sep/2026:09:23:14 +0700] "POST /xmlrpc.php HTTP/1.1" 200 9830 "-" "Mozilla/5.0 (Windows NT 10.0; Win64; x64) AppleWebKit/537.36 (KHTML, like Gecko) Chrome/145.0.0.0 Safari/537.36"
135.136.0.181 - - [21/Sep/2026:09:23:15 +0700] "GET /betfred-is-actually-a-highly-established-uk-wagering-brand-with-origins-going-back-the-new-1960s/ HTTP/1.1" 200 59265 "-" "Mozilla/5.0 (Macintosh; Intel Mac OS X 10_15_7) AppleWebKit/605.1.15 (KHTML, like Gecko) Version/18.3.1 Safari/605.1.15"
198.252.107.178 - - [21/Sep/2026:09:23:27 +0700] "POST /wp-cron.php?doing_wp_cron=1789957407.8960649967193603515625 HTTP/1.1" 200 - "-" "WordPress/7.1.1; https://veewin24hr.com"
135.136.0.181 - - [21/Sep/2026:09:23:23 +0700] "POST /xmlrpc.php HTTP/1.1" 200 181 "-" "Mozilla/5.0 (Macintosh; Intel Mac OS X 10_15_7) AppleWebKit/605.1.15 (KHTML, like Gecko) Version/18.5 Safari/605.1.15"
135.136.0.181 - - [21/Sep/2026:09:23:33 +0700] "POST /xmlrpc.php HTTP/1.1" 200 8102 "-" "Mozilla/5.0 (X11; Linux x86_64) AppleWebKit/537.36 (KHTML, like Gecko) Chrome/129.0.0.0 Safari/537.36"
135.136.0.181 - - [21/Sep/2026:09:23:35 +0700] "GET /when-shopping-for-an-excellent-british-casino-birthday-celebration-extra-you-usually-have-options/ HTTP/1.1" 200 57606 "-" "Mozilla/5.0 (Macintosh; Intel Mac OS X 10_15_7) AppleWebKit/605.1.15 (KHTML, like Gecko) Version/18.3 Safari/605.1.15"
194.24.237.165 - - [21/Sep/2026:09:23:44 +0700] "POST /xmlrpc.php HTTP/1.1" 200 403 "-" "Mozilla/5.0 (Macintosh; Intel Mac OS X 10_15_7) AppleWebKit/605.1.15 (KHTML, like Gecko) Version/18.2 Safari/605.1.15"
198.252.107.178 - - [21/Sep/2026:09:23:47 +0700] "POST /wp-cron.php?doing_wp_cron=1789957427.5896480083465576171875 HTTP/1.1" 200 - "-" "WordPress/7.1.1; https://veewin24hr.com"
135.136.0.181 - - [21/Sep/2026:09:23:43 +0700] "POST /xmlrpc.php HTTP/1.1" 200 181 "-" "Mozilla/5.0 (X11; Linux x86_64) AppleWebKit/537.36 (KHTML, like Gecko) Chrome/148.0.0.0 Safari/537.36"
135.136.0.181 - - [21/Sep/2026:09:23:53 +0700] "POST /xmlrpc.php HTTP/1.1" 200 9078 "-" "Mozilla/5.0 (Macintosh; Intel Mac OS X 10_15_7) AppleWebKit/537.36 (KHTML, like Gecko) Chrome/136.0.0.0 Safari/537.36"
135.136.0.181 - - [21/Sep/2026:09:23:54 +0700] "GET /a-credit-card-local-casino-try-a-casino-in-which-handmade-cards-is-actually-approved-as-the-a-cost-method/ HTTP/1.1" 200 58721 "-" "Mozilla/5.0 (Windows NT 10.0; Win64; x64) AppleWebKit/537.36 (KHTML, like Gecko) Chrome/122.0.0.0 Safari/537.36"
198.252.107.178 - - [21/Sep/2026:09:24:09 +0700] "POST /wp-cron.php?doing_wp_cron=1789957449.7325339317321777343750 HTTP/1.1" 200 - "-" "WordPress/7.1.1; https://veewin24hr.com"
135.136.0.181 - - [21/Sep/2026:09:24:05 +0700] "POST /xmlrpc.php HTTP/1.1" 200 181 "-" "Mozilla/5.0 (Windows NT 10.0; Win64; x64) AppleWebKit/537.36 (KHTML, like Gecko) Chrome/129.0.0.0 Safari/537.36"
51.81.110.22 - - [21/Sep/2026:09:24:10 +0700] "GET /in-angewandten-spielbanken-hierzulande-werdet-das-in-den-meisten-fallen-dennoch-die-ihr-klassischen-spielvarianten-entdecken/ HTTP/1.1" 200 62511 "-" "Mozilla/5.0 (compatible; AhrefsBot/7.0; +http://ahrefs.com/robot/)"
135.136.0.181 - - [21/Sep/2026:09:24:15 +0700] "POST /xmlrpc.php HTTP/1.1" 200 8468 "-" "Mozilla/5.0 (Macintosh; Intel Mac OS X 10_15_7) AppleWebKit/537.36 (KHTML, like Gecko) Chrome/120.0.0.0 Safari/537.36"
135.136.0.181 - - [21/Sep/2026:09:24:17 +0700] "GET /high-bet-people-can-take-advantage-of-advanced-bonuses-accessibility-highest-restrict-dining-tables-and-you-may-an-excellent-gaming-feel/ HTTP/1.1" 200 58651 "-" "Mozilla/5.0 (Windows NT 10.0; Win64; x64) AppleWebKit/537.36 (KHTML, like Gecko) Chrome/133.0.0.0 Safari/537.36 OPR/118.0.0.0"
198.252.107.178 - - [21/Sep/2026:09:24:29 +0700] "POST /wp-cron.php?doing_wp_cron=1789957469.6423540115356445312500 HTTP/1.1" 200 - "-" "WordPress/7.1.1; https://veewin24hr.com"
135.136.0.181 - - [21/Sep/2026:09:24:25 +0700] "POST /xmlrpc.php HTTP/1.1" 200 181 "-" "Mozilla/5.0 (Macintosh; Intel Mac OS X 10_15_7) AppleWebKit/537.36 (KHTML, like Gecko) Chrome/136.0.0.0 Safari/537.36 Edg/136.0.0.0"
135.136.0.181 - - [21/Sep/2026:09:24:35 +0700] "POST /xmlrpc.php HTTP/1.1" 200 9060 "-" "Mozilla/5.0 (X11; Linux x86_64) AppleWebKit/537.36 (KHTML, like Gecko) Chrome/148.0.0.0 Safari/537.36"
135.136.0.181 - - [21/Sep/2026:09:24:37 +0700] "GET /a-knowledgeable-a-real-income-bank-card-casino-inside-our-thoughts-is-actually-888-casino/ HTTP/1.1" 200 58460 "-" "Mozilla/5.0 (Windows NT 10.0; Win64; x64) AppleWebKit/537.36 (KHTML, like Gecko) Chrome/147.0.0.0 Safari/537.36"
198.252.107.178 - - [21/Sep/2026:09:24:39 +0700] "POST /wp-cron.php?doing_wp_cron=1789957479.7039880752563476562500 HTTP/1.1" 200 - "-" "WordPress/7.1.1; https://veewin24hr.com"
38.246.33.72 - - [21/Sep/2026:09:24:35 +0700] "POST /xmlrpc.php HTTP/1.1" 200 181 "-" "Mozilla/5.0 (Macintosh; Intel Mac OS X 10_15_7) AppleWebKit/605.1.15 (KHTML, like Gecko) Version/18.5 Safari/605.1.15"
198.252.107.178 - - [21/Sep/2026:09:24:51 +0700] "POST /wp-cron.php?doing_wp_cron=1789957491.8615820407867431640625 HTTP/1.1" 200 - "-" "WordPress/7.1.1; https://veewin24hr.com"
135.136.0.181 - - [21/Sep/2026:09:24:47 +0700] "POST /xmlrpc.php HTTP/1.1" 200 181 "-" "Mozilla/5.0 (X11; Linux x86_64) AppleWebKit/537.36 (KHTML, like Gecko) Chrome/135.0.0.0 Safari/537.36"
38.246.33.72 - - [21/Sep/2026:09:24:57 +0700] "POST /xmlrpc.php HTTP/1.1" 200 11160 "-" "Mozilla/5.0 (Windows NT 10.0; Win64; x64) AppleWebKit/537.36 (KHTML, like Gecko) Chrome/147.0.0.0 Safari/537.36"
135.136.0.181 - - [21/Sep/2026:09:24:58 +0700] "POST /xmlrpc.php HTTP/1.1" 200 8870 "-" "Mozilla/5.0 (Windows NT 10.0; Win64; x64) AppleWebKit/537.36 (KHTML, like Gecko) obsidian/1.8.4 Chrome/130.0.6723.191 Electron/33.3.2 Safari/537.36"
38.246.33.72 - - [21/Sep/2026:09:24:59 +0700] "GET /ebendiese-sichersten-verfugbaren-sprachen-sind-englisch-deutsch-franzosisch-ferner-moglicherweise-spanisch/ HTTP/1.1" 200 60851 "-" "Mozilla/5.0 (Windows NT 10.0; Win64; x64) AppleWebKit/537.36 (KHTML, like Gecko) Chrome/148.0.0.0 Safari/537.36"
135.136.0.181 - - [21/Sep/2026:09:24:59 +0700] "GET /when-you-are-dealing-with-a-low-put-extra-doing-the-fresh-betting-criteria-can-feel-difficult/ HTTP/1.1" 200 58287 "-" "Mozilla/5.0 (Macintosh; Intel Mac OS X 10_15_7) AppleWebKit/537.36 (KHTML, like Gecko) Chrome/134.0.0.0 Safari/537.36"
198.252.107.178 - - [21/Sep/2026:09:25:15 +0700] "POST /wp-cron.php?doing_wp_cron=1789957514.9780020713806152343750 HTTP/1.1" 200 - "-" "WordPress/7.1.1; https://veewin24hr.com"
135.136.0.181 - - [21/Sep/2026:09:25:09 +0700] "POST /xmlrpc.php HTTP/1.1" 200 181 "-" "Mozilla/5.0 (X11; Linux x86_64) AppleWebKit/537.36 (KHTML, like Gecko) Chrome/132.0.0.0 Safari/537.36"
135.136.0.181 - - [21/Sep/2026:09:25:20 +0700] "POST /xmlrpc.php HTTP/1.1" 200 8838 "-" "Mozilla/5.0 (Macintosh; Intel Mac OS X 10_15_7) AppleWebKit/605.1.15 (KHTML, like Gecko) Version/18.3 Safari/605.1.15"
135.136.0.181 - - [21/Sep/2026:09:25:22 +0700] "GET /betfred-game-is-yet-another-lower-lowest-put-casino-one-to-welcomes-just-5-to-begin/ HTTP/1.1" 200 58147 "-" "Mozilla/5.0 (Windows NT 10.0; Win64; x64; rv:136.0) Gecko/20100101 Firefox/136.0"
198.252.107.178 - - [21/Sep/2026:09:25:37 +0700] "POST /wp-cron.php?doing_wp_cron=1789957537.0624749660491943359375 HTTP/1.1" 200 - "-" "WordPress/7.1.1; https://veewin24hr.com"
135.136.0.181 - - [21/Sep/2026:09:25:31 +0700] "POST /xmlrpc.php HTTP/1.1" 200 181 "-" "Mozilla/5.0 (X11; Linux x86_64) AppleWebKit/537.36 (KHTML, like Gecko) Chrome/134.0.0.0 Safari/537.36"
38.246.32.85 - - [21/Sep/2026:09:25:39 +0700] "POST /xmlrpc.php HTTP/1.1" 200 403 "-" "Mozilla/5.0 (Windows NT 10.0; Win64; x64) AppleWebKit/537.36 (KHTML, like Gecko) obsidian/1.8.3 Chrome/130.0.6723.191 Electron/33.3.2 Safari/537.36"
198.252.107.178 - - [21/Sep/2026:09:25:42 +0700] "POST /wp-cron.php?doing_wp_cron=1789957542.2688310146331787109375 HTTP/1.1" 200 - "-" "WordPress/7.1.1; https://veewin24hr.com"
38.246.33.72 - - [21/Sep/2026:09:25:35 +0700] "POST /xmlrpc.php HTTP/1.1" 200 181 "-" "Mozilla/5.0 (Macintosh; Intel Mac OS X 10_15_7) AppleWebKit/605.1.15 (KHTML, like Gecko) Version/18.4 Safari/605.1.15"
135.136.0.181 - - [21/Sep/2026:09:25:42 +0700] "POST /xmlrpc.php HTTP/1.1" 200 10160 "-" "Mozilla/5.0 (Macintosh; Intel Mac OS X 10_15_7) AppleWebKit/537.36"
135.136.0.181 - - [21/Sep/2026:09:25:44 +0700] "GET /you-can-read-a-little-more-about-our-very-own-techniques-for-the-trusted-on-the-web-casinos-webpage/ HTTP/1.1" 200 59669 "-" "Mozilla/5.0 (Macintosh; Intel Mac OS X 10_15_7) AppleWebKit/605.1.15 (KHTML, like Gecko) Version/18.5 Safari/605.1.15"
38.246.33.72 - - [21/Sep/2026:09:25:50 +0700] "POST /xmlrpc.php HTTP/1.1" 200 12945 "-" "Mozilla/5.0 (Windows NT 10.0; Win64; x64) AppleWebKit/537.36 (KHTML, like Gecko) Chrome/134.0.0.0 Safari/537.36"
38.246.33.72 - - [21/Sep/2026:09:25:52 +0700] "GET /via-echtgeld-baccarat-reside-pusher-musizieren-kannst-du-im-regelfall-nicht-vor-1-%EF%BF%BD-beginnen/ HTTP/1.1" 200 62509 "-" "Mozilla/5.0 (Windows NT 10.0; Win64; x64) AppleWebKit/537.36 (KHTML, like Gecko) obsidian/1.8.10 Chrome/132.0.6834.196 Electron/34.2.0 Safari/537.36"
198.252.107.178 - - [21/Sep/2026:09:25:56 +0700] "POST /wp-cron.php?doing_wp_cron=1789957556.7048370838165283203125 HTTP/1.1" 200 - "-" "WordPress/7.1.1; https://veewin24hr.com"
135.136.0.181 - - [21/Sep/2026:09:25:51 +0700] "POST /xmlrpc.php HTTP/1.1" 200 181 "-" "Mozilla/5.0 (X11; Linux x86_64) AppleWebKit/537.36 (KHTML, like Gecko) Chrome/134.0.0.0 Safari/537.36"
89.117.47.54 - - [21/Sep/2026:09:25:58 +0700] "POST /xmlrpc.php HTTP/1.1" 200 167442 "-" "Mozilla/5.0 (Windows NT 10.0; Win64; x64) AppleWebKit/537.36 (KHTML, like Gecko) Chrome/121.0.0.0 Safari/537.36 Edg/121.0.0.0"
198.252.107.178 - - [21/Sep/2026:09:26:01 +0700] "POST /wp-cron.php?doing_wp_cron=1789957561.1734850406646728515625 HTTP/1.1" 200 - "-" "WordPress/7.1.1; https://veewin24hr.com"
89.117.47.54 - - [21/Sep/2026:09:26:00 +0700] "POST /xmlrpc.php HTTP/1.1" 200 181 "-" "Mozilla/5.0 (Windows NT 10.0; Win64; x64) AppleWebKit/537.36 (KHTML, like Gecko) Chrome/121.0.0.0 Safari/537.36 Edg/121.0.0.0"
89.117.47.54 - - [21/Sep/2026:09:26:02 +0700] "POST /xmlrpc.php HTTP/1.1" 200 8222 "-" "Mozilla/5.0 (Windows NT 10.0; Win64; x64) AppleWebKit/537.36 (KHTML, like Gecko) Chrome/121.0.0.0 Safari/537.36 Edg/121.0.0.0"
135.136.0.181 - - [21/Sep/2026:09:26:02 +0700] "POST /xmlrpc.php HTTP/1.1" 200 8618 "-" "Mozilla/5.0 (Windows NT 10.0; Win64; x64) AppleWebKit/537.36 (KHTML, like Gecko) Chrome/133.0.0.0 Safari/537.36 OPR/118.0.0.0"
135.136.0.181 - - [21/Sep/2026:09:26:04 +0700] "GET /the-united-kingdom-gaming-payment-takes-on-a-vital-role-within-the-regulating-on-line-casinos-in-britain/ HTTP/1.1" 200 58216 "-" "Mozilla/5.0 (Macintosh; Intel Mac OS X 10_15_7) AppleWebKit/605.1.15 (KHTML, like Gecko) Version/18.4 Safari/605.1.15"
198.252.107.178 - - [21/Sep/2026:09:26:17 +0700] "POST /wp-cron.php?doing_wp_cron=1789957577.4499199390411376953125 HTTP/1.1" 200 - "-" "WordPress/7.1.1; https://veewin24hr.com"
135.136.0.181 - - [21/Sep/2026:09:26:11 +0700] "POST /xmlrpc.php HTTP/1.1" 200 181 "-" "Mozilla/5.0 (Macintosh; Intel Mac OS X 10_15_7) AppleWebKit/605.1.15 (KHTML, like Gecko) Version/16.6 Safari/605.1.15"
135.136.0.181 - - [21/Sep/2026:09:26:23 +0700] "POST /xmlrpc.php HTTP/1.1" 200 8339 "-" "Mozilla/5.0 (Macintosh; Intel Mac OS X 10_15_7) AppleWebKit/537.36 (KHTML, like Gecko) Chrome/135.0.0.0 Safari/537.36 Edg/135.0.0.0"
135.136.0.181 - - [21/Sep/2026:09:26:24 +0700] "GET /betfred-local-casino-supports-dumps-and-you-can-distributions-thru-crypto-only-with-a-lot-of-withdrawals-taking-less-than-ten-minutes/ HTTP/1.1" 200 58432 "-" "Mozilla/5.0 (Macintosh; Intel Mac OS X 10_15_7) AppleWebKit/537.36 (KHTML, like Gecko) obsidian/1.8.10 Chrome/132.0.6834.196 Electron/34.2.0 Safari/537.36"
198.252.107.178 - - [21/Sep/2026:09:26:35 +0700] "POST /wp-cron.php?doing_wp_cron=1789957595.4685480594635009765625 HTTP/1.1" 200 - "-" "WordPress/7.1.1; https://veewin24hr.com"
135.136.0.181 - - [21/Sep/2026:09:26:30 +0700] "POST /xmlrpc.php HTTP/1.1" 200 181 "-" "Mozilla/5.0 (Macintosh; Intel Mac OS X 10_15_7) AppleWebKit/537.36 (KHTML, like Gecko) Chrome/136.0.0.0 Safari/537.36 Edg/136.0.0.0"
135.136.0.181 - - [21/Sep/2026:09:26:41 +0700] "POST /xmlrpc.php HTTP/1.1" 200 8591 "-" "Mozilla/5.0 (Windows NT 10.0; Win64; x64) AppleWebKit/537.36 (KHTML, like Gecko) Chrome/134.0.0.0 Safari/537.36 Edg/134.0.0.0"
198.252.107.178 - - [21/Sep/2026:09:26:44 +0700] "POST /wp-cron.php?doing_wp_cron=1789957604.8194489479064941406250 HTTP/1.1" 200 - "-" "WordPress/7.1.1; https://veewin24hr.com"
38.246.33.72 - - [21/Sep/2026:09:26:33 +0700] "POST /xmlrpc.php HTTP/1.1" 200 181 "-" "Mozilla/5.0 (Windows NT 10.0; Win64; x64; rv:135.0) Gecko/20100101 Firefox/135.0"
135.136.0.181 - - [21/Sep/2026:09:26:44 +0700] "GET /looking-compatible-games-significantly-influences-your-success-having-deposit-bonuses/ HTTP/1.1" 200 57943 "-" "Mozilla/5.0 (Macintosh; Intel Mac OS X 10_15_7) AppleWebKit/537.36 (KHTML, like Gecko) Chrome/122.0.0.0 Safari/537.36"
38.246.33.72 - - [21/Sep/2026:09:26:51 +0700] "POST /xmlrpc.php HTTP/1.1" 200 13843 "-" "Mozilla/5.0 (Windows NT 10.0; Win64; x64) AppleWebKit/537.36 (KHTML, like Gecko) Chrome/135.0.0.0 Safari/537.36"
198.252.107.178 - - [21/Sep/2026:09:26:54 +0700] "POST /wp-cron.php?doing_wp_cron=1789957614.5522739887237548828125 HTTP/1.1" 200 - "-" "WordPress/7.1.1; https://veewin24hr.com"
135.136.0.181 - - [21/Sep/2026:09:26:48 +0700] "POST /xmlrpc.php HTTP/1.1" 200 181 "-" "Mozilla/5.0 (Windows NT 10.0; Win64; x64) AppleWebKit/537.36 (KHTML, like Gecko) Chrome/120.0.0.0 Safari/537.36"
38.246.33.72 - - [21/Sep/2026:09:26:53 +0700] "GET /hinten-einen-vorteilen-gehoren-selbige-gebuhrenfreiheit-dasjenige-jede-menge-einfache-handhabung/ HTTP/1.1" 200 63420 "-" "Mozilla/5.0 (Windows NT 10.0; Win64; x64) AppleWebKit/537.36 (KHTML, like Gecko) Chrome/147.0.0.0 Safari/537.36 OPR/131.0.0.0"
198.252.107.178 - - [21/Sep/2026:09:26:58 +0700] "POST /wp-cron.php?doing_wp_cron=1789957618.7124838829040527343750 HTTP/1.1" 200 - "-" "WordPress/7.1.1; https://veewin24hr.com"
38.246.33.72 - - [21/Sep/2026:09:26:53 +0700] "POST /xmlrpc.php HTTP/1.1" 200 181 "-" "Mozilla/5.0 (Windows NT 10.0; Win64; x64; rv:135.0) Gecko/20100101 Firefox/135.0"
135.136.0.181 - - [21/Sep/2026:09:27:00 +0700] "POST /xmlrpc.php HTTP/1.1" 200 8467 "-" "Mozilla/5.0 (Macintosh; Intel Mac OS X 10_15_7) AppleWebKit/605.1.15 (KHTML, like Gecko) Version/18.2 Safari/605.1.15"
135.136.0.181 - - [21/Sep/2026:09:27:02 +0700] "GET /high-bet-people-can-also-enjoy-advanced-bonuses-accessibility-higher-restriction-dining-tables-and-you-may-an-exceptional-playing-experience/ HTTP/1.1" 200 58729 "-" "Mozilla/5.0 (Macintosh; Intel Mac OS X 10_15_7) AppleWebKit/605.1.15 (KHTML, like Gecko) Version/18.4 Safari/605.1.15"
38.246.33.72 - - [21/Sep/2026:09:27:05 +0700] "POST /xmlrpc.php HTTP/1.1" 200 12821 "-" "Mozilla/5.0 (X11; Linux x86_64) AppleWebKit/537.36 (KHTML, like Gecko) Chrome/130.0.0.0 Safari/537.36"
38.246.33.72 - - [21/Sep/2026:09:27:07 +0700] "GET /einige-vorhaben-vorbeigehen-einzig-uff-selbige-bonus-spielart-zusatzliche-spendieren-besucher-kosteloze-spins-zusatzlich-zu-einem-echtgeldbonus/ HTTP/1.1" 200 63080 "-" "Mozilla/5.0 (Macintosh; Intel Mac OS X 10_15_7) AppleWebKit/605.1.15 (KHTML, like Gecko) Version/18.3 Safari/605.1.15"
198.252.107.178 - - [21/Sep/2026:09:27:10 +0700] "POST /wp-cron.php?doing_wp_cron=1789957630.2262880802154541015625 HTTP/1.1" 200 - "-" "WordPress/7.1.1; https://veewin24hr.com"
135.136.0.181 - - [21/Sep/2026:09:27:05 +0700] "POST /xmlrpc.php HTTP/1.1" 200 181 "-" "Mozilla/5.0 (Windows NT 10.0; Win64; x64; rv:136.0) Gecko/20100101 Firefox/136.0"
135.136.0.181 - - [21/Sep/2026:09:27:16 +0700] "POST /xmlrpc.php HTTP/1.1" 200 10498 "-" "Mozilla/5.0 (Windows NT 10.0; Win64; x64) AppleWebKit/537.36 (KHTML, like Gecko) obsidian/1.8.10 Chrome/132.0.6834.196 Electron/34.2.0 Safari/537.36"
135.136.0.181 - - [21/Sep/2026:09:27:17 +0700] "GET /typical-advertising-were-earnings-boosts-on-the-accumulators-free-to-enjoy-game-and-you-may-early-winnings-making-t/ HTTP/1.1" 200 60288 "-" "Mozilla/5.0 (Macintosh; Intel Mac OS X 10_15_7) AppleWebKit/537.36 (KHTML, like Gecko) Chrome/133.0.0.0 Safari/537.36"
198.252.107.178 - - [21/Sep/2026:09:27:26 +0700] "POST /wp-cron.php?doing_wp_cron=1789957646.2655129432678222656250 HTTP/1.1" 200 - "-" "WordPress/7.1.1; https://veewin24hr.com"
135.136.0.181 - - [21/Sep/2026:09:27:21 +0700] "POST /xmlrpc.php HTTP/1.1" 200 181 "-" "Mozilla/5.0 (Macintosh; Intel Mac OS X 10.15; rv:138.0) Gecko/20100101 Firefox/138.0"
135.136.0.181 - - [21/Sep/2026:09:27:32 +0700] "POST /xmlrpc.php HTTP/1.1" 200 9245 "-" "Mozilla/5.0 (Macintosh; Intel Mac OS X 10_15_7) AppleWebKit/605.1.15 (KHTML, like Gecko) Version/26.4 Safari/605.1.15"
135.136.0.181 - - [21/Sep/2026:09:27:33 +0700] "GET /not-you-may-not-see-any-uk-depending-casino-websites-you-to-definitely-undertake-charge-card-dumps/ HTTP/1.1" 200 58744 "-" "Mozilla/5.0 (Macintosh; Intel Mac OS X 10_15_7) AppleWebKit/605.1.15 (KHTML, like Gecko) Version/17.6 Safari/605.1.15"
198.252.107.178 - - [21/Sep/2026:09:27:41 +0700] "POST /wp-cron.php?doing_wp_cron=1789957661.1342749595642089843750 HTTP/1.1" 200 - "-" "WordPress/7.1.1; https://veewin24hr.com"
38.246.33.72 - - [21/Sep/2026:09:27:36 +0700] "POST /xmlrpc.php HTTP/1.1" 200 181 "-" "Mozilla/5.0 (Windows NT 10.0; Win64; x64) AppleWebKit/537.36 (KHTML, like Gecko) Chrome/136.0.0.0 Safari/537.36 Edg/136.0.0.0"
135.136.0.181 - - [21/Sep/2026:09:27:37 +0700] "POST /xmlrpc.php HTTP/1.1" 200 181 "-" "Mozilla/5.0 (Windows NT 10.0; Win64; x64) AppleWebKit/537.36 (KHTML, like Gecko) Chrome/135.0.0.0 Safari/537.36 Edg/135.0.0.0"
198.252.107.178 - - [21/Sep/2026:09:27:49 +0700] "POST /wp-cron.php?doing_wp_cron=1789957669.4656510353088378906250 HTTP/1.1" 200 - "-" "WordPress/7.1.1; https://veewin24hr.com"
135.136.0.181 - - [21/Sep/2026:09:27:48 +0700] "POST /xmlrpc.php HTTP/1.1" 200 8873 "-" "Mozilla/5.0 (Macintosh; Intel Mac OS X 10_15_7) AppleWebKit/537.36 (KHTML, like Gecko) Chrome/146.0.0.0 Safari/537.36"
38.246.33.72 - - [21/Sep/2026:09:27:49 +0700] "POST /xmlrpc.php HTTP/1.1" 200 9687 "-" "Mozilla/5.0 (Macintosh; Intel Mac OS X 10_15_7) AppleWebKit/537.36"
135.136.0.181 - - [21/Sep/2026:09:27:50 +0700] "GET /just-after-its-affirmed-you-can-easily-allege-the-deal/ HTTP/1.1" 200 57660 "-" "Mozilla/5.0 (X11; Linux x86_64) AppleWebKit/537.36 (KHTML, like Gecko) Chrome/130.0.0.0 Safari/537.36"
38.246.33.72 - - [21/Sep/2026:09:27:52 +0700] "GET /die-mehrheit-boni-samt-groerer-willkommensangebote-man-sagt-sie-seien-ab-dieser-einzahlung-von-9-1-%EF%BF%BD-verfugbar/ HTTP/1.1" 200 59594 "-" "Mozilla/5.0 (Windows NT 10.0; Win64; x64) AppleWebKit/537.36 (KHTML, like Gecko) Chrome/120.0.0.0 Safari/537.36"
51.81.111.74 - - [21/Sep/2026:09:27:56 +0700] "GET /von-nachfolgende-display-screen-unter-anderem-untermenus-eignen-beliebige-wunsche-direktemang-nach-finden/ HTTP/1.1" 200 63365 "-" "Mozilla/5.0 (compatible; AhrefsBot/7.0; +http://ahrefs.com/robot/)"
198.252.107.178 - - [21/Sep/2026:09:27:59 +0700] "POST /wp-cron.php?doing_wp_cron=1789957679.1107521057128906250000 HTTP/1.1" 200 - "-" "WordPress/7.1.1; https://veewin24hr.com"
135.136.0.181 - - [21/Sep/2026:09:27:54 +0700] "POST /xmlrpc.php HTTP/1.1" 200 181 "-" "Mozilla/5.0 (Windows NT 10.0; Win64; x64; rv:135.0) Gecko/20100101 Firefox/135.0"
135.136.0.181 - - [21/Sep/2026:09:28:05 +0700] "POST /xmlrpc.php HTTP/1.1" 200 9780 "-" "Mozilla/5.0 (Windows NT 10.0; Win64; x64) AppleWebKit/537.36 (KHTML, like Gecko) Chrome/136.0.0.0 Safari/537.36"
135.136.0.181 - - [21/Sep/2026:09:28:06 +0700] "GET /maybe-you-require-help-with-verification-percentage-tips-or-withdrawing-your-added-bonus-revolves-winnings/ HTTP/1.1" 200 59400 "-" "Mozilla/5.0 (Windows NT 10.0; Win64; x64) AppleWebKit/537.36 (KHTML, like Gecko) Chrome/130.0.0.0 Safari/537.36"
198.252.107.178 - - [21/Sep/2026:09:28:17 +0700] "POST /wp-cron.php?doing_wp_cron=1789957697.0633249282836914062500 HTTP/1.1" 200 - "-" "WordPress/7.1.1; https://veewin24hr.com"
135.136.0.181 - - [21/Sep/2026:09:28:11 +0700] "POST /xmlrpc.php HTTP/1.1" 200 181 "-" "Mozilla/5.0 (X11; Ubuntu; Linux x86_64; rv:137.0) Gecko/20100101 Firefox/137.0"
198.252.107.178 - - [21/Sep/2026:09:28:19 +0700] "POST /wp-cron.php?doing_wp_cron=1789957699.9419069290161132812500 HTTP/1.1" 200 - "-" "WordPress/7.1.1; https://veewin24hr.com"
38.246.33.72 - - [21/Sep/2026:09:28:14 +0700] "POST /xmlrpc.php HTTP/1.1" 200 181 "-" "Mozilla/5.0 (Macintosh; Intel Mac OS X 10_15_7) AppleWebKit/537.36 (KHTML, like Gecko) Chrome/134.0.0.0 Safari/537.36"
135.136.0.181 - - [21/Sep/2026:09:28:23 +0700] "POST /xmlrpc.php HTTP/1.1" 200 10642 "-" "Mozilla/5.0 (Macintosh; Intel Mac OS X 10_15_7) AppleWebKit/605.1.15 (KHTML, like Gecko) Version/17.5 Safari/605.1.15"
135.136.0.181 - - [21/Sep/2026:09:28:24 +0700] "GET /some-casinos-promote-no-wagering-no-deposit-bonuses-meaning-that-everything-you-win-try-your-own-personal/ HTTP/1.1" 200 60260 "-" "Mozilla/5.0 (Windows NT 10.0; Win64; x64; rv:135.0) Gecko/20100101 Firefox/135.0"
198.252.107.178 - - [21/Sep/2026:09:28:32 +0700] "POST /wp-cron.php?doing_wp_cron=1789957712.0666060447692871093750 HTTP/1.1" 200 - "-" "WordPress/7.1.1; https://veewin24hr.com"
135.136.0.181 - - [21/Sep/2026:09:28:27 +0700] "POST /xmlrpc.php HTTP/1.1" 200 181 "-" "Mozilla/5.0 (X11; Linux x86_64) AppleWebKit/537.36 (KHTML, like Gecko) Chrome/129.0.0.0 Safari/537.36"
135.136.0.181 - - [21/Sep/2026:09:28:37 +0700] "POST /xmlrpc.php HTTP/1.1" 200 8677 "-" "Mozilla/5.0 (Windows NT 10.0; Win64; x64) AppleWebKit/537.36 (KHTML, like Gecko) Chrome/133.0.0.0 Safari/537.36 OPR/118.0.0.0"
38.246.33.72 - - [21/Sep/2026:09:28:38 +0700] "POST /xmlrpc.php HTTP/1.1" 200 12367 "-" "Mozilla/5.0 (Macintosh; Intel Mac OS X 10_15_7) AppleWebKit/537.36 (KHTML, like Gecko) Chrome/116.0.0.0 Safari/537.36"
66.249.66.39 - - [21/Sep/2026:09:28:38 +0700] "GET /the-future-of-live-dealer-casinos-10/ HTTP/1.1" 200 54418 "-" "Mozilla/5.0 (Linux; Android 6.0.1; Nexus 5X Build/MMB29P) AppleWebKit/537.36 (KHTML, like Gecko) Chrome/153.0.8010.47 Mobile Safari/537.36 (compatible; Googlebot/2.1; +http://www.google.com/bot.html)"
135.136.0.181 - - [21/Sep/2026:09:28:39 +0700] "GET /the-united-kingdom-betting-payment-takes-on-a-vital-role-for-the-managing-on-the-internet-gambling-enterprises-in-the-uk/ HTTP/1.1" 200 58524 "-" "Mozilla/5.0 (Windows NT 10.0; Win64; x64) AppleWebKit/537.36 (KHTML, like Gecko) Chrome/124.0.0.0 Safari/537.36"
38.246.33.72 - - [21/Sep/2026:09:28:40 +0700] "GET /etliche-casinos-angebot-solche-angebote-wiederkehrend-in-betrieb-bestimmten-wochentagen-aktiv/ HTTP/1.1" 200 61837 "-" "Mozilla/5.0 (Windows NT 10.0; Win64; x64) AppleWebKit/537.36 (KHTML, like Gecko) Chrome/131.0.0.0 Safari/537.36"
198.252.107.178 - - [21/Sep/2026:09:28:42 +0700] "POST /wp-cron.php?doing_wp_cron=1789957721.9772210121154785156250 HTTP/1.1" 200 - "-" "WordPress/7.1.1; https://veewin24hr.com"
38.246.33.72 - - [21/Sep/2026:09:28:36 +0700] "POST /xmlrpc.php HTTP/1.1" 200 181 "-" "Mozilla/5.0 (Macintosh; Intel Mac OS X 10_15_7) AppleWebKit/537.36 (KHTML, like Gecko) Chrome/136.0.0.0 Safari/537.36 Edg/136.0.0.0"
198.252.107.178 - - [21/Sep/2026:09:28:50 +0700] "POST /wp-cron.php?doing_wp_cron=1789957730.1508769989013671875000 HTTP/1.1" 200 - "-" "WordPress/7.1.1; https://veewin24hr.com"
135.136.0.181 - - [21/Sep/2026:09:28:44 +0700] "POST /xmlrpc.php HTTP/1.1" 200 181 "-" "Mozilla/5.0 (Macintosh; Intel Mac OS X 10.15; rv:138.0) Gecko/20100101 Firefox/138.0"
135.136.0.181 - - [21/Sep/2026:09:28:56 +0700] "POST /xmlrpc.php HTTP/1.1" 200 9723 "-" "Mozilla/5.0 (X11; Linux x86_64) AppleWebKit/537.36 (KHTML, like Gecko) Chrome/129.0.0.0 Safari/537.36"
135.136.0.181 - - [21/Sep/2026:09:28:57 +0700] "GET /all-the-casinos-on-the-internet-towards-our-top-ten-listing-procedure-distributions-pretty-much-instantaneously/ HTTP/1.1" 200 59445 "-" "Mozilla/5.0 (Windows NT 10.0; Win64; x64) AppleWebKit/537.36 (KHTML, like Gecko) Chrome/120.0.0.0 Safari/537.36"
38.246.33.72 - - [21/Sep/2026:09:29:03 +0700] "POST /xmlrpc.php HTTP/1.1" 200 9717 "-" "Mozilla/5.0 (Macintosh; Intel Mac OS X 10_15_7) AppleWebKit/537.36 (KHTML, like Gecko) Chrome/122.0.0.0 Safari/537.36"
38.246.33.72 - - [21/Sep/2026:09:29:05 +0700] "GET /ist-etwa-der-one-hundred-prozentiger-vermittlungsgebuhr-leistungen-ist-und-bleibt-selbige-ersteinzahlung-auf-das-bankverbindung-verdoppelt/ HTTP/1.1" 200 59979 "-" "Mozilla/5.0 (Windows NT 10.0; Win64; x64) AppleWebKit/537.36 (KHTML, like Gecko) Chrome/134.0.0.0 Safari/537.36 Edg/134.0.0.0"
198.252.107.178 - - [21/Sep/2026:09:29:07 +0700] "POST /wp-cron.php?doing_wp_cron=1789957747.8793969154357910156250 HTTP/1.1" 200 - "-" "WordPress/7.1.1; https://veewin24hr.com"
135.136.0.181 - - [21/Sep/2026:09:29:02 +0700] "POST /xmlrpc.php HTTP/1.1" 200 181 "-" "Mozilla/5.0 (Macintosh; Intel Mac OS X 10_15_7) AppleWebKit/537.36 (KHTML, like Gecko) Chrome/128.0.0.0 Safari/537.36"
198.252.107.178 - - [21/Sep/2026:09:29:10 +0700] "POST /wp-cron.php?doing_wp_cron=1789957750.1553239822387695312500 HTTP/1.1" 200 - "-" "WordPress/7.1.1; https://veewin24hr.com"
38.246.33.72 - - [21/Sep/2026:09:29:03 +0700] "POST /xmlrpc.php HTTP/1.1" 200 181 "-" "Mozilla/5.0 (Windows NT 10.0; Win64; x64) AppleWebKit/537.36 (KHTML, like Gecko) Chrome/133.0.0.0 Safari/537.36 OPR/118.0.0.0"
135.136.0.181 - - [21/Sep/2026:09:29:14 +0700] "POST /xmlrpc.php HTTP/1.1" 200 10451 "-" "Mozilla/5.0 (Macintosh; Intel Mac OS X 10.15; rv:150.0) Gecko/20100101 Firefox/150.0"
135.136.0.181 - - [21/Sep/2026:09:29:15 +0700] "GET /typical-advertising-are-finances-speeds-up-for-the-accumulators-free-to-enjoy-game-and-you-can-very-early-payouts-making-t/ HTTP/1.1" 200 60368 "-" "Mozilla/5.0 (Windows NT 10.0; Win64; x64) AppleWebKit/537.36 (KHTML, like Gecko) Chrome/133.0.0.0 Safari/537.36"
38.246.33.72 - - [21/Sep/2026:09:29:17 +0700] "POST /xmlrpc.php HTTP/1.1" 200 10295 "-" "Mozilla/5.0 (Windows NT 10.0; Win64; x64) AppleWebKit/537.36 (KHTML, like Gecko) Chrome/148.0.0.0 Safari/537.36"
38.246.33.72 - - [21/Sep/2026:09:29:18 +0700] "GET /links-alabama-traditionelle-boni-unser-einfach-gutgeschrieben-man-sagt-sie-seien-verlangt-bonus-crab-folgende-aktive-person-inoffizieller-mitarbeiter-bonusprozess/ HTTP/1.1" 200 60964 "-" "Mozilla/5.0 (Macintosh; Intel Mac OS X 10_15_7) AppleWebKit/537.36"
198.252.107.178 - - [21/Sep/2026:09:29:27 +0700] "POST /wp-cron.php?doing_wp_cron=1789957767.1336500644683837890625 HTTP/1.1" 200 - "-" "WordPress/7.1.1; https://veewin24hr.com"
135.136.0.181 - - [21/Sep/2026:09:29:21 +0700] "POST /xmlrpc.php HTTP/1.1" 200 181 "-" "Mozilla/5.0 (Windows NT 10.0; Win64; x64) AppleWebKit/537.36 (KHTML, like Gecko) Chrome/126.0.0.0 Safari/537.36"
135.136.0.181 - - [21/Sep/2026:09:29:33 +0700] "POST /xmlrpc.php HTTP/1.1" 200 9731 "-" "Mozilla/5.0 (Windows NT 10.0; Win64; x64) AppleWebKit/537.36 (KHTML, like Gecko) Chrome/131.0.0.0 Safari/537.36 Edg/131.0.0.0"
135.136.0.181 - - [21/Sep/2026:09:29:34 +0700] "GET /their-birthday-simply-appear-annually-so-why-not-allow-it-to-be-an-event-to-remember/ HTTP/1.1" 200 59037 "-" "Mozilla/5.0 (Windows NT 10.0; Win64; x64) AppleWebKit/537.36 (KHTML, like Gecko) obsidian/1.8.3 Chrome/130.0.6723.191 Electron/33.3.2 Safari/537.36"
198.252.107.178 - - [21/Sep/2026:09:29:36 +0700] "POST /wp-cron.php?doing_wp_cron=1789957776.0154309272766113281250 HTTP/1.1" 200 - "-" "WordPress/7.1.1; https://veewin24hr.com"
38.246.33.72 - - [21/Sep/2026:09:29:30 +0700] "POST /xmlrpc.php HTTP/1.1" 200 181 "-" "Mozilla/5.0 (Windows NT 10.0; Win64; x64; rv:150.0) Gecko/20100101 Firefox/150.0"
198.252.107.178 - - [21/Sep/2026:09:29:44 +0700] "POST /wp-cron.php?doing_wp_cron=1789957784.6172530651092529296875 HTTP/1.1" 200 - "-" "WordPress/7.1.1; https://veewin24hr.com"
135.136.0.181 - - [21/Sep/2026:09:29:39 +0700] "POST /xmlrpc.php HTTP/1.1" 200 181 "-" "Mozilla/5.0 (Windows NT 10.0; Win64; x64) AppleWebKit/537.36 (KHTML, like Gecko) Chrome/130.0.0.0 Safari/537.36"
38.246.33.72 - - [21/Sep/2026:09:29:44 +0700] "POST /xmlrpc.php HTTP/1.1" 200 10439 "-" "Mozilla/5.0 (Windows NT 10.0; Win64; x64; rv:128.0) Gecko/20100101 Firefox/128.0"
135.136.0.181 - - [21/Sep/2026:09:29:50 +0700] "POST /xmlrpc.php HTTP/1.1" 200 11579 "-" "Mozilla/5.0 (Macintosh; Intel Mac OS X 10_15_7) AppleWebKit/537.36 (KHTML, like Gecko) obsidian/1.6.5 Chrome/124.0.6367.243 Electron/30.1.2 Safari/537.36"
38.246.33.72 - - [21/Sep/2026:09:29:50 +0700] "GET /gamer-setzen-den-nutzung-anwerfen-nachfolgende-bugeln-und-schlange-stehen-unter-richtige-symbolkombinationen/ HTTP/1.1" 200 60176 "-" "Mozilla/5.0 (Macintosh; Intel Mac OS X 10_15_7) AppleWebKit/605.1.15 (KHTML, like Gecko) Version/18.2 Safari/605.1.15"
135.136.0.181 - - [21/Sep/2026:09:29:52 +0700] "GET /listed-below-are-answers-to-secret-questions-about-casino-birthday-celebration-bonuses/ HTTP/1.1" 200 60825 "-" "Mozilla/5.0 (Macintosh; Intel Mac OS X 10.15; rv:150.0) Gecko/20100101 Firefox/150.0"
198.252.107.178 - - [21/Sep/2026:09:29:56 +0700] "POST /wp-cron.php?doing_wp_cron=1789957796.0023028850555419921875 HTTP/1.1" 200 - "-" "WordPress/7.1.1; https://veewin24hr.com"
38.246.33.72 - - [21/Sep/2026:09:29:51 +0700] "POST /xmlrpc.php HTTP/1.1" 200 181 "-" "Mozilla/5.0 (Windows NT 10.0; Win64; x64) AppleWebKit/537.36 (KHTML, like Gecko) Chrome/133.0.0.0 Safari/537.36"
38.246.33.72 - - [21/Sep/2026:09:30:02 +0700] "POST /xmlrpc.php HTTP/1.1" 200 12843 "-" "Mozilla/5.0 (Windows NT 10.0; Win64; x64) AppleWebKit/537.36 (KHTML, like Gecko) Chrome/120.0.0.0 Safari/537.36"
198.252.107.178 - - [21/Sep/2026:09:30:04 +0700] "POST /wp-cron.php?doing_wp_cron=1789957804.3001170158386230468750 HTTP/1.1" 200 - "-" "WordPress/7.1.1; https://veewin24hr.com"
135.136.0.181 - - [21/Sep/2026:09:29:57 +0700] "POST /xmlrpc.php HTTP/1.1" 200 181 "-" "Mozilla/5.0 (Windows NT 10.0; Win64; x64) AppleWebKit/537.36 (KHTML, like Gecko) Chrome/133.0.0.0 Safari/537.36 OPR/118.0.0.0"
38.246.33.72 - - [21/Sep/2026:09:30:09 +0700] "GET /inoffizieller-mitarbeiter-direkten-einigung-uber-evolution-gaming-fallt-das-gesamtangebot-aber-relativ-mit-nachdruck-erst-als/ HTTP/1.1" 200 62782 "-" "Mozilla/5.0 (X11; Linux x86_64) AppleWebKit/537.36 (KHTML, like Gecko) Chrome/135.0.0.0 Safari/537.36"
135.136.0.181 - - [21/Sep/2026:09:30:10 +0700] "POST /xmlrpc.php HTTP/1.1" 200 9168 "-" "Mozilla/5.0 (Windows NT 10.0; Win64; x64) AppleWebKit/537.36 (KHTML, like Gecko) Chrome/109.0.0.0 Safari/537.36"
165.227.121.190 - - [21/Sep/2026:09:30:10 +0700] "GET / HTTP/1.1" 200 80256 "-" "Mozilla/5.0 (X11; Linux x86_64) AppleWebKit/537.36 (KHTML, like Gecko) Chrome/142.0.0.0 Safari/537.36"
135.136.0.181 - - [21/Sep/2026:09:30:12 +0700] "GET /in-britain-harbors-is-a-favourite-choices-which-have-thousands-of-themes-and-features/ HTTP/1.1" 200 58553 "-" "Mozilla/5.0 (Windows NT 10.0; Win64; x64) AppleWebKit/537.36 (KHTML, like Gecko) Chrome/133.0.0.0 Safari/537.36"
165.227.121.190 - - [21/Sep/2026:09:30:13 +0700] "GET /wp-content/uploads/2026/02/cropped-icon512-Veewin-32x32.webp HTTP/1.1" 200 774 "https://veewin24hr.com/" "Mozilla/5.0 (X11; Linux x86_64) AppleWebKit/537.36 (KHTML, like Gecko) Chrome/142.0.0.0 Safari/537.36"
198.252.107.178 - - [21/Sep/2026:09:30:20 +0700] "POST /wp-cron.php?doing_wp_cron=1789957820.1418859958648681640625 HTTP/1.1" 200 - "-" "WordPress/7.1.1; https://veewin24hr.com"
135.136.0.181 - - [21/Sep/2026:09:30:14 +0700] "POST /xmlrpc.php HTTP/1.1" 200 181 "-" "Mozilla/5.0 (Macintosh; Intel Mac OS X 10_15_7) AppleWebKit/605.1.15 (KHTML, like Gecko) Version/16.6 Safari/605.1.15"
38.246.33.72 - - [21/Sep/2026:09:30:15 +0700] "POST /xmlrpc.php HTTP/1.1" 200 181 "-" "Mozilla/5.0 (X11; Linux x86_64) AppleWebKit/537.36 (KHTML, like Gecko) Chrome/133.0.0.0 Safari/537.36"
135.136.0.181 - - [21/Sep/2026:09:30:26 +0700] "POST /xmlrpc.php HTTP/1.1" 200 10020 "-" "Mozilla/5.0 (X11; Ubuntu; Linux x86_64; rv:138.0) Gecko/20100101 Firefox/138.0"
38.246.33.72 - - [21/Sep/2026:09:30:27 +0700] "POST /xmlrpc.php HTTP/1.1" 200 9697 "-" "Mozilla/5.0 (Macintosh; Intel Mac OS X 10_15_7) AppleWebKit/537.36 (KHTML, like Gecko) Chrome/148.0.0.0 Safari/537.36"
135.136.0.181 - - [21/Sep/2026:09:30:27 +0700] "GET /ensure-that-online-gambling-is-courtroom-on-your-own-legislation-prior-to-using/ HTTP/1.1" 200 59213 "-" "Mozilla/5.0 (X11; Linux x86_64) AppleWebKit/537.36 (KHTML, like Gecko) Chrome/132.0.0.0 Safari/537.36"
38.246.33.72 - - [21/Sep/2026:09:30:28 +0700] "GET /wer-keineswegs-mit-vergnugen-umherwandern-uff-englische-sprache-unterhalt-zu-tage-fi%EF%BF%BDrdert-inoffizieller-mitarbeiter-are-living-spielsaal-deutschsprachige-angebote/ HTTP/1.1" 200 60405 "-" "Mozilla/5.0 (Macintosh; Intel Mac OS X 10.15; rv:150.0) Gecko/20100101 Firefox/150.0"
198.252.107.178 - - [21/Sep/2026:09:30:36 +0700] "POST /wp-cron.php?doing_wp_cron=1789957836.4346508979797363281250 HTTP/1.1" 200 - "-" "WordPress/7.1.1; https://veewin24hr.com"
135.136.0.181 - - [21/Sep/2026:09:30:32 +0700] "POST /xmlrpc.php HTTP/1.1" 200 181 "-" "Mozilla/5.0 (Windows NT 10.0; Win64; x64) AppleWebKit/537.36 (KHTML, like Gecko) Chrome/147.0.0.0 Safari/537.36"
135.136.0.181 - - [21/Sep/2026:09:30:42 +0700] "POST /xmlrpc.php HTTP/1.1" 200 11628 "-" "Mozilla/5.0 (Macintosh; Intel Mac OS X 10_15_7) AppleWebKit/537.36 (KHTML, like Gecko) Chrome/147.0.0.0 Safari/537.36"
135.136.0.181 - - [21/Sep/2026:09:30:43 +0700] "GET /extremely-casinos-supply-each-day-unique-deposit-incentives-which-you-can-decide-for-the-otherwise-off/ HTTP/1.1" 200 61178 "-" "Mozilla/5.0 (Macintosh; Intel Mac OS X 10_15_7) AppleWebKit/537.36 (KHTML, like Gecko) Chrome/133.0.0.0 Safari/537.36"
198.252.107.178 - - [21/Sep/2026:09:30:53 +0700] "POST /wp-cron.php?doing_wp_cron=1789957853.1198289394378662109375 HTTP/1.1" 200 - "-" "WordPress/7.1.1; https://veewin24hr.com"
38.246.33.72 - - [21/Sep/2026:09:30:47 +0700] "POST /xmlrpc.php HTTP/1.1" 200 181 "-" "Mozilla/5.0 (Macintosh; Intel Mac OS X 10_15_7) AppleWebKit/537.36 (KHTML, like Gecko) obsidian/1.8.10 Chrome/132.0.6834.196 Electron/34.2.0 Safari/537.36"
135.136.0.181 - - [21/Sep/2026:09:30:47 +0700] "POST /xmlrpc.php HTTP/1.1" 200 181 "-" "Mozilla/5.0 (Macintosh; Intel Mac OS X 10_15_7) AppleWebKit/537.36 (KHTML, like Gecko) obsidian/1.8.9 Chrome/132.0.6834.210 Electron/34.3.0 Safari/537.36"
135.136.0.181 - - [21/Sep/2026:09:30:59 +0700] "POST /xmlrpc.php HTTP/1.1" 200 11392 "-" "Mozilla/5.0 (Macintosh; Intel Mac OS X 10_15_7) AppleWebKit/605.1.15 (KHTML, like Gecko) Version/18.1 Safari/605.1.15"
38.246.33.72 - - [21/Sep/2026:09:31:00 +0700] "POST /xmlrpc.php HTTP/1.1" 200 11259 "-" "Mozilla/5.0 (Windows NT 10.0; Win64; x64) AppleWebKit/537.36 (KHTML, like Gecko) Chrome/129.0.0.0 Safari/537.36"
135.136.0.181 - - [21/Sep/2026:09:31:01 +0700] "GET /see-the-casinos-tcs-for-more-information-before-signing-upwards/ HTTP/1.1" 200 60353 "-" "Mozilla/5.0 (X11; Linux x86_64) AppleWebKit/537.36 (KHTML, like Gecko) Chrome/124.0.0.0 Safari/537.36"
38.246.33.72 - - [21/Sep/2026:09:31:03 +0700] "GET /in-das-einrichtung-konnen-die-kunden-muhelos-wegen-der-einschreibung-in-einem-paypal-bankverbindung-ein-ferner-lohnenswert/ HTTP/1.1" 200 61272 "-" "Mozilla/5.0 (Macintosh; Intel Mac OS X 10_15_7) AppleWebKit/537.36 (KHTML, like Gecko) Chrome/131.0.0.0 Safari/537.36"
198.252.107.178 - - [21/Sep/2026:09:31:08 +0700] "POST /wp-cron.php?doing_wp_cron=1789957868.0202929973602294921875 HTTP/1.1" 200 - "-" "WordPress/7.1.1; https://veewin24hr.com"
38.246.33.72 - - [21/Sep/2026:09:30:58 +0700] "POST /xmlrpc.php HTTP/1.1" 200 181 "-" "Mozilla/5.0 (X11; Linux x86_64) AppleWebKit/537.36 (KHTML, like Gecko) Chrome/129.0.0.0 Safari/537.36"
198.252.107.178 - - [21/Sep/2026:09:31:12 +0700] "POST /wp-cron.php?doing_wp_cron=1789957872.6891939640045166015625 HTTP/1.1" 200 - "-" "WordPress/7.1.1; https://veewin24hr.com"
135.136.0.181 - - [21/Sep/2026:09:31:02 +0700] "POST /xmlrpc.php HTTP/1.1" 200 181 "-" "Mozilla/5.0 (Macintosh; Intel Mac OS X 10.15; rv:150.0) Gecko/20100101 Firefox/150.0"
38.246.33.72 - - [21/Sep/2026:09:31:14 +0700] "POST /xmlrpc.php HTTP/1.1" 200 9996 "-" "Mozilla/5.0 (X11; Linux x86_64; rv:138.0) Gecko/20100101 Firefox/138.0"
38.246.33.72 - - [21/Sep/2026:09:31:16 +0700] "GET /sera-existireren-einige-moglichkeiten-fortuitous-pharaoh-zu-auffuhren-sowohl-gratis-wanneer-nebensachlich-um-echtes-piepen/ HTTP/1.1" 200 60020 "-" "Mozilla/5.0 (Windows NT 10.0; Win64; x64) AppleWebKit/537.36 (KHTML, like Gecko) Chrome/109.0.0.0 Safari/537.36"
135.136.0.181 - - [21/Sep/2026:09:31:19 +0700] "POST /xmlrpc.php HTTP/1.1" 200 9787 "-" "Mozilla/5.0 (X11; Linux x86_64) AppleWebKit/537.36 (KHTML, like Gecko) Chrome/148.0.0.0 Safari/537.36"
135.136.0.181 - - [21/Sep/2026:09:31:21 +0700] "GET /once-youve-found-it-discover-bank-card-percentage-option/ HTTP/1.1" 200 58606 "-" "Mozilla/5.0 (Macintosh; Intel Mac OS X 10_15_7) AppleWebKit/537.36 (KHTML, like Gecko) Chrome/136.0.0.0 Safari/537.36"
38.246.33.72 - - [21/Sep/2026:09:31:16 +0700] "POST /xmlrpc.php HTTP/1.1" 200 181 "-" "Mozilla/5.0 (Macintosh; Intel Mac OS X 10_15_7) AppleWebKit/537.36 (KHTML, like Gecko) Chrome/145.0.0.0 Safari/537.36 OPR/129.0.0.0"
198.252.107.178 - - [21/Sep/2026:09:31:28 +0700] "POST /wp-cron.php?doing_wp_cron=1789957888.0685579776763916015625 HTTP/1.1" 200 - "-" "WordPress/7.1.1; https://veewin24hr.com"
135.136.0.181 - - [21/Sep/2026:09:31:15 +0700] "POST /xmlrpc.php HTTP/1.1" 200 181 "-" "Mozilla/5.0 (Windows NT 10.0; Win64; x64) AppleWebKit/537.36 (KHTML, like Gecko) Chrome/135.0.0.0 Safari/537.36 Edg/135.0.0.0"
38.246.33.72 - - [21/Sep/2026:09:31:33 +0700] "POST /xmlrpc.php HTTP/1.1" 200 11214 "-" "Mozilla/5.0 (Windows NT 10.0; Win64; x64) AppleWebKit/537.36 (KHTML, like Gecko) Chrome/147.0.0.0 Safari/537.36"
135.136.0.181 - - [21/Sep/2026:09:31:34 +0700] "POST /xmlrpc.php HTTP/1.1" 200 11370 "-" "Mozilla/5.0 (Windows NT 10.0; Win64; x64; rv:135.0) Gecko/20100101 Firefox/135.0"
135.136.0.181 - - [21/Sep/2026:09:31:29 +0700] "POST /xmlrpc.php HTTP/1.1" 200 181 "-" "Mozilla/5.0 (Macintosh; Intel Mac OS X 10_15_7) AppleWebKit/605.1.15 (KHTML, like Gecko) Version/18.3.1 Safari/605.1.15"
135.136.0.181 - - [21/Sep/2026:09:31:35 +0700] "GET /render-valid-to-have-sportsbets-simply-doesnt-come-with-wagers-put-on-the-latest-bettom-local-casino/ HTTP/1.1" 200 60938 "-" "Mozilla/5.0 (Windows NT 10.0; Win64; x64; rv:136.0) Gecko/20100101 Firefox/136.0"
38.246.33.72 - - [21/Sep/2026:09:31:36 +0700] "GET /ein-einzahlungsbonus-sei-prazise-welches-is-auf-nach-ci%EF%BF%BDur-sieht-so-aus/ HTTP/1.1" 200 60609 "-" "Mozilla/5.0 (Macintosh; Intel Mac OS X 10_15_7) AppleWebKit/537.36 (KHTML, like Gecko) Chrome/148.0.0.0 Safari/537.36"
198.252.107.178 - - [21/Sep/2026:09:31:45 +0700] "POST /wp-cron.php?doing_wp_cron=1789957905.5161941051483154296875 HTTP/1.1" 200 - "-" "WordPress/7.1.1; https://veewin24hr.com"
135.136.0.181 - - [21/Sep/2026:09:31:44 +0700] "POST /xmlrpc.php HTTP/1.1" 200 8786 "-" "Mozilla/5.0 (Windows NT 10.0; Win64; x64) AppleWebKit/537.36 (KHTML, like Gecko) Chrome/134.0.0.0 Safari/537.36 Edg/134.0.0.0"
38.246.33.72 - - [21/Sep/2026:09:31:35 +0700] "POST /xmlrpc.php HTTP/1.1" 200 181 "-" "Mozilla/5.0 (Windows NT 10.0; Win64; x64) AppleWebKit/537.36 (KHTML, like Gecko) Chrome/120.0.0.0 Safari/537.36"
135.136.0.181 - - [21/Sep/2026:09:31:46 +0700] "GET /once-its-verified-you-can-easily-claim-the-offer/ HTTP/1.1" 200 57470 "-" "Mozilla/5.0 (Windows NT 10.0; Win64; x64; rv:150.0) Gecko/20100101 Firefox/150.0"
198.252.107.178 - - [21/Sep/2026:09:31:54 +0700] "POST /wp-cron.php?doing_wp_cron=1789957914.5753269195556640625000 HTTP/1.1" 200 - "-" "WordPress/7.1.1; https://veewin24hr.com"
135.136.0.181 - - [21/Sep/2026:09:31:42 +0700] "POST /xmlrpc.php HTTP/1.1" 200 181 "-" "Mozilla/5.0 (Macintosh; Intel Mac OS X 10_15_7) AppleWebKit/605.1.15 (KHTML, like Gecko) Version/16.6 Safari/605.1.15"
38.246.33.72 - - [21/Sep/2026:09:31:54 +0700] "POST /xmlrpc.php HTTP/1.1" 200 13815 "-" "Mozilla/5.0 (Windows NT 10.0; Win64; x64) AppleWebKit/537.36 (KHTML, like Gecko) Chrome/147.0.0.0 Safari/537.36"
38.246.33.72 - - [21/Sep/2026:09:31:56 +0700] "GET /inside-dieser-bericht-entdecken-sie-aussagen-zu-einen-zehn-bekanntesten-automatenspielen-vos-team/ HTTP/1.1" 200 63312 "-" "Mozilla/5.0 (X11; Linux x86_64) AppleWebKit/537.36 (KHTML, like Gecko) Chrome/136.0.0.0 Safari/537.36"
38.246.33.72 - - [21/Sep/2026:09:31:50 +0700] "POST /xmlrpc.php HTTP/1.1" 200 181 "-" "Mozilla/5.0 (Macintosh; Intel Mac OS X 10_15_7) AppleWebKit/537.36 (KHTML, like Gecko) Chrome/135.0.0.0 Safari/537.36"
135.136.0.181 - - [21/Sep/2026:09:32:00 +0700] "POST /xmlrpc.php HTTP/1.1" 200 9745 "-" "Mozilla/5.0 (Windows NT 10.0; Win64; x64) AppleWebKit/537.36 (KHTML, like Gecko) obsidian/1.8.3 Chrome/130.0.6723.191 Electron/33.3.2 Safari/537.36"
135.136.0.181 - - [21/Sep/2026:09:32:02 +0700] "GET /perchance-you-wanted-help-with-verification-commission-procedures-or-withdrawing-your-added-bonus-spins-winnings/ HTTP/1.1" 200 59450 "-" "Mozilla/5.0 (Windows NT 10.0; Win64; x64) AppleWebKit/537.36 (KHTML, like Gecko) Chrome/134.0.0.0 Safari/537.36 Edg/134.0.0.0"
135.136.0.181 - - [21/Sep/2026:09:31:56 +0700] "POST /xmlrpc.php HTTP/1.1" 200 181 "-" "Mozilla/5.0 (Macintosh; Intel Mac OS X 10_15_7) AppleWebKit/537.36 (KHTML, like Gecko) Chrome/130.0.0.0 Safari/537.36"
135.136.0.181 - - [21/Sep/2026:09:32:14 +0700] "POST /xmlrpc.php HTTP/1.1" 200 9007 "-" "Mozilla/5.0 (Macintosh; Intel Mac OS X 10_15_7) AppleWebKit/537.36 (KHTML, like Gecko) Chrome/120.0.0.0 Safari/537.36"
135.136.0.181 - - [21/Sep/2026:09:32:16 +0700] "GET /common-preservation-campaigns-include-reload-incentives-free-revolves-no-deposit-has-the-benefit-of-and-cashback/ HTTP/1.1" 200 58792 "-" "Mozilla/5.0 (X11; Ubuntu; Linux x86_64; rv:138.0) Gecko/20100101 Firefox/138.0"
38.246.33.72 - - [21/Sep/2026:09:32:19 +0700] "POST /xmlrpc.php HTTP/1.1" 200 12246 "-" "Mozilla/5.0 (Windows NT 10.0; Win64; x64) AppleWebKit/537.36 (KHTML, like Gecko) Chrome/122.0.0.0 Safari/537.36"
38.246.33.72 - - [21/Sep/2026:09:32:21 +0700] "GET /kritisch-sei-hierbei-nicht-ebendiese-ausbreitung-des-lichts-statt-selbige-rasche-navigationsfuhrung/ HTTP/1.1" 200 61941 "-" "Mozilla/5.0 (Macintosh; Intel Mac OS X 10_15_7) AppleWebKit/537.36 (KHTML, like Gecko) Chrome/148.0.0.0 Safari/537.36"
135.136.0.181 - - [21/Sep/2026:09:32:11 +0700] "POST /xmlrpc.php HTTP/1.1" 200 181 "-" "Mozilla/5.0 (Windows NT 10.0; Win64; x64) AppleWebKit/537.36 (KHTML, like Gecko) Chrome/124.0.0.0 Safari/537.36"
38.246.33.72 - - [21/Sep/2026:09:32:18 +0700] "POST /xmlrpc.php HTTP/1.1" 200 181 "-" "Mozilla/5.0 (Macintosh; Intel Mac OS X 10_15_7) AppleWebKit/537.36 (KHTML, like Gecko) Chrome/136.0.0.0 Safari/537.36"
135.136.0.181 - - [21/Sep/2026:09:32:30 +0700] "POST /xmlrpc.php HTTP/1.1" 200 8579 "-" "Mozilla/5.0 (Macintosh; Intel Mac OS X 10_15_7) AppleWebKit/605.1.15 (KHTML, like Gecko) Version/18.3 Safari/605.1.15"
107.152.37.242 - - [21/Sep/2026:09:32:32 +0700] "GET /goldbet-casino-magyarorszag-hivatalos-oldal-2026/ HTTP/1.1" 200 58543 "https://veewin24hr.com/" "Mozilla/5.0 (Macintosh; Intel Mac OS X 10_15_7) AppleWebKit/537.36 (KHTML, like Gecko) Chrome/148.0.0.0 Safari/537.36"
135.136.0.181 - - [21/Sep/2026:09:32:32 +0700] "GET /great-britain-gaming-fee-performs-a-crucial-role-for-the-controlling-on-line-casinos-in-britain/ HTTP/1.1" 200 58028 "-" "Mozilla/5.0 (Macintosh; Intel Mac OS X 10_15_7) AppleWebKit/537.36"
135.136.0.181 - - [21/Sep/2026:09:32:25 +0700] "POST /xmlrpc.php HTTP/1.1" 200 181 "-" "Mozilla/5.0 (Macintosh; Intel Mac OS X 10_15_7) AppleWebKit/537.36 (KHTML, like Gecko) Chrome/116.0.0.0 Safari/537.36"
38.246.33.72 - - [21/Sep/2026:09:32:26 +0700] "POST /xmlrpc.php HTTP/1.1" 200 181 "-" "Mozilla/5.0 (Windows NT 10.0; Win64; x64) AppleWebKit/537.36 (KHTML, like Gecko) Chrome/147.0.0.0 Safari/537.36"
107.152.37.242 - - [21/Sep/2026:09:32:36 +0700] "GET /?p=27652 HTTP/1.1" 301 - "https://veewin24hr.com/goldbet-casino-magyarorszag-hivatalos-oldal-2026/" "Mozilla/5.0 (Macintosh; Intel Mac OS X 10_15_7) AppleWebKit/537.36 (KHTML, like Gecko) Chrome/148.0.0.0 Safari/537.36"
38.246.33.72 - - [21/Sep/2026:09:32:36 +0700] "POST /xmlrpc.php HTTP/1.1" 200 12005 "-" "Mozilla/5.0 (Windows NT 10.0; Win64; x64) AppleWebKit/537.36 (KHTML, like Gecko) Chrome/119.0.0.0 Safari/537.36"
107.152.37.242 - - [21/Sep/2026:09:32:38 +0700] "GET /online-casino-tournaments-uk-2026/ HTTP/1.1" 200 67360 "https://veewin24hr.com/?p=27652" "Mozilla/5.0 (Macintosh; Intel Mac OS X 10_15_7) AppleWebKit/537.36 (KHTML, like Gecko) Chrome/148.0.0.0 Safari/537.36"
38.246.33.72 - - [21/Sep/2026:09:32:38 +0700] "GET /ein-weiterer-wichtiger-aspekt-des-verantwortungsbewussten-spielens-sei-ihr-spieler-selbstschutz/ HTTP/1.1" 200 61520 "-" "Mozilla/5.0 (Macintosh; Intel Mac OS X 10_15_7) AppleWebKit/605.1.15 (KHTML, like Gecko) Version/17.6 Safari/605.1.15"
135.136.0.181 - - [21/Sep/2026:09:32:41 +0700] "POST /xmlrpc.php HTTP/1.1" 200 8539 "-" "Mozilla/5.0 (Macintosh; Intel Mac OS X 10_15_7) AppleWebKit/537.36 (KHTML, like Gecko) Chrome/148.0.0.0 Safari/537.36"
38.246.33.72 - - [21/Sep/2026:09:32:43 +0700] "POST /xmlrpc.php HTTP/1.1" 200 12341 "-" "Mozilla/5.0 (Windows NT 10.0; Win64; x64) AppleWebKit/537.36 (KHTML, like Gecko) Chrome/124.0.0.0 Safari/537.36"
135.136.0.181 - - [21/Sep/2026:09:32:42 +0700] "GET /you-will-notice-all-the-different-cryptocurrency-put-strategies-indexed-indeed-there/ HTTP/1.1" 200 57830 "-" "Mozilla/5.0 (X11; Linux x86_64) AppleWebKit/537.36 (KHTML, like Gecko) Chrome/136.0.0.0 Safari/537.36"
135.136.0.181 - - [21/Sep/2026:09:32:39 +0700] "POST /xmlrpc.php HTTP/1.1" 200 181 "-" "Mozilla/5.0 (Windows NT 10.0; Win64; x64) AppleWebKit/537.36 (KHTML, like Gecko) Chrome/134.0.0.0 YaBrowser/25.4.0.0 Safari/537.36"
38.246.33.72 - - [21/Sep/2026:09:32:47 +0700] "GET /der-elektronisches-lastschriftverfahren-ist-und-bleibt-gunstgewerblerin-sichere-und-einfache-zahlungsmethode-inoffizieller-mitarbeiter-moglich-casino/ HTTP/1.1" 200 62733 "-" "Mozilla/5.0 (Windows NT 10.0; Win64; x64) AppleWebKit/537.36 (KHTML, like Gecko) obsidian/1.8.3 Chrome/130.0.6723.191 Electron/33.3.2 Safari/537.36"
135.136.0.181 - - [21/Sep/2026:09:32:50 +0700] "POST /xmlrpc.php HTTP/1.1" 200 9623 "-" "Mozilla/5.0 (Windows NT 10.0; Win64; x64) AppleWebKit/537.36 (KHTML, like Gecko) Chrome/109.0.0.0 Safari/537.36"
135.136.0.181 - - [21/Sep/2026:09:32:51 +0700] "GET /and-if-youre-lucky-enough-to-help-you-winnings-you-ought-to-withdraw-that-money/ HTTP/1.1" 200 58871 "-" "Mozilla/5.0 (X11; Ubuntu; Linux x86_64; rv:136.0) Gecko/20100101 Firefox/136.0"
198.252.107.178 - - [21/Sep/2026:09:32:55 +0700] "POST /wp-cron.php?doing_wp_cron=1789957975.2380099296569824218750 HTTP/1.1" 200 - "-" "WordPress/7.1.1; https://veewin24hr.com"
38.246.33.72 - - [21/Sep/2026:09:32:48 +0700] "POST /xmlrpc.php HTTP/1.1" 200 181 "-" "Mozilla/5.0 (X11; Linux x86_64) AppleWebKit/537.36 (KHTML, like Gecko) Chrome/133.0.0.0 Safari/537.36"
198.252.107.178 - - [21/Sep/2026:09:32:57 +0700] "POST /wp-cron.php?doing_wp_cron=1789957977.4232161045074462890625 HTTP/1.1" 200 - "-" "WordPress/7.1.1; https://veewin24hr.com"
135.136.0.181 - - [21/Sep/2026:09:32:51 +0700] "POST /xmlrpc.php HTTP/1.1" 200 181 "-" "Mozilla/5.0 (Windows NT 10.0; Win64; x64) AppleWebKit/537.36 (KHTML, like Gecko) Chrome/136.0.0.0 Safari/537.36"
38.246.33.72 - - [21/Sep/2026:09:33:01 +0700] "POST /xmlrpc.php HTTP/1.1" 200 10899 "-" "Mozilla/5.0 (X11; Linux x86_64; rv:138.0) Gecko/20100101 Firefox/138.0"
38.246.33.72 - - [21/Sep/2026:09:33:02 +0700] "GET /der-wichtigste-benachteiligung-ist-und-bleibt-so-sehr-nachfolgende-bedingungen-das-jeweiligen-bonusstufen-im-vorfeld-samtliche-einzahlung-begutachtet-sie-sind-mussen/ HTTP/1.1" 200 61600 "-" "Mozilla/5.0 (Windows NT 10.0; Win64; x64) AppleWebKit/537.36 (KHTML, like Gecko) Chrome/120.0.0.0 Safari/537.36"
135.136.0.181 - - [21/Sep/2026:09:33:03 +0700] "POST /xmlrpc.php HTTP/1.1" 200 8755 "-" "Mozilla/5.0 (Macintosh; Intel Mac OS X 10_15_7) AppleWebKit/537.36 (KHTML, like Gecko) Chrome/148.0.0.0 Safari/537.36"
135.136.0.181 - - [21/Sep/2026:09:33:11 +0700] "GET /mastercard-casinos-always-were-a-nice-bequeath-away-from-%EF%BF%BDlighter%EF%BF%BD-games-as-well/ HTTP/1.1" 200 58190 "-" "Mozilla/5.0 (Macintosh; Intel Mac OS X 10_15_7) AppleWebKit/537.36 (KHTML, like Gecko) Chrome/133.0.0.0 Safari/537.36"
135.136.0.181 - - [21/Sep/2026:09:33:03 +0700] "POST /xmlrpc.php HTTP/1.1" 200 181 "-" "Mozilla/5.0 (Macintosh; Intel Mac OS X 10_15_7) AppleWebKit/537.36 (KHTML, like Gecko) Chrome/116.0.0.0 Safari/537.36"
38.246.33.72 - - [21/Sep/2026:09:33:17 +0700] "POST /xmlrpc.php HTTP/1.1" 200 181 "-" "Mozilla/5.0 (Windows NT 10.0; Win64; x64) AppleWebKit/537.36 (KHTML, like Gecko) Chrome/134.0.0.0 Safari/537.36"
135.136.0.181 - - [21/Sep/2026:09:33:27 +0700] "POST /xmlrpc.php HTTP/1.1" 200 9810 "-" "Mozilla/5.0 (Macintosh; Intel Mac OS X 10_15_7) AppleWebKit/605.1.15 (KHTML, like Gecko) Version/18.4 Safari/605.1.15"
38.246.33.72 - - [21/Sep/2026:09:33:19 +0700] "POST /xmlrpc.php HTTP/1.1" 200 181 "-" "Mozilla/5.0 (Windows NT 10.0; Win64; x64; rv:137.0) Gecko/20100101 Firefox/137.0"
51.81.111.134 - - [21/Sep/2026:09:33:34 +0700] "GET /the-platform-stresses-recreation-first-%EF%BF%BD-responsible-decision-making-ensures-the-action-stays-self-confident/ HTTP/1.1" 200 62676 "-" "Mozilla/5.0 (compatible; AhrefsBot/7.0; +http://ahrefs.com/robot/)"
135.136.0.181 - - [21/Sep/2026:09:33:19 +0700] "POST /xmlrpc.php HTTP/1.1" 200 181 "-" "Mozilla/5.0 (Macintosh; Intel Mac OS X 10_15_7) AppleWebKit/537.36 (KHTML, like Gecko) Chrome/146.0.0.0 Safari/537.36"
