38.246.33.22 - - [21/Sep/2026:08:52:04 +0700] "GET /?p=215848 HTTP/1.1" 500 2482 "-" "Mozilla/5.0 (Macintosh; Intel Mac OS X 10_15_7) AppleWebKit/537.36 (KHTML, like Gecko) Chrome/128.0.0.0 Safari/537.36"
198.252.107.178 - - [21/Sep/2026:08:52:41 +0700] "POST /wp-cron.php?doing_wp_cron=1789955561.3840219974517822265625 HTTP/1.1" 500 2482 "-" "WordPress/7.1.1; https://veewin24hr.com"
38.246.33.22 - - [21/Sep/2026:08:51:15 +0700] "POST /xmlrpc.php HTTP/1.1" 500 2482 "-" "Mozilla/5.0 (Windows NT 10.0; Win64; x64; rv:137.0) Gecko/20100101 Firefox/137.0"
45.84.107.128 - - [21/Sep/2026:08:52:10 +0700] "GET /wp-login.php?action=register HTTP/1.1" 500 2482 "https://veewin24hr.com/goldbet-casino-magyarorszag-hivatalos-oldal-2026/" "Mozilla/5.0 (Windows NT 6.3; Win64; x64) AppleWebKit/537.36 (KHTML, like Gecko) Chrome/103.0.0.0 Safari/537.36"
198.252.107.178 - - [21/Sep/2026:08:51:31 +0700] "POST /wp-cron.php?doing_wp_cron=1789955491.0512430667877197265625 HTTP/1.1" 500 2482 "-" "WordPress/7.1.1; https://veewin24hr.com"
38.246.33.22 - - [21/Sep/2026:08:50:59 +0700] "POST /xmlrpc.php HTTP/1.1" 500 2482 "-" "Mozilla/5.0 (Macintosh; Intel Mac OS X 10_15_7) AppleWebKit/605.1.15 (KHTML, like Gecko) Version/18.2 Safari/605.1.15"
135.136.0.181 - - [21/Sep/2026:08:50:52 +0700] "POST /xmlrpc.php HTTP/1.1" 500 2482 "-" "Mozilla/5.0 (X11; Linux x86_64) AppleWebKit/537.36 (KHTML, like Gecko) Chrome/131.0.0.0 Safari/537.36"
135.136.0.181 - - [21/Sep/2026:08:50:45 +0700] "POST /xmlrpc.php HTTP/1.1" 500 2482 "-" "Mozilla/5.0 (X11; Linux x86_64) AppleWebKit/537.36 (KHTML, like Gecko) Chrome/134.0.0.0 Safari/537.36"
135.136.0.181 - - [21/Sep/2026:08:52:17 +0700] "POST /xmlrpc.php HTTP/1.1" 500 2482 "-" "Mozilla/5.0 (Macintosh; Intel Mac OS X 10_15_7) AppleWebKit/537.36 (KHTML, like Gecko) Chrome/130.0.0.0 Safari/537.36"
135.136.0.181 - - [21/Sep/2026:08:50:43 +0700] "GET /?p=215840 HTTP/1.1" 500 2482 "-" "Mozilla/5.0 (X11; Linux x86_64) AppleWebKit/537.36 (KHTML, like Gecko) Chrome/133.0.0.0 Safari/537.36"
198.252.107.178 - - [21/Sep/2026:08:52:52 +0700] "POST /wp-cron.php?doing_wp_cron=1789955571.7542679309844970703125 HTTP/1.1" 500 2482 "-" "WordPress/7.1.1; https://veewin24hr.com"
198.252.107.178 - - [21/Sep/2026:08:52:43 +0700] "POST /wp-cron.php?doing_wp_cron=1789955563.4047141075134277343750 HTTP/1.1" 500 2482 "-" "WordPress/7.1.1; https://veewin24hr.com"
135.136.0.181 - - [21/Sep/2026:08:50:44 +0700] "POST /xmlrpc.php HTTP/1.1" 500 2482 "-" "Mozilla/5.0 (X11; Linux x86_64) AppleWebKit/537.36 Chrome/124.0"
38.246.33.22 - - [21/Sep/2026:08:52:00 +0700] "POST /xmlrpc.php HTTP/1.1" 500 2482 "-" "Mozilla/5.0 (Windows NT 10.0; Win64; x64) AppleWebKit/537.36 (KHTML, like Gecko) Chrome/124.0 Safari/537.36"
198.252.107.178 - - [21/Sep/2026:08:51:15 +0700] "POST /wp-cron.php?doing_wp_cron=1789955475.2271749973297119140625 HTTP/1.1" 500 2482 "-" "WordPress/7.1.1; https://veewin24hr.com"
135.136.0.181 - - [21/Sep/2026:08:50:53 +0700] "POST /xmlrpc.php HTTP/1.1" 500 2482 "-" "Mozilla/5.0 (Windows NT 10.0; Win64; x64) AppleWebKit/537.36 (KHTML, like Gecko) Chrome/136.0.0.0 Safari/537.36 Edg/136.0.0.0"
135.136.0.181 - - [21/Sep/2026:08:50:46 +0700] "POST /xmlrpc.php HTTP/1.1" 500 2482 "-" "Mozilla/5.0 (Windows NT 10.0; Win64; x64) AppleWebKit/537.36 (KHTML, like Gecko) Chrome/131.0.0.0 Safari/537.36"
185.191.171.2 - - [21/Sep/2026:08:53:43 +0700] "GET /tonybet-bundesrepublik-schreiben-welche-dem-recht-entsprechend-auf-korpererziehung-damit-echtes-geld/ HTTP/1.1" 500 236 "-" "Mozilla/5.0 (compatible; SemrushBot/7~bl; +http://www.semrush.com/bot.html)"
135.136.0.181 - - [21/Sep/2026:08:50:43 +0700] "GET /?p=215841 HTTP/1.1" 500 2482 "-" "Mozilla/5.0 (Windows NT 10.0; Win64; x64) AppleWebKit/537.36 (KHTML, like Gecko) obsidian/1.8.9 Chrome/132.0.6834.210 Electron/34.3.0 Safari/537.36"
135.136.0.181 - - [21/Sep/2026:08:50:43 +0700] "POST /xmlrpc.php HTTP/1.1" 500 2482 "-" "Mozilla/5.0 (Macintosh; Intel Mac OS X 10_15_7) AppleWebKit/537.36 (KHTML, like Gecko) obsidian/1.8.10 Chrome/132.0.6834.196 Electron/34.2.0 Safari/537.36"
135.136.0.181 - - [21/Sep/2026:08:50:43 +0700] "POST /xmlrpc.php HTTP/1.1" 500 2482 "-" "Mozilla/5.0 (Windows NT 10.0; Win64; x64) AppleWebKit/537.36 (KHTML, like Gecko) Chrome/135.0.0.0 Safari/537.36"
135.136.0.181 - - [21/Sep/2026:08:50:46 +0700] "POST /xmlrpc.php HTTP/1.1" 500 2482 "-" "Mozilla/5.0 (Macintosh; Intel Mac OS X 10_15_7) AppleWebKit/537.36 (KHTML, like Gecko) Chrome/136.0.0.0 Safari/537.36"
51.79.192.65 - - [21/Sep/2026:08:51:41 +0700] "GET /goldbet-casino-magyarorszag-hivatalos-oldal-2026/ HTTP/1.1" 500 2482 "https://veewin24hr.com/" "Mozilla/5.0 (Macintosh; Intel Mac OS X 10_15_7) AppleWebKit/537.36 (KHTML, like Gecko) Chrome/134.0.0.0 Safari/537.36"
135.136.0.181 - - [21/Sep/2026:08:50:43 +0700] "POST /xmlrpc.php HTTP/1.1" 500 2482 "-" "Mozilla/5.0 (Macintosh; Intel Mac OS X 10_15_7) AppleWebKit/537.36 (KHTML, like Gecko) Chrome/120.0.0.0 Safari/537.36"
135.136.0.181 - - [21/Sep/2026:08:50:43 +0700] "GET /?p=215833 HTTP/1.1" 500 2482 "-" "Mozilla/5.0 (Macintosh; Intel Mac OS X 10_15_7) AppleWebKit/605.1.15 (KHTML, like Gecko) Version/18.1 Safari/605.1.15"
198.252.107.178 - - [21/Sep/2026:08:51:04 +0700] "POST /wp-cron.php?doing_wp_cron=1789955463.9713940620422363281250 HTTP/1.1" 500 2482 "-" "WordPress/7.1.1; https://veewin24hr.com"
135.136.0.181 - - [21/Sep/2026:08:50:46 +0700] "POST /xmlrpc.php HTTP/1.1" 500 2482 "-" "Mozilla/5.0 (Windows NT 10.0; Win64; x64) AppleWebKit/537.36 (KHTML, like Gecko) obsidian/1.8.3 Chrome/130.0.6723.191 Electron/33.3.2 Safari/537.36"
135.136.0.181 - - [21/Sep/2026:08:51:37 +0700] "GET /?p=215838 HTTP/1.1" 500 2482 "-" "Mozilla/5.0 (Windows NT 10.0; Win64; x64) AppleWebKit/537.36 (KHTML, like Gecko) Chrome/119.0.0.0 Safari/537.36"
135.136.0.181 - - [21/Sep/2026:08:51:37 +0700] "GET /?p=215839 HTTP/1.1" 500 2482 "-" "Mozilla/5.0 (Windows NT 10.0; Win64; x64; rv:128.0) Gecko/20100101 Firefox/128.0"
135.136.0.181 - - [21/Sep/2026:08:50:45 +0700] "POST /xmlrpc.php HTTP/1.1" 500 2482 "-" "Mozilla/5.0 (Windows NT 10.0; Win64; x64) AppleWebKit/537.36 (KHTML, like Gecko) obsidian/1.8.3 Chrome/130.0.6723.191 Electron/33.3.2 Safari/537.36"
193.36.38.57 - - [21/Sep/2026:08:50:42 +0700] "POST /xmlrpc.php HTTP/1.1" 500 2482 "-" "Mozilla/5.0 (X11; Linux x86_64; rv:138.0) Gecko/20100101 Firefox/138.0"
135.136.0.181 - - [21/Sep/2026:08:53:43 +0700] "POST /xmlrpc.php HTTP/1.1" 500 2482 "-" "Mozilla/5.0 (X11; Linux x86_64) AppleWebKit/537.36 (KHTML, like Gecko) Chrome/129.0.0.0 Safari/537.36"
16.216.88.176 - - [21/Sep/2026:08:52:49 +0700] "GET /online-casino-reload-bonus-uk-2026/2 HTTP/1.1" 500 2482 "-" "Mozilla/5.0 AppleWebKit/537.36 (KHTML, like Gecko; compatible; Reflectionbot/1.0; +https://reflection.ai/bot) Chrome/151.0.0.0 Safari/537.36"
193.36.38.57 - - [21/Sep/2026:08:50:42 +0700] "POST /xmlrpc.php HTTP/1.1" 500 2482 "-" "Mozilla/5.0 (X11; Ubuntu; Linux x86_64; rv:138.0) Gecko/20100101 Firefox/138.0"
135.136.0.181 - - [21/Sep/2026:08:53:17 +0700] "POST /xmlrpc.php HTTP/1.1" 500 2482 "-" "Mozilla/5.0 (Windows NT 10.0; Win64; x64; rv:128.0) Gecko/20100101 Firefox/128.0"
16.216.88.176 - - [21/Sep/2026:08:52:39 +0700] "GET /robots.txt HTTP/1.1" 500 2482 "-" "Mozilla/5.0 AppleWebKit/537.36 (KHTML, like Gecko; compatible; Reflectionbot/1.0; +https://reflection.ai/bot) Chrome/151.0.0.0 Safari/537.36"
193.36.38.57 - - [21/Sep/2026:08:50:41 +0700] "POST /xmlrpc.php HTTP/1.1" 500 2482 "-" "Mozilla/5.0 (Windows NT 10.0; Win64; x64) AppleWebKit/537.36 (KHTML, like Gecko) Chrome/136.0.0.0 Safari/537.36 Edg/136.0.0.0"
38.246.33.22 - - [21/Sep/2026:08:51:36 +0700] "POST /xmlrpc.php HTTP/1.1" 500 2482 "-" "Mozilla/5.0 (Macintosh; Intel Mac OS X 10_15_7) AppleWebKit/537.36"
38.246.33.22 - - [21/Sep/2026:08:52:40 +0700] "GET /?p=215861 HTTP/1.1" 500 2482 "-" "Mozilla/5.0 (Windows NT 10.0; Win64; x64) AppleWebKit/537.36 (KHTML, like Gecko) Chrome/120.0.0.0 Safari/537.36"
135.136.0.181 - - [21/Sep/2026:08:53:17 +0700] "POST /xmlrpc.php HTTP/1.1" 500 2482 "-" "Mozilla/5.0 (Macintosh; Intel Mac OS X 10_15_7) AppleWebKit/537.36 (KHTML, like Gecko) Chrome/135.0.0.0 Safari/537.36 Edg/135.0.0.0"
135.136.0.181 - - [21/Sep/2026:08:53:44 +0700] "POST /xmlrpc.php HTTP/1.1" 500 2482 "-" "Mozilla/5.0 (Macintosh; Intel Mac OS X 10_15_7) AppleWebKit/605.1.15 (KHTML, like Gecko) Version/26.4 Safari/605.1.15"
38.246.33.22 - - [21/Sep/2026:08:51:01 +0700] "POST /xmlrpc.php HTTP/1.1" 500 2482 "-" "Mozilla/5.0 (Windows NT 10.0; Win64; x64) AppleWebKit/537.36 (KHTML, like Gecko) Chrome/136.0.0.0 Safari/537.36 Edg/136.0.0.0"
135.136.0.181 - - [21/Sep/2026:08:50:43 +0700] "POST /xmlrpc.php HTTP/1.1" 500 2482 "-" "Mozilla/5.0 (X11; Linux x86_64; rv:138.0) Gecko/20100101 Firefox/138.0"
38.246.33.22 - - [21/Sep/2026:08:51:00 +0700] "POST /xmlrpc.php HTTP/1.1" 500 2482 "-" "Mozilla/5.0 (X11; Linux x86_64; rv:138.0) Gecko/20100101 Firefox/138.0"
135.136.0.181 - - [21/Sep/2026:08:52:03 +0700] "GET /?p=215850 HTTP/1.1" 500 2482 "-" "Mozilla/5.0 (X11; Linux x86_64) AppleWebKit/537.36 (KHTML, like Gecko) Chrome/130.0.0.0 Safari/537.36"
135.136.0.181 - - [21/Sep/2026:08:52:03 +0700] "GET /?p=215843 HTTP/1.1" 500 2482 "-" "Mozilla/5.0 (Macintosh; Intel Mac OS X 10.15; rv:137.0) Gecko/20100101 Firefox/137.0"
135.136.0.181 - - [21/Sep/2026:08:50:43 +0700] "POST /xmlrpc.php HTTP/1.1" 500 2482 "-" "Mozilla/5.0 (Windows NT 10.0; Win64; x64) AppleWebKit/537.36 (KHTML, like Gecko) Chrome/148.0.0.0 Safari/537.36"
193.36.38.57 - - [21/Sep/2026:08:50:40 +0700] "POST /xmlrpc.php HTTP/1.1" 500 2482 "-" "Mozilla/5.0 (Macintosh; Intel Mac OS X 10_15_7) AppleWebKit/537.36 (KHTML, like Gecko) Chrome/132.0.0.0 Safari/537.36"
66.249.66.64 - - [21/Sep/2026:08:51:08 +0700] "GET /casino-on-line-critical-features-for-electronic-6/ HTTP/1.1" 500 2482 "-" "Mozilla/5.0 (Linux; Android 6.0.1; Nexus 5X Build/MMB29P) AppleWebKit/537.36 (KHTML, like Gecko) Chrome/153.0.8010.47 Mobile Safari/537.36 (compatible; Googlebot/2.1; +http://www.google.com/bot.html)"
135.136.0.181 - - [21/Sep/2026:08:52:18 +0700] "POST /xmlrpc.php HTTP/1.1" 500 2482 "-" "Mozilla/5.0 (Windows NT 10.0; Win64; x64) AppleWebKit/537.36 (KHTML, like Gecko) Chrome/135.0.0.0 Safari/537.36"
135.136.0.181 - - [21/Sep/2026:08:51:32 +0700] "POST /xmlrpc.php HTTP/1.1" 500 2482 "-" "Mozilla/5.0 (Macintosh; Intel Mac OS X 10.15; rv:150.0) Gecko/20100101 Firefox/150.0"
135.136.0.181 - - [21/Sep/2026:08:52:00 +0700] "POST /xmlrpc.php HTTP/1.1" 500 2482 "-" "Mozilla/5.0 (Macintosh; Intel Mac OS X 10_15_7) AppleWebKit/537.36 (KHTML, like Gecko) Chrome/133.0.0.0 Safari/537.36"
198.252.107.178 - - [21/Sep/2026:08:51:15 +0700] "POST /wp-cron.php?doing_wp_cron=1789955475.7046329975128173828125 HTTP/1.1" 500 2482 "-" "WordPress/7.1.1; https://veewin24hr.com"
135.136.0.181 - - [21/Sep/2026:08:52:17 +0700] "POST /xmlrpc.php HTTP/1.1" 500 2482 "-" "Mozilla/5.0 (X11; Linux x86_64) AppleWebKit/537.36 (KHTML, like Gecko) Chrome/148.0.0.0 Safari/537.36"
198.252.107.178 - - [21/Sep/2026:08:52:51 +0700] "POST /wp-cron.php?doing_wp_cron=1789955571.5022590160369873046875 HTTP/1.1" 500 2482 "-" "WordPress/7.1.1; https://veewin24hr.com"
51.79.192.65 - - [21/Sep/2026:08:53:42 +0700] "GET /goldbet-casino-magyarorszag-hivatalos-oldal-2026/ HTTP/1.1" 500 2482 "https://veewin24hr.com/" "Mozilla/5.0 (Macintosh; Intel Mac OS X 10_15_7) AppleWebKit/537.36 (KHTML, like Gecko) Chrome/134.0.0.0 Safari/537.36"
38.246.33.22 - - [21/Sep/2026:08:53:44 +0700] "POST /xmlrpc.php HTTP/1.1" 500 2482 "-" "Mozilla/5.0 (X11; Linux x86_64; rv:138.0) Gecko/20100101 Firefox/138.0"
135.136.0.181 - - [21/Sep/2026:08:52:20 +0700] "GET /?p=215851 HTTP/1.1" 500 2482 "-" "Mozilla/5.0 (X11; Linux x86_64) AppleWebKit/537.36 (KHTML, like Gecko) Chrome/134.0.0.0 Safari/537.36"
198.252.107.178 - - [21/Sep/2026:08:52:52 +0700] "POST /wp-cron.php?doing_wp_cron=1789955572.0756630897521972656250 HTTP/1.1" 500 2482 "-" "WordPress/7.1.1; https://veewin24hr.com"
135.136.0.181 - - [21/Sep/2026:08:52:16 +0700] "POST /xmlrpc.php HTTP/1.1" 500 2482 "-" "Mozilla/5.0 (Windows NT 10.0; Win64; x64) AppleWebKit/537.36 (KHTML, like Gecko) Chrome/133.0.0.0 Safari/537.36 OPR/118.0.0.0"
135.136.0.181 - - [21/Sep/2026:08:50:53 +0700] "POST /xmlrpc.php HTTP/1.1" 500 2482 "-" "Mozilla/5.0 (Macintosh; Intel Mac OS X 10_15_7) AppleWebKit/537.36 (KHTML, like Gecko) Chrome/131.0.0.0 Safari/537.36"
193.36.38.57 - - [21/Sep/2026:08:50:42 +0700] "POST /xmlrpc.php HTTP/1.1" 500 2482 "-" "Mozilla/5.0 (Macintosh; Intel Mac OS X 10_15_7) AppleWebKit/605.1.15 (KHTML, like Gecko) Version/17.5 Safari/605.1.15"
38.246.33.22 - - [21/Sep/2026:08:52:41 +0700] "POST /xmlrpc.php HTTP/1.1" 500 2482 "-" "Mozilla/5.0 (Windows NT 10.0; Win64; x64) AppleWebKit/537.36 (KHTML, like Gecko) Chrome/136.0.0.0 Safari/537.36 Edg/136.0.0.0"
85.208.96.210 - - [21/Sep/2026:09:03:18 +0700] "GET /funzcity-is-on-the-latest-train-from-sweepstakes-gambling-enterprises-giving-advertising-to-the-latest-and-you-can-present-profiles/ HTTP/1.1" 500 236 "-" "Mozilla/5.0 (compatible; SemrushBot/7~bl; +http://www.semrush.com/bot.html)"
38.246.33.22 - - [21/Sep/2026:08:53:16 +0700] "POST /xmlrpc.php HTTP/1.1" 500 2482 "-" "Mozilla/5.0 (Macintosh; Intel Mac OS X 10_15_7) AppleWebKit/537.36"
198.252.107.178 - - [21/Sep/2026:09:04:35 +0700] "POST /wp-cron.php?doing_wp_cron=1789956274.8525259494781494140625 HTTP/1.1" 200 - "-" "WordPress/7.1.1; https://veewin24hr.com"
51.81.105.31 - - [21/Sep/2026:09:04:24 +0700] "GET /their-advantage-lies-in-successful-inner-systems-loyal-fund-communities-and-partnerships-that-have-modern-percentage-processors/ HTTP/1.1" 200 58851 "-" "Mozilla/5.0 (compatible; AhrefsBot/7.0; +http://ahrefs.com/robot/)"
40.77.167.27 - - [21/Sep/2026:09:06:41 +0700] "GET /these-limitations-can-reduce-casinos-reach-therefore-the-function-out-of-some-potential-people-to-participate/ HTTP/1.1" 200 62386 "-" "Mozilla/5.0 AppleWebKit/537.36 (KHTML, like Gecko; compatible; bingbot/2.0; +http://www.bing.com/bingbot.htm) Chrome/116.0.1938.76 Safari/537.36"
198.252.107.178 - - [21/Sep/2026:09:06:47 +0700] "POST /wp-cron.php?doing_wp_cron=1789956407.7397770881652832031250 HTTP/1.1" 200 - "-" "WordPress/7.1.1; https://veewin24hr.com"
103.119.188.12 - - [21/Sep/2026:09:06:36 +0700] "POST /xmlrpc.php HTTP/1.1" 200 181 "-" "Mozilla/5.0 (X11; Linux x86_64) AppleWebKit/537.36 (KHTML, like Gecko) Chrome/131.0.0.0 Safari/537.36"
115.132.48.73 - - [21/Sep/2026:09:07:47 +0700] "POST /xmlrpc.php HTTP/1.1" 200 403 "-" "Mozilla/5.0 (Macintosh; Intel Mac OS X 10_15_7) AppleWebKit/605.1.15 (KHTML, like Gecko) Version/17.5 Safari/605.1.15"
216.26.247.204 - - [21/Sep/2026:09:08:44 +0700] "GET /goldbet-casino-magyarorszag-hivatalos-oldal-2026/ HTTP/1.1" 200 58543 "https://veewin24hr.com/" "Mozilla/5.0 (X11; Linux x86_64) AppleWebKit/537.36 (KHTML, like Gecko) Chrome/133.0.0.0 Safari/537.36"
216.26.247.204 - - [21/Sep/2026:09:08:46 +0700] "GET /?p=27652 HTTP/1.1" 301 - "https://veewin24hr.com/goldbet-casino-magyarorszag-hivatalos-oldal-2026/" "Mozilla/5.0 (X11; Linux x86_64) AppleWebKit/537.36 (KHTML, like Gecko) Chrome/133.0.0.0 Safari/537.36"
216.26.247.204 - - [21/Sep/2026:09:08:48 +0700] "GET /online-casino-tournaments-uk-2026/ HTTP/1.1" 200 67360 "https://veewin24hr.com/?p=27652" "Mozilla/5.0 (X11; Linux x86_64) AppleWebKit/537.36 (KHTML, like Gecko) Chrome/133.0.0.0 Safari/537.36"
51.81.110.92 - - [21/Sep/2026:09:09:21 +0700] "GET /the-fun-gambling-establishment-hire-in-the-burton-on-trent-is-perfect-for-humorous-tourist-for-the-an-enjoyable-want-and-entertaining-ways/ HTTP/1.1" 200 62198 "-" "Mozilla/5.0 (compatible; AhrefsBot/7.0; +http://ahrefs.com/robot/)"
135.136.0.181 - - [21/Sep/2026:09:10:20 +0700] "POST /xmlrpc.php HTTP/1.1" 200 403 "-" "Mozilla/5.0 (X11; Linux x86_64) AppleWebKit/537.36 (KHTML, like Gecko) Chrome/134.0.0.0 Safari/537.36"
135.136.0.181 - - [21/Sep/2026:09:10:22 +0700] "POST /xmlrpc.php HTTP/1.1" 200 403 "-" "Mozilla/5.0 (X11; Linux x86_64) AppleWebKit/537.36 (KHTML, like Gecko) Chrome/134.0.0.0 Safari/537.36"
135.136.0.181 - - [21/Sep/2026:09:11:30 +0700] "POST /xmlrpc.php HTTP/1.1" 200 181 "-" "Mozilla/5.0 (Macintosh; Intel Mac OS X 10_15_7) AppleWebKit/537.36 (KHTML, like Gecko) Chrome/131.0.0.0 Safari/537.36"
198.252.107.178 - - [21/Sep/2026:09:11:36 +0700] "POST /wp-cron.php?doing_wp_cron=1789956695.0192170143127441406250 HTTP/1.1" 200 - "-" "WordPress/7.1.1; https://veewin24hr.com"
135.136.0.181 - - [21/Sep/2026:09:11:41 +0700] "POST /xmlrpc.php HTTP/1.1" 200 10375 "-" "Mozilla/5.0 (Windows NT 10.0; Win64; x64) AppleWebKit/537.36 (KHTML, like Gecko) Chrome/109.0.0.0 Safari/537.36"
135.136.0.181 - - [21/Sep/2026:09:11:43 +0700] "GET /leovegas-referred-to-as-the-new-king-away-from-cellular-casinos-is-known-for-the-better-high-quality-cellular-sense/ HTTP/1.1" 200 60248 "-" "Mozilla/5.0 (Windows NT 10.0; Win64; x64) AppleWebKit/537.36 (KHTML, like Gecko) Chrome/145.0.0.0 Safari/537.36"
103.198.133.64 - - [21/Sep/2026:09:12:14 +0700] "GET /wp_luci.php HTTP/1.1" 301 - "-" "Mozilla/5.0 (Windows NT 10.0; Win64; x64) AppleWebKit/537.36 (KHTML, like Gecko) Chrome/151.0.0.0 Safari/537.36"
103.198.133.64 - - [21/Sep/2026:09:12:19 +0700] "GET / HTTP/1.1" 200 80256 "-" "Mozilla/5.0 (Windows NT 10.0; Win64; x64) AppleWebKit/537.36 (KHTML, like Gecko) Chrome/151.0.0.0 Safari/537.36"
103.198.133.64 - - [21/Sep/2026:09:12:30 +0700] "GET /wp-content/themes/hello-elementor/assets/css/reset.css?ver=3.4.9 HTTP/1.1" 200 5496 "https://veewin24hr.com/" "Mozilla/5.0 (Windows NT 10.0; Win64; x64) AppleWebKit/537.36 (KHTML, like Gecko) Chrome/151.0.0.0 Safari/537.36"
103.198.133.64 - - [21/Sep/2026:09:12:30 +0700] "GET /wp-includes/css/admin-bar.min.css?ver=7.1.1 HTTP/1.1" 200 21433 "https://veewin24hr.com/" "Mozilla/5.0 (Windows NT 10.0; Win64; x64) AppleWebKit/537.36 (KHTML, like Gecko) Chrome/151.0.0.0 Safari/537.36"
103.198.133.64 - - [21/Sep/2026:09:12:30 +0700] "GET /wp-includes/css/dashicons.min.css?ver=7.1.1 HTTP/1.1" 200 59004 "https://veewin24hr.com/" "Mozilla/5.0 (Windows NT 10.0; Win64; x64) AppleWebKit/537.36 (KHTML, like Gecko) Chrome/151.0.0.0 Safari/537.36"
103.198.133.64 - - [21/Sep/2026:09:12:30 +0700] "GET /wp-content/themes/hello-elementor/assets/css/header-footer.css?ver=3.4.9 HTTP/1.1" 200 7182 "https://veewin24hr.com/" "Mozilla/5.0 (Windows NT 10.0; Win64; x64) AppleWebKit/537.36 (KHTML, like Gecko) Chrome/151.0.0.0 Safari/537.36"
103.198.133.64 - - [21/Sep/2026:09:12:34 +0700] "GET /wp-content/themes/hello-elementor/assets/css/theme.css?ver=3.4.9 HTTP/1.1" 200 5097 "https://veewin24hr.com/" "Mozilla/5.0 (Windows NT 10.0; Win64; x64) AppleWebKit/537.36 (KHTML, like Gecko) Chrome/151.0.0.0 Safari/537.36"
103.198.133.64 - - [21/Sep/2026:09:12:35 +0700] "GET /wp-content/plugins/elementor/assets/css/frontend.min.css?ver=4.2.3 HTTP/1.1" 200 54666 "https://veewin24hr.com/" "Mozilla/5.0 (Windows NT 10.0; Win64; x64) AppleWebKit/537.36 (KHTML, like Gecko) Chrome/151.0.0.0 Safari/537.36"
103.198.133.64 - - [21/Sep/2026:09:12:35 +0700] "GET /wp-content/uploads/elementor/css/post-7.css?ver=1787395383 HTTP/1.1" 200 2087 "https://veewin24hr.com/" "Mozilla/5.0 (Windows NT 10.0; Win64; x64) AppleWebKit/537.36 (KHTML, like Gecko) Chrome/151.0.0.0 Safari/537.36"
103.198.133.64 - - [21/Sep/2026:09:12:35 +0700] "GET /wp-content/plugins/elementor/assets/css/widget-image.min.css?ver=4.2.3 HTTP/1.1" 200 214 "https://veewin24hr.com/" "Mozilla/5.0 (Windows NT 10.0; Win64; x64) AppleWebKit/537.36 (KHTML, like Gecko) Chrome/151.0.0.0 Safari/537.36"
103.198.133.64 - - [21/Sep/2026:09:12:35 +0700] "GET /wp-content/plugins/elementor/assets/css/widget-heading.min.css?ver=4.2.3 HTTP/1.1" 200 560 "https://veewin24hr.com/" "Mozilla/5.0 (Windows NT 10.0; Win64; x64) AppleWebKit/537.36 (KHTML, like Gecko) Chrome/151.0.0.0 Safari/537.36"
103.198.133.64 - - [21/Sep/2026:09:12:35 +0700] "GET /wp-content/uploads/elementor/css/post-44.css?ver=1787863105 HTTP/1.1" 200 3123 "https://veewin24hr.com/" "Mozilla/5.0 (Windows NT 10.0; Win64; x64) AppleWebKit/537.36 (KHTML, like Gecko) Chrome/151.0.0.0 Safari/537.36"
103.198.133.64 - - [21/Sep/2026:09:12:38 +0700] "GET /wp-content/plugins/elementor-pro/assets/css/widget-nav-menu.min.css?ver=4.2.1 HTTP/1.1" 200 27363 "https://veewin24hr.com/" "Mozilla/5.0 (Windows NT 10.0; Win64; x64) AppleWebKit/537.36 (KHTML, like Gecko) Chrome/151.0.0.0 Safari/537.36"
103.198.133.64 - - [21/Sep/2026:09:12:38 +0700] "GET /wp-content/plugins/elementor/assets/lib/animations/styles/e-animation-shrink.min.css?ver=4.2.3 HTTP/1.1" 200 205 "https://veewin24hr.com/" "Mozilla/5.0 (Windows NT 10.0; Win64; x64) AppleWebKit/537.36 (KHTML, like Gecko) Chrome/151.0.0.0 Safari/537.36"
103.198.133.64 - - [21/Sep/2026:09:12:39 +0700] "GET /wp-content/uploads/elementor/css/post-32.css?ver=1787395383 HTTP/1.1" 200 5819 "https://veewin24hr.com/" "Mozilla/5.0 (Windows NT 10.0; Win64; x64) AppleWebKit/537.36 (KHTML, like Gecko) Chrome/151.0.0.0 Safari/537.36"
103.198.133.64 - - [21/Sep/2026:09:12:40 +0700] "GET /wp-includes/js/jquery/jquery.min.js?ver=3.7.1 HTTP/1.1" 200 87553 "https://veewin24hr.com/" "Mozilla/5.0 (Windows NT 10.0; Win64; x64) AppleWebKit/537.36 (KHTML, like Gecko) Chrome/151.0.0.0 Safari/537.36"
103.198.133.64 - - [21/Sep/2026:09:12:40 +0700] "GET /wp-includes/js/jquery/jquery-migrate.min.js?ver=3.4.1 HTTP/1.1" 200 13577 "https://veewin24hr.com/" "Mozilla/5.0 (Windows NT 10.0; Win64; x64) AppleWebKit/537.36 (KHTML, like Gecko) Chrome/151.0.0.0 Safari/537.36"
103.198.133.64 - - [21/Sep/2026:09:12:41 +0700] "GET /wp-content/uploads/2026/02/True-wallet-Veewin.webp HTTP/1.1" 200 118420 "https://veewin24hr.com/" "Mozilla/5.0 (Windows NT 10.0; Win64; x64) AppleWebKit/537.36 (KHTML, like Gecko) Chrome/151.0.0.0 Safari/537.36"
103.198.133.64 - - [21/Sep/2026:09:12:41 +0700] "GET /wp-content/uploads/2026/02/Slot-no1-Veewin.webp HTTP/1.1" 200 123994 "https://veewin24hr.com/" "Mozilla/5.0 (Windows NT 10.0; Win64; x64) AppleWebKit/537.36 (KHTML, like Gecko) Chrome/151.0.0.0 Safari/537.36"
103.198.133.64 - - [21/Sep/2026:09:12:41 +0700] "GET /wp-content/uploads/2026/02/cropped-cropped-Logo-Veewin.webp HTTP/1.1" 200 56652 "https://veewin24hr.com/" "Mozilla/5.0 (Windows NT 10.0; Win64; x64) AppleWebKit/537.36 (KHTML, like Gecko) Chrome/151.0.0.0 Safari/537.36"
103.198.133.64 - - [21/Sep/2026:09:12:41 +0700] "GET /wp-content/themes/hello-elementor/assets/js/hello-frontend.js?ver=3.4.9 HTTP/1.1" 200 1830 "https://veewin24hr.com/" "Mozilla/5.0 (Windows NT 10.0; Win64; x64) AppleWebKit/537.36 (KHTML, like Gecko) Chrome/151.0.0.0 Safari/537.36"
103.198.133.64 - - [21/Sep/2026:09:12:43 +0700] "GET /wp-content/plugins/elementor/assets/js/webpack.runtime.min.js?ver=4.2.3 HTTP/1.1" 200 5819 "https://veewin24hr.com/" "Mozilla/5.0 (Windows NT 10.0; Win64; x64) AppleWebKit/537.36 (KHTML, like Gecko) Chrome/151.0.0.0 Safari/537.36"
103.198.133.64 - - [21/Sep/2026:09:12:43 +0700] "GET /wp-content/plugins/elementor/assets/js/frontend-modules.min.js?ver=4.2.3 HTTP/1.1" 200 50602 "https://veewin24hr.com/" "Mozilla/5.0 (Windows NT 10.0; Win64; x64) AppleWebKit/537.36 (KHTML, like Gecko) Chrome/151.0.0.0 Safari/537.36"
103.198.133.64 - - [21/Sep/2026:09:12:43 +0700] "GET /wp-includes/js/jquery/ui/core.min.js?ver=1.14.2 HTTP/1.1" 200 18674 "https://veewin24hr.com/" "Mozilla/5.0 (Windows NT 10.0; Win64; x64) AppleWebKit/537.36 (KHTML, like Gecko) Chrome/151.0.0.0 Safari/537.36"
51.81.111.9 - - [21/Sep/2026:09:13:05 +0700] "GET /set-limitations-before-you-playdecide-how-much-cash-you-are-safe-investing-and-you-can-lay-deposit-constraints-to-match/ HTTP/1.1" 200 59901 "-" "Mozilla/5.0 (compatible; AhrefsBot/7.0; +http://ahrefs.com/robot/)"
198.252.107.178 - - [21/Sep/2026:09:13:49 +0700] "POST /wp-cron.php?doing_wp_cron=1789956829.9483389854431152343750 HTTP/1.1" 200 - "-" "WordPress/7.1.1; https://veewin24hr.com"
1.192.60.190 - - [21/Sep/2026:09:13:41 +0700] "POST /xmlrpc.php HTTP/1.1" 200 181 "-" "Mozilla/5.0 (Windows NT 10.0; Win64; x64) AppleWebKit/537.36 (KHTML, like Gecko) Chrome/148.0.0.0 Safari/537.36"
135.136.0.181 - - [21/Sep/2026:09:13:45 +0700] "POST /xmlrpc.php HTTP/1.1" 200 181 "-" "Mozilla/5.0 (Windows NT 10.0; Win64; x64) AppleWebKit/537.36 (KHTML, like Gecko) Chrome/129.0.0.0 Safari/537.36"
135.136.0.181 - - [21/Sep/2026:09:13:57 +0700] "POST /xmlrpc.php HTTP/1.1" 200 9430 "-" "Mozilla/5.0 (Macintosh; Intel Mac OS X 10_15_7) AppleWebKit/537.36 (KHTML, like Gecko) Chrome/132.0.0.0 Safari/537.36"
198.252.107.178 - - [21/Sep/2026:09:14:01 +0700] "POST /wp-cron.php?doing_wp_cron=1789956841.3507139682769775390625 HTTP/1.1" 200 - "-" "WordPress/7.1.1; https://veewin24hr.com"
135.136.0.181 - - [21/Sep/2026:09:14:00 +0700] "GET /our-very-own-reviews-and-recommendations-will-still-be-objective-and-go-after-rigid-article-criteria/ HTTP/1.1" 200 58974 "-" "Mozilla/5.0 (Macintosh; Intel Mac OS X 10_15_7) AppleWebKit/605.1.15 (KHTML, like Gecko) Version/18.2 Safari/605.1.15"
198.252.107.178 - - [21/Sep/2026:09:14:56 +0700] "POST /wp-cron.php?doing_wp_cron=1789956896.4758551120758056640625 HTTP/1.1" 200 - "-" "WordPress/7.1.1; https://veewin24hr.com"
135.136.0.181 - - [21/Sep/2026:09:14:51 +0700] "POST /xmlrpc.php HTTP/1.1" 200 181 "-" "Mozilla/5.0 (Windows NT 10.0; Win64; x64) AppleWebKit/537.36 (KHTML, like Gecko) Chrome/136.0.0.0 Safari/537.36 Edg/136.0.0.0"
135.136.0.181 - - [21/Sep/2026:09:15:04 +0700] "POST /xmlrpc.php HTTP/1.1" 200 8027 "-" "Mozilla/5.0 (Windows NT 10.0; Win64; x64) AppleWebKit/537.36 (KHTML, like Gecko) Chrome/134.0.0.0 YaBrowser/25.4.0.0 Safari/537.36"
135.136.0.181 - - [21/Sep/2026:09:15:05 +0700] "GET /you-could-claim-uk-no-deposit-100-free-spins-playing-ports-100-free/ HTTP/1.1" 200 57027 "-" "Mozilla/5.0 (Windows NT 10.0; Win64; x64) AppleWebKit/537.36 (KHTML, like Gecko) Chrome/109.0.0.0 Safari/537.36"
198.252.107.178 - - [21/Sep/2026:09:15:49 +0700] "POST /wp-cron.php?doing_wp_cron=1789956948.9456229209899902343750 HTTP/1.1" 200 - "-" "WordPress/7.1.1; https://veewin24hr.com"
135.136.0.181 - - [21/Sep/2026:09:15:43 +0700] "POST /xmlrpc.php HTTP/1.1" 200 181 "-" "Mozilla/5.0 (Macintosh; Intel Mac OS X 10_15_7) AppleWebKit/537.36 (KHTML, like Gecko) Chrome/146.0.0.0 Safari/537.36"
135.136.0.181 - - [21/Sep/2026:09:15:55 +0700] "POST /xmlrpc.php HTTP/1.1" 200 10988 "-" "Mozilla/5.0 (Windows NT 10.0; Win64; x64) AppleWebKit/537.36 (KHTML, like Gecko) Chrome/129.0.0.0 Safari/537.36"
135.136.0.181 - - [21/Sep/2026:09:15:58 +0700] "GET /they-give-care-about-exception-units-put-limitations-and-you-can-fact-take-a-look-at-reminders-to-stay-in-control/ HTTP/1.1" 200 60741 "-" "Mozilla/5.0 (Windows NT 10.0; Win64; x64) AppleWebKit/537.36 (KHTML, like Gecko) Chrome/135.0.0.0 Safari/537.36 Edg/135.0.0.0"
193.24.211.106 - - [21/Sep/2026:09:16:03 +0700] "GET / HTTP/1.1" 200 80265 "https://veewin24hr.com/nIrGMowz8z" "Mozilla/5.0 (Macintosh; Intel Mac OS X 10_15_7) AppleWebKit/537.36 (KHTML, like Gecko) Chrome/120.0.0.0 Safari/537.36"
85.208.96.212 - - [21/Sep/2026:09:16:33 +0700] "GET /benefit-from-around-the-globe-web-based-poker-multiple-dining-table-prospective-on-desktop-devices-to-maximise-every-hour-money/ HTTP/1.1" 200 59325 "-" "Mozilla/5.0 (compatible; SemrushBot/7~bl; +http://www.semrush.com/bot.html)"
198.252.107.178 - - [21/Sep/2026:09:16:36 +0700] "POST /wp-cron.php?doing_wp_cron=1789956996.3942329883575439453125 HTTP/1.1" 200 - "-" "WordPress/7.1.1; https://veewin24hr.com"
135.136.0.181 - - [21/Sep/2026:09:16:25 +0700] "POST /xmlrpc.php HTTP/1.1" 200 181 "-" "Mozilla/5.0 (X11; Ubuntu; Linux x86_64; rv:138.0) Gecko/20100101 Firefox/138.0"
135.136.0.181 - - [21/Sep/2026:09:16:42 +0700] "POST /xmlrpc.php HTTP/1.1" 200 9608 "-" "Mozilla/5.0 (Macintosh; Intel Mac OS X 10_15_7) AppleWebKit/537.36 (KHTML, like Gecko) Chrome/145.0.0.0 Safari/537.36 OPR/129.0.0.0"
135.136.0.181 - - [21/Sep/2026:09:16:45 +0700] "GET /participants-can-take-advantage-of-progressive-freeze-and-you-can-arcade-design-alternatives-as-well-as-mines-packages-coins-and-1000x-busta/ HTTP/1.1" 200 59879 "-" "Mozilla/5.0 (Macintosh; Intel Mac OS X 10_15_7) AppleWebKit/537.36 (KHTML, like Gecko) Chrome/120.0.0.0 Safari/537.36"
51.81.103.254 - - [21/Sep/2026:09:16:47 +0700] "GET /select-our-very-own-awesome-hushed-discos-services-featuring-three-channel-pulsating-added-headsets-delivering-everything-required-to-possess-a-memorable-knowledge-simply-incorporate-dancers/ HTTP/1.1" 200 61031 "-" "Mozilla/5.0 (compatible; AhrefsBot/7.0; +http://ahrefs.com/robot/)"
198.252.107.178 - - [21/Sep/2026:09:17:11 +0700] "POST /wp-cron.php?doing_wp_cron=1789957030.9354729652404785156250 HTTP/1.1" 200 - "-" "WordPress/7.1.1; https://veewin24hr.com"
135.136.0.181 - - [21/Sep/2026:09:17:03 +0700] "POST /xmlrpc.php HTTP/1.1" 200 181 "-" "Mozilla/5.0 (X11; Linux x86_64) AppleWebKit/537.36 (KHTML, like Gecko) Chrome/124.0.0.0 Safari/537.36"
135.136.0.181 - - [21/Sep/2026:09:17:18 +0700] "POST /xmlrpc.php HTTP/1.1" 200 9512 "-" "Mozilla/5.0 (X11; Linux x86_64) AppleWebKit/537.36 (KHTML, like Gecko) Chrome/132.0.0.0 Safari/537.36"
135.136.0.181 - - [21/Sep/2026:09:17:19 +0700] "GET /what-would-be-secure-than-simply-allowing-the-leading-cell-phone-providers-manage-the-latest-deals-inside-the-a-casino/ HTTP/1.1" 200 59344 "-" "Mozilla/5.0 (Windows NT 10.0; Win64; x64) AppleWebKit/537.36 (KHTML, like Gecko) Chrome/133.0.0.0 Safari/537.36"
198.252.107.178 - - [21/Sep/2026:09:17:42 +0700] "POST /wp-cron.php?doing_wp_cron=1789957062.2606739997863769531250 HTTP/1.1" 200 - "-" "WordPress/7.1.1; https://veewin24hr.com"
135.136.0.181 - - [21/Sep/2026:09:17:37 +0700] "POST /xmlrpc.php HTTP/1.1" 200 181 "-" "Mozilla/5.0 (Windows NT 10.0; Win64; x64) AppleWebKit/537.36 (KHTML, like Gecko) Chrome/117.0.5938.132 Safari/537.36"
135.136.0.181 - - [21/Sep/2026:09:17:49 +0700] "POST /xmlrpc.php HTTP/1.1" 200 8501 "-" "Mozilla/5.0 (Windows NT 10.0; Win64; x64) AppleWebKit/537.36 (KHTML, like Gecko) Chrome/109.0.0.0 Safari/537.36"
135.136.0.181 - - [21/Sep/2026:09:17:50 +0700] "GET /within-our-feel-very-gambling-enterprises-one-to-accept-fruit-pay-dont-include-more-charges-for-places/ HTTP/1.1" 200 58134 "-" "Mozilla/5.0 (Macintosh; Intel Mac OS X 10_15_7) AppleWebKit/605.1.15 (KHTML, like Gecko) Version/18.5 Safari/605.1.15"
198.252.107.178 - - [21/Sep/2026:09:18:16 +0700] "POST /wp-cron.php?doing_wp_cron=1789957096.2456879615783691406250 HTTP/1.1" 200 - "-" "WordPress/7.1.1; https://veewin24hr.com"
135.136.0.181 - - [21/Sep/2026:09:18:10 +0700] "POST /xmlrpc.php HTTP/1.1" 200 181 "-" "Mozilla/5.0 (Windows NT 10.0; Win64; x64) AppleWebKit/537.36 (KHTML, like Gecko) obsidian/1.8.4 Chrome/130.0.6723.191 Electron/33.3.2 Safari/537.36"
135.136.0.181 - - [21/Sep/2026:09:18:22 +0700] "POST /xmlrpc.php HTTP/1.1" 200 8982 "-" "Mozilla/5.0 (Macintosh; Intel Mac OS X 10_15_7) AppleWebKit/537.36 (KHTML, like Gecko) Chrome/136.0.0.0 Safari/537.36"
135.136.0.181 - - [21/Sep/2026:09:18:23 +0700] "GET /frankly-of-numerous-british-users-merely-jump-to-find-a-very-good-betting-webpages-extra/ HTTP/1.1" 200 58367 "-" "Mozilla/5.0 (Macintosh; Intel Mac OS X 10_15_7) AppleWebKit/537.36 (KHTML, like Gecko) Chrome/135.0.0.0 Safari/537.36"
198.252.107.178 - - [21/Sep/2026:09:18:42 +0700] "POST /wp-cron.php?doing_wp_cron=1789957122.7370429039001464843750 HTTP/1.1" 200 - "-" "WordPress/7.1.1; https://veewin24hr.com"
135.136.0.181 - - [21/Sep/2026:09:18:38 +0700] "POST /xmlrpc.php HTTP/1.1" 200 181 "-" "Mozilla/5.0 (Windows NT 10.0; Win64; x64) AppleWebKit/537.36 (KHTML, like Gecko) Chrome/109.0.0.0 Safari/537.36"
135.136.0.181 - - [21/Sep/2026:09:18:49 +0700] "POST /xmlrpc.php HTTP/1.1" 200 9126 "-" "Mozilla/5.0 (Windows NT 10.0; Win64; x64) AppleWebKit/537.36 (KHTML, like Gecko) Chrome/132.0.0.0 Safari/537.36 OPR/117.0.0.0"
135.136.0.181 - - [21/Sep/2026:09:18:50 +0700] "GET /zero-and-work-out-deposits-and-you-will-distributions-using-fruit-shell-out-is-practically-usually-free/ HTTP/1.1" 200 58694 "-" "Mozilla/5.0 (Windows NT 10.0; Win64; x64) AppleWebKit/537.36 (KHTML, like Gecko) Chrome/124.0 Safari/537.36"
198.252.107.178 - - [21/Sep/2026:09:19:11 +0700] "POST /wp-cron.php?doing_wp_cron=1789957151.4717140197753906250000 HTTP/1.1" 200 - "-" "WordPress/7.1.1; https://veewin24hr.com"
135.136.0.181 - - [21/Sep/2026:09:19:06 +0700] "POST /xmlrpc.php HTTP/1.1" 200 181 "-" "Mozilla/5.0 (Windows NT 10.0; Win64; x64) AppleWebKit/537.36 (KHTML, like Gecko) Chrome/135.0.0.0 Safari/537.36"
135.136.0.181 - - [21/Sep/2026:09:19:17 +0700] "POST /xmlrpc.php HTTP/1.1" 200 8577 "-" "Mozilla/5.0 (X11; Ubuntu; Linux x86_64; rv:137.0) Gecko/20100101 Firefox/137.0"
135.136.0.181 - - [21/Sep/2026:09:19:18 +0700] "GET /the-united-kingdom-gambling-commission-takes-on-a-vital-role-inside-the-managing-on-the-internet-gambling-enterprises-in-britain/ HTTP/1.1" 200 58530 "-" "Mozilla/5.0 (Windows NT 10.0; Win64; x64) AppleWebKit/537.36 (KHTML, like Gecko) Chrome/136.0.0.0 Safari/537.36 Edg/136.0.0.0"
130.51.20.151 - - [21/Sep/2026:09:19:29 +0700] "GET /goldbet-casino-magyarorszag-hivatalos-oldal-2026/ HTTP/1.1" 200 58543 "https://veewin24hr.com/" "Mozilla/5.0 (Macintosh; Intel Mac OS X 10_15_7) AppleWebKit/537.36 (KHTML, like Gecko) Chrome/135.0.0.0 Safari/537.36"
198.252.107.178 - - [21/Sep/2026:09:19:38 +0700] "POST /wp-cron.php?doing_wp_cron=1789957178.2004659175872802734375 HTTP/1.1" 200 - "-" "WordPress/7.1.1; https://veewin24hr.com"
135.136.0.181 - - [21/Sep/2026:09:19:32 +0700] "POST /xmlrpc.php HTTP/1.1" 200 181 "-" "Mozilla/5.0 (X11; Linux x86_64) AppleWebKit/537.36 (KHTML, like Gecko) Chrome/132.0.0.0 Safari/537.36"
135.136.0.181 - - [21/Sep/2026:09:19:46 +0700] "POST /xmlrpc.php HTTP/1.1" 200 10602 "-" "Mozilla/5.0 (X11; Linux x86_64) AppleWebKit/537.36 (KHTML, like Gecko) Chrome/124.0.0.0 Safari/537.36"
135.136.0.181 - - [21/Sep/2026:09:19:48 +0700] "GET /that-it-separate-analysis-web-site-support-people-pick-the-best-readily-available-betting-unit-coordinating-their-demands/ HTTP/1.1" 200 60475 "-" "Mozilla/5.0 (Macintosh; Intel Mac OS X 10_15_7) AppleWebKit/605.1.15 (KHTML, like Gecko) Version/18.1 Safari/605.1.15"
198.252.107.178 - - [21/Sep/2026:09:19:58 +0700] "POST /wp-cron.php?doing_wp_cron=1789957198.7959098815917968750000 HTTP/1.1" 200 - "-" "WordPress/7.1.1; https://veewin24hr.com"
38.246.33.72 - - [21/Sep/2026:09:19:50 +0700] "POST /xmlrpc.php HTTP/1.1" 200 181 "-" "Mozilla/5.0 (Windows NT 10.0; Win64; x64) AppleWebKit/537.36 (KHTML, like Gecko) Chrome/147.0.0.0 Safari/537.36"
38.246.33.72 - - [21/Sep/2026:09:20:04 +0700] "POST /xmlrpc.php HTTP/1.1" 200 11088 "-" "Mozilla/5.0 (Windows NT 10.0; Win64; x64) AppleWebKit/537.36 (KHTML, like Gecko) Chrome/147.0.0.0 Safari/537.36 OPR/131.0.0.0"
37.120.155.26 - - [21/Sep/2026:09:20:06 +0700] "GET /wp-login.php HTTP/1.1" 200 7255 "https://veewin24hr.com/" "Mozilla/5.0 (Windows NT 10.0; Win64; x64) AppleWebKit/537.36 (KHTML, like Gecko) Chrome/148.0.0.0 Safari/537.36"
135.136.0.181 - - [21/Sep/2026:09:19:56 +0700] "POST /xmlrpc.php HTTP/1.1" 200 181 "-" "Mozilla/5.0 (Windows NT 10.0; Win64; x64) AppleWebKit/537.36 (KHTML, like Gecko) Chrome/132.0.0.0 Safari/537.36"
198.252.107.178 - - [21/Sep/2026:09:20:10 +0700] "POST /wp-cron.php?doing_wp_cron=1789957208.0036139488220214843750 HTTP/1.1" 200 - "-" "WordPress/7.1.1; https://veewin24hr.com"
37.120.155.26 - - [21/Sep/2026:09:20:10 +0700] "GET /wp-includes/css/dashicons.min.css?ver=7.1.1 HTTP/1.1" 304 - "https://veewin24hr.com/wp-login.php" "Mozilla/5.0 (Windows NT 10.0; Win64; x64) AppleWebKit/537.36 (KHTML, like Gecko) Chrome/148.0.0.0 Safari/537.36"
37.120.155.26 - - [21/Sep/2026:09:20:10 +0700] "GET /wp-admin/css/forms.min.css?ver=7.1.1 HTTP/1.1" 304 - "https://veewin24hr.com/wp-login.php" "Mozilla/5.0 (Windows NT 10.0; Win64; x64) AppleWebKit/537.36 (KHTML, like Gecko) Chrome/148.0.0.0 Safari/537.36"
37.120.155.26 - - [21/Sep/2026:09:20:10 +0700] "GET /wp-includes/css/buttons.min.css?ver=7.1.1 HTTP/1.1" 304 - "https://veewin24hr.com/wp-login.php" "Mozilla/5.0 (Windows NT 10.0; Win64; x64) AppleWebKit/537.36 (KHTML, like Gecko) Chrome/148.0.0.0 Safari/537.36"
37.120.155.26 - - [21/Sep/2026:09:20:10 +0700] "GET /wp-admin/css/l10n.min.css?ver=7.1.1 HTTP/1.1" 304 - "https://veewin24hr.com/wp-login.php" "Mozilla/5.0 (Windows NT 10.0; Win64; x64) AppleWebKit/537.36 (KHTML, like Gecko) Chrome/148.0.0.0 Safari/537.36"
37.120.155.26 - - [21/Sep/2026:09:20:10 +0700] "GET /wp-admin/css/login.min.css?ver=7.1.1 HTTP/1.1" 304 - "https://veewin24hr.com/wp-login.php" "Mozilla/5.0 (Windows NT 10.0; Win64; x64) AppleWebKit/537.36 (KHTML, like Gecko) Chrome/148.0.0.0 Safari/537.36"
37.120.155.26 - - [21/Sep/2026:09:20:10 +0700] "GET /wp-admin/css/wp-tooltip.min.css?ver=7.1.1 HTTP/1.1" 304 - "https://veewin24hr.com/wp-login.php" "Mozilla/5.0 (Windows NT 10.0; Win64; x64) AppleWebKit/537.36 (KHTML, like Gecko) Chrome/148.0.0.0 Safari/537.36"
37.120.155.26 - - [21/Sep/2026:09:20:10 +0700] "GET /wp-includes/js/clipboard.min.js?ver=2.0.11 HTTP/1.1" 304 - "https://veewin24hr.com/wp-login.php" "Mozilla/5.0 (Windows NT 10.0; Win64; x64) AppleWebKit/537.36 (KHTML, like Gecko) Chrome/148.0.0.0 Safari/537.36"
37.120.155.26 - - [21/Sep/2026:09:20:10 +0700] "GET /wp-includes/css/dist/base-styles/admin-schemes.min.css?ver=7.1.1 HTTP/1.1" 304 - "https://veewin24hr.com/wp-login.php" "Mozilla/5.0 (Windows NT 10.0; Win64; x64) AppleWebKit/537.36 (KHTML, like Gecko) Chrome/148.0.0.0 Safari/537.36"
37.120.155.26 - - [21/Sep/2026:09:20:10 +0700] "GET /wp-includes/js/jquery/jquery.min.js?ver=3.7.1 HTTP/1.1" 304 - "https://veewin24hr.com/wp-login.php" "Mozilla/5.0 (Windows NT 10.0; Win64; x64) AppleWebKit/537.36 (KHTML, like Gecko) Chrome/148.0.0.0 Safari/537.36"
37.120.155.26 - - [21/Sep/2026:09:20:10 +0700] "GET /wp-includes/js/jquery/jquery-migrate.min.js?ver=3.4.1 HTTP/1.1" 304 - "https://veewin24hr.com/wp-login.php" "Mozilla/5.0 (Windows NT 10.0; Win64; x64) AppleWebKit/537.36 (KHTML, like Gecko) Chrome/148.0.0.0 Safari/537.36"
37.120.155.26 - - [21/Sep/2026:09:20:11 +0700] "GET /wp-includes/js/zxcvbn-async.min.js?ver=1.0 HTTP/1.1" 304 - "https://veewin24hr.com/wp-login.php" "Mozilla/5.0 (Windows NT 10.0; Win64; x64) AppleWebKit/537.36 (KHTML, like Gecko) Chrome/148.0.0.0 Safari/537.36"
37.120.155.26 - - [21/Sep/2026:09:20:11 +0700] "GET /wp-includes/js/dist/hooks.min.js?ver=f0f188028580e8dc1255 HTTP/1.1" 304 - "https://veewin24hr.com/wp-login.php" "Mozilla/5.0 (Windows NT 10.0; Win64; x64) AppleWebKit/537.36 (KHTML, like Gecko) Chrome/148.0.0.0 Safari/537.36"
37.120.155.26 - - [21/Sep/2026:09:20:11 +0700] "GET /wp-includes/js/dist/a11y.min.js?ver=31c6cec5a4ff7aff483d HTTP/1.1" 304 - "https://veewin24hr.com/wp-login.php" "Mozilla/5.0 (Windows NT 10.0; Win64; x64) AppleWebKit/537.36 (KHTML, like Gecko) Chrome/148.0.0.0 Safari/537.36"
37.120.155.26 - - [21/Sep/2026:09:20:11 +0700] "GET /wp-includes/js/wp-util.min.js?ver=7.1.1 HTTP/1.1" 304 - "https://veewin24hr.com/wp-login.php" "Mozilla/5.0 (Windows NT 10.0; Win64; x64) AppleWebKit/537.36 (KHTML, like Gecko) Chrome/148.0.0.0 Safari/537.36"
37.120.155.26 - - [21/Sep/2026:09:20:11 +0700] "GET /wp-includes/js/dist/i18n.min.js?ver=1dfe7db3940c23ea9216 HTTP/1.1" 304 - "https://veewin24hr.com/wp-login.php" "Mozilla/5.0 (Windows NT 10.0; Win64; x64) AppleWebKit/537.36 (KHTML, like Gecko) Chrome/148.0.0.0 Safari/537.36"
37.120.155.26 - - [21/Sep/2026:09:20:11 +0700] "GET /wp-includes/js/underscore.min.js?ver=1.13.8 HTTP/1.1" 304 - "https://veewin24hr.com/wp-login.php" "Mozilla/5.0 (Windows NT 10.0; Win64; x64) AppleWebKit/537.36 (KHTML, like Gecko) Chrome/148.0.0.0 Safari/537.36"
37.120.155.26 - - [21/Sep/2026:09:20:11 +0700] "GET /wp-includes/js/dist/dom-ready.min.js?ver=3fe927cab37bf38d6a23 HTTP/1.1" 304 - "https://veewin24hr.com/wp-login.php" "Mozilla/5.0 (Windows NT 10.0; Win64; x64) AppleWebKit/537.36 (KHTML, like Gecko) Chrome/148.0.0.0 Safari/537.36"
37.120.155.26 - - [21/Sep/2026:09:20:11 +0700] "GET /wp-includes/js/wp-tooltip.js?ver=7.1.1 HTTP/1.1" 304 - "https://veewin24hr.com/wp-login.php" "Mozilla/5.0 (Windows NT 10.0; Win64; x64) AppleWebKit/537.36 (KHTML, like Gecko) Chrome/148.0.0.0 Safari/537.36"
37.120.155.26 - - [21/Sep/2026:09:20:11 +0700] "GET /wp-admin/js/user-profile.min.js?ver=7.1.1 HTTP/1.1" 304 - "https://veewin24hr.com/wp-login.php" "Mozilla/5.0 (Windows NT 10.0; Win64; x64) AppleWebKit/537.36 (KHTML, like Gecko) Chrome/148.0.0.0 Safari/537.36"
37.120.155.26 - - [21/Sep/2026:09:20:11 +0700] "GET /wp-admin/js/password-strength-meter.min.js?ver=7.1.1 HTTP/1.1" 304 - "https://veewin24hr.com/wp-login.php" "Mozilla/5.0 (Windows NT 10.0; Win64; x64) AppleWebKit/537.36 (KHTML, like Gecko) Chrome/148.0.0.0 Safari/537.36"
38.246.33.72 - - [21/Sep/2026:09:20:11 +0700] "GET /das-einzahlungsbonus-war-prazis-dasjenige-is-er-nachdem-sein-scheint/ HTTP/1.1" 200 60297 "-" "Mozilla/5.0 (Windows NT 10.0; Win64; x64) AppleWebKit/537.36 (KHTML, like Gecko) Chrome/122.0.0.0 Safari/537.36"
37.120.155.26 - - [21/Sep/2026:09:20:14 +0700] "GET /wp-admin/images/wordpress-logo-gray.svg?ver=20260303 HTTP/1.1" 304 - "https://veewin24hr.com/wp-admin/css/login.min.css?ver=7.1.1" "Mozilla/5.0 (Windows NT 10.0; Win64; x64) AppleWebKit/537.36 (KHTML, like Gecko) Chrome/148.0.0.0 Safari/537.36"
37.120.155.26 - - [21/Sep/2026:09:20:14 +0700] "POST /wp-login.php HTTP/1.1" 200 7680 "https://veewin24hr.com/wp-login.php" "Mozilla/5.0 (Windows NT 10.0; Win64; x64) AppleWebKit/537.36 (KHTML, like Gecko) Chrome/148.0.0.0 Safari/537.36"
37.120.155.26 - - [21/Sep/2026:09:20:16 +0700] "GET /wp-includes/js/zxcvbn.min.js HTTP/1.1" 304 - "https://veewin24hr.com/wp-login.php" "Mozilla/5.0 (Windows NT 10.0; Win64; x64) AppleWebKit/537.36 (KHTML, like Gecko) Chrome/148.0.0.0 Safari/537.36"
37.120.155.26 - - [21/Sep/2026:09:20:16 +0700] "GET /wp-content/uploads/2026/02/cropped-icon512-Veewin-192x192.webp HTTP/1.1" 304 - "https://veewin24hr.com/wp-login.php" "Mozilla/5.0 (Windows NT 10.0; Win64; x64) AppleWebKit/537.36 (KHTML, like Gecko) Chrome/148.0.0.0 Safari/537.36"
135.136.0.181 - - [21/Sep/2026:09:20:15 +0700] "POST /xmlrpc.php HTTP/1.1" 200 9513 "-" "Mozilla/5.0 (Macintosh; Intel Mac OS X 10.15; rv:138.0) Gecko/20100101 Firefox/138.0"
37.120.155.26 - - [21/Sep/2026:09:20:17 +0700] "POST /xmlrpc.php HTTP/1.1" 200 403 "https://veewin24hr.com/" "Mozilla/5.0 (Windows NT 10.0; Win64; x64) AppleWebKit/537.36 (KHTML, like Gecko) Chrome/122.0.0.0 Safari/537.36"
135.136.0.181 - - [21/Sep/2026:09:20:17 +0700] "GET /lower-than-our-very-own-positives-has-detailed-their-finest-three-highest-expenses-online-casinos-for-you-to-enjoy/ HTTP/1.1" 200 59276 "-" "Mozilla/5.0 (Macintosh; Intel Mac OS X 10_15_7) AppleWebKit/537.36 (KHTML, like Gecko) Chrome/122.0.0.0 Safari/537.36"
51.81.110.58 - - [21/Sep/2026:09:20:30 +0700] "GET /megaways-slots-is-actually-a-familiar-brand-you-will-notice-throughout-on-the-web-casinos/ HTTP/1.1" 200 58867 "-" "Mozilla/5.0 (compatible; AhrefsBot/7.0; +http://ahrefs.com/robot/)"
198.252.107.178 - - [21/Sep/2026:09:20:37 +0700] "POST /wp-cron.php?doing_wp_cron=1789957237.1935720443725585937500 HTTP/1.1" 200 - "-" "WordPress/7.1.1; https://veewin24hr.com"
135.136.0.181 - - [21/Sep/2026:09:20:21 +0700] "POST /xmlrpc.php HTTP/1.1" 200 181 "-" "Mozilla/5.0 (Windows NT 10.0; Win64; x64) AppleWebKit/537.36 (KHTML, like Gecko) Chrome/133.0.0.0 Safari/537.36"
135.136.0.181 - - [21/Sep/2026:09:20:43 +0700] "POST /xmlrpc.php HTTP/1.1" 200 8336 "-" "Mozilla/5.0 (Windows NT 10.0; Win64; x64) AppleWebKit/537.36 (KHTML, like Gecko) Chrome/147.0.0.0 Safari/537.36 OPR/131.0.0.0"
135.136.0.181 - - [21/Sep/2026:09:20:47 +0700] "GET /within-sense-very-casinos-you-to-take-on-fruit-spend-you-should-never-put-most-prices-for-places/ HTTP/1.1" 200 57831 "-" "Mozilla/5.0 (X11; Linux x86_64; rv:137.0) Gecko/20100101 Firefox/137.0"
198.252.107.178 - - [21/Sep/2026:09:20:57 +0700] "POST /wp-cron.php?doing_wp_cron=1789957256.9281039237976074218750 HTTP/1.1" 200 - "-" "WordPress/7.1.1; https://veewin24hr.com"
135.136.0.181 - - [21/Sep/2026:09:20:47 +0700] "POST /xmlrpc.php HTTP/1.1" 200 181 "-" "Mozilla/5.0 (Macintosh; Intel Mac OS X 10_15_7) AppleWebKit/537.36 (KHTML, like Gecko) Chrome/130.0.0.0 Safari/537.36"
135.136.0.181 - - [21/Sep/2026:09:21:03 +0700] "POST /xmlrpc.php HTTP/1.1" 200 10424 "-" "Mozilla/5.0 (X11; Ubuntu; Linux x86_64; rv:136.0) Gecko/20100101 Firefox/136.0"
135.136.0.181 - - [21/Sep/2026:09:21:05 +0700] "GET /soon-youll-be-to-play-for-larger-wins-otherwise-enjoying-live-video-game-within-the-just-minutes/ HTTP/1.1" 200 59915 "-" "Mozilla/5.0 (Windows NT 10.0; Win64; x64; rv:128.0) Gecko/20100101 Firefox/128.0"
198.252.107.178 - - [21/Sep/2026:09:21:14 +0700] "POST /wp-cron.php?doing_wp_cron=1789957274.8029320240020751953125 HTTP/1.1" 200 - "-" "WordPress/7.1.1; https://veewin24hr.com"
135.136.0.181 - - [21/Sep/2026:09:21:08 +0700] "POST /xmlrpc.php HTTP/1.1" 200 181 "-" "Mozilla/5.0 (Windows NT 10.0; Win64; x64) AppleWebKit/537.36 (KHTML, like Gecko) Chrome/148.0.0.0 Safari/537.36 Edg/148.0.0.0"
135.136.0.181 - - [21/Sep/2026:09:21:21 +0700] "POST /xmlrpc.php HTTP/1.1" 200 9345 "-" "Mozilla/5.0 (Macintosh; Intel Mac OS X 10_15_7) AppleWebKit/537.36 (KHTML, like Gecko) Chrome/132.0.0.0 Safari/537.36"
135.136.0.181 - - [21/Sep/2026:09:21:24 +0700] "GET /yet-not-youll-not-come-across-people-uk-based-gambling-establishment-internet-one-to-undertake-charge-card-deposits/ HTTP/1.1" 200 59151 "-" "Mozilla/5.0 (Windows NT 10.0; Win64; x64) AppleWebKit/537.36 (KHTML, like Gecko) Chrome/134.0.0.0 YaBrowser/25.4.0.0 Safari/537.36"
198.252.107.178 - - [21/Sep/2026:09:21:37 +0700] "POST /wp-cron.php?doing_wp_cron=1789957297.6045329570770263671875 HTTP/1.1" 200 - "-" "WordPress/7.1.1; https://veewin24hr.com"
135.136.0.181 - - [21/Sep/2026:09:21:32 +0700] "POST /xmlrpc.php HTTP/1.1" 200 181 "-" "Mozilla/5.0 (Macintosh; Intel Mac OS X 10_15_7) AppleWebKit/605.1.15 (KHTML, like Gecko) Version/16.6 Safari/605.1.15"
135.136.0.181 - - [21/Sep/2026:09:21:43 +0700] "POST /xmlrpc.php HTTP/1.1" 200 9895 "-" "Mozilla/5.0 (Windows NT 10.0; Win64; x64) AppleWebKit/537.36 (KHTML, like Gecko) Chrome/122.0.0.0 Safari/537.36"
135.136.0.181 - - [21/Sep/2026:09:21:45 +0700] "GET /make-sure-online-gambling-is-actually-courtroom-on-your-own-legislation-before-participating/ HTTP/1.1" 200 59278 "-" "Mozilla/5.0 (Macintosh; Intel Mac OS X 10_15_7) AppleWebKit/537.36 (KHTML, like Gecko) Chrome/129.0.0.0 Safari/537.36"
198.252.107.178 - - [21/Sep/2026:09:21:59 +0700] "POST /wp-cron.php?doing_wp_cron=1789957319.5001699924468994140625 HTTP/1.1" 200 - "-" "WordPress/7.1.1; https://veewin24hr.com"
135.136.0.181 - - [21/Sep/2026:09:21:54 +0700] "POST /xmlrpc.php HTTP/1.1" 200 181 "-" "Mozilla/5.0 (X11; Ubuntu; Linux x86_64; rv:137.0) Gecko/20100101 Firefox/137.0"
135.136.0.181 - - [21/Sep/2026:09:22:05 +0700] "POST /xmlrpc.php HTTP/1.1" 200 11355 "-" "Mozilla/5.0 (Macintosh; Intel Mac OS X 10_15_7) AppleWebKit/537.36 (KHTML, like Gecko) Chrome/136.0.0.0 Safari/537.36"
135.136.0.181 - - [21/Sep/2026:09:22:07 +0700] "GET /i-determine-one-charges-put-and-detachment-constraints-and-you-may-typical-processing-minutes-each-means/ HTTP/1.1" 200 60963 "-" "Mozilla/5.0 (Macintosh; Intel Mac OS X 10_15_7) AppleWebKit/605.1.15 (KHTML, like Gecko) Version/18.1 Safari/605.1.15"
198.252.107.178 - - [21/Sep/2026:09:22:18 +0700] "POST /wp-cron.php?doing_wp_cron=1789957338.1190340518951416015625 HTTP/1.1" 200 - "-" "WordPress/7.1.1; https://veewin24hr.com"
14.187.179.153 - - [21/Sep/2026:09:22:12 +0700] "POST /xmlrpc.php HTTP/1.1" 200 181 "-" "Mozilla/5.0 (Macintosh; Intel Mac OS X 10_15_7) AppleWebKit/537.36 (KHTML, like Gecko) Chrome/132.0.0.0 Safari/537.36"
14.187.179.153 - - [21/Sep/2026:09:22:21 +0700] "POST /xmlrpc.php HTTP/1.1" 200 9782 "-" "Mozilla/5.0 (Macintosh; Intel Mac OS X 10_15_7) AppleWebKit/537.36 (KHTML, like Gecko) Chrome/133.0.0.0 Safari/537.36"
198.252.107.178 - - [21/Sep/2026:09:22:22 +0700] "POST /wp-cron.php?doing_wp_cron=1789957342.5942931175231933593750 HTTP/1.1" 200 - "-" "WordPress/7.1.1; https://veewin24hr.com"
135.136.0.181 - - [21/Sep/2026:09:22:16 +0700] "POST /xmlrpc.php HTTP/1.1" 200 181 "-" "Mozilla/5.0 (Macintosh; Intel Mac OS X 10_15_7) AppleWebKit/605.1.15 (KHTML, like Gecko) Version/18.3.1 Safari/605.1.15"
135.136.0.181 - - [21/Sep/2026:09:22:28 +0700] "POST /xmlrpc.php HTTP/1.1" 200 10208 "-" "Mozilla/5.0 (Windows NT 10.0; Win64; x64) AppleWebKit/537.36 (KHTML, like Gecko) Chrome/131.0.0.0 Safari/537.36 Edg/131.0.0.0"
14.187.179.153 - - [21/Sep/2026:09:22:27 +0700] "GET /parhaat-talletusvapaa-kasino-goldbet-ilmaista-talletusta-ilmaiskierrosbonusta-saannot-elokuu-2026/ HTTP/1.1" 200 60788 "-" "Mozilla/5.0 (Windows NT 10.0; Win64; x64) AppleWebKit/537.36 (KHTML, like Gecko) obsidian/1.8.4 Chrome/130.0.6723.191 Electron/33.3.2 Safari/537.36"
135.136.0.181 - - [21/Sep/2026:09:22:30 +0700] "GET /in-the-us-gambling-on-line-is-an-excellent-thorn-from-the-section-of-the-you-authorities/ HTTP/1.1" 200 59602 "-" "Mozilla/5.0 (Macintosh; Intel Mac OS X 10_15_7) AppleWebKit/537.36 (KHTML, like Gecko) Chrome/131.0.0.0 Safari/537.36"
198.252.107.178 - - [21/Sep/2026:09:22:45 +0700] "POST /wp-cron.php?doing_wp_cron=1789957365.1672379970550537109375 HTTP/1.1" 200 - "-" "WordPress/7.1.1; https://veewin24hr.com"
135.136.0.181 - - [21/Sep/2026:09:22:39 +0700] "POST /xmlrpc.php HTTP/1.1" 200 181 "-" "Mozilla/5.0 (Macintosh; Intel Mac OS X 10_15_7) AppleWebKit/537.36 (KHTML, like Gecko) Chrome/147.0.0.0 Safari/537.36"
135.136.0.181 - - [21/Sep/2026:09:22:51 +0700] "POST /xmlrpc.php HTTP/1.1" 200 8454 "-" "Mozilla/5.0 (Windows NT 10.0; Win64; x64; rv:137.0) Gecko/20100101 Firefox/137.0"
135.136.0.181 - - [21/Sep/2026:09:22:52 +0700] "GET /sure-internet-casino-gambling-try-fully-courtroom-in-the-united-kingdom-while-using-the-ukgc-signed-up-providers/ HTTP/1.1" 200 58202 "-" "Mozilla/5.0 (Windows NT 10.0; Win64; x64) AppleWebKit/537.36 (KHTML, like Gecko) obsidian/1.8.9 Chrome/132.0.6834.210 Electron/34.3.0 Safari/537.36"
