38.246.33.22 - - [21/Sep/2026:05:44:39 +0700] "GET /nachfolgende-lizenz-war-unser-sockel-selbige-spielauswahl-das-zentrum/ HTTP/1.1" 200 59386 "-" "Mozilla/5.0 (Macintosh; Intel Mac OS X 10_15_7) AppleWebKit/605.1.15 (KHTML, like Gecko) Version/18.5 Safari/605.1.15"
38.246.33.22 - - [21/Sep/2026:05:44:41 +0700] "POST /xmlrpc.php HTTP/1.1" 500 602 "-" "Mozilla/5.0 (Windows NT 10.0; Win64; x64) AppleWebKit/537.36 (KHTML, like Gecko) Chrome/135.0.0.0 Safari/537.36"
38.246.32.227 - - [21/Sep/2026:05:44:36 +0700] "POST /xmlrpc.php HTTP/1.1" 200 181 "-" "Mozilla/5.0 (Macintosh; Intel Mac OS X 10_15_7) AppleWebKit/537.36 (KHTML, like Gecko) Chrome/120.0.0.0 Safari/537.36"
38.246.33.22 - - [21/Sep/2026:05:44:33 +0700] "POST /xmlrpc.php HTTP/1.1" 200 181 "-" "Mozilla/5.0 (Macintosh; Intel Mac OS X 10_15_7) AppleWebKit/605.1.15 (KHTML, like Gecko) Version/26.4 Safari/605.1.15"
38.246.33.22 - - [21/Sep/2026:05:44:38 +0700] "POST /xmlrpc.php HTTP/1.1" 200 181 "-" "Mozilla/5.0 (Windows NT 10.0; Win64; x64) AppleWebKit/537.36 (KHTML, like Gecko) Chrome/136.0.0.0 Safari/537.36"
38.246.32.227 - - [21/Sep/2026:05:44:44 +0700] "POST /xmlrpc.php HTTP/1.1" 500 602 "-" "Mozilla/5.0 (Windows NT 10.0; Win64; x64) AppleWebKit/537.36 (KHTML, like Gecko) Chrome/130.0.0.0 Safari/537.36"
38.246.32.227 - - [21/Sep/2026:05:44:39 +0700] "POST /xmlrpc.php HTTP/1.1" 200 181 "-" "Mozilla/5.0 (Windows NT 10.0; Win64; x64) AppleWebKit/537.36 (KHTML, like Gecko) Chrome/145.0.0.0 Safari/537.36"
38.246.33.22 - - [21/Sep/2026:05:44:48 +0700] "POST /xmlrpc.php HTTP/1.1" 500 602 "-" "Mozilla/5.0 (Macintosh; Intel Mac OS X 10_15_7) AppleWebKit/537.36 (KHTML, like Gecko) Chrome/136.0.0.0 Safari/537.36"
38.246.32.227 - - [21/Sep/2026:05:44:48 +0700] "POST /xmlrpc.php HTTP/1.1" 500 602 "-" "Mozilla/5.0 (Macintosh; Intel Mac OS X 10_15_7) AppleWebKit/537.36"
38.246.33.22 - - [21/Sep/2026:05:44:42 +0700] "POST /xmlrpc.php HTTP/1.1" 200 181 "-" "Mozilla/5.0 (X11; Linux x86_64) AppleWebKit/537.36 (KHTML, like Gecko) Chrome/129.0.0.0 Safari/537.36"
38.246.32.227 - - [21/Sep/2026:05:44:43 +0700] "POST /xmlrpc.php HTTP/1.1" 200 181 "-" "Mozilla/5.0 (X11; Linux x86_64) AppleWebKit/537.36 Chrome/124.0"
38.246.33.22 - - [21/Sep/2026:05:44:45 +0700] "POST /xmlrpc.php HTTP/1.1" 200 181 "-" "Mozilla/5.0 (Macintosh; Intel Mac OS X 10_15_7) AppleWebKit/537.36"
38.246.32.227 - - [21/Sep/2026:05:44:46 +0700] "POST /xmlrpc.php HTTP/1.1" 200 181 "-" "Mozilla/5.0 (Macintosh; Intel Mac OS X 10_15_7) AppleWebKit/605.1.15 (KHTML, like Gecko) Version/18.2 Safari/605.1.15"
38.246.32.227 - - [21/Sep/2026:05:44:53 +0700] "POST /xmlrpc.php HTTP/1.1" 500 602 "-" "Mozilla/5.0 (X11; Linux x86_64) AppleWebKit/537.36 (KHTML, like Gecko) Chrome/135.0.0.0 Safari/537.36"
38.246.32.227 - - [21/Sep/2026:05:44:50 +0700] "POST /xmlrpc.php HTTP/1.1" 200 181 "-" "Mozilla/5.0 (Macintosh; Intel Mac OS X 10_15_7) AppleWebKit/537.36 (KHTML, like Gecko) Chrome/135.0.0.0 Safari/537.36 Edg/135.0.0.0"
38.246.33.22 - - [21/Sep/2026:05:44:49 +0700] "POST /xmlrpc.php HTTP/1.1" 200 181 "-" "Mozilla/5.0 (Windows NT 10.0; Win64; x64) AppleWebKit/537.36 (KHTML, like Gecko) Chrome/120.0.0.0 Safari/537.36"
38.246.33.22 - - [21/Sep/2026:05:44:52 +0700] "POST /xmlrpc.php HTTP/1.1" 200 178 "-" "Mozilla/5.0 (Macintosh; Intel Mac OS X 10_15_7) AppleWebKit/605.1.15 (KHTML, like Gecko) Version/17.5 Safari/605.1.15"
198.252.107.178 - - [21/Sep/2026:05:44:54 +0700] "POST /wp-cron.php?doing_wp_cron=1789944294.3061189651489257812500 HTTP/1.1" 200 - "-" "WordPress/7.1.1; https://veewin24hr.com"
38.246.33.22 - - [21/Sep/2026:05:44:53 +0700] "POST /xmlrpc.php HTTP/1.1" 500 602 "-" "Mozilla/5.0 (Windows NT 10.0; Win64; x64; rv:137.0) Gecko/20100101 Firefox/137.0"
38.246.32.227 - - [21/Sep/2026:05:44:53 +0700] "POST /xmlrpc.php HTTP/1.1" 200 178 "-" "Mozilla/5.0 (Macintosh; Intel Mac OS X 10_15_7) AppleWebKit/605.1.15 (KHTML, like Gecko) Version/26.4 Safari/605.1.15"
198.252.107.178 - - [21/Sep/2026:05:44:58 +0700] "POST /wp-cron.php?doing_wp_cron=1789944297.8813049793243408203125 HTTP/1.1" 200 - "-" "WordPress/7.1.1; https://veewin24hr.com"
38.246.33.22 - - [21/Sep/2026:05:44:53 +0700] "POST /xmlrpc.php HTTP/1.1" 200 181 "-" "Mozilla/5.0 (Macintosh; Intel Mac OS X 10_15_7) AppleWebKit/605.1.15 (KHTML, like Gecko) Version/17.6 Safari/605.1.15"
38.246.32.227 - - [21/Sep/2026:05:44:58 +0700] "POST /xmlrpc.php HTTP/1.1" 500 602 "-" "Mozilla/5.0 (Windows NT 10.0; Win64; x64) AppleWebKit/537.36 (KHTML, like Gecko) Chrome/122.0.0.0 Safari/537.36"
38.246.32.227 - - [21/Sep/2026:05:44:58 +0700] "POST /xmlrpc.php HTTP/1.1" 200 11013 "-" "Mozilla/5.0 (Windows NT 10.0; Win64; x64) AppleWebKit/537.36 (KHTML, like Gecko) Chrome/147.0.0.0 Safari/537.36 OPR/131.0.0.0"
38.246.33.22 - - [21/Sep/2026:05:45:00 +0700] "POST /xmlrpc.php HTTP/1.1" 500 602 "-" "Mozilla/5.0 (Macintosh; Intel Mac OS X 10_15_7) AppleWebKit/537.36 (KHTML, like Gecko) Chrome/116.0.0.0 Safari/537.36"
38.246.33.22 - - [21/Sep/2026:05:44:56 +0700] "POST /xmlrpc.php HTTP/1.1" 200 181 "-" "Mozilla/5.0 (Macintosh; Intel Mac OS X 10_15_7) AppleWebKit/605.1.15 (KHTML, like Gecko) Version/18.5 Safari/605.1.15"
38.246.32.227 - - [21/Sep/2026:05:44:53 +0700] "POST /xmlrpc.php HTTP/1.1" 200 181 "-" "Mozilla/5.0 (Macintosh; Intel Mac OS X 10_15_7) AppleWebKit/605.1.15 (KHTML, like Gecko) Version/16.6 Safari/605.1.15"
38.246.33.22 - - [21/Sep/2026:05:45:01 +0700] "POST /xmlrpc.php HTTP/1.1" 200 10442 "-" "Mozilla/5.0 (Macintosh; Intel Mac OS X 10_15_7) AppleWebKit/537.36 (KHTML, like Gecko) Chrome/136.0.0.0 Safari/537.36"
38.246.32.227 - - [21/Sep/2026:05:45:01 +0700] "POST /xmlrpc.php HTTP/1.1" 500 602 "-" "Mozilla/5.0 (X11; Ubuntu; Linux x86_64; rv:136.0) Gecko/20100101 Firefox/136.0"
38.246.32.227 - - [21/Sep/2026:05:45:03 +0700] "POST /xmlrpc.php HTTP/1.1" 200 10453 "-" "Mozilla/5.0 (Windows NT 10.0; Win64; x64; rv:138.0) Gecko/20100101 Firefox/138.0"
38.246.32.227 - - [21/Sep/2026:05:45:03 +0700] "POST /xmlrpc.php HTTP/1.1" 200 8931 "-" "Mozilla/5.0 (Macintosh; Intel Mac OS X 10_15_7) AppleWebKit/537.36 (KHTML, like Gecko) Chrome/136.0.0.0 Safari/537.36 Edg/136.0.0.0"
38.246.32.227 - - [21/Sep/2026:05:44:56 +0700] "POST /xmlrpc.php HTTP/1.1" 200 181 "-" "Mozilla/5.0 (Windows NT 10.0; Win64; x64) AppleWebKit/537.36 (KHTML, like Gecko) Chrome/129.0.0.0 Safari/537.36"
38.246.32.227 - - [21/Sep/2026:05:45:05 +0700] "POST /xmlrpc.php HTTP/1.1" 500 602 "-" "Mozilla/5.0 (Windows NT 10.0; Win64; x64) AppleWebKit/537.36 (KHTML, like Gecko) Chrome/147.0.0.0 Safari/537.36"
38.246.33.22 - - [21/Sep/2026:05:45:07 +0700] "POST /xmlrpc.php HTTP/1.1" 500 602 "-" "Mozilla/5.0 (Macintosh; Intel Mac OS X 10_15_7) AppleWebKit/537.36 (KHTML, like Gecko) Chrome/133.0.0.0 Safari/537.36"
38.246.32.227 - - [21/Sep/2026:05:45:00 +0700] "POST /xmlrpc.php HTTP/1.1" 200 181 "-" "Mozilla/5.0 (X11; Ubuntu; Linux x86_64; rv:136.0) Gecko/20100101 Firefox/136.0"
38.246.33.22 - - [21/Sep/2026:05:45:00 +0700] "POST /xmlrpc.php HTTP/1.1" 200 181 "-" "Mozilla/5.0 (Macintosh; Intel Mac OS X 10_15_7) AppleWebKit/537.36 (KHTML, like Gecko) Chrome/122.0.0.0 Safari/537.36"
38.246.33.22 - - [21/Sep/2026:05:45:09 +0700] "POST /xmlrpc.php HTTP/1.1" 200 13997 "-" "Mozilla/5.0 (X11; Linux x86_64) AppleWebKit/537.36 (KHTML, like Gecko) Chrome/133.0.0.0 Safari/537.36"
38.246.33.22 - - [21/Sep/2026:05:45:07 +0700] "POST /xmlrpc.php HTTP/1.1" 200 178 "-" "Mozilla/5.0 (X11; Ubuntu; Linux x86_64; rv:137.0) Gecko/20100101 Firefox/137.0"
38.246.32.227 - - [21/Sep/2026:05:45:03 +0700] "POST /xmlrpc.php HTTP/1.1" 200 181 "-" "Mozilla/5.0 (Windows NT 10.0; Win64; x64) AppleWebKit/537.36 (KHTML, like Gecko) Chrome/119.0.0.0 Safari/537.36"
38.246.33.22 - - [21/Sep/2026:05:45:04 +0700] "POST /xmlrpc.php HTTP/1.1" 200 181 "-" "Mozilla/5.0 (Windows NT 10.0; Win64; x64) AppleWebKit/537.36 (KHTML, like Gecko) obsidian/1.8.9 Chrome/132.0.6834.210 Electron/34.3.0 Safari/537.36"
38.246.32.227 - - [21/Sep/2026:05:45:11 +0700] "POST /xmlrpc.php HTTP/1.1" 500 602 "-" "Mozilla/5.0 (Windows NT 10.0; Win64; x64; rv:151.0) Gecko/20100101 Firefox/151.0"
198.252.107.178 - - [21/Sep/2026:05:45:12 +0700] "POST /wp-cron.php?doing_wp_cron=1789944311.7024528980255126953125 HTTP/1.1" 200 - "-" "WordPress/7.1.1; https://veewin24hr.com"
38.246.33.22 - - [21/Sep/2026:05:45:12 +0700] "POST /xmlrpc.php HTTP/1.1" 500 602 "-" "Mozilla/5.0 (Windows NT 10.0; Win64; x64) AppleWebKit/537.36 (KHTML, like Gecko) Chrome/148.0.0.0 Safari/537.36"
38.246.33.22 - - [21/Sep/2026:05:45:14 +0700] "POST /xmlrpc.php HTTP/1.1" 200 11341 "-" "Mozilla/5.0 (Windows NT 10.0; Win64; x64) AppleWebKit/537.36 (KHTML, like Gecko) Chrome/91.0.4472.124 Safari/537.36"
38.246.32.227 - - [21/Sep/2026:05:45:14 +0700] "POST /xmlrpc.php HTTP/1.1" 500 602 "-" "Mozilla/5.0 (Macintosh; Intel Mac OS X 10_15_7) AppleWebKit/537.36 (KHTML, like Gecko) Chrome/136.0.0.0 Safari/537.36"
38.246.32.227 - - [21/Sep/2026:05:45:07 +0700] "POST /xmlrpc.php HTTP/1.1" 200 181 "-" "Mozilla/5.0 (Windows NT 10.0; Win64; x64; rv:151.0) Gecko/20100101 Firefox/151.0"
38.246.33.22 - - [21/Sep/2026:05:45:09 +0700] "POST /xmlrpc.php HTTP/1.1" 200 181 "-" "Mozilla/5.0 (Windows NT 10.0; Win64; x64) AppleWebKit/537.36 (KHTML, like Gecko) Chrome/58.0.3029.110 Safari/537.3"
38.246.32.227 - - [21/Sep/2026:05:45:16 +0700] "POST /xmlrpc.php HTTP/1.1" 200 178 "-" "Mozilla/5.0 (Macintosh; Intel Mac OS X 10.15; rv:137.0) Gecko/20100101 Firefox/137.0"
38.246.32.227 - - [21/Sep/2026:05:45:11 +0700] "POST /xmlrpc.php HTTP/1.1" 200 181 "-" "Mozilla/5.0 (Macintosh; Intel Mac OS X 10_15_7) AppleWebKit/537.36 (KHTML, like Gecko) Chrome/129.0.0.0 Safari/537.36"
38.246.33.22 - - [21/Sep/2026:05:45:12 +0700] "POST /xmlrpc.php HTTP/1.1" 200 181 "-" "Mozilla/5.0 (X11; Linux x86_64) AppleWebKit/537.36 (KHTML, like Gecko) Chrome/129.0.0.0 Safari/537.36"
38.246.33.22 - - [21/Sep/2026:05:45:17 +0700] "POST /xmlrpc.php HTTP/1.1" 500 602 "-" "Mozilla/5.0 (Windows NT 10.0; Win64; x64) AppleWebKit/537.36 (KHTML, like Gecko) Chrome/133.0.0.0 Safari/537.36 OPR/118.0.0.0"
38.246.32.227 - - [21/Sep/2026:05:45:18 +0700] "POST /xmlrpc.php HTTP/1.1" 200 9539 "-" "Mozilla/5.0 (Windows NT 10.0; Win64; x64) AppleWebKit/537.36 (KHTML, like Gecko) Chrome/147.0.0.0 Safari/537.36 OPR/131.0.0.0"
38.246.32.227 - - [21/Sep/2026:05:45:16 +0700] "POST /xmlrpc.php HTTP/1.1" 200 178 "-" "Mozilla/5.0 (Windows NT 10.0; Win64; x64) AppleWebKit/537.36 (KHTML, like Gecko) Chrome/131.0.0.0 Safari/537.36"
38.246.32.227 - - [21/Sep/2026:05:45:19 +0700] "POST /xmlrpc.php HTTP/1.1" 500 602 "-" "Mozilla/5.0 (X11; Linux x86_64) AppleWebKit/537.36 (KHTML, like Gecko) Chrome/130.0.0.0 Safari/537.36"
38.246.32.227 - - [21/Sep/2026:05:45:14 +0700] "POST /xmlrpc.php HTTP/1.1" 200 181 "-" "Mozilla/5.0 (Windows NT 10.0; Win64; x64) AppleWebKit/537.36 (KHTML, like Gecko) obsidian/1.8.3 Chrome/130.0.6723.191 Electron/33.3.2 Safari/537.36"
38.246.33.22 - - [21/Sep/2026:05:45:23 +0700] "POST /xmlrpc.php HTTP/1.1" 500 602 "-" "Mozilla/5.0 (X11; Linux x86_64) AppleWebKit/537.36 (KHTML, like Gecko) Chrome/133.0.0.0 Safari/537.36"
38.246.33.22 - - [21/Sep/2026:05:45:20 +0700] "POST /xmlrpc.php HTTP/1.1" 200 178 "-" "Mozilla/5.0 (X11; Linux x86_64) AppleWebKit/537.36 (KHTML, like Gecko) Chrome/124.0.0.0 Safari/537.36"
38.246.33.22 - - [21/Sep/2026:05:45:17 +0700] "POST /xmlrpc.php HTTP/1.1" 200 181 "-" "Mozilla/5.0 (Windows NT 10.0; Win64; x64) AppleWebKit/537.36 (KHTML, like Gecko) Chrome/136.0.0.0 Safari/537.36"
38.246.32.227 - - [21/Sep/2026:05:45:18 +0700] "POST /xmlrpc.php HTTP/1.1" 200 181 "-" "Mozilla/5.0 (Windows NT 10.0; Win64; x64) AppleWebKit/537.36 (KHTML, like Gecko) Chrome/117.0.5938.132 Safari/537.36"
38.246.33.22 - - [21/Sep/2026:05:45:24 +0700] "POST /xmlrpc.php HTTP/1.1" 200 9330 "-" "Mozilla/5.0 (Macintosh; Intel Mac OS X 10_15_7) AppleWebKit/537.36 (KHTML, like Gecko) Chrome/132.0.0.0 Safari/537.36"
38.246.32.227 - - [21/Sep/2026:05:45:23 +0700] "POST /xmlrpc.php HTTP/1.1" 500 602 "-" "Mozilla/5.0 (Windows NT 10.0; Win64; x64) AppleWebKit/537.36 (KHTML, like Gecko) Chrome/133.0.0.0 Safari/537.36 OPR/118.0.0.0"
38.246.32.227 - - [21/Sep/2026:05:45:23 +0700] "POST /xmlrpc.php HTTP/1.1" 200 10101 "-" "Mozilla/5.0 (Windows NT 10.0; Win64; x64) AppleWebKit/537.36 (KHTML, like Gecko) Chrome/131.0.0.0 Safari/537.36 Edg/131.0.0.0"
38.246.32.227 - - [21/Sep/2026:05:45:28 +0700] "POST /xmlrpc.php HTTP/1.1" 500 602 "-" "Mozilla/5.0 (Windows NT 10.0; Win64; x64) AppleWebKit/537.36 (KHTML, like Gecko) Chrome/129.0.0.0 Safari/537.36"
38.246.33.22 - - [21/Sep/2026:05:45:31 +0700] "POST /xmlrpc.php HTTP/1.1" 500 602 "-" "Mozilla/5.0 (Macintosh; Intel Mac OS X 10_15_7) AppleWebKit/537.36 (KHTML, like Gecko) Chrome/146.0.0.0 Safari/537.36"
38.246.33.22 - - [21/Sep/2026:05:45:21 +0700] "POST /xmlrpc.php HTTP/1.1" 200 181 "-" "Mozilla/5.0 (Windows NT 10.0; Win64; x64) AppleWebKit/537.36 (KHTML, like Gecko) Chrome/147.0.0.0 Safari/537.36 OPR/131.0.0.0"
38.246.32.227 - - [21/Sep/2026:05:45:23 +0700] "POST /xmlrpc.php HTTP/1.1" 200 181 "-" "Mozilla/5.0 (Windows NT 10.0; Win64; x64) AppleWebKit/537.36 (KHTML, like Gecko) Chrome/145.0.0.0 Safari/537.36"
38.246.32.227 - - [21/Sep/2026:05:45:25 +0700] "POST /xmlrpc.php HTTP/1.1" 200 181 "-" "Mozilla/5.0 (Macintosh; Intel Mac OS X 10.15; rv:138.0) Gecko/20100101 Firefox/138.0"
38.246.33.22 - - [21/Sep/2026:05:45:24 +0700] "POST /xmlrpc.php HTTP/1.1" 200 181 "-" "Mozilla/5.0 (Macintosh; Intel Mac OS X 10_15_7) AppleWebKit/537.36 (KHTML, like Gecko) Chrome/120.0.0.0 Safari/537.36"
38.246.32.227 - - [21/Sep/2026:05:45:45 +0700] "POST /xmlrpc.php HTTP/1.1" 500 602 "-" "Mozilla/5.0 (X11; Linux x86_64) AppleWebKit/537.36 (KHTML, like Gecko) Chrome/131.0.0.0 Safari/537.36"
38.246.33.22 - - [21/Sep/2026:05:45:47 +0700] "POST /xmlrpc.php HTTP/1.1" 500 602 "-" "Mozilla/5.0 (Macintosh; Intel Mac OS X 10_15_7) AppleWebKit/605.1.15 (KHTML, like Gecko) Version/17.5 Safari/605.1.15"
38.246.32.227 - - [21/Sep/2026:05:45:48 +0700] "POST /xmlrpc.php HTTP/1.1" 500 602 "-" "Mozilla/5.0 (Windows NT 10.0; Win64; x64) AppleWebKit/537.36 (KHTML, like Gecko) Chrome/91.0.4472.124 Safari/537.36"
38.246.32.227 - - [21/Sep/2026:05:45:33 +0700] "POST /xmlrpc.php HTTP/1.1" 200 181 "-" "Mozilla/5.0 (Macintosh; Intel Mac OS X 10_15_7) AppleWebKit/537.36 (KHTML, like Gecko) Chrome/132.0.0.0 Safari/537.36"
38.246.33.22 - - [21/Sep/2026:05:45:40 +0700] "POST /xmlrpc.php HTTP/1.1" 200 181 "-" "Mozilla/5.0 (Windows NT 10.0; Win64; x64) AppleWebKit/537.36 (KHTML, like Gecko) Chrome/91.0.4472.124 Safari/537.36"
38.246.32.227 - - [21/Sep/2026:05:45:47 +0700] "POST /xmlrpc.php HTTP/1.1" 200 181 "-" "Mozilla/5.0 (X11; Linux x86_64; rv:128.0) Gecko/20100101 Firefox/128.0"
38.246.32.227 - - [21/Sep/2026:05:45:43 +0700] "POST /xmlrpc.php HTTP/1.1" 200 181 "-" "Mozilla/5.0 (Macintosh; Intel Mac OS X 10_15_7) AppleWebKit/537.36 (KHTML, like Gecko) Chrome/128.0.0.0 Safari/537.36"
38.246.33.22 - - [21/Sep/2026:05:45:48 +0700] "POST /xmlrpc.php HTTP/1.1" 200 181 "-" "Mozilla/5.0 (Windows NT 10.0; Win64; x64) AppleWebKit/537.36 (KHTML, like Gecko) Chrome/109.0.0.0 Safari/537.36"
38.246.33.22 - - [21/Sep/2026:05:45:51 +0700] "POST /xmlrpc.php HTTP/1.1" 200 181 "-" "Mozilla/5.0 (X11; Linux x86_64) AppleWebKit/537.36 Chrome/124.0"
38.246.33.22 - - [21/Sep/2026:05:45:54 +0700] "POST /xmlrpc.php HTTP/1.1" 200 14597 "-" "Mozilla/5.0 (Macintosh; Intel Mac OS X 10.15; rv:150.0) Gecko/20100101 Firefox/150.0"
38.246.32.227 - - [21/Sep/2026:05:45:53 +0700] "POST /xmlrpc.php HTTP/1.1" 500 602 "-" "Mozilla/5.0 (Windows NT 10.0; Win64; x64) AppleWebKit/537.36 (KHTML, like Gecko) Chrome/147.0.0.0 Safari/537.36 OPR/131.0.0.0"
38.246.32.227 - - [21/Sep/2026:05:45:56 +0700] "POST /xmlrpc.php HTTP/1.1" 200 10839 "-" "Mozilla/5.0 (Windows NT 10.0; Win64; x64) AppleWebKit/537.36 (KHTML, like Gecko) Chrome/134.0.0.0 Safari/537.36"
38.246.33.22 - - [21/Sep/2026:05:45:57 +0700] "POST /xmlrpc.php HTTP/1.1" 500 602 "-" "Mozilla/5.0 (Windows NT 10.0; Win64; x64) AppleWebKit/537.36 (KHTML, like Gecko) obsidian/1.6.5 Chrome/124.0.6367.243 Electron/30.1.2 Safari/537.36"
38.246.32.227 - - [21/Sep/2026:05:45:51 +0700] "POST /xmlrpc.php HTTP/1.1" 200 181 "-" "Mozilla/5.0 (Windows NT 10.0; Win64; x64) AppleWebKit/537.36 (KHTML, like Gecko) Chrome/91.0.4472.124 Safari/537.36"
38.246.32.227 - - [21/Sep/2026:05:46:09 +0700] "POST /xmlrpc.php HTTP/1.1" 500 602 "-" "Mozilla/5.0 (Macintosh; Intel Mac OS X 10.15; rv:150.0) Gecko/20100101 Firefox/150.0"
38.246.33.22 - - [21/Sep/2026:05:46:09 +0700] "POST /xmlrpc.php HTTP/1.1" 500 602 "-" "Mozilla/5.0 (Windows NT 10.0; Win64; x64; rv:138.0) Gecko/20100101 Firefox/138.0"
38.246.33.22 - - [21/Sep/2026:05:46:09 +0700] "POST /xmlrpc.php HTTP/1.1" 200 181 "-" "Mozilla/5.0 (Windows NT 10.0; Win64; x64) AppleWebKit/537.36 (KHTML, like Gecko) Chrome/124.0 Safari/537.36"
38.246.33.22 - - [21/Sep/2026:05:45:57 +0700] "POST /xmlrpc.php HTTP/1.1" 200 181 "-" "Mozilla/5.0 (X11; Linux x86_64) AppleWebKit/537.36 (KHTML, like Gecko) Chrome/135.0.0.0 Safari/537.36"
38.246.32.227 - - [21/Sep/2026:05:46:02 +0700] "POST /xmlrpc.php HTTP/1.1" 200 181 "-" "Mozilla/5.0 (Macintosh; Intel Mac OS X 10_15_7) AppleWebKit/537.36 (KHTML, like Gecko) Chrome/132.0.0.0 Safari/537.36"
38.246.32.227 - - [21/Sep/2026:05:46:07 +0700] "POST /xmlrpc.php HTTP/1.1" 200 181 "-" "Mozilla/5.0 (Windows NT 10.0; Win64; x64) AppleWebKit/537.36 (KHTML, like Gecko) Chrome/131.0.0.0 Safari/537.36"
38.246.32.227 - - [21/Sep/2026:05:46:17 +0700] "POST /xmlrpc.php HTTP/1.1" 200 8285 "-" "Mozilla/5.0 (Macintosh; Intel Mac OS X 10_15_7) AppleWebKit/605.1.15 (KHTML, like Gecko) Version/18.3.1 Safari/605.1.15"
38.246.33.22 - - [21/Sep/2026:05:46:18 +0700] "POST /xmlrpc.php HTTP/1.1" 200 12070 "-" "Mozilla/5.0 (Windows NT 10.0; Win64; x64) AppleWebKit/537.36 (KHTML, like Gecko) Chrome/126.0.0.0 Safari/537.36"
38.246.32.227 - - [21/Sep/2026:05:46:18 +0700] "POST /xmlrpc.php HTTP/1.1" 500 602 "-" "Mozilla/5.0 (Macintosh; Intel Mac OS X 10.15; rv:150.0) Gecko/20100101 Firefox/150.0"
38.246.32.227 - - [21/Sep/2026:05:46:14 +0700] "POST /xmlrpc.php HTTP/1.1" 200 181 "-" "Mozilla/5.0 (Macintosh; Intel Mac OS X 10_15_7) AppleWebKit/605.1.15 (KHTML, like Gecko) Version/17.4.1 Safari/605.1.15"
38.246.32.227 - - [21/Sep/2026:05:46:18 +0700] "POST /xmlrpc.php HTTP/1.1" 200 178 "-" "Mozilla/5.0 (X11; Ubuntu; Linux x86_64; rv:138.0) Gecko/20100101 Firefox/138.0"
38.246.33.22 - - [21/Sep/2026:05:46:21 +0700] "POST /xmlrpc.php HTTP/1.1" 500 602 "-" "Mozilla/5.0 (Windows NT 10.0; Win64; x64) AppleWebKit/537.36 (KHTML, like Gecko) Chrome/91.0.4472.124 Safari/537.36"
38.246.32.227 - - [21/Sep/2026:05:46:32 +0700] "POST /xmlrpc.php HTTP/1.1" 500 602 "-" "Mozilla/5.0 (Macintosh; Intel Mac OS X 10_15_7) AppleWebKit/537.36 (KHTML, like Gecko) Chrome/145.0.0.0 Safari/537.36 OPR/129.0.0.0"
38.246.33.22 - - [21/Sep/2026:05:46:16 +0700] "POST /xmlrpc.php HTTP/1.1" 200 181 "-" "Mozilla/5.0 (X11; Linux x86_64; rv:138.0) Gecko/20100101 Firefox/138.0"
38.246.33.22 - - [21/Sep/2026:05:46:28 +0700] "POST /xmlrpc.php HTTP/1.1" 200 178 "-" "Mozilla/5.0 (X11; Linux x86_64) AppleWebKit/537.36 (KHTML, like Gecko) Chrome/148.0.0.0 Safari/537.36"
38.246.33.22 - - [21/Sep/2026:05:46:21 +0700] "POST /xmlrpc.php HTTP/1.1" 200 181 "-" "Mozilla/5.0 (Windows NT 10.0; Win64; x64) AppleWebKit/537.36 (KHTML, like Gecko) Chrome/134.0.0.0 Safari/537.36 Edg/134.0.0.0"
38.246.32.227 - - [21/Sep/2026:05:46:19 +0700] "POST /xmlrpc.php HTTP/1.1" 200 181 "-" "Mozilla/5.0 (Windows NT 10.0; Win64; x64) AppleWebKit/537.36 (KHTML, like Gecko) Chrome/136.0.0.0 Safari/537.36"
38.246.32.227 - - [21/Sep/2026:05:46:36 +0700] "POST /xmlrpc.php HTTP/1.1" 500 602 "-" "Mozilla/5.0 (Macintosh; Intel Mac OS X 10_15_7) AppleWebKit/605.1.15 (KHTML, like Gecko) Version/18.1 Safari/605.1.15"
38.246.33.22 - - [21/Sep/2026:05:46:34 +0700] "POST /xmlrpc.php HTTP/1.1" 500 602 "-" "Mozilla/5.0 (Windows NT 10.0; Win64; x64) AppleWebKit/537.36 (KHTML, like Gecko) obsidian/1.8.4 Chrome/130.0.6723.191 Electron/33.3.2 Safari/537.36"
38.246.32.227 - - [21/Sep/2026:05:46:32 +0700] "POST /xmlrpc.php HTTP/1.1" 200 181 "-" "Mozilla/5.0 (X11; Linux x86_64) AppleWebKit/537.36 (KHTML, like Gecko) Chrome/130.0.0.0 Safari/537.36"
38.246.32.227 - - [21/Sep/2026:05:46:38 +0700] "POST /xmlrpc.php HTTP/1.1" 200 181 "-" "Mozilla/5.0 (Windows NT 10.0; Win64; x64) AppleWebKit/537.36 (KHTML, like Gecko) Chrome/132.0.0.0 Safari/537.36 OPR/117.0.0.0"
38.246.32.227 - - [21/Sep/2026:05:46:34 +0700] "POST /xmlrpc.php HTTP/1.1" 200 181 "-" "Mozilla/5.0 (Windows NT 10.0; Win64; x64; rv:138.0) Gecko/20100101 Firefox/138.0"
38.246.33.22 - - [21/Sep/2026:05:46:32 +0700] "POST /xmlrpc.php HTTP/1.1" 200 181 "-" "Mozilla/5.0 (Windows NT 10.0; Win64; x64) AppleWebKit/537.36 (KHTML, like Gecko) obsidian/1.8.4 Chrome/130.0.6723.191 Electron/33.3.2 Safari/537.36"
38.246.33.22 - - [21/Sep/2026:05:46:42 +0700] "POST /xmlrpc.php HTTP/1.1" 500 602 "-" "Mozilla/5.0 (Windows NT 10.0; Win64; x64) AppleWebKit/537.36 (KHTML, like Gecko) Chrome/58.0.3029.110 Safari/537.3"
38.246.32.227 - - [21/Sep/2026:05:46:45 +0700] "POST /xmlrpc.php HTTP/1.1" 200 9982 "-" "Mozilla/5.0 (Windows NT 10.0; Win64; x64; rv:138.0) Gecko/20100101 Firefox/138.0"
38.246.32.227 - - [21/Sep/2026:05:46:45 +0700] "POST /xmlrpc.php HTTP/1.1" 500 602 "-" "Mozilla/5.0 (Macintosh; Intel Mac OS X 10_15_7) AppleWebKit/537.36 (KHTML, like Gecko) Chrome/135.0.0.0 Safari/537.36 Edg/135.0.0.0"
198.252.107.178 - - [21/Sep/2026:05:50:05 +0700] "POST /wp-cron.php?doing_wp_cron=1789944578.7887709140777587890625 HTTP/1.1" 200 - "-" "WordPress/7.1.1; https://veewin24hr.com"
198.252.107.178 - - [21/Sep/2026:05:50:07 +0700] "POST /wp-cron.php?doing_wp_cron=1789944581.7528989315032958984375 HTTP/1.1" 200 - "-" "WordPress/7.1.1; https://veewin24hr.com"
198.252.107.178 - - [21/Sep/2026:05:51:07 +0700] "POST /wp-cron.php?doing_wp_cron=1789944648.2291159629821777343750 HTTP/1.1" 200 - "-" "WordPress/7.1.1; https://veewin24hr.com"
65.111.11.175 - - [21/Sep/2026:05:51:04 +0700] "GET /goldbet-casino-magyarorszag-hivatalos-oldal-2026/ HTTP/1.1" 200 43297 "https://veewin24hr.com/" "Mozilla/5.0 (Windows NT 10.0; Win64; x64; rv:137.0) Gecko/20100101 Firefox/137.0"
198.252.107.178 - - [21/Sep/2026:05:51:15 +0700] "POST /wp-cron.php?doing_wp_cron=1789944649.4063498973846435546875 HTTP/1.1" 200 - "-" "WordPress/7.1.1; https://veewin24hr.com"
85.208.96.196 - - [21/Sep/2026:05:50:56 +0700] "GET /weve-oriented-that-crypto-casinos-was-basically-casinos-on-the-internet-that-you-can-take-advantage-of-at-the-playing-with-cryptocurrencies/ HTTP/1.1" 200 59694 "-" "Mozilla/5.0 (compatible; SemrushBot/7~bl; +http://www.semrush.com/bot.html)"
198.252.107.178 - - [21/Sep/2026:05:51:15 +0700] "POST /wp-cron.php?doing_wp_cron=1789944649.4734580516815185546875 HTTP/1.1" 200 - "-" "WordPress/7.1.1; https://veewin24hr.com"
51.79.192.65 - - [21/Sep/2026:05:50:37 +0700] "GET /goldbet-casino-magyarorszag-hivatalos-oldal-2026/ HTTP/1.1" 200 43297 "https://veewin24hr.com/" "Mozilla/5.0 (X11; Linux x86_64) AppleWebKit/537.36 (KHTML, like Gecko) Chrome/131.0.0.0 Safari/537.36"
198.252.107.178 - - [21/Sep/2026:05:51:37 +0700] "POST /wp-cron.php?doing_wp_cron=1789944678.0960350036621093750000 HTTP/1.1" 200 - "-" "WordPress/7.1.1; https://veewin24hr.com"
216.26.240.218 - - [21/Sep/2026:05:50:38 +0700] "GET /goldbet-casino-magyarorszag-hivatalos-oldal-2026/ HTTP/1.1" 200 58543 "https://veewin24hr.com/" "Mozilla/5.0 (Windows NT 10.0; Win64; x64; rv:137.0) Gecko/20100101 Firefox/137.0"
198.252.107.178 - - [21/Sep/2026:05:51:47 +0700] "POST /wp-cron.php?doing_wp_cron=1789944690.0134649276733398437500 HTTP/1.1" 200 - "-" "WordPress/7.1.1; https://veewin24hr.com"
38.246.33.22 - - [21/Sep/2026:05:46:37 +0700] "POST /xmlrpc.php HTTP/1.1" 301 - "-" "Mozilla/5.0 (Windows NT 10.0; Win64; x64) AppleWebKit/537.36 (KHTML, like Gecko) obsidian/1.8.9 Chrome/132.0.6834.210 Electron/34.3.0 Safari/537.36"
38.246.32.227 - - [21/Sep/2026:05:46:46 +0700] "POST /xmlrpc.php HTTP/1.1" 301 - "-" "Mozilla/5.0 (Macintosh; Intel Mac OS X 10.15; rv:150.0) Gecko/20100101 Firefox/150.0"
38.246.33.22 - - [21/Sep/2026:05:46:39 +0700] "POST /xmlrpc.php HTTP/1.1" 301 - "-" "Mozilla/5.0 (Windows NT 10.0; Win64; x64) AppleWebKit/537.36 (KHTML, like Gecko) Chrome/133.0.0.0 Safari/537.36"
38.246.33.22 - - [21/Sep/2026:05:46:47 +0700] "POST /xmlrpc.php HTTP/1.1" 301 - "-" "Mozilla/5.0 (Windows NT 10.0; Win64; x64; rv:137.0) Gecko/20100101 Firefox/137.0"
85.208.96.198 - - [21/Sep/2026:05:51:49 +0700] "GET /area-of-the-has-actually-was-accessible-in-direct-internet-browser-providing-you-with-smooth-accessibility-what-counts-very/ HTTP/1.1" 200 58554 "-" "Mozilla/5.0 (compatible; SemrushBot/7~bl; +http://www.semrush.com/bot.html)"
38.246.32.227 - - [21/Sep/2026:05:46:52 +0700] "POST /xmlrpc.php HTTP/1.1" 301 - "-" "Mozilla/5.0 (Macintosh; Intel Mac OS X 10_15_7) AppleWebKit/537.36 (KHTML, like Gecko) Chrome/147.0.0.0 Safari/537.36"
38.246.32.227 - - [21/Sep/2026:05:46:50 +0700] "POST /xmlrpc.php HTTP/1.1" 301 - "-" "Mozilla/5.0 (Macintosh; Intel Mac OS X 10_15_7) AppleWebKit/537.36 (KHTML, like Gecko) Chrome/132.0.0.0 Safari/537.36"
38.246.33.22 - - [21/Sep/2026:05:46:52 +0700] "POST /xmlrpc.php HTTP/1.1" 301 - "-" "Mozilla/5.0 (Windows NT 10.0; Win64; x64) AppleWebKit/537.36 (KHTML, like Gecko) Chrome/133.0.0.0 Safari/537.36"
38.246.33.22 - - [21/Sep/2026:05:46:52 +0700] "POST /xmlrpc.php HTTP/1.1" 301 - "-" "Mozilla/5.0 (Windows NT 10.0; Win64; x64) AppleWebKit/537.36 (KHTML, like Gecko) Chrome/58.0.3029.110 Safari/537.3"
38.246.32.227 - - [21/Sep/2026:05:46:56 +0700] "POST /xmlrpc.php HTTP/1.1" 301 - "-" "Mozilla/5.0 (Macintosh; Intel Mac OS X 10_15_7) AppleWebKit/537.36 (KHTML, like Gecko) Chrome/131.0.0.0 Safari/537.36"
38.246.32.227 - - [21/Sep/2026:05:46:53 +0700] "POST /xmlrpc.php HTTP/1.1" 301 - "-" "Mozilla/5.0 (Windows NT 10.0; Win64; x64) AppleWebKit/537.36 (KHTML, like Gecko) Chrome/117.0.5938.132 Safari/537.36"
38.246.33.22 - - [21/Sep/2026:05:46:54 +0700] "POST /xmlrpc.php HTTP/1.1" 301 - "-" "Mozilla/5.0 (X11; Linux x86_64) AppleWebKit/537.36 (KHTML, like Gecko) Chrome/130.0.0.0 Safari/537.36"
198.252.107.178 - - [21/Sep/2026:05:52:04 +0700] "POST /wp-cron.php?doing_wp_cron=1789944709.6202409267425537109375 HTTP/1.1" 200 - "-" "WordPress/7.1.1; https://veewin24hr.com"
38.246.32.227 - - [21/Sep/2026:05:47:00 +0700] "POST /xmlrpc.php HTTP/1.1" 301 - "-" "Mozilla/5.0 (Windows NT 10.0; Win64; x64; rv:128.0) Gecko/20100101 Firefox/128.0"
38.246.32.227 - - [21/Sep/2026:05:47:02 +0700] "POST /xmlrpc.php HTTP/1.1" 301 - "-" "Mozilla/5.0 (Windows NT 10.0; Win64; x64) AppleWebKit/537.36 (KHTML, like Gecko) Chrome/135.0.0.0 Safari/537.36 Edg/135.0.0.0"
38.246.33.22 - - [21/Sep/2026:05:47:02 +0700] "POST /xmlrpc.php HTTP/1.1" 301 - "-" "Mozilla/5.0 (Windows NT 10.0; Win64; x64; rv:135.0) Gecko/20100101 Firefox/135.0"
38.246.33.22 - - [21/Sep/2026:05:47:01 +0700] "POST /xmlrpc.php HTTP/1.1" 301 - "-" "Mozilla/5.0 (Windows NT 10.0; Win64; x64) AppleWebKit/537.36 (KHTML, like Gecko) obsidian/1.8.9 Chrome/132.0.6834.210 Electron/34.3.0 Safari/537.36"
38.246.32.227 - - [21/Sep/2026:05:47:10 +0700] "POST /xmlrpc.php HTTP/1.1" 301 - "-" "Mozilla/5.0 (Macintosh; Intel Mac OS X 10_15_7) AppleWebKit/537.36 (KHTML, like Gecko) Chrome/146.0.0.0 Safari/537.36"
38.246.33.22 - - [21/Sep/2026:05:47:14 +0700] "POST /xmlrpc.php HTTP/1.1" 301 - "-" "Mozilla/5.0 (Windows NT 10.0; Win64; x64) AppleWebKit/537.36 (KHTML, like Gecko) Chrome/119.0.0.0 Safari/537.36"
38.246.32.227 - - [21/Sep/2026:05:47:22 +0700] "POST /xmlrpc.php HTTP/1.1" 301 - "-" "Mozilla/5.0 (Macintosh; Intel Mac OS X 10_15_7) AppleWebKit/537.36 (KHTML, like Gecko) Chrome/135.0.0.0 Safari/537.36"
38.246.33.22 - - [21/Sep/2026:05:47:18 +0700] "POST /xmlrpc.php HTTP/1.1" 301 - "-" "Mozilla/5.0 (Macintosh; Intel Mac OS X 10_15_7) AppleWebKit/537.36 (KHTML, like Gecko) obsidian/1.8.9 Chrome/132.0.6834.210 Electron/34.3.0 Safari/537.36"
38.246.33.22 - - [21/Sep/2026:05:47:13 +0700] "POST /xmlrpc.php HTTP/1.1" 301 - "-" "Mozilla/5.0 (X11; Ubuntu; Linux x86_64; rv:137.0) Gecko/20100101 Firefox/137.0"
38.246.32.227 - - [21/Sep/2026:05:47:14 +0700] "POST /xmlrpc.php HTTP/1.1" 301 - "-" "Mozilla/5.0 (Macintosh; Intel Mac OS X 10_15_7) AppleWebKit/537.36 (KHTML, like Gecko) Chrome/129.0.0.0 Safari/537.36"
38.246.32.227 - - [21/Sep/2026:05:47:22 +0700] "POST /xmlrpc.php HTTP/1.1" 301 - "-" "Mozilla/5.0 (Windows NT 10.0; Win64; x64) AppleWebKit/537.36 (KHTML, like Gecko) Chrome/134.0.0.0 Safari/537.36"
198.252.107.178 - - [21/Sep/2026:05:47:27 +0700] "POST /wp-cron.php?doing_wp_cron=1789944373.8896620273590087890625 HTTP/1.1" 301 - "-" "WordPress/7.1.1; https://veewin24hr.com"
198.252.107.178 - - [21/Sep/2026:05:47:25 +0700] "POST /wp-cron.php?doing_wp_cron=1789944372.7647109031677246093750 HTTP/1.1" 301 - "-" "WordPress/7.1.1; https://veewin24hr.com"
38.246.33.22 - - [21/Sep/2026:05:47:27 +0700] "POST /xmlrpc.php HTTP/1.1" 301 - "-" "Mozilla/5.0 (Macintosh; Intel Mac OS X 10_15_7) AppleWebKit/537.36 (KHTML, like Gecko) Chrome/131.0.0.0 Safari/537.36"
38.246.33.22 - - [21/Sep/2026:05:47:26 +0700] "POST /xmlrpc.php HTTP/1.1" 301 - "-" "Mozilla/5.0 (Macintosh; Intel Mac OS X 10_15_7) AppleWebKit/605.1.15 (KHTML, like Gecko) Version/26.4 Safari/605.1.15"
38.246.32.227 - - [21/Sep/2026:05:47:35 +0700] "POST /xmlrpc.php HTTP/1.1" 301 - "-" "Mozilla/5.0 (Macintosh; Intel Mac OS X 10_15_7) AppleWebKit/537.36 (KHTML, like Gecko) Chrome/120.0.0.0 Safari/537.36"
198.252.107.178 - - [21/Sep/2026:05:47:37 +0700] "POST /wp-cron.php?doing_wp_cron=1789944377.7084710597991943359375 HTTP/1.1" 301 - "-" "WordPress/7.1.1; https://veewin24hr.com"
38.246.32.227 - - [21/Sep/2026:05:47:36 +0700] "POST /xmlrpc.php HTTP/1.1" 301 - "-" "Mozilla/5.0 (Windows NT 10.0; Win64; x64) AppleWebKit/537.36 (KHTML, like Gecko) Chrome/129.0.0.0 Safari/537.36"
38.246.32.227 - - [21/Sep/2026:05:47:34 +0700] "POST /xmlrpc.php HTTP/1.1" 301 - "-" "Mozilla/5.0 (Macintosh; Intel Mac OS X 10_15_7) AppleWebKit/537.36 (KHTML, like Gecko) Chrome/132.0.0.0 Safari/537.36"
51.79.192.65 - - [21/Sep/2026:05:52:35 +0700] "GET /goldbet-casino-magyarorszag-hivatalos-oldal-2026/ HTTP/1.1" 200 26097 "https://veewin24hr.com/" "Mozilla/5.0 (X11; Linux x86_64) AppleWebKit/537.36 (KHTML, like Gecko) Chrome/131.0.0.0 Safari/537.36"
38.246.33.22 - - [21/Sep/2026:05:47:37 +0700] "POST /xmlrpc.php HTTP/1.1" 301 - "-" "Mozilla/5.0 (Macintosh; Intel Mac OS X 10_15_7) AppleWebKit/537.36 (KHTML, like Gecko) Chrome/146.0.0.0 Safari/537.36"
38.246.33.22 - - [21/Sep/2026:05:47:39 +0700] "POST /xmlrpc.php HTTP/1.1" 301 - "-" "Mozilla/5.0 (Windows NT 10.0; Win64; x64) AppleWebKit/537.36 (KHTML, like Gecko) Chrome/136.0.0.0 Safari/537.36"
198.252.107.178 - - [21/Sep/2026:05:47:37 +0700] "POST /wp-cron.php?doing_wp_cron=1789944377.7456929683685302734375 HTTP/1.1" 301 - "-" "WordPress/7.1.1; https://veewin24hr.com"
198.252.107.178 - - [21/Sep/2026:05:47:37 +0700] "POST /wp-cron.php?doing_wp_cron=1789944377.7509799003601074218750 HTTP/1.1" 301 - "-" "WordPress/7.1.1; https://veewin24hr.com"
38.246.32.227 - - [21/Sep/2026:05:47:40 +0700] "POST /xmlrpc.php HTTP/1.1" 301 - "-" "Mozilla/5.0 (Windows NT 10.0; Win64; x64) AppleWebKit/537.36 (KHTML, like Gecko) Chrome/145.0.0.0 Safari/537.36"
38.246.32.227 - - [21/Sep/2026:05:47:40 +0700] "POST /xmlrpc.php HTTP/1.1" 301 - "-" "Mozilla/5.0 (Macintosh; Intel Mac OS X 10_15_7) AppleWebKit/537.36 (KHTML, like Gecko) obsidian/1.8.9 Chrome/132.0.6834.210 Electron/34.3.0 Safari/537.36"
38.246.33.22 - - [21/Sep/2026:05:47:43 +0700] "POST /xmlrpc.php HTTP/1.1" 301 - "-" "Mozilla/5.0 (Macintosh; Intel Mac OS X 10_15_7) AppleWebKit/605.1.15 (KHTML, like Gecko) Version/17.4.1 Safari/605.1.15"
38.246.33.22 - - [21/Sep/2026:05:47:43 +0700] "POST /xmlrpc.php HTTP/1.1" 301 - "-" "Mozilla/5.0 (Macintosh; Intel Mac OS X 10_15_7) AppleWebKit/537.36 (KHTML, like Gecko) Chrome/147.0.0.0 Safari/537.36"
38.246.33.22 - - [21/Sep/2026:05:47:51 +0700] "POST /xmlrpc.php HTTP/1.1" 301 - "-" "Mozilla/5.0 (X11; Linux x86_64) AppleWebKit/537.36 (KHTML, like Gecko) Chrome/129.0.0.0 Safari/537.36"
85.208.96.198 - - [21/Sep/2026:05:52:40 +0700] "GET /area-of-the-has-actually-was-accessible-in-direct-internet-browser-providing-you-with-smooth-accessibility-what-counts-very/ HTTP/1.1" 200 40639 "-" "Mozilla/5.0 (compatible; SemrushBot/7~bl; +http://www.semrush.com/bot.html)"
38.246.32.227 - - [21/Sep/2026:05:47:52 +0700] "POST /xmlrpc.php HTTP/1.1" 504 - "-" "Mozilla/5.0 (X11; Linux x86_64) AppleWebKit/537.36 Chrome/124.0"
95.85.155.74 - - [21/Sep/2026:05:47:54 +0700] "POST /xmlrpc.php HTTP/1.1" 504 - "-" "Mozilla/5.0 (Macintosh; Intel Mac OS X 10_15_7) AppleWebKit/537.36"
38.246.33.22 - - [21/Sep/2026:05:47:55 +0700] "POST /xmlrpc.php HTTP/1.1" 504 - "-" "Mozilla/5.0 (Macintosh; Intel Mac OS X 10_15_7) AppleWebKit/537.36"
38.246.32.227 - - [21/Sep/2026:05:47:59 +0700] "POST /xmlrpc.php HTTP/1.1" 504 - "-" "Mozilla/5.0 (Macintosh; Intel Mac OS X 10_15_7) AppleWebKit/537.36 (KHTML, like Gecko) Chrome/135.0.0.0 Safari/537.36 Edg/135.0.0.0"
38.246.32.227 - - [21/Sep/2026:05:48:03 +0700] "POST /xmlrpc.php HTTP/1.1" 504 - "-" "Mozilla/5.0 (Macintosh; Intel Mac OS X 10_15_7) AppleWebKit/605.1.15 (KHTML, like Gecko) Version/16.6 Safari/605.1.15"
38.246.32.227 - - [21/Sep/2026:05:48:09 +0700] "POST /xmlrpc.php HTTP/1.1" 504 - "-" "Mozilla/5.0 (X11; Ubuntu; Linux x86_64; rv:136.0) Gecko/20100101 Firefox/136.0"
52.167.144.219 - - [21/Sep/2026:05:48:15 +0700] "GET /furthermore-casino-advertising-may-is-extra-requirements-desired-signal-right-up-bonuses-otherwise-commitment-apps/ HTTP/1.1" 504 - "-" "Mozilla/5.0 AppleWebKit/537.36 (KHTML, like Gecko; compatible; bingbot/2.0; +http://www.bing.com/bingbot.htm) Chrome/116.0.1938.76 Safari/537.36"
38.246.32.227 - - [21/Sep/2026:05:48:12 +0700] "GET /?p=213583 HTTP/1.1" 504 - "-" "Mozilla/5.0 (Windows NT 10.0; Win64; x64; rv:151.0) Gecko/20100101 Firefox/151.0"
38.246.32.227 - - [21/Sep/2026:05:48:14 +0700] "POST /xmlrpc.php HTTP/1.1" 504 - "-" "Mozilla/5.0 (Windows NT 10.0; Win64; x64; rv:151.0) Gecko/20100101 Firefox/151.0"
38.246.33.22 - - [21/Sep/2026:05:48:16 +0700] "POST /xmlrpc.php HTTP/1.1" 504 - "-" "Mozilla/5.0 (Windows NT 10.0; Win64; x64) AppleWebKit/537.36 (KHTML, like Gecko) Chrome/58.0.3029.110 Safari/537.3"
38.246.33.22 - - [21/Sep/2026:05:48:17 +0700] "GET /?p=213584 HTTP/1.1" 504 - "-" "Mozilla/5.0 (X11; Ubuntu; Linux x86_64; rv:136.0) Gecko/20100101 Firefox/136.0"
38.246.32.227 - - [21/Sep/2026:05:48:26 +0700] "GET /?p=213591 HTTP/1.1" 504 - "-" "Mozilla/5.0 (Windows NT 10.0; Win64; x64) AppleWebKit/537.36 (KHTML, like Gecko) Chrome/147.0.0.0 Safari/537.36"
38.246.32.227 - - [21/Sep/2026:05:48:29 +0700] "POST /xmlrpc.php HTTP/1.1" 504 - "-" "Mozilla/5.0 (Macintosh; Intel Mac OS X 10_15_7) AppleWebKit/537.36 (KHTML, like Gecko) Chrome/128.0.0.0 Safari/537.36"
38.246.33.22 - - [21/Sep/2026:05:48:27 +0700] "POST /xmlrpc.php HTTP/1.1" 504 - "-" "Mozilla/5.0 (Windows NT 10.0; Win64; x64) AppleWebKit/537.36 (KHTML, like Gecko) Chrome/147.0.0.0 Safari/537.36 OPR/131.0.0.0"
198.252.107.178 - - [21/Sep/2026:05:48:32 +0700] "POST /wp-cron.php?doing_wp_cron=1789944439.5374460220336914062500 HTTP/1.1" 504 - "-" "WordPress/7.1.1; https://veewin24hr.com"
38.246.33.22 - - [21/Sep/2026:05:48:31 +0700] "POST /xmlrpc.php HTTP/1.1" 504 - "-" "Mozilla/5.0 (X11; Linux x86_64) AppleWebKit/537.36 Chrome/124.0"
38.246.32.227 - - [21/Sep/2026:05:48:30 +0700] "POST /xmlrpc.php HTTP/1.1" 504 - "-" "Mozilla/5.0 (Macintosh; Intel Mac OS X 10_15_7) AppleWebKit/537.36 (KHTML, like Gecko) Chrome/132.0.0.0 Safari/537.36"
38.246.33.22 - - [21/Sep/2026:05:48:36 +0700] "POST /xmlrpc.php HTTP/1.1" 504 - "-" "Mozilla/5.0 (Windows NT 10.0; Win64; x64) AppleWebKit/537.36 (KHTML, like Gecko) Chrome/124.0 Safari/537.36"
198.252.107.178 - - [21/Sep/2026:05:48:34 +0700] "POST /wp-cron.php?doing_wp_cron=1789944446.3136029243469238281250 HTTP/1.1" 504 - "-" "WordPress/7.1.1; https://veewin24hr.com"
38.246.33.22 - - [21/Sep/2026:05:48:33 +0700] "POST /xmlrpc.php HTTP/1.1" 504 - "-" "Mozilla/5.0 (X11; Linux x86_64; rv:138.0) Gecko/20100101 Firefox/138.0"
198.252.107.178 - - [21/Sep/2026:05:48:34 +0700] "POST /wp-cron.php?doing_wp_cron=1789944446.3622980117797851562500 HTTP/1.1" 504 - "-" "WordPress/7.1.1; https://veewin24hr.com"
198.252.107.178 - - [21/Sep/2026:05:48:36 +0700] "POST /wp-cron.php?doing_wp_cron=1789944446.3502709865570068359375 HTTP/1.1" 504 - "-" "WordPress/7.1.1; https://veewin24hr.com"
38.246.32.227 - - [21/Sep/2026:05:48:38 +0700] "POST /xmlrpc.php HTTP/1.1" 504 - "-" "Mozilla/5.0 (Macintosh; Intel Mac OS X 10_15_7) AppleWebKit/605.1.15 (KHTML, like Gecko) Version/17.4.1 Safari/605.1.15"
38.246.33.22 - - [21/Sep/2026:05:48:38 +0700] "POST /xmlrpc.php HTTP/1.1" 504 - "-" "Mozilla/5.0 (Windows NT 10.0; Win64; x64) AppleWebKit/537.36 (KHTML, like Gecko) Chrome/132.0.0.0 Safari/537.36 OPR/117.0.0.0"
38.246.33.22 - - [21/Sep/2026:05:48:43 +0700] "POST /xmlrpc.php HTTP/1.1" 504 - "-" "Mozilla/5.0 (Windows NT 10.0; Win64; x64) AppleWebKit/537.36 (KHTML, like Gecko) Chrome/134.0.0.0 Safari/537.36 Edg/134.0.0.0"
38.246.33.22 - - [21/Sep/2026:05:48:43 +0700] "POST /xmlrpc.php HTTP/1.1" 504 - "-" "Mozilla/5.0 (X11; Linux x86_64) AppleWebKit/537.36 (KHTML, like Gecko) Chrome/130.0.0.0 Safari/537.36"
38.246.32.227 - - [21/Sep/2026:05:48:40 +0700] "POST /xmlrpc.php HTTP/1.1" 504 - "-" "Mozilla/5.0 (Windows NT 10.0; Win64; x64) AppleWebKit/537.36 (KHTML, like Gecko) Chrome/132.0.0.0 Safari/537.36 OPR/117.0.0.0"
85.208.96.205 - - [21/Sep/2026:05:48:43 +0700] "GET /united-kingdom-participants-also-have-stated-impressive-jackpots-for-example-six/ HTTP/1.1" 504 - "-" "Mozilla/5.0 (compatible; SemrushBot/7~bl; +http://www.semrush.com/bot.html)"
38.246.32.227 - - [21/Sep/2026:05:48:36 +0700] "POST /xmlrpc.php HTTP/1.1" 504 - "-" "Mozilla/5.0 (X11; Linux x86_64) AppleWebKit/537.36 (KHTML, like Gecko) Chrome/135.0.0.0 Safari/537.36"
38.246.32.227 - - [21/Sep/2026:05:48:43 +0700] "POST /xmlrpc.php HTTP/1.1" 504 - "-" "Mozilla/5.0 (Windows NT 10.0; Win64; x64) AppleWebKit/537.36 (KHTML, like Gecko) Chrome/135.0.0.0 Safari/537.36 Edg/135.0.0.0"
38.246.32.227 - - [21/Sep/2026:05:48:41 +0700] "GET /?p=213602 HTTP/1.1" 504 - "-" "Mozilla/5.0 (Macintosh; Intel Mac OS X 10_15_7) AppleWebKit/537.36 (KHTML, like Gecko) Chrome/146.0.0.0 Safari/537.36"
38.246.32.227 - - [21/Sep/2026:05:48:46 +0700] "POST /xmlrpc.php HTTP/1.1" 504 - "-" "Mozilla/5.0 (Windows NT 10.0; Win64; x64) AppleWebKit/537.36 (KHTML, like Gecko) Chrome/117.0.5938.132 Safari/537.36"
38.246.33.22 - - [21/Sep/2026:05:48:45 +0700] "POST /xmlrpc.php HTTP/1.1" 504 - "-" "Mozilla/5.0 (X11; Ubuntu; Linux x86_64; rv:137.0) Gecko/20100101 Firefox/137.0"
38.246.33.22 - - [21/Sep/2026:05:48:49 +0700] "POST /xmlrpc.php HTTP/1.1" 504 - "-" "Mozilla/5.0 (Macintosh; Intel Mac OS X 10_15_7) AppleWebKit/537.36 (KHTML, like Gecko) obsidian/1.8.9 Chrome/132.0.6834.210 Electron/34.3.0 Safari/537.36"
38.246.33.22 - - [21/Sep/2026:05:48:50 +0700] "POST /xmlrpc.php HTTP/1.1" 504 - "-" "Mozilla/5.0 (Macintosh; Intel Mac OS X 10_15_7) AppleWebKit/537.36 (KHTML, like Gecko) Chrome/131.0.0.0 Safari/537.36"
38.246.32.227 - - [21/Sep/2026:05:48:47 +0700] "POST /xmlrpc.php HTTP/1.1" 504 - "-" "Mozilla/5.0 (X11; Linux x86_64) AppleWebKit/537.36 (KHTML, like Gecko) Chrome/130.0.0.0 Safari/537.36"
38.246.33.22 - - [21/Sep/2026:05:48:50 +0700] "POST /xmlrpc.php HTTP/1.1" 504 - "-" "Mozilla/5.0 (Macintosh; Intel Mac OS X 10_15_7) AppleWebKit/537.36 (KHTML, like Gecko) Chrome/146.0.0.0 Safari/537.36"
38.246.33.22 - - [21/Sep/2026:05:48:51 +0700] "GET /?p=213606 HTTP/1.1" 504 - "-" "Mozilla/5.0 (Windows NT 10.0; Win64; x64) AppleWebKit/537.36 (KHTML, like Gecko) Chrome/147.0.0.0 Safari/537.36"
38.246.32.227 - - [21/Sep/2026:05:48:55 +0700] "POST /xmlrpc.php HTTP/1.1" 504 - "-" "Mozilla/5.0 (Macintosh; Intel Mac OS X 10_15_7) AppleWebKit/537.36 (KHTML, like Gecko) Chrome/132.0.0.0 Safari/537.36"
38.246.33.22 - - [21/Sep/2026:05:48:51 +0700] "POST /xmlrpc.php HTTP/1.1" 504 - "-" "Mozilla/5.0 (Windows NT 10.0; Win64; x64; rv:137.0) Gecko/20100101 Firefox/137.0"
38.246.33.22 - - [21/Sep/2026:05:48:55 +0700] "POST /xmlrpc.php HTTP/1.1" 504 - "-" "Mozilla/5.0 (Windows NT 10.0; Win64; x64) AppleWebKit/537.36 (KHTML, like Gecko) Chrome/134.0.0.0 Safari/537.36 Edg/134.0.0.0"
38.246.32.227 - - [21/Sep/2026:05:49:00 +0700] "POST /xmlrpc.php HTTP/1.1" 504 - "-" "Mozilla/5.0 (Macintosh; Intel Mac OS X 10_15_7) AppleWebKit/537.36 (KHTML, like Gecko) Chrome/134.0.0.0 Safari/537.36"
38.246.33.22 - - [21/Sep/2026:05:48:57 +0700] "POST /xmlrpc.php HTTP/1.1" 504 - "-" "Mozilla/5.0 (Windows NT 10.0; Win64; x64) AppleWebKit/537.36 (KHTML, like Gecko) obsidian/1.8.9 Chrome/132.0.6834.210 Electron/34.3.0 Safari/537.36"
38.246.33.22 - - [21/Sep/2026:05:49:04 +0700] "POST /xmlrpc.php HTTP/1.1" 504 - "-" "Mozilla/5.0 (Macintosh; Intel Mac OS X 10_15_7) AppleWebKit/537.36 (KHTML, like Gecko) obsidian/1.8.10 Chrome/132.0.6834.196 Electron/34.2.0 Safari/537.36"
38.246.32.227 - - [21/Sep/2026:05:49:05 +0700] "GET /?p=213580 HTTP/1.1" 504 - "-" "Mozilla/5.0 (X11; Linux x86_64) AppleWebKit/537.36 (KHTML, like Gecko) Chrome/124.0.0.0 Safari/537.36"
198.252.107.178 - - [21/Sep/2026:05:49:12 +0700] "POST /wp-cron.php?doing_wp_cron=1789944507.8947210311889648437500 HTTP/1.1" 504 - "-" "WordPress/7.1.1; https://veewin24hr.com"
38.246.32.227 - - [21/Sep/2026:05:49:10 +0700] "GET /?p=213605 HTTP/1.1" 504 - "-" "Mozilla/5.0 (Windows NT 10.0; Win64; x64) AppleWebKit/537.36 (KHTML, like Gecko) Chrome/134.0.0.0 Safari/537.36 Edg/134.0.0.0"
198.252.107.178 - - [21/Sep/2026:05:49:11 +0700] "POST /wp-cron.php?doing_wp_cron=1789944507.3182809352874755859375 HTTP/1.1" 504 - "-" "WordPress/7.1.1; https://veewin24hr.com"
38.246.32.227 - - [21/Sep/2026:05:49:10 +0700] "POST /xmlrpc.php HTTP/1.1" 504 - "-" "Mozilla/5.0 (Macintosh; Intel Mac OS X 10.15; rv:150.0) Gecko/20100101 Firefox/150.0"
38.246.32.227 - - [21/Sep/2026:05:49:16 +0700] "POST /xmlrpc.php HTTP/1.1" 504 - "-" "Mozilla/5.0 (Macintosh; Intel Mac OS X 10_15_7) AppleWebKit/537.36 (KHTML, like Gecko) Chrome/132.0.0.0 Safari/537.36"
38.246.32.227 - - [21/Sep/2026:05:49:15 +0700] "POST /xmlrpc.php HTTP/1.1" 504 - "-" "Mozilla/5.0 (Windows NT 10.0; Win64; x64) AppleWebKit/537.36 (KHTML, like Gecko) Chrome/132.0.0.0 Safari/537.36 OPR/117.0.0.0"
85.208.96.205 - - [21/Sep/2026:05:49:18 +0700] "GET /united-kingdom-participants-also-have-stated-impressive-jackpots-for-example-six/ HTTP/1.1" 504 - "-" "Mozilla/5.0 (compatible; SemrushBot/7~bl; +http://www.semrush.com/bot.html)"
38.246.33.22 - - [21/Sep/2026:05:49:13 +0700] "POST /xmlrpc.php HTTP/1.1" 504 - "-" "Mozilla/5.0 (Macintosh; Intel Mac OS X 10_15_7) AppleWebKit/605.1.15 (KHTML, like Gecko) Version/18.3 Safari/605.1.15"
198.252.107.178 - - [21/Sep/2026:05:49:17 +0700] "POST /wp-cron.php?doing_wp_cron=1789944515.2047939300537109375000 HTTP/1.1" 504 - "-" "WordPress/7.1.1; https://veewin24hr.com"
198.252.107.178 - - [21/Sep/2026:05:49:17 +0700] "POST /wp-cron.php?doing_wp_cron=1789944515.1428039073944091796875 HTTP/1.1" 504 - "-" "WordPress/7.1.1; https://veewin24hr.com"
198.252.107.178 - - [21/Sep/2026:05:49:21 +0700] "POST /wp-cron.php?doing_wp_cron=1789944517.8314940929412841796875 HTTP/1.1" 504 - "-" "WordPress/7.1.1; https://veewin24hr.com"
38.246.32.227 - - [21/Sep/2026:05:49:26 +0700] "POST /xmlrpc.php HTTP/1.1" 504 - "-" "Mozilla/5.0 (Windows NT 10.0; Win64; x64; rv:136.0) Gecko/20100101 Firefox/136.0"
64.31.4.68 - - [21/Sep/2026:05:49:21 +0700] "POST /xmlrpc.php HTTP/1.1" 504 - "-" "Mozilla/5.0 (Macintosh; Intel Mac OS X 10_15_7) AppleWebKit/605.1.15 (KHTML, like Gecko) Version/18.2 Safari/605.1.15"
201.127.136.79 - - [21/Sep/2026:05:49:45 +0700] "POST /xmlrpc.php HTTP/1.1" 504 - "-" "Mozilla/5.0 (Macintosh; Intel Mac OS X 10_15_7) AppleWebKit/537.36 (KHTML, like Gecko) Chrome/132.0.0.0 Safari/537.36"
38.246.32.227 - - [21/Sep/2026:05:49:48 +0700] "POST /xmlrpc.php HTTP/1.1" 504 - "-" "Mozilla/5.0 (X11; Linux x86_64; rv:128.0) Gecko/20100101 Firefox/128.0"
198.252.107.178 - - [21/Sep/2026:05:50:03 +0700] "POST /wp-cron.php?doing_wp_cron=1789944578.5364840030670166015625 HTTP/1.1" 504 - "-" "WordPress/7.1.1; https://veewin24hr.com"
38.246.32.227 - - [21/Sep/2026:05:50:05 +0700] "POST /xmlrpc.php HTTP/1.1" 504 - "-" "Mozilla/5.0 (Windows NT 10.0; Win64; x64) AppleWebKit/537.36 (KHTML, like Gecko) Chrome/134.0.0.0 Safari/537.36 Edg/134.0.0.0"
198.252.107.178 - - [21/Sep/2026:05:50:11 +0700] "POST /wp-cron.php?doing_wp_cron=1789944585.9538021087646484375000 HTTP/1.1" 504 - "-" "WordPress/7.1.1; https://veewin24hr.com"
198.252.107.178 - - [21/Sep/2026:05:50:07 +0700] "POST /wp-cron.php?doing_wp_cron=1789944581.7543931007385253906250 HTTP/1.1" 504 - "-" "WordPress/7.1.1; https://veewin24hr.com"
38.246.33.22 - - [21/Sep/2026:05:50:05 +0700] "POST /xmlrpc.php HTTP/1.1" 504 - "-" "Mozilla/5.0 (X11; Linux x86_64) AppleWebKit/537.36 (KHTML, like Gecko) Chrome/132.0.0.0 Safari/537.36"
85.208.96.196 - - [21/Sep/2026:05:50:13 +0700] "GET /weve-oriented-that-crypto-casinos-was-basically-casinos-on-the-internet-that-you-can-take-advantage-of-at-the-playing-with-cryptocurrencies/ HTTP/1.1" 504 - "-" "Mozilla/5.0 (compatible; SemrushBot/7~bl; +http://www.semrush.com/bot.html)"
45.3.52.52 - - [21/Sep/2026:05:50:08 +0700] "GET /goldbet-casino-magyarorszag-hivatalos-oldal-2026/ HTTP/1.1" 504 - "https://veewin24hr.com/" "Mozilla/5.0 (Windows NT 10.0; Win64; x64; rv:137.0) Gecko/20100101 Firefox/137.0"
51.81.104.34 - - [21/Sep/2026:05:54:17 +0700] "GET /yet-not-calling-support-truly-requires-email-address-entry-due-to-a-contact-form-having-impulse-days-of-doing-one-or-two-business-days/ HTTP/1.1" 504 - "-" "Mozilla/5.0 (compatible; AhrefsBot/7.0; +http://ahrefs.com/robot/)"
198.252.107.178 - - [21/Sep/2026:05:54:02 +0700] "POST /wp-cron.php?doing_wp_cron=1789944813.0719559192657470703125 HTTP/1.1" 504 - "-" "WordPress/7.1.1; https://veewin24hr.com"
185.191.171.5 - - [21/Sep/2026:05:53:42 +0700] "GET /best-name-for-dog-70/ HTTP/1.1" 504 - "-" "Mozilla/5.0 (compatible; SemrushBot/7~bl; +http://www.semrush.com/bot.html)"
198.252.107.178 - - [21/Sep/2026:05:53:23 +0700] "POST /wp-cron.php?doing_wp_cron=1789944775.9207370281219482421875 HTTP/1.1" 504 - "-" "WordPress/7.1.1; https://veewin24hr.com"
198.252.107.178 - - [21/Sep/2026:05:53:55 +0700] "POST /wp-cron.php?doing_wp_cron=1789944805.2214350700378417968750 HTTP/1.1" 504 - "-" "WordPress/7.1.1; https://veewin24hr.com"
37.212.51.193 - - [21/Sep/2026:05:53:21 +0700] "POST /xmlrpc.php HTTP/1.1" 504 - "-" "Mozilla/5.0 (Windows NT 10.0; Win64; x64) AppleWebKit/537.36 (KHTML, like Gecko) Chrome/136.0.0.0 Safari/537.36"
198.252.107.178 - - [21/Sep/2026:05:55:08 +0700] "POST /wp-cron.php?doing_wp_cron=1789944880.7216401100158691406250 HTTP/1.1" 504 - "-" "WordPress/7.1.1; https://veewin24hr.com"
190.110.47.186 - - [21/Sep/2026:05:54:39 +0700] "POST /xmlrpc.php HTTP/1.1" 504 - "-" "Mozilla/5.0 (Macintosh; Intel Mac OS X 10_15_7) AppleWebKit/605.1.15 (KHTML, like Gecko) Version/18.5 Safari/605.1.15"
198.252.107.178 - - [21/Sep/2026:05:53:43 +0700] "POST /wp-cron.php?doing_wp_cron=1789944796.2815220355987548828125 HTTP/1.1" 504 - "-" "WordPress/7.1.1; https://veewin24hr.com"
198.252.107.178 - - [21/Sep/2026:05:53:24 +0700] "POST /wp-cron.php?doing_wp_cron=1789944775.9231190681457519531250 HTTP/1.1" 504 - "-" "WordPress/7.1.1; https://veewin24hr.com"
198.252.107.178 - - [21/Sep/2026:05:55:15 +0700] "POST /wp-cron.php?doing_wp_cron=1789944889.1109530925750732421875 HTTP/1.1" 504 - "-" "WordPress/7.1.1; https://veewin24hr.com"
51.79.192.65 - - [21/Sep/2026:05:54:32 +0700] "GET /goldbet-casino-magyarorszag-hivatalos-oldal-2026/ HTTP/1.1" 504 - "https://veewin24hr.com/" "Mozilla/5.0 (X11; Linux x86_64) AppleWebKit/537.36 (KHTML, like Gecko) Chrome/131.0.0.0 Safari/537.36"
198.252.107.178 - - [21/Sep/2026:05:55:13 +0700] "POST /wp-cron.php?doing_wp_cron=1789944889.1336469650268554687500 HTTP/1.1" 504 - "-" "WordPress/7.1.1; https://veewin24hr.com"
198.252.107.178 - - [21/Sep/2026:05:55:09 +0700] "POST /wp-cron.php?doing_wp_cron=1789944881.1908280849456787109375 HTTP/1.1" 504 - "-" "WordPress/7.1.1; https://veewin24hr.com"
65.111.31.129 - - [21/Sep/2026:05:54:40 +0700] "GET /malta-online-casinos-mga-licence-uk-2026/ HTTP/1.1" 504 - "https://veewin24hr.com/" "Mozilla/5.0 (X11; Linux x86_64) AppleWebKit/537.36 (KHTML, like Gecko) Chrome/135.0.0.0 Safari/537.36"
198.252.107.178 - - [21/Sep/2026:05:56:15 +0700] "POST /wp-cron.php?doing_wp_cron=1789944960.0729649066925048828125 HTTP/1.1" 504 - "-" "WordPress/7.1.1; https://veewin24hr.com"
185.191.171.5 - - [21/Sep/2026:05:54:23 +0700] "GET /best-name-for-dog-70/ HTTP/1.1" 504 - "-" "Mozilla/5.0 (compatible; SemrushBot/7~bl; +http://www.semrush.com/bot.html)"
85.208.96.201 - - [21/Sep/2026:05:55:55 +0700] "GET /you-to-definitely-no-deposit-incentive-comes-with-60x-betting-conditions-and-you-can-lets-you-enjoy-free-online-gambling-games-without-risk/ HTTP/1.1" 504 - "-" "Mozilla/5.0 (compatible; SemrushBot/7~bl; +http://www.semrush.com/bot.html)"
45.3.62.81 - - [21/Sep/2026:05:55:16 +0700] "GET /malta-online-casinos-mga-licence-uk-2026/ HTTP/1.1" 504 - "https://veewin24hr.com/" "Mozilla/5.0 (X11; Linux x86_64) AppleWebKit/537.36 (KHTML, like Gecko) Chrome/135.0.0.0 Safari/537.36"
103.197.156.14 - - [21/Sep/2026:05:54:42 +0700] "POST /xmlrpc.php HTTP/1.1" 504 - "-" "Mozilla/5.0 (Windows NT 10.0; Win64; x64; rv:150.0) Gecko/20100101 Firefox/150.0"
85.208.96.201 - - [21/Sep/2026:05:55:22 +0700] "GET /you-to-definitely-no-deposit-incentive-comes-with-60x-betting-conditions-and-you-can-lets-you-enjoy-free-online-gambling-games-without-risk/ HTTP/1.1" 504 - "-" "Mozilla/5.0 (compatible; SemrushBot/7~bl; +http://www.semrush.com/bot.html)"
