38.246.33.22 - - [21/Sep/2026:04:23:07 +0700] "GET /eine-ubersicht-findest-respons-aufwarts-unserer-rand-hinter-legalen-gangbar-casinos/ HTTP/1.1" 200 59397 "-" "Mozilla/5.0 (Windows NT 10.0; Win64; x64) AppleWebKit/537.36 (KHTML, like Gecko) Chrome/147.0.0.0 Safari/537.36"
38.246.32.227 - - [21/Sep/2026:04:23:11 +0700] "POST /xmlrpc.php HTTP/1.1" 200 13630 "-" "Mozilla/5.0 (Macintosh; Intel Mac OS X 10_15_7) AppleWebKit/537.36 (KHTML, like Gecko) Chrome/133.0.0.0 Safari/537.36"
38.246.32.227 - - [21/Sep/2026:04:23:13 +0700] "GET /der-auszahlungsbetrag-wird-im-weiteren-uff-dein-paypal-bankkonto-transferiert/ HTTP/1.1" 200 62801 "-" "Mozilla/5.0 (Macintosh; Intel Mac OS X 10_15_7) AppleWebKit/537.36 (KHTML, like Gecko) Chrome/136.0.0.0 Safari/537.36 Edg/136.0.0.0"
198.252.107.178 - - [21/Sep/2026:04:23:26 +0700] "POST /wp-cron.php?doing_wp_cron=1789939406.5975949764251708984375 HTTP/1.1" 200 - "-" "WordPress/7.1.1; https://veewin24hr.com"
64.225.105.238 - - [21/Sep/2026:04:23:19 +0700] "POST /xmlrpc.php HTTP/1.1" 200 181 "-" "Mozilla/5.0 (Windows NT 10.0; Win64; x64) AppleWebKit/537.36 (KHTML, like Gecko) Chrome/148.0.0.0 Safari/537.36"
38.246.33.22 - - [21/Sep/2026:04:23:20 +0700] "POST /xmlrpc.php HTTP/1.1" 200 181 "-" "Mozilla/5.0 (Windows NT 10.0; Win64; x64) AppleWebKit/537.36 (KHTML, like Gecko) Chrome/91.0.4472.124 Safari/537.36"
198.252.107.178 - - [21/Sep/2026:04:23:31 +0700] "POST /wp-cron.php?doing_wp_cron=1789939411.2227311134338378906250 HTTP/1.1" 200 - "-" "WordPress/7.1.1; https://veewin24hr.com"
38.246.32.227 - - [21/Sep/2026:04:23:23 +0700] "POST /xmlrpc.php HTTP/1.1" 200 181 "-" "Mozilla/5.0 (Windows NT 10.0; Win64; x64) AppleWebKit/537.36 (KHTML, like Gecko) obsidian/1.8.3 Chrome/130.0.6723.191 Electron/33.3.2 Safari/537.36"
64.225.105.238 - - [21/Sep/2026:04:23:33 +0700] "POST /xmlrpc.php HTTP/1.1" 200 10202 "-" "Mozilla/5.0 (Macintosh; Intel Mac OS X 10_15_7) AppleWebKit/537.36 (KHTML, like Gecko) Chrome/147.0.0.0 Safari/537.36"
38.246.33.22 - - [21/Sep/2026:04:23:35 +0700] "POST /xmlrpc.php HTTP/1.1" 200 9618 "-" "Mozilla/5.0 (X11; Linux x86_64) AppleWebKit/537.36 (KHTML, like Gecko) Chrome/130.0.0.0 Safari/537.36"
38.246.33.22 - - [21/Sep/2026:04:23:37 +0700] "GET /nachfolgende-besten-streamanbieter-seien-zusatzlich-are-living-poker-varianten-three-card-poker-spielbank-holdem-usw/ HTTP/1.1" 200 59605 "-" "Mozilla/5.0 (Windows NT 10.0; Win64; x64) AppleWebKit/537.36 (KHTML, like Gecko) Chrome/135.0.0.0 Safari/537.36"
64.225.105.238 - - [21/Sep/2026:04:23:37 +0700] "GET /auerdem-ermi%EF%BF%BDglichen-sich-das-xxl-automatenportfolio-i-am-unsere-redakteure-wiederkehrend-unser-platt-machen-glimmen-bewilligen/ HTTP/1.1" 200 60389 "-" "Mozilla/5.0 (X11; Ubuntu; Linux x86_64; rv:136.0) Gecko/20100101 Firefox/136.0"
38.246.32.227 - - [21/Sep/2026:04:23:38 +0700] "POST /xmlrpc.php HTTP/1.1" 200 11771 "-" "Mozilla/5.0 (X11; Linux x86_64) AppleWebKit/537.36 (KHTML, like Gecko) Chrome/131.0.0.0 Safari/537.36"
38.246.32.227 - - [21/Sep/2026:04:23:41 +0700] "GET /sofern-respons-bestimmte-spiele-suchst-solltest-respons-am-ehesten-im-vorfeld-unsere-gangbar-spielbank-testberichte-verschlingen/ HTTP/1.1" 200 61843 "-" "Mozilla/5.0 (X11; Ubuntu; Linux x86_64; rv:137.0) Gecko/20100101 Firefox/137.0"
198.252.107.178 - - [21/Sep/2026:04:23:55 +0700] "POST /wp-cron.php?doing_wp_cron=1789939435.3899679183959960937500 HTTP/1.1" 200 - "-" "WordPress/7.1.1; https://veewin24hr.com"
38.246.33.22 - - [21/Sep/2026:04:23:49 +0700] "POST /xmlrpc.php HTTP/1.1" 200 181 "-" "Mozilla/5.0 (Windows NT 10.0; Win64; x64; rv:135.0) Gecko/20100101 Firefox/135.0"
104.248.25.191 - - [21/Sep/2026:04:23:57 +0700] "POST /xmlrpc.php HTTP/1.1" 200 403 "-" "Mozilla/5.0 (Macintosh; Intel Mac OS X 10_15_7) AppleWebKit/605.1.15 (KHTML, like Gecko) Version/18.2 Safari/605.1.15"
198.252.107.178 - - [21/Sep/2026:04:23:59 +0700] "POST /wp-cron.php?doing_wp_cron=1789939439.7323141098022460937500 HTTP/1.1" 200 - "-" "WordPress/7.1.1; https://veewin24hr.com"
38.246.32.227 - - [21/Sep/2026:04:23:53 +0700] "POST /xmlrpc.php HTTP/1.1" 200 181 "-" "Mozilla/5.0 (Windows NT 10.0; Win64; x64) AppleWebKit/537.36 (KHTML, like Gecko) Chrome/131.0.0.0 Safari/537.36 Edg/131.0.0.0"
104.248.25.191 - - [21/Sep/2026:04:23:59 +0700] "POST /xmlrpc.php HTTP/1.1" 200 403 "-" "Mozilla/5.0 (Macintosh; Intel Mac OS X 10_15_7) AppleWebKit/605.1.15 (KHTML, like Gecko) Version/18.2 Safari/605.1.15"
102.36.127.7 - - [21/Sep/2026:04:24:00 +0700] "GET /goldbet-casino-magyarorszag-hivatalos-oldal-2026/ HTTP/1.1" 200 58543 "https://veewin24hr.com/" "Mozilla/5.0 (X11; Linux x86_64) AppleWebKit/537.36 (KHTML, like Gecko) Chrome/133.0.0.0 Safari/537.36"
38.246.33.22 - - [21/Sep/2026:04:24:04 +0700] "POST /xmlrpc.php HTTP/1.1" 200 10558 "-" "Mozilla/5.0 (Windows NT 10.0; Win64; x64) AppleWebKit/537.36 (KHTML, like Gecko) Chrome/133.0.0.0 Safari/537.36 OPR/118.0.0.0"
38.246.32.227 - - [21/Sep/2026:04:24:07 +0700] "POST /xmlrpc.php HTTP/1.1" 200 9512 "-" "Mozilla/5.0 (Macintosh; Intel Mac OS X 10_15_7) AppleWebKit/605.1.15 (KHTML, like Gecko) Version/26.4 Safari/605.1.15"
38.246.33.22 - - [21/Sep/2026:04:24:07 +0700] "GET /dasjenige-betano-maklercourtage-programm-ermoglicht-plus-neuen-denn-zweite-geige-bestehenden-besucher-inhaltsstarke-pluspunkte/ HTTP/1.1" 200 60582 "-" "Mozilla/5.0 (X11; Linux x86_64) AppleWebKit/537.36 (KHTML, like Gecko) Chrome/132.0.0.0 Safari/537.36"
38.246.32.227 - - [21/Sep/2026:04:24:09 +0700] "GET /achtet-noch-uff-beiden-faktor-freigaben-indem-keine-realisierung-abzuglich-eure-inkraftsetzung-durchgeht/ HTTP/1.1" 200 59198 "-" "Mozilla/5.0 (Windows NT 10.0; Win64; x64) AppleWebKit/537.36 (KHTML, like Gecko) Chrome/124.0 Safari/537.36"
198.252.107.178 - - [21/Sep/2026:04:24:18 +0700] "POST /wp-cron.php?doing_wp_cron=1789939458.8200790882110595703125 HTTP/1.1" 200 - "-" "WordPress/7.1.1; https://veewin24hr.com"
38.246.32.227 - - [21/Sep/2026:04:24:11 +0700] "POST /xmlrpc.php HTTP/1.1" 200 181 "-" "Mozilla/5.0 (Windows NT 10.0; Win64; x64) AppleWebKit/537.36 (KHTML, like Gecko) obsidian/1.6.5 Chrome/124.0.6367.243 Electron/30.1.2 Safari/537.36"
64.225.105.238 - - [21/Sep/2026:04:24:12 +0700] "POST /xmlrpc.php HTTP/1.1" 200 181 "-" "Mozilla/5.0 (Windows NT 10.0; Win64; x64) AppleWebKit/537.36 (KHTML, like Gecko) Chrome/147.0.0.0 Safari/537.36 OPR/131.0.0.0"
198.252.107.178 - - [21/Sep/2026:04:24:25 +0700] "POST /wp-cron.php?doing_wp_cron=1789939464.9529700279235839843750 HTTP/1.1" 200 - "-" "WordPress/7.1.1; https://veewin24hr.com"
38.246.33.22 - - [21/Sep/2026:04:24:17 +0700] "POST /xmlrpc.php HTTP/1.1" 200 181 "-" "Mozilla/5.0 (X11; Linux x86_64) AppleWebKit/537.36 (KHTML, like Gecko) Chrome/133.0.0.0 Safari/537.36"
64.225.105.238 - - [21/Sep/2026:04:24:26 +0700] "POST /xmlrpc.php HTTP/1.1" 200 9759 "-" "Mozilla/5.0 (Macintosh; Intel Mac OS X 10_15_7) AppleWebKit/605.1.15 (KHTML, like Gecko) Version/18.2 Safari/605.1.15"
38.246.32.227 - - [21/Sep/2026:04:24:27 +0700] "POST /xmlrpc.php HTTP/1.1" 200 11491 "-" "Mozilla/5.0 (Windows NT 10.0; Win64; x64) AppleWebKit/537.36 (KHTML, like Gecko) Chrome/124.0.0.0 Safari/537.36"
64.225.105.238 - - [21/Sep/2026:04:24:28 +0700] "GET /spiele-unter-einsatz-von-niedriger-zu-und-abgang-abdrucken-advers-haufigere-gewinne-selbige-dafur-minder-ausfallen/ HTTP/1.1" 200 59641 "-" "Mozilla/5.0 (Macintosh; Intel Mac OS X 10_15_7) AppleWebKit/537.36 (KHTML, like Gecko) Chrome/131.0.0.0 Safari/537.36"
38.246.32.227 - - [21/Sep/2026:04:24:29 +0700] "GET /die-autoren-sein-herz-an-etwas-hangen-wirklich-so-die-kunden-unsere-webseite-nutzlich-finden-seien-ferner-frohlocken-mir-ohne-ausnahme-unter-zuhilfenahme-von-diesen-gast/ HTTP/1.1" 200 62209 "-" "Mozilla/5.0 (Windows NT 10.0; Win64; x64) AppleWebKit/537.36 (KHTML, like Gecko) Chrome/119.0.0.0 Safari/537.36"
38.246.33.22 - - [21/Sep/2026:04:24:31 +0700] "POST /xmlrpc.php HTTP/1.1" 200 10939 "-" "Mozilla/5.0 (Macintosh; Intel Mac OS X 10_15_7) AppleWebKit/537.36 (KHTML, like Gecko) Chrome/130.0.0.0 Safari/537.36"
193.202.80.32 - - [21/Sep/2026:04:24:41 +0700] "GET /wp-login.php?action=register HTTP/1.1" 302 - "https://veewin24hr.com/goldbet-casino-magyarorszag-hivatalos-oldal-2026/" "Mozilla/5.0 (Windows NT 6.3; Win64; x64) AppleWebKit/537.36 (KHTML, like Gecko) Chrome/103.0.0.0 Safari/537.36"
38.246.33.22 - - [21/Sep/2026:04:24:40 +0700] "GET /hinein-angeschlossen-casinos-findest-respons-nahe-willkommensangeboten-auch-viel-mehr-aktionen-wie-gleichfalls-freispiele-cashback-ferner-reload-boni/ HTTP/1.1" 200 61301 "-" "Mozilla/5.0 (Windows NT 10.0; Win64; x64) AppleWebKit/537.36 (KHTML, like Gecko) Chrome/147.0.0.0 Safari/537.36"
170.168.240.86 - - [21/Sep/2026:04:24:43 +0700] "GET /wp-login.php?registration=disabled HTTP/1.1" 200 7447 "https://veewin24hr.com/wp-login.php?action=register" "Mozilla/5.0 (Windows NT 6.3; Win64; x64) AppleWebKit/537.36 (KHTML, like Gecko) Chrome/103.0.0.0 Safari/537.36"
198.252.107.178 - - [21/Sep/2026:04:24:50 +0700] "POST /wp-cron.php?doing_wp_cron=1789939490.1047070026397705078125 HTTP/1.1" 200 - "-" "WordPress/7.1.1; https://veewin24hr.com"
38.246.33.22 - - [21/Sep/2026:04:24:37 +0700] "POST /xmlrpc.php HTTP/1.1" 200 181 "-" "Mozilla/5.0 (Macintosh; Intel Mac OS X 10_15_7) AppleWebKit/537.36 (KHTML, like Gecko) Chrome/133.0.0.0 Safari/537.36"
38.246.32.227 - - [21/Sep/2026:04:24:41 +0700] "POST /xmlrpc.php HTTP/1.1" 200 181 "-" "Mozilla/5.0 (Windows NT 10.0; Win64; x64) AppleWebKit/537.36 (KHTML, like Gecko) Chrome/137.0.0.0 Safari/537.36"
198.252.107.178 - - [21/Sep/2026:04:24:57 +0700] "POST /wp-cron.php?doing_wp_cron=1789939497.2744491100311279296875 HTTP/1.1" 200 - "-" "WordPress/7.1.1; https://veewin24hr.com"
38.246.33.22 - - [21/Sep/2026:04:24:56 +0700] "POST /xmlrpc.php HTTP/1.1" 200 13875 "-" "Mozilla/5.0 (Windows NT 10.0; Win64; x64) AppleWebKit/537.36 (KHTML, like Gecko) Chrome/131.0.0.0 Safari/537.36 Edg/131.0.0.0"
38.246.32.227 - - [21/Sep/2026:04:24:58 +0700] "POST /xmlrpc.php HTTP/1.1" 200 11485 "-" "Mozilla/5.0 (Macintosh; Intel Mac OS X 10.15; rv:137.0) Gecko/20100101 Firefox/137.0"
38.246.33.22 - - [21/Sep/2026:04:24:58 +0700] "GET /inside-dass-einigen-optionen-kann-sera-nicht-geheuer-werden-selbige-besten-verbunden-casinos-hinten-ausfindig-machen/ HTTP/1.1" 200 63737 "-" "Mozilla/5.0 (X11; Linux x86_64) AppleWebKit/537.36 (KHTML, like Gecko) Chrome/134.0.0.0 Safari/537.36"
38.246.32.227 - - [21/Sep/2026:04:25:00 +0700] "GET /qua-unserer-curacao-billigung-88-top-softwareanbietern-und-umfassenden-sicherheitsmanahmen-anfertigen-unsereins-eine-vertrauensvolle-umgebung-z-hd-ihr-spielerlebnis/ HTTP/1.1" 200 62199 "-" "Mozilla/5.0 (Windows NT 10.0; Win64; x64) AppleWebKit/537.36 (KHTML, like Gecko) Chrome/145.0.0.0 Safari/537.36"
64.225.105.238 - - [21/Sep/2026:04:24:52 +0700] "POST /xmlrpc.php HTTP/1.1" 200 181 "-" "Mozilla/5.0 (X11; Linux x86_64) AppleWebKit/537.36 Chrome/124.0"
130.51.22.156 - - [21/Sep/2026:04:25:11 +0700] "GET /goldbet-casino-magyarorszag-hivatalos-oldal-2026/ HTTP/1.1" 200 58543 "https://veewin24hr.com/" "Mozilla/5.0 (Macintosh; Intel Mac OS X 10.15; rv:138.0) Gecko/20100101 Firefox/138.0"
38.246.33.22 - - [21/Sep/2026:04:24:56 +0700] "POST /xmlrpc.php HTTP/1.1" 200 181 "-" "Mozilla/5.0 (Windows NT 10.0; Win64; x64) AppleWebKit/537.36 (KHTML, like Gecko) Chrome/119.0.0.0 Safari/537.36"
64.225.105.238 - - [21/Sep/2026:04:25:12 +0700] "POST /xmlrpc.php HTTP/1.1" 200 10860 "-" "Mozilla/5.0 (Macintosh; Intel Mac OS X 10_15_7) AppleWebKit/537.36"
104.248.25.191 - - [21/Sep/2026:04:25:01 +0700] "POST /xmlrpc.php HTTP/1.1" 200 181 "-" "Mozilla/5.0 (Macintosh; Intel Mac OS X 10_15_7) AppleWebKit/537.36 (KHTML, like Gecko) obsidian/1.8.9 Chrome/132.0.6834.210 Electron/34.3.0 Safari/537.36"
198.252.107.178 - - [21/Sep/2026:04:25:16 +0700] "POST /wp-cron.php?doing_wp_cron=1789939516.2965509891510009765625 HTTP/1.1" 200 - "-" "WordPress/7.1.1; https://veewin24hr.com"
38.246.32.227 - - [21/Sep/2026:04:25:00 +0700] "POST /xmlrpc.php HTTP/1.1" 200 181 "-" "Mozilla/5.0 (X11; Ubuntu; Linux x86_64; rv:137.0) Gecko/20100101 Firefox/137.0"
38.246.32.227 - - [21/Sep/2026:04:25:22 +0700] "POST /xmlrpc.php HTTP/1.1" 200 9380 "-" "Mozilla/5.0 (X11; Linux x86_64) AppleWebKit/537.36 (KHTML, like Gecko) Chrome/148.0.0.0 Safari/537.36"
38.246.33.22 - - [21/Sep/2026:04:25:09 +0700] "POST /xmlrpc.php HTTP/1.1" 200 181 "-" "Mozilla/5.0 (Windows NT 10.0; Win64; x64) AppleWebKit/537.36 (KHTML, like Gecko) Chrome/133.0.0.0 Safari/537.36"
198.252.107.178 - - [21/Sep/2026:04:25:22 +0700] "POST /wp-cron.php?doing_wp_cron=1789939522.8415930271148681640625 HTTP/1.1" 200 - "-" "WordPress/7.1.1; https://veewin24hr.com"
104.248.25.191 - - [21/Sep/2026:04:25:22 +0700] "POST /xmlrpc.php HTTP/1.1" 200 12246 "-" "Mozilla/5.0 (Windows NT 10.0; Win64; x64) AppleWebKit/537.36 (KHTML, like Gecko) Chrome/131.0.0.0 Safari/537.36"
64.225.105.238 - - [21/Sep/2026:04:25:21 +0700] "GET /progressive-jackpots-within-erreichbar-casinos-offerte-diesseitigen-spielern-gunstgewerblerin-auergewohnlich-aufregende-risiko-unglaubliche-preise-dahinter-gewinnen/ HTTP/1.1" 200 61528 "-" "Mozilla/5.0 (Macintosh; Intel Mac OS X 10_15_7) AppleWebKit/537.36 (KHTML, like Gecko) Chrome/128.0.0.0 Safari/537.36"
38.246.33.22 - - [21/Sep/2026:04:25:22 +0700] "POST /xmlrpc.php HTTP/1.1" 200 9538 "-" "Mozilla/5.0 (Macintosh; Intel Mac OS X 10_15_7) AppleWebKit/537.36"
38.246.32.227 - - [21/Sep/2026:04:25:24 +0700] "GET /sera-verfugt-uber-funf-landgestutzte-casinos-unter-anderem-wird-daher-funf-verbunden-tischspiellizenzen-lassen/ HTTP/1.1" 200 59131 "-" "Mozilla/5.0 (Macintosh; Intel Mac OS X 10_15_7) AppleWebKit/537.36 (KHTML, like Gecko) Chrome/129.0.0.0 Safari/537.36"
38.246.32.227 - - [21/Sep/2026:04:25:16 +0700] "POST /xmlrpc.php HTTP/1.1" 200 181 "-" "Mozilla/5.0 (Macintosh; Intel Mac OS X 10_15_7) AppleWebKit/605.1.15 (KHTML, like Gecko) Version/18.3 Safari/605.1.15"
104.248.25.191 - - [21/Sep/2026:04:25:25 +0700] "GET /as-well-reasonable-detachment-limits-make-it-easy-to-cash-out-profits-instead-one-unnecessary-delays/ HTTP/1.1" 200 61755 "-" "Mozilla/5.0 (X11; Linux x86_64) AppleWebKit/537.36 Chrome/124.0"
38.246.33.22 - - [21/Sep/2026:04:25:30 +0700] "POST /xmlrpc.php HTTP/1.1" 200 9531 "-" "Mozilla/5.0 (Windows NT 10.0; Win64; x64) AppleWebKit/537.36 (KHTML, like Gecko) Chrome/148.0.0.0 Safari/537.36"
38.246.32.227 - - [21/Sep/2026:04:25:33 +0700] "POST /xmlrpc.php HTTP/1.1" 200 11553 "-" "Mozilla/5.0 (Macintosh; Intel Mac OS X 10_15_7) AppleWebKit/537.36 (KHTML, like Gecko) Chrome/135.0.0.0 Safari/537.36"
38.246.33.22 - - [21/Sep/2026:04:25:33 +0700] "GET /etliche-unterlagen-in-hinblick-auf-search-engine-give-casinos-beibehalten-sie-falls-die-kunden-dm-link-gehorchen/ HTTP/1.1" 200 59406 "-" "Mozilla/5.0 (Windows NT 10.0; Win64; x64) AppleWebKit/537.36 (KHTML, like Gecko) obsidian/1.8.3 Chrome/130.0.6723.191 Electron/33.3.2 Safari/537.36"
38.246.32.227 - - [21/Sep/2026:04:25:37 +0700] "GET /unser-gebilde-kombiniert-konzentriert-wochentliche-kampagnen-unter-zuhilfenahme-von-standig-verfugbaren-programmen-wie-gleichfalls-dem-coin-bazaar/ HTTP/1.1" 200 61960 "-" "Mozilla/5.0 (X11; Linux x86_64) AppleWebKit/537.36 (KHTML, like Gecko) Chrome/129.0.0.0 Safari/537.36"
198.252.107.178 - - [21/Sep/2026:04:25:43 +0700] "POST /wp-cron.php?doing_wp_cron=1789939543.4453020095825195312500 HTTP/1.1" 200 - "-" "WordPress/7.1.1; https://veewin24hr.com"
38.246.33.22 - - [21/Sep/2026:04:25:30 +0700] "POST /xmlrpc.php HTTP/1.1" 200 181 "-" "Mozilla/5.0 (Macintosh; Intel Mac OS X 10_15_7) AppleWebKit/537.36 (KHTML, like Gecko) Chrome/148.0.0.0 Safari/537.36"
64.225.105.238 - - [21/Sep/2026:04:25:33 +0700] "POST /xmlrpc.php HTTP/1.1" 200 181 "-" "Mozilla/5.0 (Macintosh; Intel Mac OS X 10_15_7) AppleWebKit/605.1.15 (KHTML, like Gecko) Version/18.2 Safari/605.1.15"
198.252.107.178 - - [21/Sep/2026:04:25:45 +0700] "POST /wp-cron.php?doing_wp_cron=1789939545.8369040489196777343750 HTTP/1.1" 200 - "-" "WordPress/7.1.1; https://veewin24hr.com"
38.246.32.227 - - [21/Sep/2026:04:25:34 +0700] "POST /xmlrpc.php HTTP/1.1" 200 181 "-" "Mozilla/5.0 (X11; Ubuntu; Linux x86_64; rv:138.0) Gecko/20100101 Firefox/138.0"
38.246.33.22 - - [21/Sep/2026:04:25:50 +0700] "POST /xmlrpc.php HTTP/1.1" 200 12049 "-" "Mozilla/5.0 (Windows NT 10.0; Win64; x64) AppleWebKit/537.36 (KHTML, like Gecko) Chrome/134.0.0.0 Safari/537.36 Edg/134.0.0.0"
38.246.32.227 - - [21/Sep/2026:04:25:52 +0700] "POST /xmlrpc.php HTTP/1.1" 200 11481 "-" "Mozilla/5.0 (Windows NT 10.0; Win64; x64) AppleWebKit/537.36 (KHTML, like Gecko) Chrome/147.0.0.0 Safari/537.36 OPR/131.0.0.0"
38.246.33.22 - - [21/Sep/2026:04:25:52 +0700] "GET /unser-gruppe-existiert-aufgebraucht-traditionellen-igaming-spezialisten-diese-prazise-wissen-had-been-folgende-plattform-einfach-benutzbar-oder-sicher-potenz/ HTTP/1.1" 200 62582 "-" "Mozilla/5.0 (Windows NT 10.0; Win64; x64) AppleWebKit/537.36 (KHTML, like Gecko) Chrome/131.0.0.0 Safari/537.36 Edg/131.0.0.0"
38.246.32.227 - - [21/Sep/2026:04:25:48 +0700] "POST /xmlrpc.php HTTP/1.1" 200 181 "-" "Mozilla/5.0 (Windows NT 10.0; Win64; x64) AppleWebKit/537.36 (KHTML, like Gecko) Chrome/147.0.0.0 Safari/537.36"
198.252.107.178 - - [21/Sep/2026:04:25:55 +0700] "POST /wp-cron.php?doing_wp_cron=1789939555.6815040111541748046875 HTTP/1.1" 200 - "-" "WordPress/7.1.1; https://veewin24hr.com"
38.246.33.22 - - [21/Sep/2026:04:25:47 +0700] "POST /xmlrpc.php HTTP/1.1" 200 181 "-" "Mozilla/5.0 (X11; Linux x86_64; rv:128.0) Gecko/20100101 Firefox/128.0"
38.246.32.227 - - [21/Sep/2026:04:25:54 +0700] "GET /diddly-squat-towards-top-erfreute-einander-im-zuge-seiner-simplizitat-ein-einfachen-managen-ihr-groen-gefuhlsduselei/ HTTP/1.1" 200 61410 "-" "Mozilla/5.0 (Macintosh; Intel Mac OS X 10_15_7) AppleWebKit/605.1.15 (KHTML, like Gecko) Version/16.6 Safari/605.1.15"
64.225.105.238 - - [21/Sep/2026:04:25:58 +0700] "POST /xmlrpc.php HTTP/1.1" 200 11104 "-" "Mozilla/5.0 (Windows NT 10.0; Win64; x64) AppleWebKit/537.36 (KHTML, like Gecko) Chrome/131.0.0.0 Safari/537.36 Edg/131.0.0.0"
38.246.32.227 - - [21/Sep/2026:04:26:01 +0700] "POST /xmlrpc.php HTTP/1.1" 200 11474 "-" "Mozilla/5.0 (Windows NT 10.0; Win64; x64) AppleWebKit/537.36 (KHTML, like Gecko) Chrome/133.0.0.0 Safari/537.36"
38.246.33.22 - - [21/Sep/2026:04:26:02 +0700] "POST /xmlrpc.php HTTP/1.1" 200 10689 "-" "Mozilla/5.0 (Macintosh; Intel Mac OS X 10_15_7) AppleWebKit/537.36 (KHTML, like Gecko) Chrome/135.0.0.0 Safari/537.36"
38.246.32.227 - - [21/Sep/2026:04:26:03 +0700] "GET /sowie-du-bestimmte-spiele-suchst-solltest-du-am-besten-vorher-unsre-moglich-spielsalon-testberichte-lesen/ HTTP/1.1" 200 61166 "-" "Mozilla/5.0 (Windows NT 10.0; Win64; x64) AppleWebKit/537.36 (KHTML, like Gecko) Chrome/134.0.0.0 YaBrowser/25.4.0.0 Safari/537.36"
64.225.105.238 - - [21/Sep/2026:04:26:05 +0700] "GET /zweitrangig-noch-kurz-ebendiese-bonusregeln-einsehen-schon-dasjenige-war-wichtiger-denn-person-denkt/ HTTP/1.1" 200 60675 "-" "Mozilla/5.0 (X11; Linux x86_64) AppleWebKit/537.36 (KHTML, like Gecko) Chrome/148.0.0.0 Safari/537.36"
38.246.33.22 - - [21/Sep/2026:04:26:07 +0700] "GET /die-autoren-achten-hinein-unseren-examinations-nebensachlich-darauf-wie-etliche-spiele-real-elastisch-zuganglich-werden/ HTTP/1.1" 200 60659 "-" "Mozilla/5.0 (Windows NT 10.0; Win64; x64) AppleWebKit/537.36 (KHTML, like Gecko) Chrome/134.0.0.0 Safari/537.36 Edg/134.0.0.0"
198.252.107.178 - - [21/Sep/2026:04:26:13 +0700] "POST /wp-cron.php?doing_wp_cron=1789939573.4496970176696777343750 HTTP/1.1" 200 - "-" "WordPress/7.1.1; https://veewin24hr.com"
38.246.33.22 - - [21/Sep/2026:04:26:04 +0700] "POST /xmlrpc.php HTTP/1.1" 200 181 "-" "Mozilla/5.0 (X11; Linux x86_64; rv:138.0) Gecko/20100101 Firefox/138.0"
38.246.32.227 - - [21/Sep/2026:04:26:02 +0700] "POST /xmlrpc.php HTTP/1.1" 200 181 "-" "Mozilla/5.0 (Macintosh; Intel Mac OS X 10_15_7) AppleWebKit/537.36 (KHTML, like Gecko) Chrome/136.0.0.0 Safari/537.36 Edg/136.0.0.0"
38.246.33.22 - - [21/Sep/2026:04:26:19 +0700] "POST /xmlrpc.php HTTP/1.1" 200 11321 "-" "Mozilla/5.0 (Macintosh; Intel Mac OS X 10_15_7) AppleWebKit/605.1.15 (KHTML, like Gecko) Version/18.4 Safari/605.1.15"
38.246.32.227 - - [21/Sep/2026:04:26:19 +0700] "POST /xmlrpc.php HTTP/1.1" 200 13529 "-" "Mozilla/5.0 (Windows NT 10.0; Win64; x64) AppleWebKit/537.36 (KHTML, like Gecko) Chrome/135.0.0.0 Safari/537.36 Edg/135.0.0.0"
198.252.107.178 - - [21/Sep/2026:04:26:23 +0700] "POST /wp-cron.php?doing_wp_cron=1789939583.3277020454406738281250 HTTP/1.1" 200 - "-" "WordPress/7.1.1; https://veewin24hr.com"
38.246.33.22 - - [21/Sep/2026:04:26:16 +0700] "POST /xmlrpc.php HTTP/1.1" 200 181 "-" "Mozilla/5.0 (X11; Linux x86_64; rv:137.0) Gecko/20100101 Firefox/137.0"
38.246.32.227 - - [21/Sep/2026:04:26:22 +0700] "GET /within-einen-meisten-online-casinos-diese-dasjenige-the-roulette-table-spiel-bieten-liegt-ihr-rtp-wichtigkeit-in-9730-von-hundert/ HTTP/1.1" 200 63604 "-" "Mozilla/5.0 (Windows NT 10.0; Win64; x64) AppleWebKit/537.36 (KHTML, like Gecko) Chrome/131.0.0.0 Safari/537.36 Edg/131.0.0.0"
38.246.33.22 - - [21/Sep/2026:04:26:21 +0700] "GET /welche-person-wieder-und-wieder-spielt-darf-prazise-uff-solchen-additional-ausschau-halten/ HTTP/1.1" 200 60745 "-" "Mozilla/5.0 (Windows NT 10.0; Win64; x64; rv:136.0) Gecko/20100101 Firefox/136.0"
38.246.33.22 - - [21/Sep/2026:04:26:29 +0700] "POST /xmlrpc.php HTTP/1.1" 200 10102 "-" "Mozilla/5.0 (X11; Linux x86_64) AppleWebKit/537.36 (KHTML, like Gecko) Chrome/134.0.0.0 Safari/537.36"
198.252.107.178 - - [21/Sep/2026:04:26:31 +0700] "POST /wp-cron.php?doing_wp_cron=1789939591.8635149002075195312500 HTTP/1.1" 200 - "-" "WordPress/7.1.1; https://veewin24hr.com"
38.246.32.227 - - [21/Sep/2026:04:26:20 +0700] "POST /xmlrpc.php HTTP/1.1" 200 181 "-" "Mozilla/5.0 (Windows NT 10.0; Win64; x64) AppleWebKit/537.36 (KHTML, like Gecko) Chrome/136.0.0.0 Safari/537.36"
38.246.33.22 - - [21/Sep/2026:04:26:33 +0700] "GET /in-der-rangliste-finden-sie-die-entgegnung-samtliche-muhelos/ HTTP/1.1" 200 59094 "-" "Mozilla/5.0 (X11; Linux x86_64) AppleWebKit/537.36 (KHTML, like Gecko) Chrome/148.0.0.0 Safari/537.36"
38.246.32.227 - - [21/Sep/2026:04:26:38 +0700] "POST /xmlrpc.php HTTP/1.1" 200 11558 "-" "Mozilla/5.0 (Windows NT 10.0; Win64; x64; rv:138.0) Gecko/20100101 Firefox/138.0"
64.225.105.238 - - [21/Sep/2026:04:26:27 +0700] "POST /xmlrpc.php HTTP/1.1" 200 181 "-" "Mozilla/5.0 (Macintosh; Intel Mac OS X 10_15_7) AppleWebKit/605.1.15 (KHTML, like Gecko) Version/18.2 Safari/605.1.15"
38.246.32.227 - - [21/Sep/2026:04:26:41 +0700] "GET /welches-organismus-kombiniert-intensiv-wochentliche-kampagnen-unter-zuhilfenahme-von-permanent-verfugbaren-programmen-wie-mark-coin-bazar/ HTTP/1.1" 200 61816 "-" "Mozilla/5.0 (Macintosh; Intel Mac OS X 10.15; rv:150.0) Gecko/20100101 Firefox/150.0"
198.252.107.178 - - [21/Sep/2026:04:26:43 +0700] "POST /wp-cron.php?doing_wp_cron=1789939603.2280640602111816406250 HTTP/1.1" 200 - "-" "WordPress/7.1.1; https://veewin24hr.com"
38.246.33.22 - - [21/Sep/2026:04:26:33 +0700] "POST /xmlrpc.php HTTP/1.1" 200 181 "-" "Mozilla/5.0 (Windows NT 10.0; Win64; x64) AppleWebKit/537.36 (KHTML, like Gecko) obsidian/1.8.9 Chrome/132.0.6834.210 Electron/34.3.0 Safari/537.36"
38.246.32.227 - - [21/Sep/2026:04:26:35 +0700] "POST /xmlrpc.php HTTP/1.1" 200 181 "-" "Mozilla/5.0 (Windows NT 10.0; Win64; x64) AppleWebKit/537.36 (KHTML, like Gecko) Chrome/136.0.0.0 Safari/537.36"
198.252.107.178 - - [21/Sep/2026:04:26:49 +0700] "POST /wp-cron.php?doing_wp_cron=1789939609.3438758850097656250000 HTTP/1.1" 200 - "-" "WordPress/7.1.1; https://veewin24hr.com"
42.114.204.177 - - [21/Sep/2026:04:26:42 +0700] "GET /goldbet-casino-magyarorszag-hivatalos-oldal-2026/ HTTP/1.1" 200 58543 "https://veewin24hr.com/" "Mozilla/5.0 (Macintosh; Intel Mac OS X 10_15_7) AppleWebKit/537.36 (KHTML, like Gecko) Chrome/136.0.0.0 Safari/537.36"
190.183.19.74 - - [21/Sep/2026:04:26:32 +0700] "POST /xmlrpc.php HTTP/1.1" 200 181 "-" "Mozilla/5.0 (X11; Linux x86_64) AppleWebKit/537.36 (KHTML, like Gecko) Chrome/131.0.0.0 Safari/537.36"
38.246.33.22 - - [21/Sep/2026:04:26:55 +0700] "POST /xmlrpc.php HTTP/1.1" 200 10044 "-" "Mozilla/5.0 (Macintosh; Intel Mac OS X 10_15_7) AppleWebKit/605.1.15 (KHTML, like Gecko) Version/18.1 Safari/605.1.15"
38.246.32.227 - - [21/Sep/2026:04:26:56 +0700] "POST /xmlrpc.php HTTP/1.1" 200 9818 "-" "Mozilla/5.0 (Windows NT 10.0; Win64; x64) AppleWebKit/537.36 (KHTML, like Gecko) Chrome/91.0.4472.124 Safari/537.36"
38.246.33.22 - - [21/Sep/2026:04:26:58 +0700] "GET /ebendiese-in-kraft-sein-und-z-hd-jungspund-denn-sekundar-z-hd-erfahrene-zocker-ebendiese-diesen-methode-scharf-machen-mochten/ HTTP/1.1" 200 60071 "-" "Mozilla/5.0 (Windows NT 10.0; Win64; x64) AppleWebKit/537.36 (KHTML, like Gecko) Chrome/109.0.0.0 Safari/537.36"
38.246.32.227 - - [21/Sep/2026:04:26:59 +0700] "GET /sera-war-somit-wichtig-gegenseitig-reichhaltig-unter-einsatz-von-den-bedingungen-des-eigenen-bonusangebots-auseinanderzusetzen-damit-das-maximum-herauszuholen/ HTTP/1.1" 200 60418 "-" "Mozilla/5.0 (Macintosh; Intel Mac OS X 10_15_7) AppleWebKit/537.36 (KHTML, like Gecko) Chrome/132.0.0.0 Safari/537.36"
38.246.32.227 - - [21/Sep/2026:04:26:48 +0700] "POST /xmlrpc.php HTTP/1.1" 200 181 "-" "Mozilla/5.0 (Windows NT 10.0; Win64; x64) AppleWebKit/537.36 (KHTML, like Gecko) Chrome/136.0.0.0 Safari/537.36 Edg/136.0.0.0"
198.252.107.178 - - [21/Sep/2026:04:27:02 +0700] "POST /wp-cron.php?doing_wp_cron=1789939622.4080319404602050781250 HTTP/1.1" 200 - "-" "WordPress/7.1.1; https://veewin24hr.com"
38.246.33.22 - - [21/Sep/2026:04:26:44 +0700] "POST /xmlrpc.php HTTP/1.1" 200 181 "-" "Mozilla/5.0 (X11; Linux x86_64) AppleWebKit/537.36 (KHTML, like Gecko) Chrome/148.0.0.0 Safari/537.36"
38.246.33.22 - - [21/Sep/2026:04:27:07 +0700] "POST /xmlrpc.php HTTP/1.1" 200 9538 "-" "Mozilla/5.0 (Macintosh; Intel Mac OS X 10_15_7) AppleWebKit/537.36 (KHTML, like Gecko) Chrome/129.0.0.0 Safari/537.36"
38.246.33.22 - - [21/Sep/2026:04:27:08 +0700] "POST /xmlrpc.php HTTP/1.1" 200 12080 "-" "Mozilla/5.0 (Macintosh; Intel Mac OS X 10_15_7) AppleWebKit/537.36 (KHTML, like Gecko) Chrome/146.0.0.0 Safari/537.36"
64.225.105.238 - - [21/Sep/2026:04:26:49 +0700] "POST /xmlrpc.php HTTP/1.1" 200 181 "-" "Mozilla/5.0 (Windows NT 10.0; Win64; x64; rv:135.0) Gecko/20100101 Firefox/135.0"
38.246.32.227 - - [21/Sep/2026:04:27:09 +0700] "POST /xmlrpc.php HTTP/1.1" 200 9555 "-" "Mozilla/5.0 (Windows NT 10.0; Win64; x64) AppleWebKit/537.36 (KHTML, like Gecko) Chrome/122.0.0.0 Safari/537.36"
38.246.33.22 - - [21/Sep/2026:04:27:10 +0700] "GET /d-h-falls-der-140%EF%BF%BD-einzahlt-erhaltet-das-etliche-140%EF%BF%BD-vom-spielsaal/ HTTP/1.1" 200 58832 "-" "Mozilla/5.0 (Windows NT 10.0; Win64; x64) AppleWebKit/537.36 (KHTML, like Gecko) obsidian/1.8.9 Chrome/132.0.6834.210 Electron/34.3.0 Safari/537.36"
38.246.33.22 - - [21/Sep/2026:04:27:00 +0700] "POST /xmlrpc.php HTTP/1.1" 200 181 "-" "Mozilla/5.0 (Windows NT 10.0; Win64; x64) AppleWebKit/537.36 (KHTML, like Gecko) Chrome/117.0.5938.132 Safari/537.36"
64.225.105.238 - - [21/Sep/2026:04:27:02 +0700] "POST /xmlrpc.php HTTP/1.1" 200 181 "-" "Mozilla/5.0 (X11; Ubuntu; Linux x86_64; rv:137.0) Gecko/20100101 Firefox/137.0"
38.246.33.22 - - [21/Sep/2026:04:27:11 +0700] "GET /hinten-den-ellenlang-verbreiteten-varianten-gehoren-kredit-debit-unter-anderem-prepaid-karten-wenn-bankuberweisungen/ HTTP/1.1" 200 61951 "-" "Mozilla/5.0 (Macintosh; Intel Mac OS X 10_15_7) AppleWebKit/537.36 (KHTML, like Gecko) obsidian/1.6.5 Chrome/124.0.6367.243 Electron/30.1.2 Safari/537.36"
38.246.32.227 - - [21/Sep/2026:04:27:15 +0700] "GET /damit-angewandten-indienstnahme-nachdem-anbringen-beherrschen-nachfolgende-zocker-alle-dieser-diversitat-von-spielen-bestimmen/ HTTP/1.1" 200 59587 "-" "Mozilla/5.0 (Macintosh; Intel Mac OS X 10_15_7) AppleWebKit/537.36 (KHTML, like Gecko) Chrome/148.0.0.0 Safari/537.36"
38.246.32.227 - - [21/Sep/2026:04:27:03 +0700] "POST /xmlrpc.php HTTP/1.1" 200 181 "-" "Mozilla/5.0 (Windows NT 10.0; Win64; x64) AppleWebKit/537.36 (KHTML, like Gecko) Chrome/147.0.0.0 Safari/537.36 OPR/131.0.0.0"
64.225.105.238 - - [21/Sep/2026:04:27:19 +0700] "POST /xmlrpc.php HTTP/1.1" 200 9968 "-" "Mozilla/5.0 (Windows NT 10.0; Win64; x64; rv:137.0) Gecko/20100101 Firefox/137.0"
190.122.187.95 - - [21/Sep/2026:04:27:26 +0700] "POST /xmlrpc.php HTTP/1.1" 200 403 "-" "Mozilla/5.0 (Macintosh; Intel Mac OS X 10_15_7) AppleWebKit/537.36 (KHTML, like Gecko) obsidian/1.8.10 Chrome/132.0.6834.196 Electron/34.2.0 Safari/537.36"
104.248.25.191 - - [21/Sep/2026:04:27:08 +0700] "POST /xmlrpc.php HTTP/1.1" 200 181 "-" "Mozilla/5.0 (Macintosh; Intel Mac OS X 10_15_7) AppleWebKit/605.1.15 (KHTML, like Gecko) Version/18.5 Safari/605.1.15"
38.246.33.22 - - [21/Sep/2026:04:27:27 +0700] "POST /xmlrpc.php HTTP/1.1" 200 11514 "-" "Mozilla/5.0 (Windows NT 10.0; Win64; x64) AppleWebKit/537.36 (KHTML, like Gecko) Chrome/131.0.0.0 Safari/537.36 Edg/131.0.0.0"
64.225.105.238 - - [21/Sep/2026:04:27:29 +0700] "POST /xmlrpc.php HTTP/1.1" 200 10439 "-" "Mozilla/5.0 (Macintosh; Intel Mac OS X 10_15_7) AppleWebKit/537.36 (KHTML, like Gecko) Chrome/147.0.0.0 Safari/537.36"
38.246.33.22 - - [21/Sep/2026:04:27:11 +0700] "POST /xmlrpc.php HTTP/1.1" 200 181 "-" "Mozilla/5.0 (Windows NT 10.0; Win64; x64) AppleWebKit/537.36 (KHTML, like Gecko) Chrome/137.0.0.0 Safari/537.36"
64.225.105.238 - - [21/Sep/2026:04:27:17 +0700] "POST /xmlrpc.php HTTP/1.1" 200 181 "-" "Mozilla/5.0 (Windows NT 10.0; Win64; x64) AppleWebKit/537.36 (KHTML, like Gecko) Chrome/148.0.0.0 Safari/537.36 Edg/148.0.0.0"
38.246.32.227 - - [21/Sep/2026:04:27:17 +0700] "POST /xmlrpc.php HTTP/1.1" 200 181 "-" "Mozilla/5.0 (Macintosh; Intel Mac OS X 10_15_7) AppleWebKit/537.36 (KHTML, like Gecko) obsidian/1.8.10 Chrome/132.0.6834.196 Electron/34.2.0 Safari/537.36"
64.225.105.238 - - [21/Sep/2026:04:27:29 +0700] "GET /zuletzt-gilt-sera-diesseitigen-aussicht-nach-einen-vorhandenen-kundensupport-hinter-werfen/ HTTP/1.1" 200 59455 "-" "Mozilla/5.0 (Windows NT 10.0; Win64; x64) AppleWebKit/537.36 (KHTML, like Gecko) obsidian/1.8.9 Chrome/132.0.6834.210 Electron/34.3.0 Safari/537.36"
38.246.32.227 - - [21/Sep/2026:04:27:31 +0700] "POST /xmlrpc.php HTTP/1.1" 200 9487 "-" "Mozilla/5.0 (Macintosh; Intel Mac OS X 10_15_7) AppleWebKit/537.36 (KHTML, like Gecko) Chrome/133.0.0.0 Safari/537.36"
42.114.204.177 - - [21/Sep/2026:04:27:31 +0700] "GET /wp-login.php?action=register HTTP/1.1" 302 - "https://veewin24hr.com/goldbet-casino-magyarorszag-hivatalos-oldal-2026/" "Mozilla/5.0 (Windows NT 6.3; Win64; x64) AppleWebKit/537.36 (KHTML, like Gecko) Chrome/103.0.0.0 Safari/537.36"
104.248.25.191 - - [21/Sep/2026:04:27:36 +0700] "POST /xmlrpc.php HTTP/1.1" 200 8578 "-" "Mozilla/5.0 (Macintosh; Intel Mac OS X 10_15_7) AppleWebKit/605.1.15 (KHTML, like Gecko) Version/26.4 Safari/605.1.15"
38.246.33.22 - - [21/Sep/2026:04:27:32 +0700] "GET /du-kannst-nichtens-einfach-uff-dein-gutschrift-zupacken-stattdessen-die-entnahme-ausschlielich-bei-dem-kasino-betreiber-beantragen/ HTTP/1.1" 200 61614 "-" "Mozilla/5.0 (X11; Linux x86_64) AppleWebKit/537.36 (KHTML, like Gecko) Chrome/136.0.0.0 Safari/537.36"
42.114.204.177 - - [21/Sep/2026:04:27:40 +0700] "GET /wp-login.php?registration=disabled HTTP/1.1" 200 7447 "https://veewin24hr.com/wp-login.php?action=register" "Mozilla/5.0 (Windows NT 6.3; Win64; x64) AppleWebKit/537.36 (KHTML, like Gecko) Chrome/103.0.0.0 Safari/537.36"
38.246.32.227 - - [21/Sep/2026:04:27:41 +0700] "GET /jedweder-legale-gangbar-casinos-unser-die-autoren-ihnen-meinen-offerte-game-of-chance-admirers-mehrere-vorzuge/ HTTP/1.1" 200 59247 "-" "Mozilla/5.0 (Windows NT 10.0; Win64; x64) AppleWebKit/537.36 (KHTML, like Gecko) Chrome/148.0.0.0 Safari/537.36"
104.248.25.191 - - [21/Sep/2026:04:27:42 +0700] "GET /long-title-totally-free-revolves-are-capable-of-present-users-rather-than-the-brand-new-sign-ups/ HTTP/1.1" 200 58068 "-" "Mozilla/5.0 (X11; Linux x86_64) AppleWebKit/537.36 (KHTML, like Gecko) Chrome/135.0.0.0 Safari/537.36"
192.250.230.11 - - [21/Sep/2026:04:27:42 +0700] "GET /wp-login.php HTTP/1.1" 200 7255 "-" "Mozilla/5.0 (Windows NT 10.0; Win64; x64) AppleWebKit/537.36 (KHTML, like Gecko) Chrome/148.0.0.0 Safari/537.36"
38.246.33.22 - - [21/Sep/2026:04:27:42 +0700] "POST /xmlrpc.php HTTP/1.1" 200 13122 "-" "Mozilla/5.0 (Windows NT 10.0; Win64; x64) AppleWebKit/537.36 (KHTML, like Gecko) obsidian/1.6.5 Chrome/124.0.6367.243 Electron/30.1.2 Safari/537.36"
64.225.105.238 - - [21/Sep/2026:04:27:43 +0700] "GET /nachfolgende-auswahl-der-finanzielle-mittel-bei-casinos-frei-sperrdatei-sei-wesentlich-zu-handen-ihr-reibungsloses-oder-sicheres-spielerlebnis/ HTTP/1.1" 200 60783 "-" "Mozilla/5.0 (X11; Linux x86_64) AppleWebKit/537.36 (KHTML, like Gecko) Chrome/129.0.0.0 Safari/537.36"
38.246.33.22 - - [21/Sep/2026:04:27:29 +0700] "POST /xmlrpc.php HTTP/1.1" 200 181 "-" "Mozilla/5.0 (Macintosh; Intel Mac OS X 10_15_7) AppleWebKit/605.1.15 (KHTML, like Gecko) Version/16.6 Safari/605.1.15"
38.246.32.227 - - [21/Sep/2026:04:27:44 +0700] "POST /xmlrpc.php HTTP/1.1" 200 11894 "-" "Mozilla/5.0 (Macintosh; Intel Mac OS X 10_15_7) AppleWebKit/605.1.15 (KHTML, like Gecko) Version/17.6 Safari/605.1.15"
64.225.105.238 - - [21/Sep/2026:04:27:43 +0700] "POST /xmlrpc.php HTTP/1.1" 200 11901 "-" "Mozilla/5.0 (Windows NT 10.0; Win64; x64) AppleWebKit/537.36 (KHTML, like Gecko) Chrome/148.0.0.0 Safari/537.36 Edg/148.0.0.0"
38.246.32.227 - - [21/Sep/2026:04:27:31 +0700] "POST /xmlrpc.php HTTP/1.1" 200 181 "-" "Mozilla/5.0 (Windows NT 10.0; Win64; x64) AppleWebKit/537.36 (KHTML, like Gecko) Chrome/109.0.0.0 Safari/537.36"
64.225.105.238 - - [21/Sep/2026:04:27:42 +0700] "POST /xmlrpc.php HTTP/1.1" 200 181 "-" "Mozilla/5.0 (Macintosh; Intel Mac OS X 10_15_7) AppleWebKit/537.36 (KHTML, like Gecko) Chrome/122.0.0.0 Safari/537.36"
38.246.33.22 - - [21/Sep/2026:04:27:38 +0700] "POST /xmlrpc.php HTTP/1.1" 200 181 "-" "Mozilla/5.0 (Macintosh; Intel Mac OS X 10_15_7) AppleWebKit/537.36 (KHTML, like Gecko) Chrome/134.0.0.0 Safari/537.36"
192.250.230.11 - - [21/Sep/2026:04:27:49 +0700] "POST /wp-login.php HTTP/1.1" 200 7680 "https://veewin24hr.com/wp-login.php" "Mozilla/5.0 (Windows NT 10.0; Win64; x64) AppleWebKit/537.36 (KHTML, like Gecko) Chrome/148.0.0.0 Safari/537.36"
64.225.105.238 - - [21/Sep/2026:04:27:55 +0700] "POST /xmlrpc.php HTTP/1.1" 500 602 "-" "Mozilla/5.0 (Macintosh; Intel Mac OS X 10_15_7) AppleWebKit/605.1.15 (KHTML, like Gecko) Version/18.2 Safari/605.1.15"
38.246.32.227 - - [21/Sep/2026:04:27:57 +0700] "GET /sobald-die-leser-ebendiese-kontrolle-lagern-zu-tun-sein-effizienz-die-leser-unsere-technology-je-verantwortungsvolles-zum-besten-geben-wie-gleichfalls-zwerk/ HTTP/1.1" 200 62393 "-" "Mozilla/5.0 (Macintosh; Intel Mac OS X 10_15_7) AppleWebKit/537.36 (KHTML, like Gecko) Chrome/145.0.0.0 Safari/537.36 OPR/129.0.0.0"
38.246.33.22 - - [21/Sep/2026:04:27:52 +0700] "GET /betano-ist-bereits-als-sportwettenanbieter-beruhmt-bietet-seitdem-geraumer-uhrzeit-beilaufig-automatenspiele-aktiv/ HTTP/1.1" 200 62938 "-" "Mozilla/5.0 (X11; Linux x86_64; rv:137.0) Gecko/20100101 Firefox/137.0"
64.225.105.238 - - [21/Sep/2026:04:28:00 +0700] "GET /ebendiese-lieferant-verzichten-aufwarts-aufwendige-verifizierungsverfahren-im-vorfeld-ein-ersten-einzahlung-ferner-zuteil-werden-lassen-einen-direkten-spielstart/ HTTP/1.1" 200 62502 "-" "Mozilla/5.0 (Macintosh; Intel Mac OS X 10_15_7) AppleWebKit/605.1.15 (KHTML, like Gecko) Version/16.6 Safari/605.1.15"
192.250.230.11 - - [21/Sep/2026:04:28:00 +0700] "GET /wp-json/wp/v2/users/me HTTP/1.1" 401 96 "-" "Mozilla/5.0 (Windows NT 10.0; Win64; x64) AppleWebKit/537.36 (KHTML, like Gecko) Chrome/148.0.0.0 Safari/537.36"
38.246.33.22 - - [21/Sep/2026:04:28:01 +0700] "POST /xmlrpc.php HTTP/1.1" 200 11646 "-" "Mozilla/5.0 (X11; Linux x86_64) AppleWebKit/537.36 (KHTML, like Gecko) Chrome/124.0.0.0 Safari/537.36"
38.246.32.227 - - [21/Sep/2026:04:27:46 +0700] "POST /xmlrpc.php HTTP/1.1" 200 181 "-" "Mozilla/5.0 (Windows NT 10.0; Win64; x64) AppleWebKit/537.36 (KHTML, like Gecko) Chrome/124.0.0.0 Safari/537.36"
198.252.107.178 - - [21/Sep/2026:04:28:02 +0700] "POST /wp-cron.php?doing_wp_cron=1789939682.4959039688110351562500 HTTP/1.1" 200 - "-" "WordPress/7.1.1; https://veewin24hr.com"
38.246.33.22 - - [21/Sep/2026:04:27:48 +0700] "POST /xmlrpc.php HTTP/1.1" 200 181 "-" "Mozilla/5.0 (Macintosh; Intel Mac OS X 10_15_7) AppleWebKit/605.1.15 (KHTML, like Gecko) Version/18.2 Safari/605.1.15"
198.252.107.178 - - [21/Sep/2026:04:28:02 +0700] "POST /wp-cron.php?doing_wp_cron=1789939682.4758100509643554687500 HTTP/1.1" 200 - "-" "WordPress/7.1.1; https://veewin24hr.com"
38.246.32.227 - - [21/Sep/2026:04:28:04 +0700] "POST /xmlrpc.php HTTP/1.1" 200 12392 "-" "Mozilla/5.0 (Windows NT 10.0; Win64; x64) AppleWebKit/537.36 (KHTML, like Gecko) Chrome/109.0.0.0 Safari/537.36"
64.225.105.238 - - [21/Sep/2026:04:28:06 +0700] "POST /xmlrpc.php HTTP/1.1" 200 10607 "-" "Mozilla/5.0 (Macintosh; Intel Mac OS X 10_15_7) AppleWebKit/605.1.15 (KHTML, like Gecko) Version/18.5 Safari/605.1.15"
38.246.32.227 - - [21/Sep/2026:04:28:01 +0700] "POST /xmlrpc.php HTTP/1.1" 200 181 "-" "Mozilla/5.0 (Windows NT 10.0; Win64; x64) AppleWebKit/537.36 (KHTML, like Gecko) Chrome/120.0.0.0 Safari/537.36"
38.246.33.22 - - [21/Sep/2026:04:28:01 +0700] "POST /xmlrpc.php HTTP/1.1" 200 181 "-" "Mozilla/5.0 (Windows NT 10.0; Win64; x64) AppleWebKit/537.36 (KHTML, like Gecko) Chrome/132.0.0.0 Safari/537.36 OPR/117.0.0.0"
38.246.33.22 - - [21/Sep/2026:04:28:07 +0700] "POST /xmlrpc.php HTTP/1.1" 200 11416 "-" "Mozilla/5.0 (Windows NT 10.0; Win64; x64) AppleWebKit/537.36 (KHTML, like Gecko) Chrome/122.0.0.0 Safari/537.36"
198.252.107.178 - - [21/Sep/2026:04:28:14 +0700] "POST /wp-cron.php?doing_wp_cron=1789939694.0049810409545898437500 HTTP/1.1" 200 - "-" "WordPress/7.1.1; https://veewin24hr.com"
38.246.33.22 - - [21/Sep/2026:04:28:08 +0700] "GET /crypto-faucets-gehoren-hinter-den-spezialitaten-fast-aller-krypto-casinos-abzuglich-kyc/ HTTP/1.1" 200 61045 "-" "Mozilla/5.0 (Windows NT 10.0; Win64; x64) AppleWebKit/537.36 (KHTML, like Gecko) Chrome/134.0.0.0 Safari/537.36"
198.252.107.178 - - [21/Sep/2026:04:28:15 +0700] "POST /wp-cron.php?doing_wp_cron=1789939695.5214760303497314453125 HTTP/1.1" 200 - "-" "WordPress/7.1.1; https://veewin24hr.com"
64.225.105.238 - - [21/Sep/2026:04:28:01 +0700] "POST /xmlrpc.php HTTP/1.1" 200 181 "-" "Mozilla/5.0 (X11; Linux x86_64) AppleWebKit/537.36 (KHTML, like Gecko) Chrome/136.0.0.0 Safari/537.36"
38.246.32.227 - - [21/Sep/2026:04:28:19 +0700] "GET /dies-sorgt-homogen-zeitig-z-hd-spannung-ferner-erhoht-nachhaltig-einen-lustfaktor/ HTTP/1.1" 200 61756 "-" "Mozilla/5.0 (Macintosh; Intel Mac OS X 10_15_7) AppleWebKit/537.36 (KHTML, like Gecko) Chrome/148.0.0.0 Safari/537.36"
38.246.32.227 - - [21/Sep/2026:04:28:21 +0700] "POST /xmlrpc.php HTTP/1.1" 200 13491 "-" "Mozilla/5.0 (Macintosh; Intel Mac OS X 10_15_7) AppleWebKit/605.1.15 (KHTML, like Gecko) Version/17.6 Safari/605.1.15"
104.248.25.191 - - [21/Sep/2026:04:28:06 +0700] "POST /xmlrpc.php HTTP/1.1" 200 181 "-" "Mozilla/5.0 (Macintosh; Intel Mac OS X 10_15_7) AppleWebKit/605.1.15 (KHTML, like Gecko) Version/18.3 Safari/605.1.15"
38.246.33.22 - - [21/Sep/2026:04:28:22 +0700] "GET /zudem-auflisten-transparente-lieferant-ebendiese-exakten-auszahlungsquoten-rtp-direkt-as-part-of-angewandten-spielanleitungen-ihr-jeweiligen-automaten-auf/ HTTP/1.1" 200 61965 "-" "Mozilla/5.0 (Macintosh; Intel Mac OS X 10_15_7) AppleWebKit/537.36 (KHTML, like Gecko) Chrome/116.0.0.0 Safari/537.36"
38.246.33.22 - - [21/Sep/2026:04:28:24 +0700] "POST /xmlrpc.php HTTP/1.1" 200 11460 "-" "Mozilla/5.0 (Windows NT 10.0; Win64; x64) AppleWebKit/537.36 (KHTML, like Gecko) Chrome/136.0.0.0 Safari/537.36"
38.246.32.227 - - [21/Sep/2026:04:28:13 +0700] "POST /xmlrpc.php HTTP/1.1" 200 181 "-" "Mozilla/5.0 (Windows NT 10.0; Win64; x64) AppleWebKit/537.36 (KHTML, like Gecko) Chrome/130.0.0.0 Safari/537.36"
38.246.33.22 - - [21/Sep/2026:04:28:26 +0700] "POST /xmlrpc.php HTTP/1.1" 200 13100 "-" "Mozilla/5.0 (Macintosh; Intel Mac OS X 10.15; rv:137.0) Gecko/20100101 Firefox/137.0"
38.246.32.227 - - [21/Sep/2026:04:28:25 +0700] "POST /xmlrpc.php HTTP/1.1" 200 10262 "-" "Mozilla/5.0 (Windows NT 10.0; Win64; x64) AppleWebKit/537.36 (KHTML, like Gecko) obsidian/1.8.10 Chrome/132.0.6834.196 Electron/34.2.0 Safari/537.36"
38.246.32.227 - - [21/Sep/2026:04:28:28 +0700] "GET /hinten-den-sicheren-zahlungsmethoden-angemessen-sein-paypal-unser-2718281828459-account-skrill-oder-kreditkarten-approve-mastercard/ HTTP/1.1" 200 63627 "-" "Mozilla/5.0 (Macintosh; Intel Mac OS X 10_15_7) AppleWebKit/537.36 (KHTML, like Gecko) Chrome/131.0.0.0 Safari/537.36"
52.167.144.216 - - [21/Sep/2026:04:28:32 +0700] "GET /casino-tournaments-on-the-web-provides-transformed-conventional-game-play-giving-professionals-a-vibrant-aggressive-border/ HTTP/1.1" 200 58148 "-" "Mozilla/5.0 AppleWebKit/537.36 (KHTML, like Gecko; compatible; bingbot/2.0; +http://www.bing.com/bingbot.htm) Chrome/116.0.1938.76 Safari/537.36"
38.246.33.22 - - [21/Sep/2026:04:28:32 +0700] "GET /nachdem-der-unterseite-uff-das-ebendiese-genaueren-angaben-nachdem-der-lizenz-unter-zuhilfenahme-von-lizenznummer-aufgefuhrt-ist/ HTTP/1.1" 200 61574 "-" "Mozilla/5.0 (Windows NT 10.0; Win64; x64) AppleWebKit/537.36 (KHTML, like Gecko) Chrome/131.0.0.0 Safari/537.36 Edg/131.0.0.0"
64.225.105.238 - - [21/Sep/2026:04:28:32 +0700] "POST /xmlrpc.php HTTP/1.1" 200 11313 "-" "Mozilla/5.0 (X11; Linux x86_64) AppleWebKit/537.36 (KHTML, like Gecko) Chrome/129.0.0.0 Safari/537.36"
51.81.110.94 - - [21/Sep/2026:04:28:33 +0700] "GET /you-may-need-a-photo-id-passport-otherwise-id-cards-evidence-of-address-and-frequently-fee-strategy-confirmation/ HTTP/1.1" 200 58452 "-" "Mozilla/5.0 (compatible; AhrefsBot/7.0; +http://ahrefs.com/robot/)"
38.246.33.22 - - [21/Sep/2026:04:28:32 +0700] "GET /inside-folgenden-bonusangeboten-musst-du-nichtens-am-anfang-diese-umsatzbedingungen-valide-abschlieen-um-auszahlen-nach-im-griff-haben/ HTTP/1.1" 200 63240 "-" "Mozilla/5.0 (Macintosh; Intel Mac OS X 10_15_7) AppleWebKit/605.1.15 (KHTML, like Gecko) Version/17.5 Safari/605.1.15"
38.246.33.22 - - [21/Sep/2026:04:28:14 +0700] "POST /xmlrpc.php HTTP/1.1" 200 181 "-" "Mozilla/5.0 (Windows NT 10.0; Win64; x64) AppleWebKit/537.36 (KHTML, like Gecko) Chrome/145.0.0.0 Safari/537.36"
38.246.32.227 - - [21/Sep/2026:04:28:33 +0700] "GET /alternativen-je-gamer-die-keine-slots-mit-progressiven-jackpots-finden-eignen-etliche-sonstige-spannende-slot-optionen/ HTTP/1.1" 200 60217 "-" "Mozilla/5.0 (Macintosh; Intel Mac OS X 10_15_7) AppleWebKit/605.1.15 (KHTML, like Gecko) Version/17.6 Safari/605.1.15"
104.248.25.191 - - [21/Sep/2026:04:28:37 +0700] "POST /xmlrpc.php HTTP/1.1" 200 8737 "-" "Mozilla/5.0 (Macintosh; Intel Mac OS X 10_15_7) AppleWebKit/537.36 (KHTML, like Gecko) Chrome/133.0.0.0 Safari/537.36"
64.225.105.238 - - [21/Sep/2026:04:28:36 +0700] "GET /bei-unseren-spielsaal-tests-eignen-mir-plus-geflecht-wie-zweite-geige-differenziertheit-elementar/ HTTP/1.1" 200 60203 "-" "Mozilla/5.0 (Macintosh; Intel Mac OS X 10_15_7) AppleWebKit/537.36 (KHTML, like Gecko) Chrome/135.0.0.0 Safari/537.36"
38.246.32.227 - - [21/Sep/2026:04:28:37 +0700] "POST /xmlrpc.php HTTP/1.1" 200 12833 "-" "Mozilla/5.0 (X11; Linux x86_64; rv:138.0) Gecko/20100101 Firefox/138.0"
64.225.105.238 - - [21/Sep/2026:04:28:41 +0700] "GET /welche-person-gerne-spiele-unteilbar-moglich-spielsalon-spielt-auftreibt-eine-folge-von-anbietern-im-vorfeld/ HTTP/1.1" 200 61042 "-" "Mozilla/5.0 (Macintosh; Intel Mac OS X 10_15_7) AppleWebKit/537.36 (KHTML, like Gecko) Chrome/135.0.0.0 Safari/537.36"
38.246.33.22 - - [21/Sep/2026:04:28:27 +0700] "POST /xmlrpc.php HTTP/1.1" 200 181 "-" "Mozilla/5.0 (X11; Linux x86_64) AppleWebKit/537.36 (KHTML, like Gecko) Chrome/132.0.0.0 Safari/537.36"
38.246.32.227 - - [21/Sep/2026:04:28:26 +0700] "POST /xmlrpc.php HTTP/1.1" 200 181 "-" "Mozilla/5.0 (Windows NT 10.0; Win64; x64) AppleWebKit/537.36 (KHTML, like Gecko) Chrome/120.0.0.0 Safari/537.36"
38.246.32.227 - - [21/Sep/2026:04:28:42 +0700] "GET /sic-bleibt-ein-zusammenfassung-beibehalten-frei-within-kleinteiligen-klauseln-hinten-untergehen/ HTTP/1.1" 200 62348 "-" "Mozilla/5.0 (Windows NT 10.0; Win64; x64; rv:150.0) Gecko/20100101 Firefox/150.0"
198.252.107.178 - - [21/Sep/2026:04:28:47 +0700] "POST /wp-cron.php?doing_wp_cron=1789939726.9721829891204833984375 HTTP/1.1" 200 - "-" "WordPress/7.1.1; https://veewin24hr.com"
104.248.25.191 - - [21/Sep/2026:04:28:41 +0700] "GET /the-fresh-new-my-account-loss-lets-people-carry-out-the-personal-data-and-you-may-transform-their-head-options/ HTTP/1.1" 200 58483 "-" "Mozilla/5.0 (Macintosh; Intel Mac OS X 10_15_7) AppleWebKit/605.1.15 (KHTML, like Gecko) Version/16.6 Safari/605.1.15"
38.246.33.22 - - [21/Sep/2026:04:28:45 +0700] "POST /xmlrpc.php HTTP/1.1" 200 10186 "-" "Mozilla/5.0 (Macintosh; Intel Mac OS X 10_15_7) AppleWebKit/605.1.15 (KHTML, like Gecko) Version/17.5 Safari/605.1.15"
38.246.33.22 - - [21/Sep/2026:04:28:48 +0700] "GET /fur-jedes-gamer-ebendiese-leistungsnachweis-und-regelwerk-dem-reinen-zufallsmechanismus-neigen-bieten-tischspiele-gunstgewerblerin-berechenbarere-spielerfahrung/ HTTP/1.1" 200 60791 "-" "Mozilla/5.0 (Macintosh; Intel Mac OS X 10_15_7) AppleWebKit/537.36 (KHTML, like Gecko) Chrome/145.0.0.0 Safari/537.36 OPR/129.0.0.0"
51.81.111.0 - - [21/Sep/2026:04:28:48 +0700] "GET /unlicensed-gambling-sites-will-often-promise-bigger-incentives-than-simply-things-on-the-that-it-list/ HTTP/1.1" 200 58618 "-" "Mozilla/5.0 (compatible; AhrefsBot/7.0; +http://ahrefs.com/robot/)"
38.246.33.22 - - [21/Sep/2026:04:28:51 +0700] "POST /xmlrpc.php HTTP/1.1" 200 12248 "-" "Mozilla/5.0 (X11; Ubuntu; Linux x86_64; rv:138.0) Gecko/20100101 Firefox/138.0"
38.246.32.227 - - [21/Sep/2026:04:28:54 +0700] "POST /xmlrpc.php HTTP/1.1" 200 13311 "-" "Mozilla/5.0 (Macintosh; Intel Mac OS X 10_15_7) AppleWebKit/605.1.15 (KHTML, like Gecko) Version/18.3.1 Safari/605.1.15"
38.246.33.22 - - [21/Sep/2026:04:28:39 +0700] "POST /xmlrpc.php HTTP/1.1" 200 181 "-" "Mozilla/5.0 (X11; Linux x86_64) AppleWebKit/537.36 (KHTML, like Gecko) Chrome/134.0.0.0 Safari/537.36"
38.246.32.227 - - [21/Sep/2026:04:28:38 +0700] "POST /xmlrpc.php HTTP/1.1" 200 181 "-" "Mozilla/5.0 (Windows NT 10.0; Win64; x64) AppleWebKit/537.36 (KHTML, like Gecko) Chrome/135.0.0.0 Safari/537.36"
38.246.33.22 - - [21/Sep/2026:04:28:56 +0700] "GET /in-indienstnahme-von-willkommensangeboten-in-kraft-sein-ebendiese-agb-der-anbieter-ebendiese-mussen-beachtet-sind/ HTTP/1.1" 200 62062 "-" "Mozilla/5.0 (Windows NT 10.0; Win64; x64) AppleWebKit/537.36 (KHTML, like Gecko) Chrome/124.0 Safari/537.36"
198.252.107.178 - - [21/Sep/2026:04:28:57 +0700] "POST /wp-cron.php?doing_wp_cron=1789939737.5663309097290039062500 HTTP/1.1" 200 - "-" "WordPress/7.1.1; https://veewin24hr.com"
38.246.32.227 - - [21/Sep/2026:04:28:57 +0700] "GET /ihr-auszahlungsbetrag-ist-im-folgenden-nach-dein-paypal-konto-transferiert/ HTTP/1.1" 200 62409 "-" "Mozilla/5.0 (X11; Linux x86_64) AppleWebKit/537.36 (KHTML, like Gecko) Chrome/132.0.0.0 Safari/537.36"
38.246.33.22 - - [21/Sep/2026:04:29:06 +0700] "POST /xmlrpc.php HTTP/1.1" 200 9659 "-" "Mozilla/5.0 (Macintosh; Intel Mac OS X 10_15_7) AppleWebKit/537.36 (KHTML, like Gecko) Chrome/131.0.0.0 Safari/537.36"
38.246.33.22 - - [21/Sep/2026:04:28:49 +0700] "POST /xmlrpc.php HTTP/1.1" 200 181 "-" "Mozilla/5.0 (Macintosh; Intel Mac OS X 10_15_7) AppleWebKit/537.36 (KHTML, like Gecko) Chrome/134.0.0.0 Safari/537.36"
38.246.32.227 - - [21/Sep/2026:04:28:52 +0700] "POST /xmlrpc.php HTTP/1.1" 200 181 "-" "Mozilla/5.0 (Macintosh; Intel Mac OS X 10_15_7) AppleWebKit/537.36 (KHTML, like Gecko) Chrome/133.0.0.0 Safari/537.36"
198.252.107.178 - - [21/Sep/2026:04:29:07 +0700] "POST /wp-cron.php?doing_wp_cron=1789939746.8839828968048095703125 HTTP/1.1" 200 - "-" "WordPress/7.1.1; https://veewin24hr.com"
38.246.32.227 - - [21/Sep/2026:04:29:06 +0700] "POST /xmlrpc.php HTTP/1.1" 200 13613 "-" "Mozilla/5.0 (Windows NT 10.0; Win64; x64) AppleWebKit/537.36 (KHTML, like Gecko) obsidian/1.8.9 Chrome/132.0.6834.210 Electron/34.3.0 Safari/537.36"
51.81.111.125 - - [21/Sep/2026:04:29:08 +0700] "GET /specific-also-provides-allow-you-to-choose-from-a-listing-of-eligible-online-game-while-others-secure-your-to-your-you-to-definitely-name/ HTTP/1.1" 200 62204 "-" "Mozilla/5.0 (compatible; AhrefsBot/7.0; +http://ahrefs.com/robot/)"
104.248.25.191 - - [21/Sep/2026:04:28:55 +0700] "POST /xmlrpc.php HTTP/1.1" 200 181 "-" "Mozilla/5.0 (Macintosh; Intel Mac OS X 10_15_7) AppleWebKit/605.1.15 (KHTML, like Gecko) Version/18.5 Safari/605.1.15"
38.246.33.22 - - [21/Sep/2026:04:29:09 +0700] "GET /der-vermittlungsgebuhr-ist-wertvoll-jedoch-gleich-essenziell-werden-spielqualitat-benutzerfreundlichkeit-sicherheitsmanahmen/ HTTP/1.1" 200 59745 "-" "Mozilla/5.0 (Windows NT 10.0; Win64; x64) AppleWebKit/537.36 (KHTML, like Gecko) Chrome/130.0.0.0 Safari/537.36"
198.252.107.178 - - [21/Sep/2026:04:29:13 +0700] "POST /wp-cron.php?doing_wp_cron=1789939753.1999530792236328125000 HTTP/1.1" 200 - "-" "WordPress/7.1.1; https://veewin24hr.com"
38.246.32.227 - - [21/Sep/2026:04:29:11 +0700] "GET /bei-den-wichtigsten-gangbar-casinos-die-unser-roulette-durchgang-bieten-liegt-das-rtp-geltung-as-part-of-9726-prozentrang/ HTTP/1.1" 200 63576 "-" "Mozilla/5.0 (Macintosh; Intel Mac OS X 10_15_7) AppleWebKit/537.36 (KHTML, like Gecko) obsidian/1.8.9 Chrome/132.0.6834.210 Electron/34.3.0 Safari/537.36"
38.246.33.22 - - [21/Sep/2026:04:29:14 +0700] "POST /xmlrpc.php HTTP/1.1" 200 13085 "-" "Mozilla/5.0 (Windows NT 10.0; Win64; x64) AppleWebKit/537.36 (KHTML, like Gecko) Chrome/147.0.0.0 Safari/537.36"
38.246.33.22 - - [21/Sep/2026:04:29:00 +0700] "POST /xmlrpc.php HTTP/1.1" 200 181 "-" "Mozilla/5.0 (Macintosh; Intel Mac OS X 10_15_7) AppleWebKit/605.1.15 (KHTML, like Gecko) Version/18.3 Safari/605.1.15"
