198.252.107.178 - - [21/Sep/2026:07:09:21 +0700] "POST /wp-cron.php?doing_wp_cron=1789949361.4831850528717041015625 HTTP/1.1" 200 - "-" "WordPress/7.1.1; https://veewin24hr.com"
38.246.32.227 - - [21/Sep/2026:07:09:16 +0700] "POST /xmlrpc.php HTTP/1.1" 200 181 "-" "Mozilla/5.0 (Windows NT 10.0; Win64; x64) AppleWebKit/537.36 (KHTML, like Gecko) Chrome/134.0.0.0 Safari/537.36 Edg/134.0.0.0"
38.246.32.227 - - [21/Sep/2026:07:09:27 +0700] "POST /xmlrpc.php HTTP/1.1" 200 8421 "-" "Mozilla/5.0 (Macintosh; Intel Mac OS X 10_15_7) AppleWebKit/537.36 (KHTML, like Gecko) Chrome/136.0.0.0 Safari/537.36 Edg/136.0.0.0"
38.246.32.227 - - [21/Sep/2026:07:09:28 +0700] "GET /the-effectiveness-of-all-of-our-rating-techniques-is-reflected-in-the-detection-we-now-have-acquired/ HTTP/1.1" 200 57984 "-" "Mozilla/5.0 (X11; Linux x86_64; rv:138.0) Gecko/20100101 Firefox/138.0"
85.208.96.202 - - [21/Sep/2026:07:10:06 +0700] "GET /you-can-find-all-you-need-regarding-the-collapsible-sidebar-including-campaigns-online-game-and-you-will-assistance/ HTTP/1.1" 200 59005 "-" "Mozilla/5.0 (compatible; SemrushBot/7~bl; +http://www.semrush.com/bot.html)"
15.235.145.198 - - [21/Sep/2026:07:10:22 +0700] "GET /goldbet-casino-magyarorszag-hivatalos-oldal-2026/ HTTP/1.1" 200 58543 "https://veewin24hr.com/" "Mozilla/5.0 (Windows NT 10.0; Win64; x64) AppleWebKit/537.36 (KHTML, like Gecko) obsidian/1.8.9 Chrome/132.0.6834.210 Electron/34.3.0 Safari/537.36"
15.235.145.198 - - [21/Sep/2026:07:10:24 +0700] "GET /?p=27652 HTTP/1.1" 301 - "https://veewin24hr.com/goldbet-casino-magyarorszag-hivatalos-oldal-2026/" "Mozilla/5.0 (Windows NT 10.0; Win64; x64) AppleWebKit/537.36 (KHTML, like Gecko) obsidian/1.8.9 Chrome/132.0.6834.210 Electron/34.3.0 Safari/537.36"
15.235.145.198 - - [21/Sep/2026:07:10:25 +0700] "GET /online-casino-tournaments-uk-2026/ HTTP/1.1" 200 67360 "https://veewin24hr.com/?p=27652" "Mozilla/5.0 (Windows NT 10.0; Win64; x64) AppleWebKit/537.36 (KHTML, like Gecko) obsidian/1.8.9 Chrome/132.0.6834.210 Electron/34.3.0 Safari/537.36"
38.246.32.227 - - [21/Sep/2026:07:10:43 +0700] "POST /xmlrpc.php HTTP/1.1" 200 403 "-" "Mozilla/5.0 (Macintosh; Intel Mac OS X 10_15_7) AppleWebKit/605.1.15 (KHTML, like Gecko) Version/18.5 Safari/605.1.15"
38.246.32.227 - - [21/Sep/2026:07:10:44 +0700] "POST /xmlrpc.php HTTP/1.1" 200 403 "-" "Mozilla/5.0 (Macintosh; Intel Mac OS X 10_15_7) AppleWebKit/605.1.15 (KHTML, like Gecko) Version/18.5 Safari/605.1.15"
198.252.107.178 - - [21/Sep/2026:07:10:47 +0700] "POST /wp-cron.php?doing_wp_cron=1789949447.0952589511871337890625 HTTP/1.1" 200 - "-" "WordPress/7.1.1; https://veewin24hr.com"
38.246.32.227 - - [21/Sep/2026:07:10:41 +0700] "POST /xmlrpc.php HTTP/1.1" 200 181 "-" "Mozilla/5.0 (Macintosh; Intel Mac OS X 10_15_7) AppleWebKit/605.1.15 (KHTML, like Gecko) Version/17.5 Safari/605.1.15"
38.246.32.227 - - [21/Sep/2026:07:10:53 +0700] "POST /xmlrpc.php HTTP/1.1" 200 9733 "-" "Mozilla/5.0 (Macintosh; Intel Mac OS X 10_15_7) AppleWebKit/605.1.15 (KHTML, like Gecko) Version/18.3 Safari/605.1.15"
38.246.32.227 - - [21/Sep/2026:07:10:55 +0700] "GET /especially-after-the-ukgc-tightened-up-the-principles-to-possess-vip-software-many-casinos-eliminated-them-completely/ HTTP/1.1" 200 59542 "-" "Mozilla/5.0 (Macintosh; Intel Mac OS X 10_15_7) AppleWebKit/537.36 (KHTML, like Gecko) Chrome/147.0.0.0 Safari/537.36"
51.81.111.77 - - [21/Sep/2026:07:11:05 +0700] "GET /immediately-following-researching-more-than-60-crypto-casinos-we-learned-that-82/ HTTP/1.1" 200 60936 "-" "Mozilla/5.0 (compatible; AhrefsBot/7.0; +http://ahrefs.com/robot/)"
198.252.107.178 - - [21/Sep/2026:07:11:57 +0700] "POST /wp-cron.php?doing_wp_cron=1789949516.9764690399169921875000 HTTP/1.1" 200 - "-" "WordPress/7.1.1; https://veewin24hr.com"
38.246.32.227 - - [21/Sep/2026:07:11:51 +0700] "POST /xmlrpc.php HTTP/1.1" 200 181 "-" "Mozilla/5.0 (Macintosh; Intel Mac OS X 10_15_7) AppleWebKit/537.36 (KHTML, like Gecko) Chrome/134.0.0.0 Safari/537.36"
38.246.32.227 - - [21/Sep/2026:07:12:02 +0700] "POST /xmlrpc.php HTTP/1.1" 200 9674 "-" "Mozilla/5.0 (Windows NT 10.0; Win64; x64) AppleWebKit/537.36 (KHTML, like Gecko) Chrome/145.0.0.0 Safari/537.36"
38.246.32.227 - - [21/Sep/2026:07:12:04 +0700] "GET /the-fresh-prolonged-newest-band-of-cellular-ports-discover-inside-our-very-own-cellular-gambling-enterprises-section/ HTTP/1.1" 200 59399 "-" "Mozilla/5.0 (Macintosh; Intel Mac OS X 10_15_7) AppleWebKit/537.36 (KHTML, like Gecko) obsidian/1.6.5 Chrome/124.0.6367.243 Electron/30.1.2 Safari/537.36"
51.81.111.3 - - [21/Sep/2026:07:12:05 +0700] "GET /im-hilfecenter-entdecken-sie-ausfuhrliche-waren-plus-unter-deutsche-sprache-denn-nebensachlich-nach-englisch/ HTTP/1.1" 200 59158 "-" "Mozilla/5.0 (compatible; AhrefsBot/7.0; +http://ahrefs.com/robot/)"
51.81.105.26 - - [21/Sep/2026:07:13:00 +0700] "GET /hence-this-will-make-it-an-easy-task-to-easily-discover-your-own-wanted-table-games/ HTTP/1.1" 200 60621 "-" "Mozilla/5.0 (compatible; AhrefsBot/7.0; +http://ahrefs.com/robot/)"
2001:41d0:304:300::3de9 - - [21/Sep/2026:07:13:03 +0700] "GET /wp-login.php HTTP/1.1" 200 7255 "-" "Mozilla/5.0 (Macintosh; Intel Mac OS X 10_15_7) AppleWebKit/537.36 (KHTML, like Gecko) Chrome/147.0.0.0 Safari/537.36"
2001:41d0:304:300::3de9 - - [21/Sep/2026:07:13:04 +0700] "POST /wp-login.php HTTP/1.1" 200 7676 "https://veewin24hr.com/wp-login.php" "Mozilla/5.0 (Macintosh; Intel Mac OS X 10_15_7) AppleWebKit/537.36 (KHTML, like Gecko) Chrome/147.0.0.0 Safari/537.36"
2001:41d0:304:300::3de9 - - [21/Sep/2026:07:13:05 +0700] "GET /wp-json/wp/v2/users/me HTTP/1.1" 401 96 "-" "Mozilla/5.0 (Macintosh; Intel Mac OS X 10_15_7) AppleWebKit/537.36 (KHTML, like Gecko) Chrome/147.0.0.0 Safari/537.36"
5.253.204.66 - - [21/Sep/2026:07:13:25 +0700] "GET /wp-login.php HTTP/1.1" 200 7255 "https://veewin24hr.com/" "Mozilla/5.0 (Windows NT 10.0; Win64; x64) AppleWebKit/537.36 (KHTML, like Gecko) Chrome/148.0.0.0 Safari/537.36"
64.31.4.68 - - [21/Sep/2026:07:13:26 +0700] "POST /xmlrpc.php HTTP/1.1" 200 403 "-" "Mozilla/5.0 (Macintosh; Intel Mac OS X 10_15_7) AppleWebKit/537.36 (KHTML, like Gecko) Chrome/145.0.0.0 Safari/537.36 OPR/129.0.0.0"
5.253.204.66 - - [21/Sep/2026:07:13:31 +0700] "POST /wp-login.php HTTP/1.1" 200 7680 "https://veewin24hr.com/wp-login.php" "Mozilla/5.0 (Windows NT 10.0; Win64; x64) AppleWebKit/537.36 (KHTML, like Gecko) Chrome/148.0.0.0 Safari/537.36"
5.253.204.66 - - [21/Sep/2026:07:13:34 +0700] "POST /xmlrpc.php HTTP/1.1" 200 403 "https://veewin24hr.com/" "Mozilla/5.0 (Windows NT 10.0; Win64; x64) AppleWebKit/537.36 (KHTML, like Gecko) Chrome/122.0.0.0 Safari/537.36"
51.81.111.139 - - [21/Sep/2026:07:13:52 +0700] "GET /eltern-beherrschen-ebendiese-totp-iphone-app-oder-einzigartige-codes-einsetzen-nachfolgende-anhand-2718281828459-mail-kurznachricht-gesendet-seien/ HTTP/1.1" 200 61489 "-" "Mozilla/5.0 (compatible; AhrefsBot/7.0; +http://ahrefs.com/robot/)"
198.252.107.178 - - [21/Sep/2026:07:14:04 +0700] "POST /wp-cron.php?doing_wp_cron=1789949644.5693380832672119140625 HTTP/1.1" 200 - "-" "WordPress/7.1.1; https://veewin24hr.com"
38.246.32.227 - - [21/Sep/2026:07:13:58 +0700] "POST /xmlrpc.php HTTP/1.1" 200 181 "-" "Mozilla/5.0 (Macintosh; Intel Mac OS X 10_15_7) AppleWebKit/605.1.15 (KHTML, like Gecko) Version/18.4 Safari/605.1.15"
38.246.32.227 - - [21/Sep/2026:07:14:11 +0700] "POST /xmlrpc.php HTTP/1.1" 200 11421 "-" "Mozilla/5.0 (Windows NT 10.0; Win64; x64) AppleWebKit/537.36 (KHTML, like Gecko) Chrome/132.0.0.0 Safari/537.36"
38.246.32.227 - - [21/Sep/2026:07:14:14 +0700] "GET /with-this-variety-of-amount-you-will-have-ample-possible-opportunity-to-profit/ HTTP/1.1" 200 60559 "-" "Mozilla/5.0 (X11; Ubuntu; Linux x86_64; rv:136.0) Gecko/20100101 Firefox/136.0"
198.252.107.178 - - [21/Sep/2026:07:14:43 +0700] "POST /wp-cron.php?doing_wp_cron=1789949683.4420120716094970703125 HTTP/1.1" 200 - "-" "WordPress/7.1.1; https://veewin24hr.com"
38.246.33.22 - - [21/Sep/2026:07:14:18 +0700] "POST /xmlrpc.php HTTP/1.1" 200 181 "-" "Mozilla/5.0 (Windows NT 10.0; Win64; x64) AppleWebKit/537.36 (KHTML, like Gecko) Chrome/134.0.0.0 Safari/537.36 Edg/134.0.0.0"
198.252.107.178 - - [21/Sep/2026:07:14:47 +0700] "POST /wp-cron.php?doing_wp_cron=1789949687.7942919731140136718750 HTTP/1.1" 200 - "-" "WordPress/7.1.1; https://veewin24hr.com"
51.81.110.24 - - [21/Sep/2026:07:14:43 +0700] "GET /done-people-understand-your-buyers-kyc-inspections-ahead-of-withdrawing/ HTTP/1.1" 200 61314 "-" "Mozilla/5.0 (compatible; AhrefsBot/7.0; +http://ahrefs.com/robot/)"
38.246.33.22 - - [21/Sep/2026:07:14:49 +0700] "POST /xmlrpc.php HTTP/1.1" 200 9528 "-" "Mozilla/5.0 (X11; Linux x86_64) AppleWebKit/537.36 (KHTML, like Gecko) Chrome/130.0.0.0 Safari/537.36"
38.246.33.22 - - [21/Sep/2026:07:14:51 +0700] "GET /z-b-kann-ein-20-ferner-50-facher-umsatzvolumen-wa-erhaltenen-bonusbetrags-verlangt-seien/ HTTP/1.1" 200 58993 "-" "Mozilla/5.0 (Windows NT 10.0; Win64; x64) AppleWebKit/537.36 (KHTML, like Gecko) Chrome/131.0.0.0 Safari/537.36 Edg/131.0.0.0"
185.191.171.17 - - [21/Sep/2026:07:14:55 +0700] "GET /but-not-if-an-individual-thing-means-hook-redesign-it-will-be-the-customer-support/ HTTP/1.1" 200 57515 "-" "Mozilla/5.0 (compatible; SemrushBot/7~bl; +http://www.semrush.com/bot.html)"
85.208.96.202 - - [21/Sep/2026:07:15:02 +0700] "GET /geschlossen-aufgrund-der-inaktivitat-des-einsenders-hyper-spielbank/ HTTP/1.1" 200 58440 "-" "Mozilla/5.0 (compatible; SemrushBot/7~bl; +http://www.semrush.com/bot.html)"
38.246.32.227 - - [21/Sep/2026:07:14:46 +0700] "POST /xmlrpc.php HTTP/1.1" 200 181 "-" "Mozilla/5.0 (Windows NT 10.0; Win64; x64) AppleWebKit/537.36 (KHTML, like Gecko) Chrome/134.0.0.0 Safari/537.36"
38.246.32.227 - - [21/Sep/2026:07:15:22 +0700] "POST /xmlrpc.php HTTP/1.1" 200 10173 "-" "Mozilla/5.0 (Windows NT 10.0; Win64; x64) AppleWebKit/537.36 (KHTML, like Gecko) obsidian/1.8.9 Chrome/132.0.6834.210 Electron/34.3.0 Safari/537.36"
38.246.32.227 - - [21/Sep/2026:07:15:24 +0700] "GET /so-it-format-is-great-for-exploring-bonus-have-paylines-and-you-will-volatility-prior-to-switching-to-actual-money-setting/ HTTP/1.1" 200 60050 "-" "Mozilla/5.0 (Windows NT 10.0; Win64; x64; rv:151.0) Gecko/20100101 Firefox/151.0"
196.245.216.179 - - [21/Sep/2026:07:15:26 +0700] "GET /understanding-payment-authorization-rates-between-visa-debit-and-credit-at-online-casinos-3/ HTTP/1.1" 200 63228 "-" "undici"
38.246.33.22 - - [21/Sep/2026:07:15:19 +0700] "POST /xmlrpc.php HTTP/1.1" 200 181 "-" "Mozilla/5.0 (Macintosh; Intel Mac OS X 10_15_7) AppleWebKit/537.36 (KHTML, like Gecko) Chrome/133.0.0.0 Safari/537.36"
51.81.105.20 - - [21/Sep/2026:07:15:35 +0700] "GET /casi-nada-otra-casa-devuelve-tanto-al-participante-en-excelente-condicion-fisica-sobre-premios/ HTTP/1.1" 200 60486 "-" "Mozilla/5.0 (compatible; AhrefsBot/7.0; +http://ahrefs.com/robot/)"
38.246.32.227 - - [21/Sep/2026:07:15:31 +0700] "POST /xmlrpc.php HTTP/1.1" 200 181 "-" "Mozilla/5.0 (Macintosh; Intel Mac OS X 10.15; rv:150.0) Gecko/20100101 Firefox/150.0"
38.246.33.22 - - [21/Sep/2026:07:15:38 +0700] "POST /xmlrpc.php HTTP/1.1" 200 9575 "-" "Mozilla/5.0 (Windows NT 10.0; Win64; x64) AppleWebKit/537.36 (KHTML, like Gecko) Chrome/135.0.0.0 Safari/537.36 Edg/135.0.0.0"
38.246.33.22 - - [21/Sep/2026:07:15:40 +0700] "GET /mit-einer-einzahlung-regulieren-eltern-insurance-premium-funktionen-leer-kriegen-manipulation-nach-boni-oder-genieen-der-aufregenderes-spielerlebnis/ HTTP/1.1" 200 59951 "-" "Mozilla/5.0 (Windows NT 10.0; Win64; x64) AppleWebKit/537.36 (KHTML, like Gecko) Chrome/147.0.0.0 Safari/537.36 OPR/131.0.0.0"
38.246.32.227 - - [21/Sep/2026:07:15:44 +0700] "POST /xmlrpc.php HTTP/1.1" 200 10516 "-" "Mozilla/5.0 (X11; Linux x86_64) AppleWebKit/537.36 (KHTML, like Gecko) Chrome/135.0.0.0 Safari/537.36"
38.246.32.227 - - [21/Sep/2026:07:15:46 +0700] "GET /it-was-the-most-basic-quickest-purchase-i-experienced-ever-endured-from-anywhere/ HTTP/1.1" 200 59739 "-" "Mozilla/5.0 (Windows NT 10.0; Win64; x64) AppleWebKit/537.36 (KHTML, like Gecko) obsidian/1.8.10 Chrome/132.0.6834.196 Electron/34.2.0 Safari/537.36"
198.252.107.178 - - [21/Sep/2026:07:15:56 +0700] "POST /wp-cron.php?doing_wp_cron=1789949756.6480929851531982421875 HTTP/1.1" 200 - "-" "WordPress/7.1.1; https://veewin24hr.com"
85.208.96.205 - - [21/Sep/2026:07:15:55 +0700] "GET /molti-casa-da-gioco-non-aams-includono-anche-scommesse-sportive-offrendo-unesperienza-completa-mediante-indivisible-unico-account/ HTTP/1.1" 200 58792 "-" "Mozilla/5.0 (compatible; SemrushBot/7~bl; +http://www.semrush.com/bot.html)"
198.252.107.178 - - [21/Sep/2026:07:15:59 +0700] "POST /wp-cron.php?doing_wp_cron=1789949759.8380339145660400390625 HTTP/1.1" 200 - "-" "WordPress/7.1.1; https://veewin24hr.com"
38.246.32.227 - - [21/Sep/2026:07:15:53 +0700] "POST /xmlrpc.php HTTP/1.1" 200 181 "-" "Mozilla/5.0 (Windows NT 10.0; Win64; x64) AppleWebKit/537.36 (KHTML, like Gecko) Chrome/134.0.0.0 YaBrowser/25.4.0.0 Safari/537.36"
38.246.32.227 - - [21/Sep/2026:07:16:05 +0700] "POST /xmlrpc.php HTTP/1.1" 200 11474 "-" "Mozilla/5.0 (Windows NT 10.0; Win64; x64) AppleWebKit/537.36 (KHTML, like Gecko) Chrome/147.0.0.0 Safari/537.36 OPR/131.0.0.0"
38.246.32.227 - - [21/Sep/2026:07:16:06 +0700] "GET /however-unusual-instances-will-make-a-person-await-five-full-minutes-and-more/ HTTP/1.1" 200 60568 "-" "Mozilla/5.0 (X11; Linux x86_64; rv:138.0) Gecko/20100101 Firefox/138.0"
51.81.110.20 - - [21/Sep/2026:07:16:26 +0700] "GET /bier-aanbod-allen-bieraanbiedingen-vanuit-diegene-hitnspin-bonus-week/ HTTP/1.1" 200 60643 "-" "Mozilla/5.0 (compatible; AhrefsBot/7.0; +http://ahrefs.com/robot/)"
198.252.107.178 - - [21/Sep/2026:07:16:32 +0700] "POST /wp-cron.php?doing_wp_cron=1789949792.5741229057312011718750 HTTP/1.1" 200 - "-" "WordPress/7.1.1; https://veewin24hr.com"
38.246.32.227 - - [21/Sep/2026:07:16:27 +0700] "POST /xmlrpc.php HTTP/1.1" 200 181 "-" "Mozilla/5.0 (Macintosh; Intel Mac OS X 10_15_7) AppleWebKit/537.36 (KHTML, like Gecko) Chrome/146.0.0.0 Safari/537.36"
38.246.32.227 - - [21/Sep/2026:07:16:38 +0700] "POST /xmlrpc.php HTTP/1.1" 200 10212 "-" "Mozilla/5.0 (Macintosh; Intel Mac OS X 10_15_7) AppleWebKit/537.36 (KHTML, like Gecko) Chrome/145.0.0.0 Safari/537.36 OPR/129.0.0.0"
198.252.107.178 - - [21/Sep/2026:07:16:40 +0700] "POST /wp-cron.php?doing_wp_cron=1789949799.9833989143371582031250 HTTP/1.1" 200 - "-" "WordPress/7.1.1; https://veewin24hr.com"
38.246.33.22 - - [21/Sep/2026:07:16:34 +0700] "POST /xmlrpc.php HTTP/1.1" 200 181 "-" "Mozilla/5.0 (Macintosh; Intel Mac OS X 10_15_7) AppleWebKit/605.1.15 (KHTML, like Gecko) Version/18.3.1 Safari/605.1.15"
38.246.32.227 - - [21/Sep/2026:07:16:39 +0700] "GET /so-it-format-is-great-for-examining-added-bonus-has-paylines-and-you-can-volatility-ahead-of-using-actual-currency-setting/ HTTP/1.1" 200 60097 "-" "Mozilla/5.0 (Macintosh; Intel Mac OS X 10_15_7) AppleWebKit/537.36 (KHTML, like Gecko) obsidian/1.8.10 Chrome/132.0.6834.196 Electron/34.2.0 Safari/537.36"
38.246.33.22 - - [21/Sep/2026:07:16:46 +0700] "POST /xmlrpc.php HTTP/1.1" 200 11277 "-" "Mozilla/5.0 (Windows NT 10.0; Win64; x64) AppleWebKit/537.36 (KHTML, like Gecko) Chrome/131.0.0.0 Safari/537.36 Edg/131.0.0.0"
38.246.33.22 - - [21/Sep/2026:07:16:47 +0700] "GET /legen-diese-gegenseitig-vor-jeder-anmeldung-personliche-einzahlungs-ferner-verlustlimits/ HTTP/1.1" 200 60717 "-" "Mozilla/5.0 (Windows NT 10.0; Win64; x64; rv:137.0) Gecko/20100101 Firefox/137.0"
198.252.107.178 - - [21/Sep/2026:07:17:11 +0700] "POST /wp-cron.php?doing_wp_cron=1789949831.9388489723205566406250 HTTP/1.1" 200 - "-" "WordPress/7.1.1; https://veewin24hr.com"
38.246.32.227 - - [21/Sep/2026:07:17:03 +0700] "POST /xmlrpc.php HTTP/1.1" 200 181 "-" "Mozilla/5.0 (X11; Linux x86_64; rv:138.0) Gecko/20100101 Firefox/138.0"
38.246.32.227 - - [21/Sep/2026:07:17:18 +0700] "POST /xmlrpc.php HTTP/1.1" 200 8679 "-" "Mozilla/5.0 (Windows NT 10.0; Win64; x64) AppleWebKit/537.36 (KHTML, like Gecko) Chrome/132.0.0.0 Safari/537.36"
38.246.32.227 - - [21/Sep/2026:07:17:19 +0700] "GET /with-every-day-jackpots-exciting-advertisements-and-unlimited-an-easy-way-to-gamble-often-there-is-something-new-to-love/ HTTP/1.1" 200 58592 "-" "Mozilla/5.0 (Windows NT 10.0; Win64; x64; rv:151.0) Gecko/20100101 Firefox/151.0"
51.81.104.39 - - [21/Sep/2026:07:17:18 +0700] "GET /bei-alawin-auftreiben-glucksspieler-folgende-beeindruckende-bevorzugung-bei-via-four/ HTTP/1.1" 200 59491 "-" "Mozilla/5.0 (compatible; AhrefsBot/7.0; +http://ahrefs.com/robot/)"
198.252.107.178 - - [21/Sep/2026:07:17:34 +0700] "POST /wp-cron.php?doing_wp_cron=1789949854.0565030574798583984375 HTTP/1.1" 200 - "-" "WordPress/7.1.1; https://veewin24hr.com"
38.246.32.227 - - [21/Sep/2026:07:17:27 +0700] "POST /xmlrpc.php HTTP/1.1" 200 181 "-" "Mozilla/5.0 (Macintosh; Intel Mac OS X 10.15; rv:138.0) Gecko/20100101 Firefox/138.0"
198.252.107.178 - - [21/Sep/2026:07:17:37 +0700] "POST /wp-cron.php?doing_wp_cron=1789949857.1899778842926025390625 HTTP/1.1" 200 - "-" "WordPress/7.1.1; https://veewin24hr.com"
38.246.33.22 - - [21/Sep/2026:07:17:32 +0700] "POST /xmlrpc.php HTTP/1.1" 200 181 "-" "Mozilla/5.0 (Windows NT 10.0; Win64; x64) AppleWebKit/537.36 (KHTML, like Gecko) Chrome/134.0.0.0 Safari/537.36"
38.246.32.227 - - [21/Sep/2026:07:17:39 +0700] "POST /xmlrpc.php HTTP/1.1" 200 8538 "-" "Mozilla/5.0 (Windows NT 10.0; Win64; x64) AppleWebKit/537.36 (KHTML, like Gecko) Chrome/147.0.0.0 Safari/537.36 OPR/131.0.0.0"
38.246.32.227 - - [21/Sep/2026:07:17:41 +0700] "GET /all-of-our-service-team-can-be-obtained-24-7-ensuring-that-assistance-is-usually-inside-effortless-arrived-at/ HTTP/1.1" 200 58261 "-" "Mozilla/5.0 (X11; Linux x86_64) AppleWebKit/537.36 (KHTML, like Gecko) Chrome/129.0.0.0 Safari/537.36"
38.246.33.22 - - [21/Sep/2026:07:17:43 +0700] "POST /xmlrpc.php HTTP/1.1" 200 9436 "-" "Mozilla/5.0 (Windows NT 10.0; Win64; x64) AppleWebKit/537.36 (KHTML, like Gecko) Chrome/119.0.0.0 Safari/537.36"
51.81.110.82 - - [21/Sep/2026:07:17:44 +0700] "GET /because-the-identity-suggests-bloodstream-suckers-is-an-excellent-vampire-position-games-that-offers-players-an-excellent-blonde-gambling-feel-when-to-experience/ HTTP/1.1" 200 58734 "-" "Mozilla/5.0 (compatible; AhrefsBot/7.0; +http://ahrefs.com/robot/)"
38.246.33.22 - - [21/Sep/2026:07:17:44 +0700] "GET /beispielsweise-darf-ihr-12-und-fifty-facher-umschlag-de-lensemble-des-erhaltenen-bonusbetrags-verlangt-werden/ HTTP/1.1" 200 59252 "-" "Mozilla/5.0 (Windows NT 10.0; Win64; x64) AppleWebKit/537.36 (KHTML, like Gecko) Chrome/119.0.0.0 Safari/537.36"
45.92.28.139 - - [21/Sep/2026:07:17:57 +0700] "GET /goldbet-casino-magyarorszag-hivatalos-oldal-2026/ HTTP/1.1" 200 58543 "https://veewin24hr.com/" "Mozilla/5.0 (X11; Ubuntu; Linux x86_64; rv:136.0) Gecko/20100101 Firefox/136.0"
51.81.111.5 - - [21/Sep/2026:07:17:57 +0700] "GET /be-sure-to-check-your-local-laws-and-regulations-ahead-of-time-playing-real-cash-into-the-online-slots/ HTTP/1.1" 200 60577 "-" "Mozilla/5.0 (compatible; AhrefsBot/7.0; +http://ahrefs.com/robot/)"
198.252.107.178 - - [21/Sep/2026:07:17:59 +0700] "POST /wp-cron.php?doing_wp_cron=1789949879.3979740142822265625000 HTTP/1.1" 200 - "-" "WordPress/7.1.1; https://veewin24hr.com"
38.246.32.227 - - [21/Sep/2026:07:17:54 +0700] "POST /xmlrpc.php HTTP/1.1" 200 181 "-" "Mozilla/5.0 (Macintosh; Intel Mac OS X 10.15; rv:138.0) Gecko/20100101 Firefox/138.0"
45.92.28.139 - - [21/Sep/2026:07:18:01 +0700] "GET /?p=27652 HTTP/1.1" 301 - "https://veewin24hr.com/goldbet-casino-magyarorszag-hivatalos-oldal-2026/" "Mozilla/5.0 (X11; Ubuntu; Linux x86_64; rv:136.0) Gecko/20100101 Firefox/136.0"
45.92.28.139 - - [21/Sep/2026:07:18:03 +0700] "GET /online-casino-tournaments-uk-2026/ HTTP/1.1" 200 67360 "https://veewin24hr.com/?p=27652" "Mozilla/5.0 (X11; Ubuntu; Linux x86_64; rv:136.0) Gecko/20100101 Firefox/136.0"
38.246.32.227 - - [21/Sep/2026:07:18:05 +0700] "POST /xmlrpc.php HTTP/1.1" 200 10855 "-" "Mozilla/5.0 (Windows NT 10.0; Win64; x64) AppleWebKit/537.36 (KHTML, like Gecko) Chrome/120.0.0.0 Safari/537.36"
38.246.32.227 - - [21/Sep/2026:07:18:06 +0700] "GET /you-could-download-to-have-desktop-computer-gaming-computers-free-of-charge/ HTTP/1.1" 200 59912 "-" "Mozilla/5.0 (Windows NT 10.0; Win64; x64) AppleWebKit/537.36 (KHTML, like Gecko) obsidian/1.8.9 Chrome/132.0.6834.210 Electron/34.3.0 Safari/537.36"
51.81.111.112 - - [21/Sep/2026:07:18:09 +0700] "GET /acknowledging-the-signs-of-situation-gaming-is-a-must-for-blocking-economic-and-personal-troubles/ HTTP/1.1" 200 60729 "-" "Mozilla/5.0 (compatible; AhrefsBot/7.0; +http://ahrefs.com/robot/)"
198.252.107.178 - - [21/Sep/2026:07:18:16 +0700] "POST /wp-cron.php?doing_wp_cron=1789949896.1918640136718750000000 HTTP/1.1" 200 - "-" "WordPress/7.1.1; https://veewin24hr.com"
38.246.33.22 - - [21/Sep/2026:07:18:11 +0700] "POST /xmlrpc.php HTTP/1.1" 200 181 "-" "Mozilla/5.0 (Macintosh; Intel Mac OS X 10_15_7) AppleWebKit/537.36 (KHTML, like Gecko) Chrome/116.0.0.0 Safari/537.36"
38.246.33.22 - - [21/Sep/2026:07:18:22 +0700] "POST /xmlrpc.php HTTP/1.1" 200 12882 "-" "Mozilla/5.0 (Windows NT 10.0; Win64; x64) AppleWebKit/537.36 (KHTML, like Gecko) Chrome/136.0.0.0 Safari/537.36"
185.191.171.3 - - [21/Sep/2026:07:18:22 +0700] "GET /nine-most-readily-useful-quickest-commission-online-casinos-to-possess-instant-withdrawals/ HTTP/1.1" 200 57550 "-" "Mozilla/5.0 (compatible; SemrushBot/7~bl; +http://www.semrush.com/bot.html)"
51.81.111.132 - - [21/Sep/2026:07:18:22 +0700] "GET /zu-handen-arbeitsgang-durfen-die-kunden-inside-den-meisten-anbietern-allenfalls-eher-a-single-3-eur-vergehen/ HTTP/1.1" 200 60397 "-" "Mozilla/5.0 (compatible; AhrefsBot/7.0; +http://ahrefs.com/robot/)"
38.246.33.22 - - [21/Sep/2026:07:18:24 +0700] "GET /wer-gar-kein-spielerkonto-eroffnet-loath-findet-fish-gewinnanweisung-fix-unter-zurucknahme-ein-game-spiel/ HTTP/1.1" 200 62606 "-" "Mozilla/5.0 (Windows NT 10.0; Win64; x64) AppleWebKit/537.36 (KHTML, like Gecko) Chrome/130.0.0.0 Safari/537.36"
198.252.107.178 - - [21/Sep/2026:07:18:28 +0700] "POST /wp-cron.php?doing_wp_cron=1789949908.1571021080017089843750 HTTP/1.1" 200 - "-" "WordPress/7.1.1; https://veewin24hr.com"
38.246.32.227 - - [21/Sep/2026:07:18:18 +0700] "POST /xmlrpc.php HTTP/1.1" 200 181 "-" "Mozilla/5.0 (Macintosh; Intel Mac OS X 10_15_7) AppleWebKit/605.1.15 (KHTML, like Gecko) Version/18.3 Safari/605.1.15"
209.50.167.238 - - [21/Sep/2026:07:18:32 +0700] "GET /malta-online-casinos-mga-licence-uk-2026/ HTTP/1.1" 200 72138 "https://veewin24hr.com/" "Mozilla/5.0 (X11; Ubuntu; Linux x86_64; rv:138.0) Gecko/20100101 Firefox/138.0"
38.246.32.227 - - [21/Sep/2026:07:18:34 +0700] "POST /xmlrpc.php HTTP/1.1" 200 9875 "-" "Mozilla/5.0 (Windows NT 10.0; Win64; x64) AppleWebKit/537.36 (KHTML, like Gecko) obsidian/1.6.5 Chrome/124.0.6367.243 Electron/30.1.2 Safari/537.36"
209.50.167.238 - - [21/Sep/2026:07:18:35 +0700] "GET /?p=27652 HTTP/1.1" 301 - "https://veewin24hr.com/malta-online-casinos-mga-licence-uk-2026/" "Mozilla/5.0 (X11; Ubuntu; Linux x86_64; rv:138.0) Gecko/20100101 Firefox/138.0"
38.246.32.227 - - [21/Sep/2026:07:18:35 +0700] "GET /one-of-them-similarities-that-i-discover-are-minimal-put-from-thirty/ HTTP/1.1" 200 58881 "-" "Mozilla/5.0 (Macintosh; Intel Mac OS X 10.15; rv:150.0) Gecko/20100101 Firefox/150.0"
51.81.105.20 - - [21/Sep/2026:07:18:35 +0700] "GET /you-might-just-play-on-the-internet-slots-having-100-free-revolves-bonuses/ HTTP/1.1" 200 59635 "-" "Mozilla/5.0 (compatible; AhrefsBot/7.0; +http://ahrefs.com/robot/)"
209.50.167.238 - - [21/Sep/2026:07:18:37 +0700] "GET /online-casino-tournaments-uk-2026/ HTTP/1.1" 200 67360 "https://veewin24hr.com/?p=27652" "Mozilla/5.0 (X11; Ubuntu; Linux x86_64; rv:138.0) Gecko/20100101 Firefox/138.0"
198.252.107.178 - - [21/Sep/2026:07:18:46 +0700] "POST /wp-cron.php?doing_wp_cron=1789949926.4642920494079589843750 HTTP/1.1" 200 - "-" "WordPress/7.1.1; https://veewin24hr.com"
38.246.33.22 - - [21/Sep/2026:07:18:40 +0700] "POST /xmlrpc.php HTTP/1.1" 200 181 "-" "Mozilla/5.0 (Windows NT 10.0; Win64; x64; rv:137.0) Gecko/20100101 Firefox/137.0"
198.252.107.178 - - [21/Sep/2026:07:18:49 +0700] "POST /wp-cron.php?doing_wp_cron=1789949929.4832060337066650390625 HTTP/1.1" 200 - "-" "WordPress/7.1.1; https://veewin24hr.com"
38.246.32.227 - - [21/Sep/2026:07:18:43 +0700] "POST /xmlrpc.php HTTP/1.1" 200 181 "-" "Mozilla/5.0 (Windows NT 10.0; Win64; x64) AppleWebKit/537.36 (KHTML, like Gecko) Chrome/148.0.0.0 Safari/537.36 Edg/148.0.0.0"
51.81.110.84 - - [21/Sep/2026:07:18:48 +0700] "GET /within-our-gambling-establishment-recommendations-i-usually-assemble-studies-regarding-the-readily-available-dialects-and-you-will-customer-care-choices/ HTTP/1.1" 200 60395 "-" "Mozilla/5.0 (compatible; AhrefsBot/7.0; +http://ahrefs.com/robot/)"
38.246.33.22 - - [21/Sep/2026:07:18:52 +0700] "POST /xmlrpc.php HTTP/1.1" 200 8962 "-" "Mozilla/5.0 (Windows NT 10.0; Win64; x64) AppleWebKit/537.36 (KHTML, like Gecko) Chrome/131.0.0.0 Safari/537.36 Edg/131.0.0.0"
38.246.32.227 - - [21/Sep/2026:07:18:55 +0700] "POST /xmlrpc.php HTTP/1.1" 200 12491 "-" "Mozilla/5.0 (Windows NT 10.0; Win64; x64) AppleWebKit/537.36 (KHTML, like Gecko) Chrome/131.0.0.0 Safari/537.36"
38.246.33.22 - - [21/Sep/2026:07:18:55 +0700] "GET /bonusaktionen-achse-spiele-ferner-schnelle-spielregeln-sie-sind-doch-manche-das-grunde/ HTTP/1.1" 200 58333 "-" "Mozilla/5.0 (Windows NT 10.0; Win64; x64) AppleWebKit/537.36 (KHTML, like Gecko) Chrome/124.0 Safari/537.36"
38.246.32.227 - - [21/Sep/2026:07:18:56 +0700] "GET /this-is-basically-the-primary-product-to-have-inveterate-players-while-the-beginners-from-betting/ HTTP/1.1" 200 61979 "-" "Mozilla/5.0 (Windows NT 10.0; Win64; x64) AppleWebKit/537.36 (KHTML, like Gecko) Chrome/129.0.0.0 Safari/537.36"
51.81.104.34 - - [21/Sep/2026:07:19:01 +0700] "GET /the-fresh-new-note-acceptors-is-actually-endless-but-i-have-an-optimum-choice-top-lay-from-the-225/ HTTP/1.1" 200 58828 "-" "Mozilla/5.0 (compatible; AhrefsBot/7.0; +http://ahrefs.com/robot/)"
198.252.107.178 - - [21/Sep/2026:07:19:09 +0700] "POST /wp-cron.php?doing_wp_cron=1789949949.1562449932098388671875 HTTP/1.1" 200 - "-" "WordPress/7.1.1; https://veewin24hr.com"
38.246.32.227 - - [21/Sep/2026:07:19:03 +0700] "POST /xmlrpc.php HTTP/1.1" 200 181 "-" "Mozilla/5.0 (Windows NT 10.0; Win64; x64; rv:128.0) Gecko/20100101 Firefox/128.0"
38.246.33.22 - - [21/Sep/2026:07:19:09 +0700] "POST /xmlrpc.php HTTP/1.1" 200 181 "-" "Mozilla/5.0 (Macintosh; Intel Mac OS X 10_15_7) AppleWebKit/605.1.15 (KHTML, like Gecko) Version/17.6 Safari/605.1.15"
51.81.111.8 - - [21/Sep/2026:07:19:14 +0700] "GET /tables-services-around-standard-web-based-poker-rules-versus-experimental-mechanics/ HTTP/1.1" 200 60414 "-" "Mozilla/5.0 (compatible; AhrefsBot/7.0; +http://ahrefs.com/robot/)"
38.246.32.227 - - [21/Sep/2026:07:19:15 +0700] "POST /xmlrpc.php HTTP/1.1" 200 10083 "-" "Mozilla/5.0 (Windows NT 10.0; Win64; x64) AppleWebKit/537.36 (KHTML, like Gecko) Chrome/136.0.0.0 Safari/537.36 Edg/136.0.0.0"
38.246.32.227 - - [21/Sep/2026:07:19:16 +0700] "GET /although-not-like-any-program-its-got-the-pros-and-you-may-portion-to-have-update/ HTTP/1.1" 200 59341 "-" "Mozilla/5.0 (Macintosh; Intel Mac OS X 10.15; rv:138.0) Gecko/20100101 Firefox/138.0"
38.246.33.22 - - [21/Sep/2026:07:19:19 +0700] "POST /xmlrpc.php HTTP/1.1" 200 8995 "-" "Mozilla/5.0 (Windows NT 10.0; Win64; x64) AppleWebKit/537.36 (KHTML, like Gecko) Chrome/136.0.0.0 Safari/537.36"
38.246.33.22 - - [21/Sep/2026:07:19:20 +0700] "GET /bonusaktionen-achse-spiele-einfache-spielregeln-sind-doch-manche-der-grunde/ HTTP/1.1" 200 58242 "-" "Mozilla/5.0 (Windows NT 10.0; Win64; x64) AppleWebKit/537.36 (KHTML, like Gecko) Chrome/148.0.0.0 Safari/537.36 Edg/148.0.0.0"
51.81.111.13 - - [21/Sep/2026:07:19:26 +0700] "GET /of-course-theres-even-more-to-this-webpages-than-simply-its-small-payouts/ HTTP/1.1" 200 60107 "-" "Mozilla/5.0 (compatible; AhrefsBot/7.0; +http://ahrefs.com/robot/)"
198.252.107.178 - - [21/Sep/2026:07:19:28 +0700] "POST /wp-cron.php?doing_wp_cron=1789949968.1297268867492675781250 HTTP/1.1" 200 - "-" "WordPress/7.1.1; https://veewin24hr.com"
38.246.32.227 - - [21/Sep/2026:07:19:23 +0700] "POST /xmlrpc.php HTTP/1.1" 200 181 "-" "Mozilla/5.0 (Macintosh; Intel Mac OS X 10_15_7) AppleWebKit/537.36 (KHTML, like Gecko) Chrome/128.0.0.0 Safari/537.36"
38.246.32.227 - - [21/Sep/2026:07:19:34 +0700] "POST /xmlrpc.php HTTP/1.1" 200 8788 "-" "Mozilla/5.0 (Macintosh; Intel Mac OS X 10_15_7) AppleWebKit/537.36 (KHTML, like Gecko) Chrome/146.0.0.0 Safari/537.36"
198.252.107.178 - - [21/Sep/2026:07:19:35 +0700] "POST /wp-cron.php?doing_wp_cron=1789949975.2947649955749511718750 HTTP/1.1" 200 - "-" "WordPress/7.1.1; https://veewin24hr.com"
38.246.33.22 - - [21/Sep/2026:07:19:30 +0700] "POST /xmlrpc.php HTTP/1.1" 200 181 "-" "Mozilla/5.0 (Macintosh; Intel Mac OS X 10_15_7) AppleWebKit/605.1.15 (KHTML, like Gecko) Version/18.3 Safari/605.1.15"
38.246.32.227 - - [21/Sep/2026:07:19:35 +0700] "GET /there-are-other-than-simply-fifteen-electronic-money-solutions-together-with-bitcoin-ethereum-and-you-will-cardano/ HTTP/1.1" 200 58603 "-" "Mozilla/5.0 (Macintosh; Intel Mac OS X 10_15_7) AppleWebKit/537.36 (KHTML, like Gecko) Chrome/136.0.0.0 Safari/537.36 Edg/136.0.0.0"
51.81.111.71 - - [21/Sep/2026:07:19:39 +0700] "GET /give-familiar-gambling-establishment-platforms-jackpot-games-and-you-may-titles-particularly-short-strike-and-you-can-88-fortunes/ HTTP/1.1" 200 61146 "-" "Mozilla/5.0 (compatible; AhrefsBot/7.0; +http://ahrefs.com/robot/)"
38.246.33.22 - - [21/Sep/2026:07:19:41 +0700] "POST /xmlrpc.php HTTP/1.1" 200 12563 "-" "Mozilla/5.0 (X11; Linux x86_64) AppleWebKit/537.36 (KHTML, like Gecko) Chrome/134.0.0.0 Safari/537.36"
38.246.33.22 - - [21/Sep/2026:07:19:42 +0700] "GET /diesseitigen-entsprechenden-hinweis-entdeckt-das-uff-der-web-angebot-des-casinos/ HTTP/1.1" 200 61827 "-" "Mozilla/5.0 (Macintosh; Intel Mac OS X 10_15_7) AppleWebKit/537.36 (KHTML, like Gecko) Chrome/135.0.0.0 Safari/537.36 Edg/135.0.0.0"
198.252.107.178 - - [21/Sep/2026:07:19:47 +0700] "POST /wp-cron.php?doing_wp_cron=1789949986.9920949935913085937500 HTTP/1.1" 200 - "-" "WordPress/7.1.1; https://veewin24hr.com"
38.246.32.227 - - [21/Sep/2026:07:19:42 +0700] "POST /xmlrpc.php HTTP/1.1" 200 181 "-" "Mozilla/5.0 (Windows NT 10.0; Win64; x64) AppleWebKit/537.36 (KHTML, like Gecko) Chrome/134.0.0.0 YaBrowser/25.4.0.0 Safari/537.36"
51.81.111.10 - - [21/Sep/2026:07:19:52 +0700] "GET /by-signing-up-you-agree-to-the-terms-of-service-and-you-may-privacy/ HTTP/1.1" 200 57380 "-" "Mozilla/5.0 (compatible; AhrefsBot/7.0; +http://ahrefs.com/robot/)"
38.246.32.227 - - [21/Sep/2026:07:19:53 +0700] "POST /xmlrpc.php HTTP/1.1" 200 10872 "-" "Mozilla/5.0 (Macintosh; Intel Mac OS X 10_15_7) AppleWebKit/537.36 (KHTML, like Gecko) Chrome/134.0.0.0 Safari/537.36"
38.246.32.227 - - [21/Sep/2026:07:19:54 +0700] "GET /an-individual-twist-can-lead-to-humongous-wins-and-you-can-become-a-billionaire-at-once/ HTTP/1.1" 200 60198 "-" "Mozilla/5.0 (Macintosh; Intel Mac OS X 10.15; rv:137.0) Gecko/20100101 Firefox/137.0"
198.252.107.178 - - [21/Sep/2026:07:19:57 +0700] "POST /wp-cron.php?doing_wp_cron=1789949997.8136029243469238281250 HTTP/1.1" 200 - "-" "WordPress/7.1.1; https://veewin24hr.com"
38.246.33.22 - - [21/Sep/2026:07:19:52 +0700] "POST /xmlrpc.php HTTP/1.1" 200 181 "-" "Mozilla/5.0 (Macintosh; Intel Mac OS X 10_15_7) AppleWebKit/537.36 (KHTML, like Gecko) Chrome/130.0.0.0 Safari/537.36"
38.246.33.22 - - [21/Sep/2026:07:20:04 +0700] "POST /xmlrpc.php HTTP/1.1" 200 9169 "-" "Mozilla/5.0 (Macintosh; Intel Mac OS X 10_15_7) AppleWebKit/605.1.15 (KHTML, like Gecko) Version/26.4 Safari/605.1.15"
198.252.107.178 - - [21/Sep/2026:07:20:05 +0700] "POST /wp-cron.php?doing_wp_cron=1789950005.7764708995819091796875 HTTP/1.1" 200 - "-" "WordPress/7.1.1; https://veewin24hr.com"
38.246.32.227 - - [21/Sep/2026:07:20:00 +0700] "POST /xmlrpc.php HTTP/1.1" 200 181 "-" "Mozilla/5.0 (Macintosh; Intel Mac OS X 10_15_7) AppleWebKit/537.36 (KHTML, like Gecko) Chrome/134.0.0.0 Safari/537.36"
38.246.33.22 - - [21/Sep/2026:07:20:05 +0700] "GET /in-slotmagie-bekommst-respons-schlichtweg-auf-ihr-anmeldung-55-freispiele-frei-einzahlung-rundum-kostenlos/ HTTP/1.1" 200 58876 "-" "Mozilla/5.0 (Macintosh; Intel Mac OS X 10_15_7) AppleWebKit/605.1.15 (KHTML, like Gecko) Version/18.1 Safari/605.1.15"
51.81.111.75 - - [21/Sep/2026:07:20:05 +0700] "GET /los-novios-casinos-en-internet-legales-acerca-de-de-cualquier-parte-del-mundo-poseen-encontrarse-licencia-sobre-dgoj/ HTTP/1.1" 200 59066 "-" "Mozilla/5.0 (compatible; AhrefsBot/7.0; +http://ahrefs.com/robot/)"
38.246.32.227 - - [21/Sep/2026:07:20:12 +0700] "POST /xmlrpc.php HTTP/1.1" 200 9023 "-" "Mozilla/5.0 (Macintosh; Intel Mac OS X 10_15_7) AppleWebKit/537.36 (KHTML, like Gecko) obsidian/1.8.9 Chrome/132.0.6834.210 Electron/34.3.0 Safari/537.36"
38.246.32.227 - - [21/Sep/2026:07:20:13 +0700] "GET /to-try-out-cellular-gaming-follow-the-subscribe-procedure-from-this-book/ HTTP/1.1" 200 58121 "-" "Mozilla/5.0 (Windows NT 10.0; Win64; x64) AppleWebKit/537.36 (KHTML, like Gecko) Chrome/147.0.0.0 Safari/537.36"
51.81.110.88 - - [21/Sep/2026:07:20:18 +0700] "GET /kontynuowaniu-zalogowaniu-sie-harmonia-do-pln-pojawia-sie-u-kopiec-gdzie-mozesz-ja-od-razu-wybrac/ HTTP/1.1" 200 61303 "-" "Mozilla/5.0 (compatible; AhrefsBot/7.0; +http://ahrefs.com/robot/)"
198.252.107.178 - - [21/Sep/2026:07:20:20 +0700] "POST /wp-cron.php?doing_wp_cron=1789950020.7598340511322021484375 HTTP/1.1" 200 - "-" "WordPress/7.1.1; https://veewin24hr.com"
38.246.33.22 - - [21/Sep/2026:07:20:15 +0700] "POST /xmlrpc.php HTTP/1.1" 200 181 "-" "Mozilla/5.0 (X11; Linux x86_64) AppleWebKit/537.36 (KHTML, like Gecko) Chrome/134.0.0.0 Safari/537.36"
198.252.107.178 - - [21/Sep/2026:07:20:23 +0700] "POST /wp-cron.php?doing_wp_cron=1789950023.6190121173858642578125 HTTP/1.1" 200 - "-" "WordPress/7.1.1; https://veewin24hr.com"
38.246.32.227 - - [21/Sep/2026:07:20:18 +0700] "POST /xmlrpc.php HTTP/1.1" 200 181 "-" "Mozilla/5.0 (Windows NT 10.0; Win64; x64; rv:138.0) Gecko/20100101 Firefox/138.0"
38.246.33.22 - - [21/Sep/2026:07:20:30 +0700] "POST /xmlrpc.php HTTP/1.1" 200 12030 "-" "Mozilla/5.0 (Macintosh; Intel Mac OS X 10_15_7) AppleWebKit/605.1.15 (KHTML, like Gecko) Version/18.2 Safari/605.1.15"
38.246.32.227 - - [21/Sep/2026:07:20:30 +0700] "POST /xmlrpc.php HTTP/1.1" 200 9043 "-" "Mozilla/5.0 (Macintosh; Intel Mac OS X 10_15_7) AppleWebKit/537.36 (KHTML, like Gecko) Chrome/135.0.0.0 Safari/537.36 Edg/135.0.0.0"
38.246.32.227 - - [21/Sep/2026:07:20:31 +0700] "GET /done-a-little-set-of-fun-employment-rather-than-breaking-a-sweat-and-information-upwards-honors/ HTTP/1.1" 200 58493 "-" "Mozilla/5.0 (Windows NT 10.0; Win64; x64) AppleWebKit/537.36 (KHTML, like Gecko) obsidian/1.6.5 Chrome/124.0.6367.243 Electron/30.1.2 Safari/537.36"
51.81.110.81 - - [21/Sep/2026:07:20:31 +0700] "GET /in-case-your-solution-to-some-of-these-questions-is-actually-yes-you-will-want-to-discover-the-xon/ HTTP/1.1" 200 58393 "-" "Mozilla/5.0 (compatible; AhrefsBot/7.0; +http://ahrefs.com/robot/)"
38.246.33.22 - - [21/Sep/2026:07:20:31 +0700] "GET /fiery-dramatic-event-kombiniert-angewandten-vermittlungsprovision-exklusive-einzahlung-qua-regelmaigen-reload-boni-cashback-aktionen-weiters-dm-modernen-spielsaal-angebot/ HTTP/1.1" 200 62723 "-" "Mozilla/5.0 (Macintosh; Intel Mac OS X 10.15; rv:150.0) Gecko/20100101 Firefox/150.0"
168.126.234.244 - - [21/Sep/2026:07:20:37 +0700] "GET /non-ukgc-licensed-casinos-2026/ HTTP/1.1" 200 73014 "https://veewin24hr.com/" "Mozilla/5.0 (Macintosh; Intel Mac OS X 10.15; rv:138.0) Gecko/20100101 Firefox/138.0"
198.252.107.178 - - [21/Sep/2026:07:20:43 +0700] "POST /wp-cron.php?doing_wp_cron=1789950043.0757999420166015625000 HTTP/1.1" 200 - "-" "WordPress/7.1.1; https://veewin24hr.com"
38.246.32.227 - - [21/Sep/2026:07:20:34 +0700] "POST /xmlrpc.php HTTP/1.1" 200 181 "-" "Mozilla/5.0 (Macintosh; Intel Mac OS X 10_15_7) AppleWebKit/537.36 (KHTML, like Gecko) Chrome/116.0.0.0 Safari/537.36"
168.126.234.244 - - [21/Sep/2026:07:20:42 +0700] "GET /?p=27652 HTTP/1.1" 301 - "https://veewin24hr.com/non-ukgc-licensed-casinos-2026/" "Mozilla/5.0 (Macintosh; Intel Mac OS X 10.15; rv:138.0) Gecko/20100101 Firefox/138.0"
198.252.107.178 - - [21/Sep/2026:07:20:44 +0700] "POST /wp-cron.php?doing_wp_cron=1789950044.5566039085388183593750 HTTP/1.1" 200 - "-" "WordPress/7.1.1; https://veewin24hr.com"
38.246.33.22 - - [21/Sep/2026:07:20:36 +0700] "POST /xmlrpc.php HTTP/1.1" 200 181 "-" "Mozilla/5.0 (Macintosh; Intel Mac OS X 10_15_7) AppleWebKit/537.36 (KHTML, like Gecko) obsidian/1.6.5 Chrome/124.0.6367.243 Electron/30.1.2 Safari/537.36"
51.81.111.113 - - [21/Sep/2026:07:20:44 +0700] "GET /generally-youll-find-that-the-new-real-time-talk-otherwise-cell-would-be-the-quickest-support-actions-readily-available/ HTTP/1.1" 200 58898 "-" "Mozilla/5.0 (compatible; AhrefsBot/7.0; +http://ahrefs.com/robot/)"
168.126.234.244 - - [21/Sep/2026:07:20:45 +0700] "GET /online-casino-tournaments-uk-2026/ HTTP/1.1" 200 67360 "https://veewin24hr.com/?p=27652" "Mozilla/5.0 (Macintosh; Intel Mac OS X 10.15; rv:138.0) Gecko/20100101 Firefox/138.0"
38.246.32.227 - - [21/Sep/2026:07:20:49 +0700] "POST /xmlrpc.php HTTP/1.1" 200 8201 "-" "Mozilla/5.0 (Macintosh; Intel Mac OS X 10_15_7) AppleWebKit/605.1.15 (KHTML, like Gecko) Version/17.4.1 Safari/605.1.15"
38.246.33.22 - - [21/Sep/2026:07:20:51 +0700] "POST /xmlrpc.php HTTP/1.1" 200 11720 "-" "Mozilla/5.0 (Windows NT 10.0; Win64; x64) AppleWebKit/537.36 (KHTML, like Gecko) Chrome/148.0.0.0 Safari/537.36"
38.246.32.227 - - [21/Sep/2026:07:20:50 +0700] "GET /when-a-specific-amount-of-issues-is-gathered-gamblers-is-level-upwards/ HTTP/1.1" 200 57256 "-" "Mozilla/5.0 (X11; Ubuntu; Linux x86_64; rv:136.0) Gecko/20100101 Firefox/136.0"
38.246.33.22 - - [21/Sep/2026:07:20:53 +0700] "GET /die-schreiber-war-in-voller-absicht-so-sehr-selbige-entschluss-je-ihr-kasino-gegenseitig-gar-nicht-sic-reibungslos-beleidigen-lasst/ HTTP/1.1" 200 61809 "-" "Mozilla/5.0 (Windows NT 10.0; Win64; x64) AppleWebKit/537.36 (KHTML, like Gecko) obsidian/1.8.3 Chrome/130.0.6723.191 Electron/33.3.2 Safari/537.36"
198.252.107.178 - - [21/Sep/2026:07:20:56 +0700] "POST /wp-cron.php?doing_wp_cron=1789950056.4864580631256103515625 HTTP/1.1" 200 - "-" "WordPress/7.1.1; https://veewin24hr.com"
38.246.32.227 - - [21/Sep/2026:07:20:49 +0700] "POST /xmlrpc.php HTTP/1.1" 200 181 "-" "Mozilla/5.0 (Macintosh; Intel Mac OS X 10_15_7) AppleWebKit/537.36"
51.81.111.3 - - [21/Sep/2026:07:20:57 +0700] "GET /explore-the-thrills-of-online-gambling-with/ HTTP/1.1" 200 60765 "-" "Mozilla/5.0 (compatible; AhrefsBot/7.0; +http://ahrefs.com/robot/)"
198.252.107.178 - - [21/Sep/2026:07:20:58 +0700] "POST /wp-cron.php?doing_wp_cron=1789950058.7091650962829589843750 HTTP/1.1" 200 - "-" "WordPress/7.1.1; https://veewin24hr.com"
38.246.33.22 - - [21/Sep/2026:07:20:51 +0700] "POST /xmlrpc.php HTTP/1.1" 200 181 "-" "Mozilla/5.0 (Windows NT 10.0; Win64; x64) AppleWebKit/537.36 (KHTML, like Gecko) Chrome/133.0.0.0 Safari/537.36 OPR/118.0.0.0"
38.246.32.227 - - [21/Sep/2026:07:21:02 +0700] "POST /xmlrpc.php HTTP/1.1" 200 9066 "-" "Mozilla/5.0 (Windows NT 10.0; Win64; x64) AppleWebKit/537.36 (KHTML, like Gecko) Chrome/136.0.0.0 Safari/537.36 Edg/136.0.0.0"
38.246.33.22 - - [21/Sep/2026:07:21:04 +0700] "POST /xmlrpc.php HTTP/1.1" 200 9754 "-" "Mozilla/5.0 (Windows NT 10.0; Win64; x64) AppleWebKit/537.36 (KHTML, like Gecko) Chrome/134.0.0.0 Safari/537.36 Edg/134.0.0.0"
38.246.32.227 - - [21/Sep/2026:07:21:04 +0700] "GET /in-place-of-totally-free-spins-100-free-slot-video-game-are-entirely-exposure-100-free-and-dont-provide-real-money-honours/ HTTP/1.1" 200 59006 "-" "Mozilla/5.0 (Windows NT 10.0; Win64; x64) AppleWebKit/537.36 (KHTML, like Gecko) Chrome/134.0.0.0 YaBrowser/25.4.0.0 Safari/537.36"
38.246.33.22 - - [21/Sep/2026:07:21:06 +0700] "GET /ausgewahlte-spielvarianten-prasentation-erkenntlichkeit-einzigartiger-ausuben-zusatzliche-differenziertheit-bei-dem-spielen/ HTTP/1.1" 200 59729 "-" "Mozilla/5.0 (Windows NT 10.0; Win64; x64) AppleWebKit/537.36 (KHTML, like Gecko) Chrome/132.0.0.0 Safari/537.36 OPR/117.0.0.0"
198.252.107.178 - - [21/Sep/2026:07:21:08 +0700] "POST /wp-cron.php?doing_wp_cron=1789950068.3342640399932861328125 HTTP/1.1" 200 - "-" "WordPress/7.1.1; https://veewin24hr.com"
38.246.32.227 - - [21/Sep/2026:07:21:03 +0700] "POST /xmlrpc.php HTTP/1.1" 200 181 "-" "Mozilla/5.0 (Windows NT 10.0; Win64; x64) AppleWebKit/537.36 (KHTML, like Gecko) obsidian/1.8.10 Chrome/132.0.6834.196 Electron/34.2.0 Safari/537.36"
51.81.110.83 - - [21/Sep/2026:07:21:10 +0700] "GET /detachment-rates-assessments-mix-stated-processing-moments-that-have-player-comment-models-round-the-multiple-networks/ HTTP/1.1" 200 58399 "-" "Mozilla/5.0 (compatible; AhrefsBot/7.0; +http://ahrefs.com/robot/)"
38.246.32.227 - - [21/Sep/2026:07:21:14 +0700] "POST /xmlrpc.php HTTP/1.1" 200 9495 "-" "Mozilla/5.0 (Windows NT 10.0; Win64; x64) AppleWebKit/537.36 (KHTML, like Gecko) obsidian/1.8.3 Chrome/130.0.6723.191 Electron/33.3.2 Safari/537.36"
38.246.33.22 - - [21/Sep/2026:07:21:08 +0700] "POST /xmlrpc.php HTTP/1.1" 200 181 "-" "Mozilla/5.0 (Macintosh; Intel Mac OS X 10_15_7) AppleWebKit/537.36 (KHTML, like Gecko) Chrome/148.0.0.0 Safari/537.36"
38.246.32.227 - - [21/Sep/2026:07:21:15 +0700] "GET /that-is-true-actually-your-technology-dudes-can-get-certain-so-long-as-it%EF%BF%BDs-a-human-tech-internet-browser/ HTTP/1.1" 200 59198 "-" "Mozilla/5.0 (X11; Linux x86_64) AppleWebKit/537.36 (KHTML, like Gecko) Chrome/129.0.0.0 Safari/537.36"
51.81.105.27 - - [21/Sep/2026:07:21:23 +0700] "GET /casumo-is-the-best-alternative-for-users-whose-prie-library-and-the-fresh-new-position-contest-mechanic/ HTTP/1.1" 200 58817 "-" "Mozilla/5.0 (compatible; AhrefsBot/7.0; +http://ahrefs.com/robot/)"
38.246.33.22 - - [21/Sep/2026:07:21:24 +0700] "POST /xmlrpc.php HTTP/1.1" 200 9679 "-" "Mozilla/5.0 (X11; Linux x86_64) AppleWebKit/537.36 (KHTML, like Gecko) Chrome/131.0.0.0 Safari/537.36"
38.246.33.22 - - [21/Sep/2026:07:21:28 +0700] "GET /qua-der-einzahlung-beherrschen-die-kunden-top-funktionen-leer-stehend-beibehalten-einblick-hinten-boni-ferner-genieen-der-aufregenderes-spielerlebnis/ HTTP/1.1" 200 60040 "-" "Mozilla/5.0 (Windows NT 10.0; Win64; x64) AppleWebKit/537.36 (KHTML, like Gecko) Chrome/147.0.0.0 Safari/537.36"
198.252.107.178 - - [21/Sep/2026:07:21:34 +0700] "POST /wp-cron.php?doing_wp_cron=1789950094.7120730876922607421875 HTTP/1.1" 200 - "-" "WordPress/7.1.1; https://veewin24hr.com"
38.246.32.227 - - [21/Sep/2026:07:21:16 +0700] "POST /xmlrpc.php HTTP/1.1" 200 181 "-" "Mozilla/5.0 (Windows NT 10.0; Win64; x64; rv:150.0) Gecko/20100101 Firefox/150.0"
51.81.103.240 - - [21/Sep/2026:07:21:36 +0700] "GET /best-of-all-there-isnt-any-discount-code-required-to-claim-your-own-chumba-added-bonus/ HTTP/1.1" 200 61613 "-" "Mozilla/5.0 (compatible; AhrefsBot/7.0; +http://ahrefs.com/robot/)"
38.246.32.227 - - [21/Sep/2026:07:21:40 +0700] "POST /xmlrpc.php HTTP/1.1" 200 8342 "-" "Mozilla/5.0 (Windows NT 10.0; Win64; x64) AppleWebKit/537.36 (KHTML, like Gecko) Chrome/131.0.0.0 Safari/537.36 Edg/131.0.0.0"
185.221.255.44 - - [21/Sep/2026:07:21:43 +0700] "GET /wp-login.php HTTP/1.1" 200 7255 "-" "Mozilla/5.0 (Windows NT 10.0; Win64; x64) AppleWebKit/537.36 (KHTML, like Gecko) Chrome/149.0.0.0 Safari/537.36"
38.246.32.227 - - [21/Sep/2026:07:21:42 +0700] "GET /with-high-volatility-game-play-and-an-old-thrill-theme-it-promises-immersive-game-play/ HTTP/1.1" 200 57702 "-" "Mozilla/5.0 (Macintosh; Intel Mac OS X 10.15; rv:138.0) Gecko/20100101 Firefox/138.0"
198.252.107.178 - - [21/Sep/2026:07:21:47 +0700] "POST /wp-cron.php?doing_wp_cron=1789950107.0979878902435302734375 HTTP/1.1" 200 - "-" "WordPress/7.1.1; https://veewin24hr.com"
38.246.33.22 - - [21/Sep/2026:07:21:26 +0700] "POST /xmlrpc.php HTTP/1.1" 200 181 "-" "Mozilla/5.0 (Windows NT 10.0; Win64; x64) AppleWebKit/537.36 (KHTML, like Gecko) Chrome/136.0.0.0 Safari/537.36"
38.246.32.227 - - [21/Sep/2026:07:21:29 +0700] "POST /xmlrpc.php HTTP/1.1" 200 181 "-" "Mozilla/5.0 (Windows NT 10.0; Win64; x64) AppleWebKit/537.36 (KHTML, like Gecko) Chrome/147.0.0.0 Safari/537.36"
38.246.33.22 - - [21/Sep/2026:07:21:53 +0700] "POST /xmlrpc.php HTTP/1.1" 200 10503 "-" "Mozilla/5.0 (Macintosh; Intel Mac OS X 10_15_7) AppleWebKit/537.36"
38.246.33.22 - - [21/Sep/2026:07:21:43 +0700] "POST /xmlrpc.php HTTP/1.1" 200 181 "-" "Mozilla/5.0 (Windows NT 10.0; Win64; x64) AppleWebKit/537.36 (KHTML, like Gecko) Chrome/135.0.0.0 Safari/537.36"
38.246.32.227 - - [21/Sep/2026:07:21:54 +0700] "POST /xmlrpc.php HTTP/1.1" 200 8686 "-" "Mozilla/5.0 (Windows NT 10.0; Win64; x64; rv:151.0) Gecko/20100101 Firefox/151.0"
198.252.107.178 - - [21/Sep/2026:07:21:55 +0700] "POST /wp-cron.php?doing_wp_cron=1789950115.7866230010986328125000 HTTP/1.1" 200 - "-" "WordPress/7.1.1; https://veewin24hr.com"
38.246.32.227 - - [21/Sep/2026:07:21:43 +0700] "POST /xmlrpc.php HTTP/1.1" 200 181 "-" "Mozilla/5.0 (Macintosh; Intel Mac OS X 10.15; rv:137.0) Gecko/20100101 Firefox/137.0"
38.246.33.22 - - [21/Sep/2026:07:21:55 +0700] "GET /ohne-ausnahme-weitere-gamer-nutzen-cellphone-unter-anderem-pad-pro-das-online-spielbank-unter-einsatz-von-echtgeld-erfahrung/ HTTP/1.1" 200 60516 "-" "Mozilla/5.0 (Windows NT 10.0; Win64; x64) AppleWebKit/537.36 (KHTML, like Gecko) Chrome/148.0.0.0 Safari/537.36 Edg/148.0.0.0"
38.246.32.227 - - [21/Sep/2026:07:21:56 +0700] "GET /of-a-lot-professionals-like-films-harbors-due-to-their-extra-rounds/ HTTP/1.1" 200 57696 "-" "Mozilla/5.0 (Macintosh; Intel Mac OS X 10_15_7) AppleWebKit/605.1.15 (KHTML, like Gecko) Version/17.5 Safari/605.1.15"
141.98.140.172 - - [21/Sep/2026:07:21:59 +0700] "GET /wp-login.php HTTP/1.1" 200 7255 "-" "Mozilla/5.0 (Windows NT 10.0; Win64; x64) AppleWebKit/537.36 (KHTML, like Gecko) Chrome/149.0.0.0 Safari/537.36"
217.21.145.10 - - [21/Sep/2026:07:22:01 +0700] "POST /wp-login.php HTTP/1.1" 200 7626 "https://veewin24hr.com/wp-login.php" "Mozilla/5.0 (Windows NT 10.0; Win64; x64) AppleWebKit/537.36 (KHTML, like Gecko) Chrome/149.0.0.0 Safari/537.36"
38.246.32.227 - - [21/Sep/2026:07:21:55 +0700] "POST /xmlrpc.php HTTP/1.1" 200 181 "-" "Mozilla/5.0 (X11; Linux x86_64; rv:137.0) Gecko/20100101 Firefox/137.0"
38.246.32.227 - - [21/Sep/2026:07:22:02 +0700] "POST /xmlrpc.php HTTP/1.1" 200 10783 "-" "Mozilla/5.0 (Macintosh; Intel Mac OS X 10_15_7) AppleWebKit/537.36 (KHTML, like Gecko) obsidian/1.8.9 Chrome/132.0.6834.210 Electron/34.3.0 Safari/537.36"
38.246.33.22 - - [21/Sep/2026:07:22:02 +0700] "POST /xmlrpc.php HTTP/1.1" 200 11924 "-" "Mozilla/5.0 (X11; Linux x86_64) AppleWebKit/537.36 (KHTML, like Gecko) Chrome/124.0.0.0 Safari/537.36"
38.246.32.227 - - [21/Sep/2026:07:22:04 +0700] "GET /they-provides-many-different-ports-game-plus-five-reels-and-about-three-reels/ HTTP/1.1" 200 59895 "-" "Mozilla/5.0 (Windows NT 10.0; Win64; x64) AppleWebKit/537.36 (KHTML, like Gecko) Chrome/132.0.0.0 Safari/537.36"
51.81.111.69 - - [21/Sep/2026:07:22:05 +0700] "GET /wp-content/uploads/2026/09/explore-the-thrills-of-online-gambling-with_1.jpg HTTP/1.1" 200 12019 "-" "Mozilla/5.0 (compatible; AhrefsBot/7.0; +http://ahrefs.com/robot/)"
38.246.33.22 - - [21/Sep/2026:07:22:05 +0700] "GET /adult-male-mess-einander-in-der-bevorzugung-ein-entsprechenden-zahlungsmethode-gleichwohl-entschluss-fassen-is-mark-an-dem-sichersten-sei/ HTTP/1.1" 200 62112 "-" "Mozilla/5.0 (Macintosh; Intel Mac OS X 10_15_7) AppleWebKit/537.36"
51.81.111.139 - - [21/Sep/2026:07:22:07 +0700] "GET /wp-content/uploads/2026/09/explore-the-thrills-of-online-gambling-with_3.jpg HTTP/1.1" 200 9452 "-" "Mozilla/5.0 (compatible; AhrefsBot/7.0; +http://ahrefs.com/robot/)"
51.81.103.254 - - [21/Sep/2026:07:22:09 +0700] "GET /wp-content/uploads/2026/09/explore-the-thrills-of-online-gambling-with_2.jpg HTTP/1.1" 200 77613 "-" "Mozilla/5.0 (compatible; AhrefsBot/7.0; +http://ahrefs.com/robot/)"
38.246.32.227 - - [21/Sep/2026:07:22:09 +0700] "POST /xmlrpc.php HTTP/1.1" 200 9610 "-" "Mozilla/5.0 (X11; Linux x86_64) AppleWebKit/537.36 (KHTML, like Gecko) Chrome/131.0.0.0 Safari/537.36"
198.252.107.178 - - [21/Sep/2026:07:22:10 +0700] "POST /wp-cron.php?doing_wp_cron=1789950130.7586979866027832031250 HTTP/1.1" 200 - "-" "WordPress/7.1.1; https://veewin24hr.com"
38.246.33.22 - - [21/Sep/2026:07:22:02 +0700] "POST /xmlrpc.php HTTP/1.1" 200 181 "-" "Mozilla/5.0 (X11; Linux x86_64) AppleWebKit/537.36 (KHTML, like Gecko) Chrome/130.0.0.0 Safari/537.36"
38.246.32.227 - - [21/Sep/2026:07:22:10 +0700] "GET /all-incentive-the-following-might-have-been-affirmed-from-the-all-of-our-article-class-getting/ HTTP/1.1" 200 59075 "-" "Mozilla/5.0 (Macintosh; Intel Mac OS X 10_15_7) AppleWebKit/537.36"
198.252.107.178 - - [21/Sep/2026:07:22:17 +0700] "POST /wp-cron.php?doing_wp_cron=1789950137.2057080268859863281250 HTTP/1.1" 200 - "-" "WordPress/7.1.1; https://veewin24hr.com"
38.246.32.227 - - [21/Sep/2026:07:22:09 +0700] "POST /xmlrpc.php HTTP/1.1" 200 181 "-" "Mozilla/5.0 (Macintosh; Intel Mac OS X 10_15_7) AppleWebKit/537.36 (KHTML, like Gecko) Chrome/120.0.0.0 Safari/537.36"
38.246.33.22 - - [21/Sep/2026:07:22:17 +0700] "POST /xmlrpc.php HTTP/1.1" 200 10497 "-" "Mozilla/5.0 (Windows NT 10.0; Win64; x64) AppleWebKit/537.36 (KHTML, like Gecko) Chrome/131.0.0.0 Safari/537.36"
38.246.33.22 - - [21/Sep/2026:07:22:19 +0700] "GET /in-betracht-kommen-die-leser-also-zur-financial-s-erwahlen-sie-ihre-bevorzugte-moglichkeit-aus-unter-anderem-wahrnehmen-diese-den-anweisungen/ HTTP/1.1" 200 60826 "-" "Mozilla/5.0 (Windows NT 10.0; Win64; x64) AppleWebKit/537.36 (KHTML, like Gecko) Chrome/109.0.0.0 Safari/537.36"
38.246.32.227 - - [21/Sep/2026:07:22:23 +0700] "POST /xmlrpc.php HTTP/1.1" 200 9870 "-" "Mozilla/5.0 (X11; Ubuntu; Linux x86_64; rv:136.0) Gecko/20100101 Firefox/136.0"
