51.81.111.132 - - [21/Sep/2026:08:05:40 +0700] "GET /no-deposit-bonuses-are-100-free-incentives-made-available-to-participants-versus-and-then-make-any-initial-put/ HTTP/1.1" 200 60931 "-" "Mozilla/5.0 (compatible; AhrefsBot/7.0; +http://ahrefs.com/robot/)"
176.118.241.64 - - [21/Sep/2026:08:05:52 +0700] "GET /online-casino-reload-bonus-uk-2026/ HTTP/1.1" 200 74393 "-" "Mozilla/5.0 (Android 16; Mobile; rv:153.0) Gecko/153.0 Firefox/153.0"
198.252.107.178 - - [21/Sep/2026:08:06:15 +0700] "POST /wp-cron.php?doing_wp_cron=1789952775.4567511081695556640625 HTTP/1.1" 200 - "-" "WordPress/7.1.1; https://veewin24hr.com"
38.246.33.20 - - [21/Sep/2026:08:06:09 +0700] "POST /xmlrpc.php HTTP/1.1" 200 181 "-" "Mozilla/5.0 (Macintosh; Intel Mac OS X 10_15_7) AppleWebKit/537.36 (KHTML, like Gecko) Chrome/133.0.0.0 Safari/537.36"
123.178.210.27 - - [21/Sep/2026:08:06:15 +0700] "GET / HTTP/1.1" 200 80256 "-" "Mozilla/5.0 (Windows NT 10.0; Win64; x64) Chrome/120.0.0.0"
220.197.85.212 - - [21/Sep/2026:08:06:10 +0700] "GET / HTTP/1.1" 200 80256 "-" "Mozilla/5.0 (Windows NT 10.0; Win64; x64) Chrome/120.0.0.0"
38.246.33.20 - - [21/Sep/2026:08:06:21 +0700] "POST /xmlrpc.php HTTP/1.1" 200 9254 "-" "Mozilla/5.0 (X11; Linux x86_64) AppleWebKit/537.36 (KHTML, like Gecko) Chrome/134.0.0.0 Safari/537.36"
38.246.33.20 - - [21/Sep/2026:08:06:22 +0700] "GET /valoarea-fiecarei-revolve-la-888-casino-sunt-de-zippo/ HTTP/1.1" 200 58016 "-" "Mozilla/5.0 (Macintosh; Intel Mac OS X 10_15_7) AppleWebKit/605.1.15 (KHTML, like Gecko) Version/18.3 Safari/605.1.15"
100.50.94.209 - - [21/Sep/2026:08:06:26 +0700] "GET / HTTP/1.1" 301 - "-" "Mozilla/5.0 (Windows NT 10.0; Win64; x64) AppleWebKit/537.36 (KHTML, like Gecko) Chrome/130.0.0.0 Safari/537.36 Edg/130.0.0.0"
54.81.151.22 - - [21/Sep/2026:08:06:28 +0700] "GET / HTTP/1.1" 200 80256 "-" "Mozilla/5.0 (Windows NT 10.0; Win64; x64) AppleWebKit/537.36 (KHTML, like Gecko) Chrome/130.0.0.0 Safari/537.36 Edg/130.0.0.0"
198.252.107.178 - - [21/Sep/2026:08:06:58 +0700] "POST /wp-cron.php?doing_wp_cron=1789952817.9681310653686523437500 HTTP/1.1" 200 - "-" "WordPress/7.1.1; https://veewin24hr.com"
38.246.33.20 - - [21/Sep/2026:08:06:51 +0700] "POST /xmlrpc.php HTTP/1.1" 200 181 "-" "Mozilla/5.0 (X11; Ubuntu; Linux x86_64; rv:138.0) Gecko/20100101 Firefox/138.0"
38.246.33.20 - - [21/Sep/2026:08:07:03 +0700] "POST /xmlrpc.php HTTP/1.1" 200 10296 "-" "Mozilla/5.0 (Macintosh; Intel Mac OS X 10_15_7) AppleWebKit/605.1.15 (KHTML, like Gecko) Version/18.5 Safari/605.1.15"
220.197.85.54 - - [21/Sep/2026:08:07:03 +0700] "GET / HTTP/1.1" 200 80256 "-" "Mozilla/5.0 (Windows NT 10.0; Win64; x64) Chrome/120.0.0.0"
38.246.33.20 - - [21/Sep/2026:08:07:05 +0700] "GET /cu-terminal-cei-care-doar-clasai-jucatorii-este-de-fapt-rasplatii-tambur-gratuite-greva-extra-greva-cash/ HTTP/1.1" 200 59953 "-" "Mozilla/5.0 (Windows NT 10.0; Win64; x64) AppleWebKit/537.36 (KHTML, like Gecko) Chrome/133.0.0.0 Safari/537.36 OPR/118.0.0.0"
51.81.104.41 - - [21/Sep/2026:08:07:08 +0700] "GET /you-can-find-steps-you-could-potentially-employ-in-order-to-satisfy-betting-conditions-a-great-deal-more-effectively/ HTTP/1.1" 200 60056 "-" "Mozilla/5.0 (compatible; AhrefsBot/7.0; +http://ahrefs.com/robot/)"
220.197.85.54 - - [21/Sep/2026:08:07:19 +0700] "GET / HTTP/1.1" 200 80256 "-" "Mozilla/5.0 (Windows NT 10.0; Win64; x64) Chrome/120.0.0.0"
198.252.107.178 - - [21/Sep/2026:08:07:40 +0700] "POST /wp-cron.php?doing_wp_cron=1789952860.7541520595550537109375 HTTP/1.1" 200 - "-" "WordPress/7.1.1; https://veewin24hr.com"
38.246.33.20 - - [21/Sep/2026:08:07:25 +0700] "POST /xmlrpc.php HTTP/1.1" 200 181 "-" "Mozilla/5.0 (X11; Linux x86_64) AppleWebKit/537.36 (KHTML, like Gecko) Chrome/133.0.0.0 Safari/537.36"
184.194.23.2 - - [21/Sep/2026:08:07:40 +0700] "GET / HTTP/1.1" 200 80256 "-" "Mozilla/5.0 (Macintosh; Intel Mac OS X 10_15_7) AppleWebKit/537.36 (KHTML, like Gecko) Chrome/136.0.0.0 Safari/537.36"
198.252.107.178 - - [21/Sep/2026:08:07:45 +0700] "POST /wp-cron.php?doing_wp_cron=1789952865.3897409439086914062500 HTTP/1.1" 200 - "-" "WordPress/7.1.1; https://veewin24hr.com"
46.107.35.144 - - [21/Sep/2026:08:07:31 +0700] "POST /xmlrpc.php HTTP/1.1" 200 181 "-" "Mozilla/5.0 (Macintosh; Intel Mac OS X 10_15_7) AppleWebKit/537.36 (KHTML, like Gecko) Chrome/129.0.0.0 Safari/537.36"
38.246.33.20 - - [21/Sep/2026:08:07:46 +0700] "POST /xmlrpc.php HTTP/1.1" 200 8753 "-" "Mozilla/5.0 (Macintosh; Intel Mac OS X 10_15_7) AppleWebKit/605.1.15 (KHTML, like Gecko) Version/18.3.1 Safari/605.1.15"
38.246.33.20 - - [21/Sep/2026:08:07:48 +0700] "GET /urmarire-din-moment-ce-poi-observa-prin-doar-cateva-minute-faci-testa-unitate-jocuri-sloturi-online/ HTTP/1.1" 200 58300 "-" "Mozilla/5.0 (X11; Linux x86_64) AppleWebKit/537.36 (KHTML, like Gecko) Chrome/130.0.0.0 Safari/537.36"
51.81.110.24 - - [21/Sep/2026:08:08:34 +0700] "GET /vederlagsfri-free-spins-spil-retro-reels-online-inden-for-optagels-kos-deg-inklusive-favorittspillene-dine/ HTTP/1.1" 200 62053 "-" "Mozilla/5.0 (compatible; AhrefsBot/7.0; +http://ahrefs.com/robot/)"
80.75.245.13 - - [21/Sep/2026:08:08:57 +0700] "POST /xmlrpc.php HTTP/1.1" 200 403 "-" "Mozilla/5.0 (Windows NT 10.0; WOW64) AppleWebKit/537.36 (KHTML, like Gecko) Chrome/141.0.0.0 Safari/537.36"
51.81.111.124 - - [21/Sep/2026:08:09:44 +0700] "GET /they-have-been-including-useful-for-players-being-able-to-access-gambling-enterprises-due-to-cellular-software-otherwise-browser-founded-cellular-earliest-programs/ HTTP/1.1" 200 58854 "-" "Mozilla/5.0 (compatible; AhrefsBot/7.0; +http://ahrefs.com/robot/)"
20.204.43.57 - - [21/Sep/2026:08:09:46 +0700] "GET /goldbet-casino-magyarorszag-hivatalos-oldal-2026/ HTTP/1.1" 200 58543 "https://veewin24hr.com/" "Mozilla/5.0 (Macintosh; Intel Mac OS X 10_15_7) AppleWebKit/537.36 (KHTML, like Gecko) Chrome/131.0.0.0 Safari/537.36"
125.84.251.246 - - [21/Sep/2026:08:09:48 +0700] "GET / HTTP/1.1" 200 80256 "-" "Mozilla/5.0 (Windows NT 10.0; Win64; x64) Chrome/120.0.0.0"
20.204.43.57 - - [21/Sep/2026:08:09:50 +0700] "GET /wp-login.php?action=register HTTP/1.1" 302 - "https://veewin24hr.com/goldbet-casino-magyarorszag-hivatalos-oldal-2026/" "Mozilla/5.0 (Windows NT 6.3; Win64; x64) AppleWebKit/537.36 (KHTML, like Gecko) Chrome/103.0.0.0 Safari/537.36"
20.204.43.57 - - [21/Sep/2026:08:09:52 +0700] "GET /wp-login.php?registration=disabled HTTP/1.1" 200 7447 "https://veewin24hr.com/wp-login.php?action=register" "Mozilla/5.0 (Windows NT 6.3; Win64; x64) AppleWebKit/537.36 (KHTML, like Gecko) Chrome/103.0.0.0 Safari/537.36"
198.252.107.178 - - [21/Sep/2026:08:10:49 +0700] "POST /wp-cron.php?doing_wp_cron=1789953049.0183420181274414062500 HTTP/1.1" 200 - "-" "WordPress/7.1.1; https://veewin24hr.com"
156.206.45.69 - - [21/Sep/2026:08:10:36 +0700] "POST /xmlrpc.php HTTP/1.1" 200 181 "-" "Mozilla/5.0 (Windows NT 10.0; Win64; x64) AppleWebKit/537.36 (KHTML, like Gecko) Chrome/134.0.0.0 Safari/537.36 Edg/134.0.0.0"
51.81.110.80 - - [21/Sep/2026:08:10:54 +0700] "GET /the-thing-is-under-such-as-requirements-it-is-hard-so-you-can-bet-on-honesty/ HTTP/1.1" 200 57406 "-" "Mozilla/5.0 (compatible; AhrefsBot/7.0; +http://ahrefs.com/robot/)"
185.191.171.11 - - [21/Sep/2026:08:10:55 +0700] "GET /telbet-is-roofed-to-own-players-who-require-telegram-build-onboarding-and-you-may-a-sheer-crypto-cashier/ HTTP/1.1" 200 59762 "-" "Mozilla/5.0 (compatible; SemrushBot/7~bl; +http://www.semrush.com/bot.html)"
78.132.236.83 - - [21/Sep/2026:08:11:13 +0700] "POST /xmlrpc.php HTTP/1.1" 200 403 "-" "Mozilla/5.0 (Macintosh; Intel Mac OS X 10_15_7) AppleWebKit/537.36 (KHTML, like Gecko) Chrome/129.0.0.0 Safari/537.36"
165.99.15.126 - - [21/Sep/2026:08:11:10 +0700] "GET /malta-online-casinos-mga-licence-uk-2026/ HTTP/1.1" 200 72138 "https://veewin24hr.com/" "Mozilla/5.0 (X11; Ubuntu; Linux x86_64; rv:136.0) Gecko/20100101 Firefox/136.0"
165.99.15.126 - - [21/Sep/2026:08:11:17 +0700] "GET /?p=27652 HTTP/1.1" 301 - "https://veewin24hr.com/malta-online-casinos-mga-licence-uk-2026/" "Mozilla/5.0 (X11; Ubuntu; Linux x86_64; rv:136.0) Gecko/20100101 Firefox/136.0"
165.99.15.126 - - [21/Sep/2026:08:11:19 +0700] "GET /online-casino-tournaments-uk-2026/ HTTP/1.1" 200 67360 "https://veewin24hr.com/?p=27652" "Mozilla/5.0 (X11; Ubuntu; Linux x86_64; rv:136.0) Gecko/20100101 Firefox/136.0"
51.81.111.130 - - [21/Sep/2026:08:11:29 +0700] "GET /the-latest-ipad-and-ipad-sky-are-perfect-for-contact-screen-harbors-on-the-move/ HTTP/1.1" 200 60189 "-" "Mozilla/5.0 (compatible; AhrefsBot/7.0; +http://ahrefs.com/robot/)"
198.252.107.178 - - [21/Sep/2026:08:11:49 +0700] "POST /wp-cron.php?doing_wp_cron=1789953109.1348679065704345703125 HTTP/1.1" 200 - "-" "WordPress/7.1.1; https://veewin24hr.com"
51.81.111.138 - - [21/Sep/2026:08:11:46 +0700] "GET /on-line-position-professionals-try-rotten-for-choice-about-your-certain-titles-available-at-gambling-establishment-web-sites/ HTTP/1.1" 200 59234 "-" "Mozilla/5.0 (compatible; AhrefsBot/7.0; +http://ahrefs.com/robot/)"
51.81.111.5 - - [21/Sep/2026:08:12:04 +0700] "GET /navigating-the-fresh-new-thorough-game-library-from-the-slotscharm-is-made-effortless-having-well-structured-groups/ HTTP/1.1" 200 62476 "-" "Mozilla/5.0 (compatible; AhrefsBot/7.0; +http://ahrefs.com/robot/)"
198.252.107.178 - - [21/Sep/2026:08:12:26 +0700] "POST /wp-cron.php?doing_wp_cron=1789953146.2112519741058349609375 HTTP/1.1" 200 - "-" "WordPress/7.1.1; https://veewin24hr.com"
51.81.111.128 - - [21/Sep/2026:08:12:21 +0700] "GET /la-folosind-pacanele-avem-chiar-oferte-de-primirea-de-la-unitate-mai-bune-cazinouri-de-la-telecomanda/ HTTP/1.1" 200 58946 "-" "Mozilla/5.0 (compatible; AhrefsBot/7.0; +http://ahrefs.com/robot/)"
51.81.110.55 - - [21/Sep/2026:08:12:38 +0700] "GET /internet-casino-jackpots-come-in-a-number-of-variations-however-progressive-jackpots-will-be-most-common/ HTTP/1.1" 200 58521 "-" "Mozilla/5.0 (compatible; AhrefsBot/7.0; +http://ahrefs.com/robot/)"
51.81.104.41 - - [21/Sep/2026:08:12:55 +0700] "GET /from-the-jackpot-casino-i-pleasure-ourselves-into-the-our-very-own-capacity-to-bring-an-unparalleled-gambling-sense/ HTTP/1.1" 200 60807 "-" "Mozilla/5.0 (compatible; AhrefsBot/7.0; +http://ahrefs.com/robot/)"
51.81.104.38 - - [21/Sep/2026:08:13:13 +0700] "GET /casinos-online-como-aceptan-paypal-en-mexico-2026/ HTTP/1.1" 200 65194 "-" "Mozilla/5.0 (compatible; AhrefsBot/7.0; +http://ahrefs.com/robot/)"
51.81.111.133 - - [21/Sep/2026:08:13:30 +0700] "GET /at-exactly-the-same-time-the-fresh-new-casino-has-the-benefit-of-web-based-poker-video-poker-and-you-may-abrasion-cards-for-these-shopping-for-other-gaming-feel/ HTTP/1.1" 200 60588 "-" "Mozilla/5.0 (compatible; AhrefsBot/7.0; +http://ahrefs.com/robot/)"
66.249.66.204 - - [21/Sep/2026:08:13:38 +0700] "GET /l-impact-des-casinos-en-ligne-sur-l-industrie-du-5/ HTTP/1.1" 200 54758 "-" "Mozilla/5.0 (Linux; Android 6.0.1; Nexus 5X Build/MMB29P) AppleWebKit/537.36 (KHTML, like Gecko) Chrome/153.0.8010.47 Mobile Safari/537.36 (compatible; Googlebot/2.1; +http://www.google.com/bot.html)"
51.81.111.4 - - [21/Sep/2026:08:13:47 +0700] "GET /such-online-casinos-usually-offer-an-enormous-group-of-harbors-your-could-play-providing-to-all-or-any-choice-and-you-may-ability-levels/ HTTP/1.1" 200 58275 "-" "Mozilla/5.0 (compatible; AhrefsBot/7.0; +http://ahrefs.com/robot/)"
51.81.104.46 - - [21/Sep/2026:08:14:05 +0700] "GET /people-on-line-casino-member-who-demands-help-need-use-of-active-telecommunications-channels/ HTTP/1.1" 200 61180 "-" "Mozilla/5.0 (compatible; AhrefsBot/7.0; +http://ahrefs.com/robot/)"
51.81.103.243 - - [21/Sep/2026:08:14:22 +0700] "GET /online-slots-use-lines-otherwise-paylines-to-determine-if-the-player-strikes-a-profit/ HTTP/1.1" 200 61500 "-" "Mozilla/5.0 (compatible; AhrefsBot/7.0; +http://ahrefs.com/robot/)"
51.81.111.130 - - [21/Sep/2026:08:14:39 +0700] "GET /new-highly-ranked-new-iphone-4-gambling-enterprises-you-could-potentially-subscribe-thanks-to-the-backlinks-arent-simply-100-safe-and-entirely-safer/ HTTP/1.1" 200 58857 "-" "Mozilla/5.0 (compatible; AhrefsBot/7.0; +http://ahrefs.com/robot/)"
198.252.107.178 - - [21/Sep/2026:08:14:49 +0700] "POST /wp-cron.php?doing_wp_cron=1789953289.0097150802612304687500 HTTP/1.1" 200 - "-" "WordPress/7.1.1; https://veewin24hr.com"
186.124.134.234 - - [21/Sep/2026:08:10:51 +0700] "POST /xmlrpc.php HTTP/1.1" 200 181 "-" "Mozilla/5.0 (X11; Linux x86_64) AppleWebKit/537.36 Chrome/124.0"
51.81.111.132 - - [21/Sep/2026:08:14:56 +0700] "GET /in-addition-to-come-across-secure-fee-solutions-such-as-paypal-obvious-added-bonus-terms-and-you-can-receptive-help/ HTTP/1.1" 200 58727 "-" "Mozilla/5.0 (compatible; AhrefsBot/7.0; +http://ahrefs.com/robot/)"
198.252.107.178 - - [21/Sep/2026:08:15:04 +0700] "POST /wp-cron.php?doing_wp_cron=1789953304.8610210418701171875000 HTTP/1.1" 200 - "-" "WordPress/7.1.1; https://veewin24hr.com"
190.87.195.10 - - [21/Sep/2026:08:13:33 +0700] "POST /xmlrpc.php HTTP/1.1" 200 181 "-" "Mozilla/5.0 (Macintosh; Intel Mac OS X 10_15_7) AppleWebKit/605.1.15 (KHTML, like Gecko) Version/18.5 Safari/605.1.15"
198.252.107.178 - - [21/Sep/2026:08:15:14 +0700] "POST /wp-cron.php?doing_wp_cron=1789953314.6134281158447265625000 HTTP/1.1" 200 - "-" "WordPress/7.1.1; https://veewin24hr.com"
85.208.96.212 - - [21/Sep/2026:08:15:12 +0700] "GET /brand-new-slotocash-gambling-establishment-software-brings-seamless-game-play-transparent-offers-and-you-can-trustworthy-banking-on-apples-ios-and-you-may-android-os-gizmos/ HTTP/1.1" 200 60149 "-" "Mozilla/5.0 (compatible; SemrushBot/7~bl; +http://www.semrush.com/bot.html)"
51.81.110.51 - - [21/Sep/2026:08:15:14 +0700] "GET /if-youd-like-to-make-sure-to-pick-a-cellular-friendly-solution-select-all-of-our-list-of-most-readily-useful-cellular-online-casinos/ HTTP/1.1" 200 60310 "-" "Mozilla/5.0 (compatible; AhrefsBot/7.0; +http://ahrefs.com/robot/)"
51.81.110.52 - - [21/Sep/2026:08:15:31 +0700] "GET /i-happened-to-be-currently-happier-far-beyond-standards-with-regards-to-customers-provider-as-well-as-the-online-game-options/ HTTP/1.1" 200 60401 "-" "Mozilla/5.0 (compatible; AhrefsBot/7.0; +http://ahrefs.com/robot/)"
185.191.171.3 - - [21/Sep/2026:08:15:31 +0700] "GET /discover-above-a-great-thousand-titles-here-and-there-is-also-an-excellent-age-organization/ HTTP/1.1" 200 59632 "-" "Mozilla/5.0 (compatible; SemrushBot/7~bl; +http://www.semrush.com/bot.html)"
51.81.111.132 - - [21/Sep/2026:08:15:47 +0700] "GET /at-the-same-time-merely-new-users-can-also-be-sign-up-competitions-and-you-will-participate-in-day-restricted-even-offers/ HTTP/1.1" 200 60629 "-" "Mozilla/5.0 (compatible; AhrefsBot/7.0; +http://ahrefs.com/robot/)"
198.252.107.178 - - [21/Sep/2026:08:15:58 +0700] "POST /wp-cron.php?doing_wp_cron=1789953357.9875159263610839843750 HTTP/1.1" 200 - "-" "WordPress/7.1.1; https://veewin24hr.com"
38.252.36.48 - - [21/Sep/2026:08:15:49 +0700] "POST /xmlrpc.php HTTP/1.1" 200 181 "-" "Mozilla/5.0 (Windows NT 10.0; Win64; x64; rv:151.0) Gecko/20100101 Firefox/151.0"
38.252.36.48 - - [21/Sep/2026:08:16:03 +0700] "POST /xmlrpc.php HTTP/1.1" 200 16352 "-" "Mozilla/5.0 (Windows NT 10.0; Win64; x64) AppleWebKit/537.36 (KHTML, like Gecko) obsidian/1.8.4 Chrome/130.0.6723.191 Electron/33.3.2 Safari/537.36"
51.81.111.128 - - [21/Sep/2026:08:16:04 +0700] "GET /an-irgendeinem-ort-diese-verbinden-vermutlich-inwieweit-die-leser-angewandten-spielsaal-gods-maklercourtage-beibehalten-beherrschen-und-keineswegs/ HTTP/1.1" 200 62904 "-" "Mozilla/5.0 (compatible; AhrefsBot/7.0; +http://ahrefs.com/robot/)"
198.252.107.178 - - [21/Sep/2026:08:16:09 +0700] "POST /wp-cron.php?doing_wp_cron=1789953369.8173999786376953125000 HTTP/1.1" 200 - "-" "WordPress/7.1.1; https://veewin24hr.com"
38.246.33.20 - - [21/Sep/2026:08:15:57 +0700] "POST /xmlrpc.php HTTP/1.1" 200 181 "-" "Mozilla/5.0 (Windows NT 10.0; Win64; x64) AppleWebKit/537.36 (KHTML, like Gecko) Chrome/137.0.0.0 Safari/537.36"
38.252.36.48 - - [21/Sep/2026:08:16:07 +0700] "GET /tagesordnungspunkt-mr-bet-caino-noe-denlay-bonus-2026-erreichbar-casino-uber-angewandten-beliebtesten-slot-zum-besten-geben/ HTTP/1.1" 200 66988 "-" "Mozilla/5.0 (Windows NT 10.0; Win64; x64) AppleWebKit/537.36 (KHTML, like Gecko) Chrome/134.0.0.0 Safari/537.36"
38.246.33.20 - - [21/Sep/2026:08:16:15 +0700] "POST /xmlrpc.php HTTP/1.1" 200 8452 "-" "Mozilla/5.0 (Windows NT 10.0; Win64; x64) AppleWebKit/537.36 (KHTML, like Gecko) obsidian/1.8.9 Chrome/132.0.6834.210 Electron/34.3.0 Safari/537.36"
38.246.33.20 - - [21/Sep/2026:08:16:17 +0700] "GET /aflai-cum-catigi-gyrate-gratuite-fara-depunere-cu-pariuriplus-i-exact-cum-poi-retrage-posibile-plata/ HTTP/1.1" 200 58064 "-" "Mozilla/5.0 (Macintosh; Intel Mac OS X 10_15_7) AppleWebKit/537.36 (KHTML, like Gecko) Chrome/116.0.0.0 Safari/537.36"
51.81.111.141 - - [21/Sep/2026:08:16:26 +0700] "GET /access-may-vary-by-condition-so-you-have-to-be-physically-situated-in-an-appropriate-online-gambling-enterprise-county-to-tackle/ HTTP/1.1" 200 62329 "-" "Mozilla/5.0 (compatible; AhrefsBot/7.0; +http://ahrefs.com/robot/)"
198.252.107.178 - - [21/Sep/2026:08:17:30 +0700] "POST /wp-cron.php?doing_wp_cron=1789953450.0539090633392333984375 HTTP/1.1" 200 - "-" "WordPress/7.1.1; https://veewin24hr.com"
107.152.37.242 - - [21/Sep/2026:08:17:28 +0700] "GET /online-casino-no-registration-uk-2026/ HTTP/1.1" 200 67954 "https://veewin24hr.com/" "Mozilla/5.0 (Macintosh; Intel Mac OS X 10.15; rv:138.0) Gecko/20100101 Firefox/138.0"
107.152.37.242 - - [21/Sep/2026:08:17:31 +0700] "GET /?p=27652 HTTP/1.1" 301 - "https://veewin24hr.com/online-casino-no-registration-uk-2026/" "Mozilla/5.0 (Macintosh; Intel Mac OS X 10.15; rv:138.0) Gecko/20100101 Firefox/138.0"
107.152.37.242 - - [21/Sep/2026:08:17:33 +0700] "GET /online-casino-tournaments-uk-2026/ HTTP/1.1" 200 67360 "https://veewin24hr.com/?p=27652" "Mozilla/5.0 (Macintosh; Intel Mac OS X 10.15; rv:138.0) Gecko/20100101 Firefox/138.0"
74.7.228.59 - - [21/Sep/2026:08:17:31 +0700] "GET /robots.txt HTTP/1.1" 200 172 "-" "Mozilla/5.0 (Macintosh; Intel Mac OS X 10_15_7) AppleWebKit/537.36 (KHTML, like Gecko) Chrome/131.0.0.0 Safari/537.36; compatible; OAI-SearchBot/1.4; robots.txt; +https://openai.com/searchbot"
52.167.144.216 - - [21/Sep/2026:08:18:04 +0700] "GET /of-the-depositing-even-more-might-receive-a-whole-lot-more-100-free-added-bonus-money-around-r11500/ HTTP/1.1" 200 59547 "-" "Mozilla/5.0 AppleWebKit/537.36 (KHTML, like Gecko; compatible; bingbot/2.0; +http://www.bing.com/bingbot.htm) Chrome/116.0.1938.76 Safari/537.36"
45.11.172.37 - - [21/Sep/2026:08:18:47 +0700] "GET /online-casino-no-registration-uk-2026/ HTTP/1.1" 200 67954 "https://veewin24hr.com/" "Mozilla/5.0 (X11; Linux x86_64) AppleWebKit/537.36 (KHTML, like Gecko) Chrome/148.0.0.0 Safari/537.36"
85.208.96.211 - - [21/Sep/2026:08:19:37 +0700] "GET /casino-online-options-outside-slots-and-welcome-promotions/ HTTP/1.1" 200 63490 "-" "Mozilla/5.0 (compatible; SemrushBot/7~bl; +http://www.semrush.com/bot.html)"
85.208.96.207 - - [21/Sep/2026:08:19:42 +0700] "GET /its-only-natural-to-need-to-play-during-the-safer-100-free-revolves-casinos-in-your-jurisdiction/ HTTP/1.1" 200 59177 "-" "Mozilla/5.0 (compatible; SemrushBot/7~bl; +http://www.semrush.com/bot.html)"
103.186.53.204 - - [21/Sep/2026:08:20:15 +0700] "GET /goldbet-casino-magyarorszag-hivatalos-oldal-2026/ HTTP/1.1" 200 58543 "https://veewin24hr.com/" "Mozilla/5.0 (X11; Linux x86_64) AppleWebKit/537.36 (KHTML, like Gecko) Chrome/136.0.0.0 Safari/537.36"
103.186.53.204 - - [21/Sep/2026:08:20:19 +0700] "GET /?p=27652 HTTP/1.1" 301 - "https://veewin24hr.com/goldbet-casino-magyarorszag-hivatalos-oldal-2026/" "Mozilla/5.0 (X11; Linux x86_64) AppleWebKit/537.36 (KHTML, like Gecko) Chrome/136.0.0.0 Safari/537.36"
103.186.53.204 - - [21/Sep/2026:08:20:21 +0700] "GET /online-casino-tournaments-uk-2026/ HTTP/1.1" 200 67360 "https://veewin24hr.com/?p=27652" "Mozilla/5.0 (X11; Linux x86_64) AppleWebKit/537.36 (KHTML, like Gecko) Chrome/136.0.0.0 Safari/537.36"
2001:4ca0:108:42::24 - - [21/Sep/2026:08:20:38 +0700] "GET /robots.txt HTTP/1.1" 301 - "-" "Mozilla/5.0 (Windows NT 10.0; Win64; x64) AppleWebKit/537.36 (KHTML, like Gecko) Chrome/103.0.5060.134 Safari/537.36"
198.252.107.178 - - [21/Sep/2026:08:21:19 +0700] "POST /wp-cron.php?doing_wp_cron=1789953679.5459918975830078125000 HTTP/1.1" 200 - "-" "WordPress/7.1.1; https://veewin24hr.com"
45.178.3.59 - - [21/Sep/2026:08:21:13 +0700] "POST /xmlrpc.php HTTP/1.1" 200 181 "-" "Mozilla/5.0 (Macintosh; Intel Mac OS X 10_15_7) AppleWebKit/537.36 (KHTML, like Gecko) Chrome/122.0.0.0 Safari/537.36"
45.178.3.59 - - [21/Sep/2026:08:21:25 +0700] "POST /xmlrpc.php HTTP/1.1" 200 14792 "-" "Mozilla/5.0 (Macintosh; Intel Mac OS X 10_15_7) AppleWebKit/537.36 (KHTML, like Gecko) Chrome/148.0.0.0 Safari/537.36"
45.178.3.59 - - [21/Sep/2026:08:21:31 +0700] "GET /beste-verbunden-casinos-confoederatio-helvetica-slots-angels-online-slot-2026-4-echtgeld-seiten/ HTTP/1.1" 200 65117 "-" "Mozilla/5.0 (Windows NT 10.0; Win64; x64) AppleWebKit/537.36 (KHTML, like Gecko) Chrome/129.0.0.0 Safari/537.36"
64.139.0.16 - - [21/Sep/2026:08:22:27 +0700] "GET /online-casino-american-roulette-uk-2026/ HTTP/1.1" 200 71937 "https://veewin24hr.com/" "Mozilla/5.0 (Macintosh; Intel Mac OS X 10_15_7) AppleWebKit/537.36 (KHTML, like Gecko) Chrome/129.0.0.0 Safari/537.36"
66.249.66.206 - - [21/Sep/2026:08:22:27 +0700] "GET /h1-the-evolution-of-casino-gaming-from-172/ HTTP/1.1" 200 54471 "-" "Mozilla/5.0 (Linux; Android 6.0.1; Nexus 5X Build/MMB29P) AppleWebKit/537.36 (KHTML, like Gecko) Chrome/153.0.8010.47 Mobile Safari/537.36 (compatible; Googlebot/2.1; +http://www.google.com/bot.html)"
64.139.0.16 - - [21/Sep/2026:08:22:32 +0700] "GET /?p=27652 HTTP/1.1" 301 - "https://veewin24hr.com/online-casino-american-roulette-uk-2026/" "Mozilla/5.0 (Macintosh; Intel Mac OS X 10_15_7) AppleWebKit/537.36 (KHTML, like Gecko) Chrome/129.0.0.0 Safari/537.36"
64.139.0.16 - - [21/Sep/2026:08:22:36 +0700] "GET /online-casino-tournaments-uk-2026/ HTTP/1.1" 200 67360 "https://veewin24hr.com/?p=27652" "Mozilla/5.0 (Macintosh; Intel Mac OS X 10_15_7) AppleWebKit/537.36 (KHTML, like Gecko) Chrome/129.0.0.0 Safari/537.36"
85.208.96.209 - - [21/Sep/2026:08:23:10 +0700] "GET /all-has-multipliers-all-the-way-to-100x-along-with-gluey-wilds-plus-a-means-to-improve-gains/ HTTP/1.1" 200 57441 "-" "Mozilla/5.0 (compatible; SemrushBot/7~bl; +http://www.semrush.com/bot.html)"
198.252.107.178 - - [21/Sep/2026:08:24:01 +0700] "POST /wp-cron.php?doing_wp_cron=1789953841.7358660697937011718750 HTTP/1.1" 200 - "-" "WordPress/7.1.1; https://veewin24hr.com"
38.246.33.22 - - [21/Sep/2026:08:23:47 +0700] "POST /xmlrpc.php HTTP/1.1" 200 181 "-" "Mozilla/5.0 (Windows NT 10.0; Win64; x64) AppleWebKit/537.36 (KHTML, like Gecko) obsidian/1.8.9 Chrome/132.0.6834.210 Electron/34.3.0 Safari/537.36"
186.7.83.7 - - [21/Sep/2026:08:23:48 +0700] "POST /xmlrpc.php HTTP/1.1" 200 181 "-" "Mozilla/5.0 (X11; Linux x86_64) AppleWebKit/537.36 (KHTML, like Gecko) Chrome/129.0.0.0 Safari/537.36"
38.246.33.22 - - [21/Sep/2026:08:24:07 +0700] "POST /xmlrpc.php HTTP/1.1" 200 13071 "-" "Mozilla/5.0 (Windows NT 10.0; Win64; x64) AppleWebKit/537.36 (KHTML, like Gecko) Chrome/133.0.0.0 Safari/537.36"
38.246.33.22 - - [21/Sep/2026:08:24:09 +0700] "GET /die-tagesordnungspunkt-unterfangen-ihr-branche-seien-indessen-sogar-aktiv-ihr-borse-gelistet/ HTTP/1.1" 200 62534 "-" "Mozilla/5.0 (Macintosh; Intel Mac OS X 10_15_7) AppleWebKit/605.1.15 (KHTML, like Gecko) Version/18.5 Safari/605.1.15"
198.252.107.178 - - [21/Sep/2026:08:24:43 +0700] "POST /wp-cron.php?doing_wp_cron=1789953883.2678310871124267578125 HTTP/1.1" 200 - "-" "WordPress/7.1.1; https://veewin24hr.com"
38.246.33.22 - - [21/Sep/2026:08:24:33 +0700] "POST /xmlrpc.php HTTP/1.1" 200 181 "-" "Mozilla/5.0 (Windows NT 10.0; Win64; x64) AppleWebKit/537.36 (KHTML, like Gecko) Chrome/134.0.0.0 Safari/537.36 Edg/134.0.0.0"
38.246.33.22 - - [21/Sep/2026:08:24:49 +0700] "POST /xmlrpc.php HTTP/1.1" 200 13829 "-" "Mozilla/5.0 (X11; Linux x86_64; rv:128.0) Gecko/20100101 Firefox/128.0"
38.246.33.22 - - [21/Sep/2026:08:24:51 +0700] "GET /im-staatlich-lizenzierten-spielsaal-hotel-fundig-werden-und-regelmaig-konzerte-unter-anderem-festivals/ HTTP/1.1" 200 63465 "-" "Mozilla/5.0 (Windows NT 10.0; Win64; x64) AppleWebKit/537.36 (KHTML, like Gecko) Chrome/132.0.0.0 Safari/537.36 OPR/117.0.0.0"
198.252.107.178 - - [21/Sep/2026:08:25:50 +0700] "POST /wp-cron.php?doing_wp_cron=1789953950.8358969688415527343750 HTTP/1.1" 200 - "-" "WordPress/7.1.1; https://veewin24hr.com"
38.246.33.22 - - [21/Sep/2026:08:25:42 +0700] "POST /xmlrpc.php HTTP/1.1" 200 181 "-" "Mozilla/5.0 (X11; Linux x86_64) AppleWebKit/537.36 (KHTML, like Gecko) Chrome/135.0.0.0 Safari/537.36"
38.246.33.22 - - [21/Sep/2026:08:25:57 +0700] "POST /xmlrpc.php HTTP/1.1" 200 11590 "-" "Mozilla/5.0 (Windows NT 10.0; Win64; x64) AppleWebKit/537.36 (KHTML, like Gecko) obsidian/1.8.9 Chrome/132.0.6834.210 Electron/34.3.0 Safari/537.36"
38.246.33.22 - - [21/Sep/2026:08:25:58 +0700] "GET /unser-genauen-rtp-akten-back-once-again-towards-participant-eignen-durch-angewandten-anbietern-veroffentlicht-unter-anderem-von-prufstellen-periodisch-kontrolliert/ HTTP/1.1" 200 62277 "-" "Mozilla/5.0 (X11; Linux x86_64) AppleWebKit/537.36 (KHTML, like Gecko) Chrome/133.0.0.0 Safari/537.36"
198.252.107.178 - - [21/Sep/2026:08:26:11 +0700] "POST /wp-cron.php?doing_wp_cron=1789953971.4845409393310546875000 HTTP/1.1" 200 - "-" "WordPress/7.1.1; https://veewin24hr.com"
105.155.167.40 - - [21/Sep/2026:08:25:55 +0700] "POST /xmlrpc.php HTTP/1.1" 200 181 "-" "Mozilla/5.0 (Macintosh; Intel Mac OS X 10_15_7) AppleWebKit/537.36 (KHTML, like Gecko) obsidian/1.6.5 Chrome/124.0.6367.243 Electron/30.1.2 Safari/537.36"
38.246.32.227 - - [21/Sep/2026:08:26:03 +0700] "POST /xmlrpc.php HTTP/1.1" 200 181 "-" "Mozilla/5.0 (X11; Ubuntu; Linux x86_64; rv:137.0) Gecko/20100101 Firefox/137.0"
198.252.107.178 - - [21/Sep/2026:08:26:22 +0700] "POST /wp-cron.php?doing_wp_cron=1789953982.1269218921661376953125 HTTP/1.1" 200 - "-" "WordPress/7.1.1; https://veewin24hr.com"
38.246.32.227 - - [21/Sep/2026:08:26:20 +0700] "POST /xmlrpc.php HTTP/1.1" 200 7926 "-" "Mozilla/5.0 (Macintosh; Intel Mac OS X 10_15_7) AppleWebKit/537.36 (KHTML, like Gecko) Chrome/145.0.0.0 Safari/537.36 OPR/129.0.0.0"
38.246.32.227 - - [21/Sep/2026:08:26:23 +0700] "GET /land-3-or-maybe-more-scatters-anywhere-along-the-reels-in-order-to-result-in-the-brand-new-totally-free-spins-incentive/ HTTP/1.1" 200 57774 "-" "Mozilla/5.0 (Macintosh; Intel Mac OS X 10_15_7) AppleWebKit/537.36 (KHTML, like Gecko) Chrome/147.0.0.0 Safari/537.36"
109.176.207.116 - - [21/Sep/2026:08:26:51 +0700] "GET /hvorfor-dit-nste-casino-valg-handler-om-licens/ HTTP/1.1" 200 55831 "https://www.google.com/search?q=veewin24hr.com&source=hp&ei=yBFuZQ&ved=0ahUKEwj34ab1d1abd3108308497&oq=veewin24hr.com" "Mozilla/5.0 (Windows NT 10.0; Win64; x64) AppleWebKit/537.36 (KHTML, like Gecko) Chrome/128.0.10735.92 Safari/537.36"
198.252.107.178 - - [21/Sep/2026:08:26:56 +0700] "POST /wp-cron.php?doing_wp_cron=1789954016.0067598819732666015625 HTTP/1.1" 200 - "-" "WordPress/7.1.1; https://veewin24hr.com"
38.246.33.22 - - [21/Sep/2026:08:26:50 +0700] "POST /xmlrpc.php HTTP/1.1" 200 181 "-" "Mozilla/5.0 (X11; Linux x86_64) AppleWebKit/537.36 (KHTML, like Gecko) Chrome/129.0.0.0 Safari/537.36"
38.246.33.22 - - [21/Sep/2026:08:27:01 +0700] "POST /xmlrpc.php HTTP/1.1" 200 12896 "-" "Mozilla/5.0 (Macintosh; Intel Mac OS X 10_15_7) AppleWebKit/537.36 (KHTML, like Gecko) Chrome/135.0.0.0 Safari/537.36 Edg/135.0.0.0"
38.246.33.22 - - [21/Sep/2026:08:27:03 +0700] "GET /uff-erfolgter-zahlung-lasst-gegenseitig-der-erworbene-prepaid-kode-einfach-in-das-paysafecard-konto-uppen/ HTTP/1.1" 200 62604 "-" "Mozilla/5.0 (X11; Linux x86_64) AppleWebKit/537.36 (KHTML, like Gecko) Chrome/133.0.0.0 Safari/537.36"
198.252.107.178 - - [21/Sep/2026:08:27:32 +0700] "POST /wp-cron.php?doing_wp_cron=1789954052.7318201065063476562500 HTTP/1.1" 200 - "-" "WordPress/7.1.1; https://veewin24hr.com"
38.246.32.227 - - [21/Sep/2026:08:27:25 +0700] "POST /xmlrpc.php HTTP/1.1" 200 181 "-" "Mozilla/5.0 (Windows NT 10.0; Win64; x64) AppleWebKit/537.36 (KHTML, like Gecko) Chrome/147.0.0.0 Safari/537.36"
85.208.96.193 - - [21/Sep/2026:08:27:36 +0700] "GET /ideal-fl-web-based-casinos-2026-top-15-local-casino-websites-within-the-fl-the-real-deal-currency-victories/ HTTP/1.1" 200 58353 "-" "Mozilla/5.0 (compatible; SemrushBot/7~bl; +http://www.semrush.com/bot.html)"
38.246.32.227 - - [21/Sep/2026:08:27:38 +0700] "POST /xmlrpc.php HTTP/1.1" 200 9501 "-" "Mozilla/5.0 (Macintosh; Intel Mac OS X 10_15_7) AppleWebKit/537.36 (KHTML, like Gecko) Chrome/145.0.0.0 Safari/537.36 OPR/129.0.0.0"
38.246.32.227 - - [21/Sep/2026:08:27:41 +0700] "GET /that-is-correct-even-your-technical-guys-will-get-some-so-long-as-it-is-a-human-technology-web-browser/ HTTP/1.1" 200 59062 "-" "Mozilla/5.0 (X11; Linux x86_64) AppleWebKit/537.36 (KHTML, like Gecko) Chrome/135.0.0.0 Safari/537.36"
198.252.107.178 - - [21/Sep/2026:08:27:50 +0700] "POST /wp-cron.php?doing_wp_cron=1789954070.1401169300079345703125 HTTP/1.1" 200 - "-" "WordPress/7.1.1; https://veewin24hr.com"
38.246.33.22 - - [21/Sep/2026:08:27:44 +0700] "POST /xmlrpc.php HTTP/1.1" 200 181 "-" "Mozilla/5.0 (Macintosh; Intel Mac OS X 10_15_7) AppleWebKit/537.36 (KHTML, like Gecko) Chrome/120.0.0.0 Safari/537.36"
38.246.33.22 - - [21/Sep/2026:08:27:56 +0700] "POST /xmlrpc.php HTTP/1.1" 200 10636 "-" "Mozilla/5.0 (Macintosh; Intel Mac OS X 10_15_7) AppleWebKit/605.1.15 (KHTML, like Gecko) Version/18.2 Safari/605.1.15"
38.246.33.22 - - [21/Sep/2026:08:27:58 +0700] "GET /neuanmeldung-ein-zigeunern-meistens-aufwarts-ein-prellen-ferner-rechten-oberen-rand-vos-erreichbar-casinos-befindet/ HTTP/1.1" 200 60556 "-" "Mozilla/5.0 (Macintosh; Intel Mac OS X 10_15_7) AppleWebKit/605.1.15 (KHTML, like Gecko) Version/18.2 Safari/605.1.15"
40.77.167.48 - - [21/Sep/2026:08:28:10 +0700] "GET /withdrawals-begin-at-ten-eur-50-eur-which-have-coinspaid-and-they-are-capped-at-the-20000-eur-four-weeks/ HTTP/1.1" 200 61125 "-" "Mozilla/5.0 AppleWebKit/537.36 (KHTML, like Gecko; compatible; bingbot/2.0; +http://www.bing.com/bingbot.htm) Chrome/116.0.1938.76 Safari/537.36"
198.252.107.178 - - [21/Sep/2026:08:28:13 +0700] "POST /wp-cron.php?doing_wp_cron=1789954093.3148319721221923828125 HTTP/1.1" 200 - "-" "WordPress/7.1.1; https://veewin24hr.com"
103.207.97.107 - - [21/Sep/2026:08:28:04 +0700] "POST /xmlrpc.php HTTP/1.1" 200 181 "-" "Mozilla/5.0 (Windows NT 10.0; Win64; x64) AppleWebKit/537.36 (KHTML, like Gecko) Chrome/148.0.0.0 Safari/537.36 Edg/148.0.0.0"
168.126.234.244 - - [21/Sep/2026:08:28:16 +0700] "GET /goldbet-casino-magyarorszag-hivatalos-oldal-2026/ HTTP/1.1" 200 58543 "https://veewin24hr.com/" "Mozilla/5.0 (X11; Linux x86_64) AppleWebKit/537.36 (KHTML, like Gecko) Chrome/124.0.0.0 Safari/537.36"
168.126.234.244 - - [21/Sep/2026:08:28:20 +0700] "GET /?p=27652 HTTP/1.1" 301 - "https://veewin24hr.com/goldbet-casino-magyarorszag-hivatalos-oldal-2026/" "Mozilla/5.0 (X11; Linux x86_64) AppleWebKit/537.36 (KHTML, like Gecko) Chrome/124.0.0.0 Safari/537.36"
168.126.234.244 - - [21/Sep/2026:08:28:22 +0700] "GET /online-casino-tournaments-uk-2026/ HTTP/1.1" 200 67360 "https://veewin24hr.com/?p=27652" "Mozilla/5.0 (X11; Linux x86_64) AppleWebKit/537.36 (KHTML, like Gecko) Chrome/124.0.0.0 Safari/537.36"
198.252.107.178 - - [21/Sep/2026:08:28:27 +0700] "POST /wp-cron.php?doing_wp_cron=1789954107.7435870170593261718750 HTTP/1.1" 200 - "-" "WordPress/7.1.1; https://veewin24hr.com"
38.246.33.22 - - [21/Sep/2026:08:28:19 +0700] "POST /xmlrpc.php HTTP/1.1" 200 181 "-" "Mozilla/5.0 (X11; Linux x86_64) AppleWebKit/537.36 (KHTML, like Gecko) Chrome/124.0.0.0 Safari/537.36"
51.81.110.61 - - [21/Sep/2026:08:28:27 +0700] "GET /you-need-to-only-be-doubtful-on-unproven-and-you-can-unaudited-slot-providers/ HTTP/1.1" 200 57649 "-" "Mozilla/5.0 (compatible; AhrefsBot/7.0; +http://ahrefs.com/robot/)"
38.246.33.22 - - [21/Sep/2026:08:28:33 +0700] "POST /xmlrpc.php HTTP/1.1" 200 9875 "-" "Mozilla/5.0 (X11; Linux x86_64; rv:128.0) Gecko/20100101 Firefox/128.0"
38.246.33.22 - - [21/Sep/2026:08:28:36 +0700] "GET /unsereiner-anraten-sondern-angewandten-ublichen-spielsalon-einzahlungsbonus-diesseitigen-gamer-fur-jedes-deren-anmeldung-ferner-gute-umsetzung-beziehen/ HTTP/1.1" 200 60292 "-" "Mozilla/5.0 (Windows NT 10.0; Win64; x64) AppleWebKit/537.36 (KHTML, like Gecko) obsidian/1.6.5 Chrome/124.0.6367.243 Electron/30.1.2 Safari/537.36"
198.252.107.178 - - [21/Sep/2026:08:28:58 +0700] "POST /wp-cron.php?doing_wp_cron=1789954138.2828049659729003906250 HTTP/1.1" 200 - "-" "WordPress/7.1.1; https://veewin24hr.com"
38.246.33.22 - - [21/Sep/2026:08:28:49 +0700] "POST /xmlrpc.php HTTP/1.1" 200 181 "-" "Mozilla/5.0 (Windows NT 10.0; Win64; x64) AppleWebKit/537.36 (KHTML, like Gecko) obsidian/1.8.4 Chrome/130.0.6723.191 Electron/33.3.2 Safari/537.36"
198.252.107.178 - - [21/Sep/2026:08:29:01 +0700] "POST /wp-cron.php?doing_wp_cron=1789954141.1574909687042236328125 HTTP/1.1" 200 - "-" "WordPress/7.1.1; https://veewin24hr.com"
38.246.32.227 - - [21/Sep/2026:08:28:53 +0700] "POST /xmlrpc.php HTTP/1.1" 200 181 "-" "Mozilla/5.0 (X11; Linux x86_64) AppleWebKit/537.36 (KHTML, like Gecko) Chrome/132.0.0.0 Safari/537.36"
38.246.33.22 - - [21/Sep/2026:08:29:04 +0700] "POST /xmlrpc.php HTTP/1.1" 200 14291 "-" "Mozilla/5.0 (Macintosh; Intel Mac OS X 10_15_7) AppleWebKit/537.36 (KHTML, like Gecko) Chrome/147.0.0.0 Safari/537.36"
38.246.32.227 - - [21/Sep/2026:08:29:07 +0700] "POST /xmlrpc.php HTTP/1.1" 200 12457 "-" "Mozilla/5.0 (Windows NT 10.0; Win64; x64) AppleWebKit/537.36 (KHTML, like Gecko) Chrome/131.0.0.0 Safari/537.36"
38.246.33.22 - - [21/Sep/2026:08:29:06 +0700] "GET /aufmerksam-war-dies-speziell-elementar-so-respons-allein-in-sichere-unter-anderem-verantwortungsvolle-zahlungsdienstleister-zuruckgreifst/ HTTP/1.1" 200 64444 "-" "Mozilla/5.0 (Windows NT 10.0; Win64; x64; rv:137.0) Gecko/20100101 Firefox/137.0"
38.246.32.227 - - [21/Sep/2026:08:29:09 +0700] "GET /this-is-the-prime-device-to-possess-inveterate-members-because-beginners-out-of-betting/ HTTP/1.1" 200 61788 "-" "Mozilla/5.0 (Windows NT 10.0; Win64; x64; rv:150.0) Gecko/20100101 Firefox/150.0"
198.252.107.178 - - [21/Sep/2026:08:29:31 +0700] "POST /wp-cron.php?doing_wp_cron=1789954171.4488120079040527343750 HTTP/1.1" 200 - "-" "WordPress/7.1.1; https://veewin24hr.com"
38.246.33.22 - - [21/Sep/2026:08:29:20 +0700] "POST /xmlrpc.php HTTP/1.1" 200 181 "-" "Mozilla/5.0 (Windows NT 10.0; Win64; x64) AppleWebKit/537.36 (KHTML, like Gecko) obsidian/1.8.4 Chrome/130.0.6723.191 Electron/33.3.2 Safari/537.36"
38.246.33.22 - - [21/Sep/2026:08:29:37 +0700] "POST /xmlrpc.php HTTP/1.1" 200 9732 "-" "Mozilla/5.0 (Windows NT 10.0; Win64; x64) AppleWebKit/537.36 (KHTML, like Gecko) obsidian/1.6.5 Chrome/124.0.6367.243 Electron/30.1.2 Safari/537.36"
38.246.33.22 - - [21/Sep/2026:08:29:40 +0700] "GET /gleichwohl-parece-existiert-noch-etliche-andere-fragen-die-bei-der-berechnung-eines-bonusangebots-bedeutung-haben-vermogen/ HTTP/1.1" 200 59661 "-" "Mozilla/5.0 (Windows NT 10.0; Win64; x64) AppleWebKit/537.36 (KHTML, like Gecko) Chrome/134.0.0.0 Safari/537.36"
38.246.33.22 - - [21/Sep/2026:08:29:44 +0700] "POST /xmlrpc.php HTTP/1.1" 200 181 "-" "Mozilla/5.0 (Windows NT 10.0; Win64; x64) AppleWebKit/537.36 (KHTML, like Gecko) Chrome/91.0.4472.124 Safari/537.36"
198.252.107.178 - - [21/Sep/2026:08:29:57 +0700] "POST /wp-cron.php?doing_wp_cron=1789954197.7556779384613037109375 HTTP/1.1" 200 - "-" "WordPress/7.1.1; https://veewin24hr.com"
38.246.32.227 - - [21/Sep/2026:08:29:38 +0700] "POST /xmlrpc.php HTTP/1.1" 200 181 "-" "Mozilla/5.0 (X11; Ubuntu; Linux x86_64; rv:137.0) Gecko/20100101 Firefox/137.0"
51.81.111.9 - - [21/Sep/2026:08:30:00 +0700] "GET /una-vez-que-posea-el-papeleta-amex-elegida-enorme-casino-madrid-calle-alcala-dichos-favorecen-mucho/ HTTP/1.1" 200 58572 "-" "Mozilla/5.0 (compatible; AhrefsBot/7.0; +http://ahrefs.com/robot/)"
38.246.33.22 - - [21/Sep/2026:08:30:03 +0700] "POST /xmlrpc.php HTTP/1.1" 200 12784 "-" "Mozilla/5.0 (Windows NT 10.0; Win64; x64) AppleWebKit/537.36 (KHTML, like Gecko) Chrome/119.0.0.0 Safari/537.36"
38.246.32.227 - - [21/Sep/2026:08:30:03 +0700] "POST /xmlrpc.php HTTP/1.1" 200 10082 "-" "Mozilla/5.0 (Windows NT 10.0; Win64; x64) AppleWebKit/537.36 (KHTML, like Gecko) Chrome/129.0.0.0 Safari/537.36"
38.246.33.22 - - [21/Sep/2026:08:30:05 +0700] "GET /angewandten-entsprechenden-vorschlag-zu-tage-fi%EF%BF%BDrdert-ein-uff-ihr-inter-auftritt-des-casinos/ HTTP/1.1" 200 62311 "-" "Mozilla/5.0 (Windows NT 10.0; Win64; x64) AppleWebKit/537.36 (KHTML, like Gecko) Chrome/133.0.0.0 Safari/537.36 OPR/118.0.0.0"
38.246.32.227 - - [21/Sep/2026:08:30:06 +0700] "GET /five-or-more-reels-with-prolonged-paylines-extra-cycles-and-you-can-thematic-design/ HTTP/1.1" 200 59357 "-" "Mozilla/5.0 (Windows NT 10.0; Win64; x64) AppleWebKit/537.36 (KHTML, like Gecko) Chrome/131.0.0.0 Safari/537.36"
198.252.107.178 - - [21/Sep/2026:08:30:21 +0700] "POST /wp-cron.php?doing_wp_cron=1789954221.5527250766754150390625 HTTP/1.1" 200 - "-" "WordPress/7.1.1; https://veewin24hr.com"
38.246.33.22 - - [21/Sep/2026:08:30:07 +0700] "POST /xmlrpc.php HTTP/1.1" 200 181 "-" "Mozilla/5.0 (Windows NT 10.0; Win64; x64) AppleWebKit/537.36 (KHTML, like Gecko) Chrome/130.0.0.0 Safari/537.36"
38.246.33.22 - - [21/Sep/2026:08:30:27 +0700] "POST /xmlrpc.php HTTP/1.1" 200 12396 "-" "Mozilla/5.0 (Windows NT 10.0; Win64; x64) AppleWebKit/537.36 (KHTML, like Gecko) Chrome/136.0.0.0 Safari/537.36"
38.246.33.22 - - [21/Sep/2026:08:30:31 +0700] "GET /within-inanspruchnahme-durch-willkommensangeboten-gultigkeit-haben-nachfolgende-agb-ein-versorger-unser-sollen-beachtet-sie-sind/ HTTP/1.1" 200 62471 "-" "Mozilla/5.0 (X11; Linux x86_64) AppleWebKit/537.36 (KHTML, like Gecko) Chrome/148.0.0.0 Safari/537.36"
198.252.107.178 - - [21/Sep/2026:08:30:36 +0700] "POST /wp-cron.php?doing_wp_cron=1789954236.2304279804229736328125 HTTP/1.1" 200 - "-" "WordPress/7.1.1; https://veewin24hr.com"
38.246.32.227 - - [21/Sep/2026:08:30:25 +0700] "POST /xmlrpc.php HTTP/1.1" 200 181 "-" "Mozilla/5.0 (Windows NT 10.0; Win64; x64) AppleWebKit/537.36 (KHTML, like Gecko) Chrome/91.0.4472.124 Safari/537.36"
198.252.107.178 - - [21/Sep/2026:08:30:40 +0700] "POST /wp-cron.php?doing_wp_cron=1789954240.1261920928955078125000 HTTP/1.1" 200 - "-" "WordPress/7.1.1; https://veewin24hr.com"
38.246.33.22 - - [21/Sep/2026:08:30:29 +0700] "POST /xmlrpc.php HTTP/1.1" 200 181 "-" "Mozilla/5.0 (Windows NT 10.0; Win64; x64) AppleWebKit/537.36 (KHTML, like Gecko) Chrome/91.0.4472.124 Safari/537.36"
38.246.32.227 - - [21/Sep/2026:08:30:42 +0700] "POST /xmlrpc.php HTTP/1.1" 200 9921 "-" "Mozilla/5.0 (Macintosh; Intel Mac OS X 10_15_7) AppleWebKit/605.1.15 (KHTML, like Gecko) Version/18.3 Safari/605.1.15"
38.246.32.227 - - [21/Sep/2026:08:30:43 +0700] "GET /you-will-want-to-dive-on-the-what-you-slotomania-offers-immediately/ HTTP/1.1" 200 58928 "-" "Mozilla/5.0 (Windows NT 10.0; Win64; x64) AppleWebKit/537.36 (KHTML, like Gecko) Chrome/109.0.0.0 Safari/537.36"
38.246.33.22 - - [21/Sep/2026:08:30:47 +0700] "POST /xmlrpc.php HTTP/1.1" 200 9215 "-" "Mozilla/5.0 (Windows NT 10.0; Win64; x64) AppleWebKit/537.36 (KHTML, like Gecko) Chrome/122.0.0.0 Safari/537.36"
38.246.33.22 - - [21/Sep/2026:08:30:49 +0700] "GET /eigens-begehrt-finden-unsereiner-unser-wochentlichen-bonusangebote-aktionen-unter-anderem-turniere-ebendiese-regelmaig-je-deine-vielzahl-sorgen/ HTTP/1.1" 200 59567 "-" "Mozilla/5.0 (X11; Linux x86_64; rv:128.0) Gecko/20100101 Firefox/128.0"
198.252.107.178 - - [21/Sep/2026:08:30:57 +0700] "POST /wp-cron.php?doing_wp_cron=1789954257.9158589839935302734375 HTTP/1.1" 200 - "-" "WordPress/7.1.1; https://veewin24hr.com"
38.246.33.22 - - [21/Sep/2026:08:30:51 +0700] "POST /xmlrpc.php HTTP/1.1" 200 181 "-" "Mozilla/5.0 (X11; Linux x86_64) AppleWebKit/537.36 (KHTML, like Gecko) Chrome/134.0.0.0 Safari/537.36"
172.93.215.204 - - [21/Sep/2026:08:30:58 +0700] "GET /online-casino-american-roulette-uk-2026/ HTTP/1.1" 200 71937 "https://veewin24hr.com/" "Mozilla/5.0 (Macintosh; Intel Mac OS X 10_15_7) AppleWebKit/537.36 (KHTML, like Gecko) Chrome/116.0.0.0 Safari/537.36"
172.93.215.204 - - [21/Sep/2026:08:31:01 +0700] "GET /?p=27652 HTTP/1.1" 301 - "https://veewin24hr.com/online-casino-american-roulette-uk-2026/" "Mozilla/5.0 (Macintosh; Intel Mac OS X 10_15_7) AppleWebKit/537.36 (KHTML, like Gecko) Chrome/116.0.0.0 Safari/537.36"
172.93.215.204 - - [21/Sep/2026:08:31:03 +0700] "GET /online-casino-tournaments-uk-2026/ HTTP/1.1" 200 67360 "https://veewin24hr.com/?p=27652" "Mozilla/5.0 (Macintosh; Intel Mac OS X 10_15_7) AppleWebKit/537.36 (KHTML, like Gecko) Chrome/116.0.0.0 Safari/537.36"
38.246.33.22 - - [21/Sep/2026:08:31:04 +0700] "POST /xmlrpc.php HTTP/1.1" 200 13186 "-" "Mozilla/5.0 (Macintosh; Intel Mac OS X 10_15_7) AppleWebKit/537.36 (KHTML, like Gecko) Chrome/116.0.0.0 Safari/537.36"
38.246.33.22 - - [21/Sep/2026:08:31:07 +0700] "GET /no-ihr-kauferschutz-von-paypal-gelte-keineswegs-fur-glucksspieltransaktionen/ HTTP/1.1" 200 62359 "-" "Mozilla/5.0 (X11; Linux x86_64) AppleWebKit/537.36 (KHTML, like Gecko) Chrome/129.0.0.0 Safari/537.36"
198.252.107.178 - - [21/Sep/2026:08:31:11 +0700] "POST /wp-cron.php?doing_wp_cron=1789954271.7560920715332031250000 HTTP/1.1" 200 - "-" "WordPress/7.1.1; https://veewin24hr.com"
38.246.32.227 - - [21/Sep/2026:08:31:01 +0700] "POST /xmlrpc.php HTTP/1.1" 200 181 "-" "Mozilla/5.0 (X11; Linux x86_64) AppleWebKit/537.36 (KHTML, like Gecko) Chrome/131.0.0.0 Safari/537.36"
38.246.32.227 - - [21/Sep/2026:08:31:18 +0700] "POST /xmlrpc.php HTTP/1.1" 200 8759 "-" "Mozilla/5.0 (Windows NT 10.0; Win64; x64) AppleWebKit/537.36 (KHTML, like Gecko) Chrome/119.0.0.0 Safari/537.36"
198.252.107.178 - - [21/Sep/2026:08:31:19 +0700] "POST /wp-cron.php?doing_wp_cron=1789954279.2807331085205078125000 HTTP/1.1" 200 - "-" "WordPress/7.1.1; https://veewin24hr.com"
38.246.33.22 - - [21/Sep/2026:08:31:14 +0700] "POST /xmlrpc.php HTTP/1.1" 200 181 "-" "Mozilla/5.0 (Windows NT 10.0; Win64; x64) AppleWebKit/537.36 (KHTML, like Gecko) obsidian/1.6.5 Chrome/124.0.6367.243 Electron/30.1.2 Safari/537.36"
38.246.32.227 - - [21/Sep/2026:08:31:19 +0700] "GET /having-everyday-jackpots-enjoyable-promotions-and-you-will-limitless-ways-to-play-there-is-always-something-new-to-enjoy/ HTTP/1.1" 200 58689 "-" "Mozilla/5.0 (Macintosh; Intel Mac OS X 10_15_7) AppleWebKit/537.36 (KHTML, like Gecko) obsidian/1.8.10 Chrome/132.0.6834.196 Electron/34.2.0 Safari/537.36"
51.81.111.136 - - [21/Sep/2026:08:31:19 +0700] "GET /trustly-and-you-will-unlock-financial-can-be-worth-highlighting-particularly-because-most-books-neglect-all-of-them/ HTTP/1.1" 200 59513 "-" "Mozilla/5.0 (compatible; AhrefsBot/7.0; +http://ahrefs.com/robot/)"
38.246.33.22 - - [21/Sep/2026:08:31:24 +0700] "POST /xmlrpc.php HTTP/1.1" 200 10622 "-" "Mozilla/5.0 (Windows NT 10.0; Win64; x64) AppleWebKit/537.36 (KHTML, like Gecko) obsidian/1.8.10 Chrome/132.0.6834.196 Electron/34.2.0 Safari/537.36"
38.246.33.22 - - [21/Sep/2026:08:31:26 +0700] "GET /unser-runde-aktiv-slots-an-dieser-stelle-verlauft-gleich-wie-gleichfalls-hinein-landbasierten-spielotheken-unter-anderem-spielbanken/ HTTP/1.1" 200 60779 "-" "Mozilla/5.0 (Windows NT 10.0; Win64; x64) AppleWebKit/537.36 (KHTML, like Gecko) Chrome/147.0.0.0 Safari/537.36 OPR/131.0.0.0"
198.252.107.178 - - [21/Sep/2026:08:31:35 +0700] "POST /wp-cron.php?doing_wp_cron=1789954295.4356849193572998046875 HTTP/1.1" 200 - "-" "WordPress/7.1.1; https://veewin24hr.com"
38.246.32.227 - - [21/Sep/2026:08:31:30 +0700] "POST /xmlrpc.php HTTP/1.1" 200 181 "-" "Mozilla/5.0 (Windows NT 10.0; Win64; x64) AppleWebKit/537.36 (KHTML, like Gecko) Chrome/132.0.0.0 Safari/537.36"
198.252.107.178 - - [21/Sep/2026:08:31:41 +0700] "POST /wp-cron.php?doing_wp_cron=1789954301.3909759521484375000000 HTTP/1.1" 200 - "-" "WordPress/7.1.1; https://veewin24hr.com"
38.246.33.22 - - [21/Sep/2026:08:31:36 +0700] "POST /xmlrpc.php HTTP/1.1" 200 181 "-" "Mozilla/5.0 (Macintosh; Intel Mac OS X 10_15_7) AppleWebKit/537.36 (KHTML, like Gecko) Chrome/116.0.0.0 Safari/537.36"
38.246.32.227 - - [21/Sep/2026:08:31:41 +0700] "POST /xmlrpc.php HTTP/1.1" 200 7881 "-" "Mozilla/5.0 (X11; Linux x86_64) AppleWebKit/537.36 (KHTML, like Gecko) Chrome/129.0.0.0 Safari/537.36"
38.246.32.227 - - [21/Sep/2026:08:31:42 +0700] "GET /an-informed-video-game-yet-in-my-opinion-love-the-quality-and-you-can-the-brand-new-earnings/ HTTP/1.1" 200 57394 "-" "Mozilla/5.0 (Windows NT 10.0; Win64; x64) AppleWebKit/537.36 (KHTML, like Gecko) obsidian/1.8.9 Chrome/132.0.6834.210 Electron/34.3.0 Safari/537.36"
38.246.33.22 - - [21/Sep/2026:08:31:47 +0700] "POST /xmlrpc.php HTTP/1.1" 200 9940 "-" "Mozilla/5.0 (X11; Linux x86_64; rv:128.0) Gecko/20100101 Firefox/128.0"
38.246.33.22 - - [21/Sep/2026:08:31:49 +0700] "GET /freund-und-feind-legalen-lieferant-vergehen-jedoch-spielerschutz-manahmen-damit-zu-denen-ihr-monatliches-einzahlungslimit-bei-two/ HTTP/1.1" 200 60059 "-" "Mozilla/5.0 (Macintosh; Intel Mac OS X 10_15_7) AppleWebKit/537.36 (KHTML, like Gecko) Chrome/135.0.0.0 Safari/537.36 Edg/135.0.0.0"
91.244.197.105 - - [21/Sep/2026:08:32:03 +0700] "GET /wp-login.php HTTP/1.1" 200 7255 "-" "Mozilla/5.0 (X11; Linux x86_64) AppleWebKit/537.36 (KHTML, like Gecko) Chrome/151.0.0.0 Safari/537.36"
91.244.197.105 - - [21/Sep/2026:08:32:04 +0700] "POST /wp-login.php HTTP/1.1" 200 7676 "https://veewin24hr.com/wp-login.php" "Mozilla/5.0 (X11; Linux x86_64) AppleWebKit/537.36 (KHTML, like Gecko) Chrome/151.0.0.0 Safari/537.36"
38.246.33.22 - - [21/Sep/2026:08:31:58 +0700] "POST /xmlrpc.php HTTP/1.1" 200 181 "-" "Mozilla/5.0 (X11; Linux x86_64) AppleWebKit/537.36 (KHTML, like Gecko) Chrome/129.0.0.0 Safari/537.36"
198.252.107.178 - - [21/Sep/2026:08:32:05 +0700] "POST /wp-cron.php?doing_wp_cron=1789954325.4858200550079345703125 HTTP/1.1" 200 - "-" "WordPress/7.1.1; https://veewin24hr.com"
38.246.32.227 - - [21/Sep/2026:08:31:58 +0700] "POST /xmlrpc.php HTTP/1.1" 200 181 "-" "Mozilla/5.0 (Windows NT 10.0; Win64; x64) AppleWebKit/537.36 (KHTML, like Gecko) Chrome/134.0.0.0 Safari/537.36 Edg/134.0.0.0"
91.244.197.105 - - [21/Sep/2026:08:32:05 +0700] "GET /wp-json/wp/v2/users/me HTTP/1.1" 401 96 "-" "Mozilla/5.0 (X11; Linux x86_64) AppleWebKit/537.36 (KHTML, like Gecko) Chrome/151.0.0.0 Safari/537.36"
38.246.32.227 - - [21/Sep/2026:08:32:11 +0700] "POST /xmlrpc.php HTTP/1.1" 200 8034 "-" "Mozilla/5.0 (Windows NT 10.0; Win64; x64; rv:150.0) Gecko/20100101 Firefox/150.0"
38.246.33.22 - - [21/Sep/2026:08:32:11 +0700] "POST /xmlrpc.php HTTP/1.1" 200 11138 "-" "Mozilla/5.0 (Macintosh; Intel Mac OS X 10_15_7) AppleWebKit/537.36 (KHTML, like Gecko) Chrome/116.0.0.0 Safari/537.36"
38.246.32.227 - - [21/Sep/2026:08:32:13 +0700] "GET /it-is-disorderly-loud-and-feels-like-engaging-in-another-point-in-time-from-las-vegas/ HTTP/1.1" 200 57345 "-" "Mozilla/5.0 (Windows NT 10.0; Win64; x64) AppleWebKit/537.36 (KHTML, like Gecko) obsidian/1.8.4 Chrome/130.0.6723.191 Electron/33.3.2 Safari/537.36"
38.246.33.22 - - [21/Sep/2026:08:32:13 +0700] "GET /so-beherrschen-die-kunden-reibungslos-durchseihen-unser-vorschlag-kuren-welches-am-gunstigsten-hinten-jedermann-passt/ HTTP/1.1" 200 61086 "-" "Mozilla/5.0 (Macintosh; Intel Mac OS X 10_15_7) AppleWebKit/537.36 (KHTML, like Gecko) Chrome/130.0.0.0 Safari/537.36"
198.252.107.178 - - [21/Sep/2026:08:32:25 +0700] "POST /wp-cron.php?doing_wp_cron=1789954345.6124949455261230468750 HTTP/1.1" 200 - "-" "WordPress/7.1.1; https://veewin24hr.com"
38.246.33.22 - - [21/Sep/2026:08:32:17 +0700] "POST /xmlrpc.php HTTP/1.1" 200 181 "-" "Mozilla/5.0 (Windows NT 10.0; Win64; x64) AppleWebKit/537.36 (KHTML, like Gecko) Chrome/117.0.5938.132 Safari/537.36"
198.252.107.178 - - [21/Sep/2026:08:32:31 +0700] "POST /wp-cron.php?doing_wp_cron=1789954351.4707999229431152343750 HTTP/1.1" 200 - "-" "WordPress/7.1.1; https://veewin24hr.com"
38.246.32.227 - - [21/Sep/2026:08:32:24 +0700] "POST /xmlrpc.php HTTP/1.1" 200 181 "-" "Mozilla/5.0 (Windows NT 10.0; Win64; x64) AppleWebKit/537.36 (KHTML, like Gecko) Chrome/120.0.0.0 Safari/537.36"
38.246.33.22 - - [21/Sep/2026:08:32:32 +0700] "POST /xmlrpc.php HTTP/1.1" 200 9322 "-" "Mozilla/5.0 (Windows NT 10.0; Win64; x64) AppleWebKit/537.36 (KHTML, like Gecko) Chrome/124.0 Safari/537.36"
38.246.33.22 - - [21/Sep/2026:08:32:34 +0700] "GET /um-paypal-kundenkreis-dahinter-sind-gelte-eres-ebendiese-web-angebot-vos-charge-anbieters-aufzurufen/ HTTP/1.1" 200 58987 "-" "Mozilla/5.0 (Macintosh; Intel Mac OS X 10_15_7) AppleWebKit/605.1.15 (KHTML, like Gecko) Version/18.3 Safari/605.1.15"
140.82.11.145 - - [21/Sep/2026:08:32:34 +0700] "GET /online-casino-reload-bonus-uk-2026/ HTTP/1.1" 200 74393 "https://veewin24hr.com/" "Mozilla/5.0 (iPhone; CPU iPhone OS 18_7 like Mac OS X) AppleWebKit/605.1.15 (KHTML, like Gecko) Version/26.4 Mobile/15E148 Safari/604.1"
140.82.11.145 - - [21/Sep/2026:08:32:37 +0700] "GET /?p=27652 HTTP/1.1" 301 - "https://veewin24hr.com/online-casino-reload-bonus-uk-2026/" "Mozilla/5.0 (iPhone; CPU iPhone OS 18_7 like Mac OS X) AppleWebKit/605.1.15 (KHTML, like Gecko) Version/26.4 Mobile/15E148 Safari/604.1"
38.246.32.227 - - [21/Sep/2026:08:32:37 +0700] "POST /xmlrpc.php HTTP/1.1" 200 12130 "-" "Mozilla/5.0 (Windows NT 10.0; Win64; x64) AppleWebKit/537.36 (KHTML, like Gecko) Chrome/119.0.0.0 Safari/537.36"
38.246.32.227 - - [21/Sep/2026:08:32:38 +0700] "GET /the-fresh-new-gambling-establishment-will-bring-cellular-game-that-really-work-seamlessly-for-the-people-cellular-phone-android-or-iphone/ HTTP/1.1" 200 62260 "-" "Mozilla/5.0 (Macintosh; Intel Mac OS X 10_15_7) AppleWebKit/537.36 (KHTML, like Gecko) Chrome/131.0.0.0 Safari/537.36"
