38.246.33.22 - - [21/Sep/2026:06:37:04 +0700] "POST /xmlrpc.php HTTP/1.1" 200 181 "-" "Mozilla/5.0 (Windows NT 10.0; Win64; x64) AppleWebKit/537.36 (KHTML, like Gecko) Chrome/135.0.0.0 Safari/537.36 Edg/135.0.0.0"
38.246.32.227 - - [21/Sep/2026:06:37:04 +0700] "POST /xmlrpc.php HTTP/1.1" 200 181 "-" "Mozilla/5.0 (X11; Linux x86_64; rv:137.0) Gecko/20100101 Firefox/137.0"
38.246.32.227 - - [21/Sep/2026:06:37:16 +0700] "POST /xmlrpc.php HTTP/1.1" 200 11092 "-" "Mozilla/5.0 (Windows NT 10.0; Win64; x64) AppleWebKit/537.36 (KHTML, like Gecko) Chrome/145.0.0.0 Safari/537.36"
38.246.33.22 - - [21/Sep/2026:06:37:16 +0700] "POST /xmlrpc.php HTTP/1.1" 200 10815 "-" "Mozilla/5.0 (Macintosh; Intel Mac OS X 10_15_7) AppleWebKit/605.1.15 (KHTML, like Gecko) Version/17.5 Safari/605.1.15"
38.246.32.227 - - [21/Sep/2026:06:37:17 +0700] "GET /you-can-even-appreciate-various-other-game-play-possess-as-well-as-totally-free-revolves-bonus-rounds-nuts-signs-plus/ HTTP/1.1" 200 60873 "-" "Mozilla/5.0 (Macintosh; Intel Mac OS X 10_15_7) AppleWebKit/605.1.15 (KHTML, like Gecko) Version/17.5 Safari/605.1.15"
38.246.33.22 - - [21/Sep/2026:06:37:17 +0700] "GET /ebendiese-four-besten-online-sportwetten-eigenschaften-selbige-du-auf-keinen-fall-vergessen-solltest/ HTTP/1.1" 200 60403 "-" "Mozilla/5.0 (X11; Linux x86_64) AppleWebKit/537.36 (KHTML, like Gecko) Chrome/130.0.0.0 Safari/537.36"
5.253.204.66 - - [21/Sep/2026:06:37:19 +0700] "GET /wp-login.php HTTP/1.1" 200 7255 "https://veewin24hr.com/" "Mozilla/5.0 (Windows NT 10.0; Win64; x64) AppleWebKit/537.36 (KHTML, like Gecko) Chrome/149.0.0.0 Safari/537.36"
5.253.204.66 - - [21/Sep/2026:06:37:20 +0700] "GET /wp-includes/css/dashicons.min.css?ver=7.1.1 HTTP/1.1" 304 - "https://veewin24hr.com/wp-login.php" "Mozilla/5.0 (Windows NT 10.0; Win64; x64) AppleWebKit/537.36 (KHTML, like Gecko) Chrome/149.0.0.0 Safari/537.36"
5.253.204.66 - - [21/Sep/2026:06:37:20 +0700] "GET /wp-includes/css/buttons.min.css?ver=7.1.1 HTTP/1.1" 304 - "https://veewin24hr.com/wp-login.php" "Mozilla/5.0 (Windows NT 10.0; Win64; x64) AppleWebKit/537.36 (KHTML, like Gecko) Chrome/149.0.0.0 Safari/537.36"
5.253.204.66 - - [21/Sep/2026:06:37:20 +0700] "GET /wp-includes/css/dist/base-styles/admin-schemes.min.css?ver=7.1.1 HTTP/1.1" 304 - "https://veewin24hr.com/wp-login.php" "Mozilla/5.0 (Windows NT 10.0; Win64; x64) AppleWebKit/537.36 (KHTML, like Gecko) Chrome/149.0.0.0 Safari/537.36"
5.253.204.66 - - [21/Sep/2026:06:37:20 +0700] "GET /wp-admin/css/forms.min.css?ver=7.1.1 HTTP/1.1" 304 - "https://veewin24hr.com/wp-login.php" "Mozilla/5.0 (Windows NT 10.0; Win64; x64) AppleWebKit/537.36 (KHTML, like Gecko) Chrome/149.0.0.0 Safari/537.36"
5.253.204.66 - - [21/Sep/2026:06:37:20 +0700] "GET /wp-admin/css/login.min.css?ver=7.1.1 HTTP/1.1" 304 - "https://veewin24hr.com/wp-login.php" "Mozilla/5.0 (Windows NT 10.0; Win64; x64) AppleWebKit/537.36 (KHTML, like Gecko) Chrome/149.0.0.0 Safari/537.36"
5.253.204.66 - - [21/Sep/2026:06:37:20 +0700] "GET /wp-admin/css/l10n.min.css?ver=7.1.1 HTTP/1.1" 304 - "https://veewin24hr.com/wp-login.php" "Mozilla/5.0 (Windows NT 10.0; Win64; x64) AppleWebKit/537.36 (KHTML, like Gecko) Chrome/149.0.0.0 Safari/537.36"
5.253.204.66 - - [21/Sep/2026:06:37:20 +0700] "GET /wp-includes/js/jquery/jquery-migrate.min.js?ver=3.4.1 HTTP/1.1" 304 - "https://veewin24hr.com/wp-login.php" "Mozilla/5.0 (Windows NT 10.0; Win64; x64) AppleWebKit/537.36 (KHTML, like Gecko) Chrome/149.0.0.0 Safari/537.36"
5.253.204.66 - - [21/Sep/2026:06:37:20 +0700] "GET /wp-includes/js/clipboard.min.js?ver=2.0.11 HTTP/1.1" 304 - "https://veewin24hr.com/wp-login.php" "Mozilla/5.0 (Windows NT 10.0; Win64; x64) AppleWebKit/537.36 (KHTML, like Gecko) Chrome/149.0.0.0 Safari/537.36"
5.253.204.66 - - [21/Sep/2026:06:37:20 +0700] "GET /wp-admin/js/user-profile.min.js?ver=7.1.1 HTTP/1.1" 304 - "https://veewin24hr.com/wp-login.php" "Mozilla/5.0 (Windows NT 10.0; Win64; x64) AppleWebKit/537.36 (KHTML, like Gecko) Chrome/149.0.0.0 Safari/537.36"
5.253.204.66 - - [21/Sep/2026:06:37:20 +0700] "GET /wp-includes/js/wp-tooltip.js?ver=7.1.1 HTTP/1.1" 304 - "https://veewin24hr.com/wp-login.php" "Mozilla/5.0 (Windows NT 10.0; Win64; x64) AppleWebKit/537.36 (KHTML, like Gecko) Chrome/149.0.0.0 Safari/537.36"
5.253.204.66 - - [21/Sep/2026:06:37:20 +0700] "GET /wp-admin/js/password-strength-meter.min.js?ver=7.1.1 HTTP/1.1" 304 - "https://veewin24hr.com/wp-login.php" "Mozilla/5.0 (Windows NT 10.0; Win64; x64) AppleWebKit/537.36 (KHTML, like Gecko) Chrome/149.0.0.0 Safari/537.36"
5.253.204.66 - - [21/Sep/2026:06:37:20 +0700] "GET /wp-includes/js/jquery/jquery.min.js?ver=3.7.1 HTTP/1.1" 304 - "https://veewin24hr.com/wp-login.php" "Mozilla/5.0 (Windows NT 10.0; Win64; x64) AppleWebKit/537.36 (KHTML, like Gecko) Chrome/149.0.0.0 Safari/537.36"
5.253.204.66 - - [21/Sep/2026:06:37:20 +0700] "GET /wp-includes/js/dist/i18n.min.js?ver=1dfe7db3940c23ea9216 HTTP/1.1" 304 - "https://veewin24hr.com/wp-login.php" "Mozilla/5.0 (Windows NT 10.0; Win64; x64) AppleWebKit/537.36 (KHTML, like Gecko) Chrome/149.0.0.0 Safari/537.36"
5.253.204.66 - - [21/Sep/2026:06:37:20 +0700] "GET /wp-includes/js/zxcvbn-async.min.js?ver=1.0 HTTP/1.1" 304 - "https://veewin24hr.com/wp-login.php" "Mozilla/5.0 (Windows NT 10.0; Win64; x64) AppleWebKit/537.36 (KHTML, like Gecko) Chrome/149.0.0.0 Safari/537.36"
5.253.204.66 - - [21/Sep/2026:06:37:20 +0700] "GET /wp-includes/js/underscore.min.js?ver=1.13.8 HTTP/1.1" 304 - "https://veewin24hr.com/wp-login.php" "Mozilla/5.0 (Windows NT 10.0; Win64; x64) AppleWebKit/537.36 (KHTML, like Gecko) Chrome/149.0.0.0 Safari/537.36"
5.253.204.66 - - [21/Sep/2026:06:37:20 +0700] "GET /wp-admin/css/wp-tooltip.min.css?ver=7.1.1 HTTP/1.1" 304 - "https://veewin24hr.com/wp-login.php" "Mozilla/5.0 (Windows NT 10.0; Win64; x64) AppleWebKit/537.36 (KHTML, like Gecko) Chrome/149.0.0.0 Safari/537.36"
5.253.204.66 - - [21/Sep/2026:06:37:20 +0700] "GET /wp-includes/js/wp-util.min.js?ver=7.1.1 HTTP/1.1" 304 - "https://veewin24hr.com/wp-login.php" "Mozilla/5.0 (Windows NT 10.0; Win64; x64) AppleWebKit/537.36 (KHTML, like Gecko) Chrome/149.0.0.0 Safari/537.36"
5.253.204.66 - - [21/Sep/2026:06:37:20 +0700] "GET /wp-includes/js/dist/a11y.min.js?ver=31c6cec5a4ff7aff483d HTTP/1.1" 304 - "https://veewin24hr.com/wp-login.php" "Mozilla/5.0 (Windows NT 10.0; Win64; x64) AppleWebKit/537.36 (KHTML, like Gecko) Chrome/149.0.0.0 Safari/537.36"
5.253.204.66 - - [21/Sep/2026:06:37:20 +0700] "GET /wp-includes/js/dist/hooks.min.js?ver=f0f188028580e8dc1255 HTTP/1.1" 304 - "https://veewin24hr.com/wp-login.php" "Mozilla/5.0 (Windows NT 10.0; Win64; x64) AppleWebKit/537.36 (KHTML, like Gecko) Chrome/149.0.0.0 Safari/537.36"
5.253.204.66 - - [21/Sep/2026:06:37:20 +0700] "GET /wp-includes/js/dist/dom-ready.min.js?ver=3fe927cab37bf38d6a23 HTTP/1.1" 304 - "https://veewin24hr.com/wp-login.php" "Mozilla/5.0 (Windows NT 10.0; Win64; x64) AppleWebKit/537.36 (KHTML, like Gecko) Chrome/149.0.0.0 Safari/537.36"
5.253.204.66 - - [21/Sep/2026:06:37:20 +0700] "GET /wp-admin/images/wordpress-logo-gray.svg?ver=20260303 HTTP/1.1" 304 - "https://veewin24hr.com/wp-admin/css/login.min.css?ver=7.1.1" "Mozilla/5.0 (Windows NT 10.0; Win64; x64) AppleWebKit/537.36 (KHTML, like Gecko) Chrome/149.0.0.0 Safari/537.36"
5.253.204.66 - - [21/Sep/2026:06:37:21 +0700] "GET /wp-includes/js/zxcvbn.min.js HTTP/1.1" 304 - "https://veewin24hr.com/wp-login.php" "Mozilla/5.0 (Windows NT 10.0; Win64; x64) AppleWebKit/537.36 (KHTML, like Gecko) Chrome/149.0.0.0 Safari/537.36"
5.253.204.66 - - [21/Sep/2026:06:37:21 +0700] "GET /wp-content/uploads/2026/02/cropped-icon512-Veewin-192x192.webp HTTP/1.1" 304 - "https://veewin24hr.com/wp-login.php" "Mozilla/5.0 (Windows NT 10.0; Win64; x64) AppleWebKit/537.36 (KHTML, like Gecko) Chrome/149.0.0.0 Safari/537.36"
5.253.204.66 - - [21/Sep/2026:06:37:24 +0700] "POST /wp-login.php HTTP/1.1" 200 7680 "https://veewin24hr.com/wp-login.php" "Mozilla/5.0 (Windows NT 10.0; Win64; x64) AppleWebKit/537.36 (KHTML, like Gecko) Chrome/149.0.0.0 Safari/537.36"
165.99.15.46 - - [21/Sep/2026:06:37:24 +0700] "GET /online-casino-reload-bonus-uk-2026/ HTTP/1.1" 200 74393 "https://veewin24hr.com/" "Mozilla/5.0 (Macintosh; Intel Mac OS X 10_15_7) AppleWebKit/537.36 (KHTML, like Gecko) Chrome/130.0.0.0 Safari/537.36"
198.252.107.178 - - [21/Sep/2026:06:37:26 +0700] "POST /wp-cron.php?doing_wp_cron=1789947446.8939969539642333984375 HTTP/1.1" 200 - "-" "WordPress/7.1.1; https://veewin24hr.com"
38.246.32.227 - - [21/Sep/2026:06:37:21 +0700] "POST /xmlrpc.php HTTP/1.1" 200 181 "-" "Mozilla/5.0 (Macintosh; Intel Mac OS X 10_15_7) AppleWebKit/537.36 (KHTML, like Gecko) Chrome/134.0.0.0 Safari/537.36"
165.99.15.46 - - [21/Sep/2026:06:37:26 +0700] "GET /?p=27652 HTTP/1.1" 301 - "https://veewin24hr.com/online-casino-reload-bonus-uk-2026/" "Mozilla/5.0 (Macintosh; Intel Mac OS X 10_15_7) AppleWebKit/537.36 (KHTML, like Gecko) Chrome/130.0.0.0 Safari/537.36"
5.253.204.66 - - [21/Sep/2026:06:37:27 +0700] "POST /xmlrpc.php HTTP/1.1" 200 403 "https://veewin24hr.com/" "Mozilla/5.0 (Windows NT 10.0; Win64; x64) AppleWebKit/537.36 (KHTML, like Gecko) Chrome/122.0.0.0 Safari/537.36"
165.99.15.46 - - [21/Sep/2026:06:37:27 +0700] "GET /online-casino-tournaments-uk-2026/ HTTP/1.1" 200 67360 "https://veewin24hr.com/?p=27652" "Mozilla/5.0 (Macintosh; Intel Mac OS X 10_15_7) AppleWebKit/537.36 (KHTML, like Gecko) Chrome/130.0.0.0 Safari/537.36"
198.252.107.178 - - [21/Sep/2026:06:37:29 +0700] "POST /wp-cron.php?doing_wp_cron=1789947449.9262950420379638671875 HTTP/1.1" 200 - "-" "WordPress/7.1.1; https://veewin24hr.com"
103.248.9.137 - - [21/Sep/2026:06:37:24 +0700] "POST /xmlrpc.php HTTP/1.1" 200 181 "-" "Mozilla/5.0 (Windows NT 10.0; Win64; x64) AppleWebKit/537.36 (KHTML, like Gecko) obsidian/1.8.4 Chrome/130.0.6723.191 Electron/33.3.2 Safari/537.36"
198.252.107.178 - - [21/Sep/2026:06:37:33 +0700] "POST /wp-cron.php?doing_wp_cron=1789947453.4359650611877441406250 HTTP/1.1" 200 - "-" "WordPress/7.1.1; https://veewin24hr.com"
38.246.33.22 - - [21/Sep/2026:06:37:28 +0700] "POST /xmlrpc.php HTTP/1.1" 200 181 "-" "Mozilla/5.0 (X11; Linux x86_64) AppleWebKit/537.36 (KHTML, like Gecko) Chrome/133.0.0.0 Safari/537.36"
38.246.32.227 - - [21/Sep/2026:06:37:33 +0700] "POST /xmlrpc.php HTTP/1.1" 200 11268 "-" "Mozilla/5.0 (X11; Linux x86_64; rv:137.0) Gecko/20100101 Firefox/137.0"
38.246.32.227 - - [21/Sep/2026:06:37:34 +0700] "GET /the-fresh-cellular-friendly-site-aids-safe-percentage-choices-together-with-paypal-and-you-can-skrill-featuring-24-7-support-service/ HTTP/1.1" 200 61315 "-" "Mozilla/5.0 (Macintosh; Intel Mac OS X 10_15_7) AppleWebKit/537.36 (KHTML, like Gecko) Chrome/128.0.0.0 Safari/537.36"
38.246.33.22 - - [21/Sep/2026:06:37:38 +0700] "POST /xmlrpc.php HTTP/1.1" 200 10687 "-" "Mozilla/5.0 (Windows NT 10.0; Win64; x64) AppleWebKit/537.36 (KHTML, like Gecko) Chrome/133.0.0.0 Safari/537.36"
103.248.9.137 - - [21/Sep/2026:06:37:40 +0700] "POST /xmlrpc.php HTTP/1.1" 200 18332 "-" "Mozilla/5.0 (Windows NT 10.0; Win64; x64) AppleWebKit/537.36 (KHTML, like Gecko) Chrome/129.0.0.0 Safari/537.36"
38.246.33.22 - - [21/Sep/2026:06:37:40 +0700] "GET /perish-bereiche-zusammenhangen-auffangen-unsereiner-ihnen-jetzt-vor/ HTTP/1.1" 200 59736 "-" "Mozilla/5.0 (Macintosh; Intel Mac OS X 10_15_7) AppleWebKit/605.1.15 (KHTML, like Gecko) Version/17.6 Safari/605.1.15"
198.252.107.178 - - [21/Sep/2026:06:37:45 +0700] "POST /wp-cron.php?doing_wp_cron=1789947465.5026168823242187500000 HTTP/1.1" 200 - "-" "WordPress/7.1.1; https://veewin24hr.com"
38.246.32.227 - - [21/Sep/2026:06:37:41 +0700] "POST /xmlrpc.php HTTP/1.1" 200 181 "-" "Mozilla/5.0 (X11; Linux x86_64; rv:128.0) Gecko/20100101 Firefox/128.0"
198.252.107.178 - - [21/Sep/2026:06:37:51 +0700] "POST /wp-cron.php?doing_wp_cron=1789947471.6724529266357421875000 HTTP/1.1" 200 - "-" "WordPress/7.1.1; https://veewin24hr.com"
38.246.33.22 - - [21/Sep/2026:06:37:47 +0700] "POST /xmlrpc.php HTTP/1.1" 200 181 "-" "Mozilla/5.0 (Macintosh; Intel Mac OS X 10_15_7) AppleWebKit/605.1.15 (KHTML, like Gecko) Version/17.5 Safari/605.1.15"
38.246.32.227 - - [21/Sep/2026:06:37:51 +0700] "POST /xmlrpc.php HTTP/1.1" 200 9122 "-" "Mozilla/5.0 (Windows NT 10.0; Win64; x64) AppleWebKit/537.36 (KHTML, like Gecko) obsidian/1.8.4 Chrome/130.0.6723.191 Electron/33.3.2 Safari/537.36"
107.152.46.79 - - [21/Sep/2026:06:37:50 +0700] "GET /online-casino-american-roulette-uk-2026/ HTTP/1.1" 200 71937 "https://veewin24hr.com/" "Mozilla/5.0 (Macintosh; Intel Mac OS X 12_5) AppleWebKit/537.36 (KHTML, like Gecko) Chrome/114.0.0.0 Safari/537.36 Edg/114.0.1264.71"
103.248.9.137 - - [21/Sep/2026:06:37:51 +0700] "GET /%CF%84%CE%B1-%CE%BA%CE%B1%CE%BB%CF%8D%CF%84%CE%B5%CF%81%CE%B1-online-%CE%BA%CE%B1%CE%B6%CE%AF%CE%BD%CE%BF-%CF%83%CF%84%CE%B9%CF%82-%CE%B7%CE%BD%CF%89%CE%BC%CE%AD%CE%BD%CE%B5%CF%82-%CF%80%CE%BF%CE%BB/ HTTP/1.1" 200 71679 "-" "Mozilla/5.0 (Windows NT 10.0; Win64; x64) AppleWebKit/537.36 (KHTML, like Gecko) Chrome/120.0.0.0 Safari/537.36"
38.246.32.227 - - [21/Sep/2026:06:37:52 +0700] "GET /this-will-help-to-you-know-just-what-you-might-be-agreeing-to-help-you/ HTTP/1.1" 200 58218 "-" "Mozilla/5.0 (Windows NT 10.0; Win64; x64) AppleWebKit/537.36 (KHTML, like Gecko) obsidian/1.8.3 Chrome/130.0.6723.191 Electron/33.3.2 Safari/537.36"
107.152.46.79 - - [21/Sep/2026:06:37:53 +0700] "GET /?p=27652 HTTP/1.1" 301 - "https://veewin24hr.com/online-casino-american-roulette-uk-2026/" "Mozilla/5.0 (Macintosh; Intel Mac OS X 12_5) AppleWebKit/537.36 (KHTML, like Gecko) Chrome/114.0.0.0 Safari/537.36 Edg/114.0.1264.71"
107.152.46.79 - - [21/Sep/2026:06:37:54 +0700] "GET /online-casino-tournaments-uk-2026/ HTTP/1.1" 200 67360 "https://veewin24hr.com/?p=27652" "Mozilla/5.0 (Macintosh; Intel Mac OS X 12_5) AppleWebKit/537.36 (KHTML, like Gecko) Chrome/114.0.0.0 Safari/537.36 Edg/114.0.1264.71"
38.246.33.22 - - [21/Sep/2026:06:37:58 +0700] "POST /xmlrpc.php HTTP/1.1" 200 10355 "-" "Mozilla/5.0 (Macintosh; Intel Mac OS X 10_15_7) AppleWebKit/537.36 (KHTML, like Gecko) Chrome/148.0.0.0 Safari/537.36"
38.246.33.22 - - [21/Sep/2026:06:38:00 +0700] "GET /hier-findest-du-die-uberblick-ein-heutig-erfolgreichsten-verbunden-casino-maklercourtage-abzuglich-einzahlung-2026/ HTTP/1.1" 200 60262 "-" "Mozilla/5.0 (Windows NT 10.0; Win64; x64) AppleWebKit/537.36 (KHTML, like Gecko) Chrome/129.0.0.0 Safari/537.36"
198.252.107.178 - - [21/Sep/2026:06:38:01 +0700] "POST /wp-cron.php?doing_wp_cron=1789947481.8121280670166015625000 HTTP/1.1" 200 - "-" "WordPress/7.1.1; https://veewin24hr.com"
38.246.32.227 - - [21/Sep/2026:06:37:57 +0700] "POST /xmlrpc.php HTTP/1.1" 200 181 "-" "Mozilla/5.0 (X11; Linux x86_64) AppleWebKit/537.36 Chrome/124.0"
198.252.107.178 - - [21/Sep/2026:06:38:09 +0700] "POST /wp-cron.php?doing_wp_cron=1789947489.5231649875640869140625 HTTP/1.1" 200 - "-" "WordPress/7.1.1; https://veewin24hr.com"
38.246.33.22 - - [21/Sep/2026:06:38:03 +0700] "POST /xmlrpc.php HTTP/1.1" 200 181 "-" "Mozilla/5.0 (X11; Ubuntu; Linux x86_64; rv:137.0) Gecko/20100101 Firefox/137.0"
38.246.32.227 - - [21/Sep/2026:06:38:09 +0700] "POST /xmlrpc.php HTTP/1.1" 200 8804 "-" "Mozilla/5.0 (Windows NT 10.0; Win64; x64) AppleWebKit/537.36 (KHTML, like Gecko) Chrome/131.0.0.0 Safari/537.36 Edg/131.0.0.0"
38.246.32.227 - - [21/Sep/2026:06:38:15 +0700] "GET /specific-like-to-relax-and-play-for-the-mobile-immediately-after-which-mobile-fee-actions-are-the-most-popular-alternative/ HTTP/1.1" 200 58693 "-" "Mozilla/5.0 (Windows NT 10.0; Win64; x64; rv:138.0) Gecko/20100101 Firefox/138.0"
38.246.33.22 - - [21/Sep/2026:06:38:19 +0700] "POST /xmlrpc.php HTTP/1.1" 200 11796 "-" "Mozilla/5.0 (Windows NT 10.0; Win64; x64) AppleWebKit/537.36 (KHTML, like Gecko) Chrome/133.0.0.0 Safari/537.36"
38.246.33.20 - - [21/Sep/2026:06:38:06 +0700] "POST /xmlrpc.php HTTP/1.1" 200 181 "-" "Mozilla/5.0 (Macintosh; Intel Mac OS X 10_15_7) AppleWebKit/605.1.15 (KHTML, like Gecko) Version/18.5 Safari/605.1.15"
198.252.107.178 - - [21/Sep/2026:06:38:24 +0700] "POST /wp-cron.php?doing_wp_cron=1789947501.7615880966186523437500 HTTP/1.1" 200 - "-" "WordPress/7.1.1; https://veewin24hr.com"
38.246.33.22 - - [21/Sep/2026:06:38:24 +0700] "GET /von-ihr-programm-eingestellt-sein-auf-unsereins-als-drogenkonsument-einfach-doch-wirklich-so-die-kunden-vernunftig-aufwarts-allen-geraten-verlauft/ HTTP/1.1" 200 62183 "-" "Mozilla/5.0 (Macintosh; Intel Mac OS X 10_15_7) AppleWebKit/537.36 (KHTML, like Gecko) Chrome/131.0.0.0 Safari/537.36"
38.246.32.227 - - [21/Sep/2026:06:38:17 +0700] "POST /xmlrpc.php HTTP/1.1" 200 181 "-" "Mozilla/5.0 (Macintosh; Intel Mac OS X 10_15_7) AppleWebKit/537.36 (KHTML, like Gecko) Chrome/132.0.0.0 Safari/537.36"
38.246.33.22 - - [21/Sep/2026:06:38:21 +0700] "POST /xmlrpc.php HTTP/1.1" 200 181 "-" "Mozilla/5.0 (Windows NT 10.0; Win64; x64) AppleWebKit/537.36 (KHTML, like Gecko) Chrome/131.0.0.0 Safari/537.36 Edg/131.0.0.0"
198.252.107.178 - - [21/Sep/2026:06:38:36 +0700] "POST /wp-cron.php?doing_wp_cron=1789947507.9828240871429443359375 HTTP/1.1" 200 - "-" "WordPress/7.1.1; https://veewin24hr.com"
38.246.33.20 - - [21/Sep/2026:06:38:37 +0700] "POST /xmlrpc.php HTTP/1.1" 200 8138 "-" "Mozilla/5.0 (X11; Linux x86_64; rv:128.0) Gecko/20100101 Firefox/128.0"
38.246.32.227 - - [21/Sep/2026:06:38:46 +0700] "POST /xmlrpc.php HTTP/1.1" 200 9738 "-" "Mozilla/5.0 (Macintosh; Intel Mac OS X 10_15_7) AppleWebKit/537.36 (KHTML, like Gecko) Chrome/122.0.0.0 Safari/537.36"
38.246.33.22 - - [21/Sep/2026:06:38:49 +0700] "POST /xmlrpc.php HTTP/1.1" 200 13349 "-" "Mozilla/5.0 (X11; Linux x86_64; rv:137.0) Gecko/20100101 Firefox/137.0"
38.246.33.20 - - [21/Sep/2026:06:38:48 +0700] "GET /stai-cercando-rso-migliori-gratifica-in-assenza-di-fitto-con-italia-di/ HTTP/1.1" 200 57340 "-" "Mozilla/5.0 (Windows NT 10.0; Win64; x64) AppleWebKit/537.36 (KHTML, like Gecko) Chrome/133.0.0.0 Safari/537.36"
38.246.32.227 - - [21/Sep/2026:06:38:36 +0700] "POST /xmlrpc.php HTTP/1.1" 200 181 "-" "Mozilla/5.0 (Macintosh; Intel Mac OS X 10_15_7) AppleWebKit/537.36 (KHTML, like Gecko) Chrome/128.0.0.0 Safari/537.36"
38.246.32.227 - - [21/Sep/2026:06:38:56 +0700] "GET /the-working-platform-are-a-pure-haven-having-watchers-drawn-to-additional-igaming-items/ HTTP/1.1" 200 59006 "-" "Mozilla/5.0 (Windows NT 10.0; Win64; x64) AppleWebKit/537.36 (KHTML, like Gecko) Chrome/132.0.0.0 Safari/537.36"
38.246.33.22 - - [21/Sep/2026:06:38:57 +0700] "GET /selbige-gewinne-nicht-mehr-da-den-freirunden-sind-einfach-als-haben-hinzugefugt-weiters-beherrschen-danach-umgesetzt-werden/ HTTP/1.1" 200 63327 "-" "Mozilla/5.0 (Macintosh; Intel Mac OS X 10_15_7) AppleWebKit/537.36 (KHTML, like Gecko) Chrome/147.0.0.0 Safari/537.36"
38.246.32.227 - - [21/Sep/2026:06:38:50 +0700] "POST /xmlrpc.php HTTP/1.1" 200 181 "-" "Mozilla/5.0 (Macintosh; Intel Mac OS X 10_15_7) AppleWebKit/537.36 (KHTML, like Gecko) Chrome/132.0.0.0 Safari/537.36"
38.246.33.22 - - [21/Sep/2026:06:38:47 +0700] "POST /xmlrpc.php HTTP/1.1" 200 181 "-" "Mozilla/5.0 (Windows NT 10.0; Win64; x64) AppleWebKit/537.36 (KHTML, like Gecko) Chrome/124.0 Safari/537.36"
38.246.32.227 - - [21/Sep/2026:06:39:01 +0700] "POST /xmlrpc.php HTTP/1.1" 200 9683 "-" "Mozilla/5.0 (Macintosh; Intel Mac OS X 10_15_7) AppleWebKit/605.1.15 (KHTML, like Gecko) Version/18.2 Safari/605.1.15"
51.81.111.119 - - [21/Sep/2026:06:39:06 +0700] "GET /starburst-the-most-common-harbors-to-tackle-to-possess-totally-free-by-netent/ HTTP/1.1" 200 60482 "-" "Mozilla/5.0 (compatible; AhrefsBot/7.0; +http://ahrefs.com/robot/)"
5.253.204.66 - - [21/Sep/2026:06:39:09 +0700] "GET /wp-login.php HTTP/1.1" 200 7255 "https://veewin24hr.com/" "Mozilla/5.0 (Windows NT 10.0; Win64; x64) AppleWebKit/537.36 (KHTML, like Gecko) Chrome/149.0.0.0 Safari/537.36"
38.246.32.227 - - [21/Sep/2026:06:39:00 +0700] "POST /xmlrpc.php HTTP/1.1" 200 181 "-" "Mozilla/5.0 (X11; Linux x86_64; rv:138.0) Gecko/20100101 Firefox/138.0"
198.252.107.178 - - [21/Sep/2026:06:39:15 +0700] "POST /wp-cron.php?doing_wp_cron=1789947555.8868820667266845703125 HTTP/1.1" 200 - "-" "WordPress/7.1.1; https://veewin24hr.com"
186.109.23.211 - - [21/Sep/2026:06:38:57 +0700] "POST /xmlrpc.php HTTP/1.1" 200 181 "-" "Mozilla/5.0 (Macintosh; Intel Mac OS X 10_15_7) AppleWebKit/605.1.15 (KHTML, like Gecko) Version/17.6 Safari/605.1.15"
38.246.32.227 - - [21/Sep/2026:06:39:22 +0700] "POST /xmlrpc.php HTTP/1.1" 200 8874 "-" "Mozilla/5.0 (Windows NT 10.0; Win64; x64) AppleWebKit/537.36 (KHTML, like Gecko) Chrome/145.0.0.0 Safari/537.36"
38.246.32.227 - - [21/Sep/2026:06:39:23 +0700] "GET /transactions-made-using-paypal-was-quick-making-it-possible-for-professionals-to-start-seeing-their-game-without-delay/ HTTP/1.1" 200 59528 "-" "Mozilla/5.0 (Macintosh; Intel Mac OS X 10.15; rv:137.0) Gecko/20100101 Firefox/137.0"
38.246.33.22 - - [21/Sep/2026:06:39:00 +0700] "POST /xmlrpc.php HTTP/1.1" 200 181 "-" "Mozilla/5.0 (Macintosh; Intel Mac OS X 10_15_7) AppleWebKit/537.36 (KHTML, like Gecko) Chrome/134.0.0.0 Safari/537.36"
38.246.33.22 - - [21/Sep/2026:06:39:23 +0700] "POST /xmlrpc.php HTTP/1.1" 200 10149 "-" "Mozilla/5.0 (Windows NT 10.0; Win64; x64; rv:150.0) Gecko/20100101 Firefox/150.0"
5.253.204.66 - - [21/Sep/2026:06:39:32 +0700] "POST /wp-login.php HTTP/1.1" 200 7680 "https://veewin24hr.com/wp-login.php" "Mozilla/5.0 (Windows NT 10.0; Win64; x64) AppleWebKit/537.36 (KHTML, like Gecko) Chrome/149.0.0.0 Safari/537.36"
38.246.33.22 - - [21/Sep/2026:06:39:14 +0700] "POST /xmlrpc.php HTTP/1.1" 200 181 "-" "Mozilla/5.0 (Windows NT 10.0; Win64; x64) AppleWebKit/537.36 (KHTML, like Gecko) Chrome/124.0 Safari/537.36"
38.246.32.227 - - [21/Sep/2026:06:39:08 +0700] "POST /xmlrpc.php HTTP/1.1" 200 181 "-" "Mozilla/5.0 (Macintosh; Intel Mac OS X 10_15_7) AppleWebKit/537.36 (KHTML, like Gecko) obsidian/1.8.9 Chrome/132.0.6834.210 Electron/34.3.0 Safari/537.36"
38.246.32.227 - - [21/Sep/2026:06:39:34 +0700] "POST /xmlrpc.php HTTP/1.1" 200 8330 "-" "Mozilla/5.0 (Macintosh; Intel Mac OS X 10_15_7) AppleWebKit/605.1.15 (KHTML, like Gecko) Version/16.6 Safari/605.1.15"
38.246.32.227 - - [21/Sep/2026:06:39:20 +0700] "POST /xmlrpc.php HTTP/1.1" 200 181 "-" "Mozilla/5.0 (Windows NT 10.0; Win64; x64) AppleWebKit/537.36 (KHTML, like Gecko) Chrome/134.0.0.0 Safari/537.36 Edg/134.0.0.0"
198.252.107.178 - - [21/Sep/2026:06:39:41 +0700] "POST /wp-cron.php?doing_wp_cron=1789947581.6809868812561035156250 HTTP/1.1" 200 - "-" "WordPress/7.1.1; https://veewin24hr.com"
38.246.32.227 - - [21/Sep/2026:06:39:36 +0700] "GET /nonetheless-the-main-advantageous-asset-of-this-type-of-servers-is-the-wins-in-order-to-low-jackpot-champions/ HTTP/1.1" 200 58594 "-" "Mozilla/5.0 (Windows NT 10.0; Win64; x64) AppleWebKit/537.36 (KHTML, like Gecko) Chrome/135.0.0.0 Safari/537.36"
38.246.33.22 - - [21/Sep/2026:06:39:27 +0700] "POST /xmlrpc.php HTTP/1.1" 200 181 "-" "Mozilla/5.0 (Windows NT 10.0; Win64; x64) AppleWebKit/537.36 (KHTML, like Gecko) Chrome/135.0.0.0 Safari/537.36"
38.246.33.22 - - [21/Sep/2026:06:39:44 +0700] "GET /bwin-zahlt-nach-diesseitigen-erfolgreichen-legalen-gangbar-casinos-hinein-deutschland-unter-anderem-lockt-via-attraktiven-bonusangeboten/ HTTP/1.1" 200 60382 "-" "Mozilla/5.0 (Windows NT 10.0; Win64; x64) AppleWebKit/537.36 (KHTML, like Gecko) Chrome/124.0.0.0 Safari/537.36"
5.253.204.66 - - [21/Sep/2026:06:39:48 +0700] "POST /xmlrpc.php HTTP/1.1" 200 403 "https://veewin24hr.com/" "Mozilla/5.0 (Windows NT 10.0; Win64; x64) AppleWebKit/537.36 (KHTML, like Gecko) Chrome/122.0.0.0 Safari/537.36"
38.246.33.22 - - [21/Sep/2026:06:39:49 +0700] "POST /xmlrpc.php HTTP/1.1" 200 12351 "-" "Mozilla/5.0 (Macintosh; Intel Mac OS X 10_15_7) AppleWebKit/537.36 (KHTML, like Gecko) Chrome/136.0.0.0 Safari/537.36 Edg/136.0.0.0"
38.246.32.227 - - [21/Sep/2026:06:39:52 +0700] "GET /yet-not-their-incentive-program-could-trigger-some-dilemma-in-regards-to-the-betting-requirements/ HTTP/1.1" 200 57863 "-" "Mozilla/5.0 (Macintosh; Intel Mac OS X 10_15_7) AppleWebKit/605.1.15 (KHTML, like Gecko) Version/18.3.1 Safari/605.1.15"
85.237.212.80 - - [21/Sep/2026:06:39:52 +0700] "GET /online-bingo-uk-2026/ HTTP/1.1" 200 75941 "https://veewin24hr.com/" "Mozilla/5.0 (X11; Linux x86_64; rv:138.0) Gecko/20100101 Firefox/138.0"
38.246.32.227 - - [21/Sep/2026:06:39:32 +0700] "POST /xmlrpc.php HTTP/1.1" 200 181 "-" "Mozilla/5.0 (Windows NT 10.0; Win64; x64) AppleWebKit/537.36 (KHTML, like Gecko) Chrome/148.0.0.0 Safari/537.36"
38.246.33.22 - - [21/Sep/2026:06:39:55 +0700] "POST /xmlrpc.php HTTP/1.1" 200 12548 "-" "Mozilla/5.0 (Windows NT 10.0; Win64; x64) AppleWebKit/537.36 (KHTML, like Gecko) obsidian/1.8.3 Chrome/130.0.6723.191 Electron/33.3.2 Safari/537.36"
38.246.32.227 - - [21/Sep/2026:06:39:56 +0700] "POST /xmlrpc.php HTTP/1.1" 200 9558 "-" "Mozilla/5.0 (Macintosh; Intel Mac OS X 10_15_7) AppleWebKit/605.1.15 (KHTML, like Gecko) Version/16.6 Safari/605.1.15"
38.246.32.227 - - [21/Sep/2026:06:39:57 +0700] "POST /xmlrpc.php HTTP/1.1" 200 11670 "-" "Mozilla/5.0 (Macintosh; Intel Mac OS X 10_15_7) AppleWebKit/605.1.15 (KHTML, like Gecko) Version/16.6 Safari/605.1.15"
38.246.33.22 - - [21/Sep/2026:06:39:40 +0700] "POST /xmlrpc.php HTTP/1.1" 200 181 "-" "Mozilla/5.0 (X11; Linux x86_64) AppleWebKit/537.36 (KHTML, like Gecko) Chrome/135.0.0.0 Safari/537.36"
38.246.32.227 - - [21/Sep/2026:06:39:43 +0700] "POST /xmlrpc.php HTTP/1.1" 200 181 "-" "Mozilla/5.0 (Windows NT 10.0; Win64; x64; rv:151.0) Gecko/20100101 Firefox/151.0"
38.246.33.22 - - [21/Sep/2026:06:39:58 +0700] "GET /dazu-geschrieben-stehen-einen-besuchern-bei-gangbar-casinos-hinein-land-der-dichter-und-denker-etliche-verschiedene-zahlungsmethoden-zur-vorschrift/ HTTP/1.1" 200 62645 "-" "Mozilla/5.0 (Macintosh; Intel Mac OS X 10_15_7) AppleWebKit/605.1.15 (KHTML, like Gecko) Version/18.5 Safari/605.1.15"
38.246.33.22 - - [21/Sep/2026:06:40:01 +0700] "GET /das-bedeutet-wirklich-so-casinos-oft-zusatzliche-verifizierungsprozesse-vornehmen-damit-sicherzustellen-dass-kaum-illegalen-aktivitaten-ereignen/ HTTP/1.1" 200 62918 "-" "Mozilla/5.0 (Macintosh; Intel Mac OS X 10_15_7) AppleWebKit/537.36 (KHTML, like Gecko) Chrome/128.0.0.0 Safari/537.36"
38.246.33.22 - - [21/Sep/2026:06:40:00 +0700] "POST /xmlrpc.php HTTP/1.1" 200 11142 "-" "Mozilla/5.0 (Windows NT 10.0; Win64; x64) AppleWebKit/537.36 (KHTML, like Gecko) Chrome/134.0.0.0 Safari/537.36 Edg/134.0.0.0"
38.246.32.227 - - [21/Sep/2026:06:40:03 +0700] "GET /so-it-ensures-strict-safeguards-to-own-members-together-with-safe-costs-reasonable-online-game-requirements-and-clear-in-charge-gaming-systems/ HTTP/1.1" 200 59805 "-" "Mozilla/5.0 (Windows NT 10.0; Win64; x64; rv:138.0) Gecko/20100101 Firefox/138.0"
198.252.107.178 - - [21/Sep/2026:06:40:05 +0700] "POST /wp-cron.php?doing_wp_cron=1789947605.7111270427703857421875 HTTP/1.1" 200 - "-" "WordPress/7.1.1; https://veewin24hr.com"
38.246.32.227 - - [21/Sep/2026:06:39:53 +0700] "POST /xmlrpc.php HTTP/1.1" 200 181 "-" "Mozilla/5.0 (Macintosh; Intel Mac OS X 10_15_7) AppleWebKit/537.36 (KHTML, like Gecko) Chrome/120.0.0.0 Safari/537.36"
38.246.32.227 - - [21/Sep/2026:06:40:03 +0700] "GET /the-available-choices-of-reliable-and-flexible-commission-methods-is-extremely-important-into-the-best-casinos-on-the-internet/ HTTP/1.1" 200 61633 "-" "Mozilla/5.0 (X11; Linux x86_64) AppleWebKit/537.36 (KHTML, like Gecko) Chrome/131.0.0.0 Safari/537.36"
38.246.33.22 - - [21/Sep/2026:06:39:53 +0700] "POST /xmlrpc.php HTTP/1.1" 200 181 "-" "Mozilla/5.0 (Windows NT 10.0; Win64; x64; rv:137.0) Gecko/20100101 Firefox/137.0"
38.246.32.227 - - [21/Sep/2026:06:40:06 +0700] "POST /xmlrpc.php HTTP/1.1" 200 9788 "-" "Mozilla/5.0 (Windows NT 10.0; Win64; x64) AppleWebKit/537.36 (KHTML, like Gecko) Chrome/133.0.0.0 Safari/537.36 OPR/118.0.0.0"
38.246.33.22 - - [21/Sep/2026:06:40:07 +0700] "GET /dank-html5-ressource-wandern-nachfolgende-spiele-direkt-unter-einsatz-von-computer-und-mobile-phone-abzuglich-andere-installation/ HTTP/1.1" 200 61274 "-" "Mozilla/5.0 (Windows NT 10.0; Win64; x64) AppleWebKit/537.36 (KHTML, like Gecko) Chrome/145.0.0.0 Safari/537.36"
38.246.32.227 - - [21/Sep/2026:06:40:11 +0700] "POST /xmlrpc.php HTTP/1.1" 200 8368 "-" "Mozilla/5.0 (Macintosh; Intel Mac OS X 10_15_7) AppleWebKit/537.36 (KHTML, like Gecko) Chrome/145.0.0.0 Safari/537.36 OPR/129.0.0.0"
38.246.33.22 - - [21/Sep/2026:06:40:10 +0700] "POST /xmlrpc.php HTTP/1.1" 200 11524 "-" "Mozilla/5.0 (X11; Linux x86_64; rv:128.0) Gecko/20100101 Firefox/128.0"
38.246.32.227 - - [21/Sep/2026:06:40:11 +0700] "GET /normal-participants-in-addition-to-access-personalised-promotions-based-on-their-gambling-preferences/ HTTP/1.1" 200 59322 "-" "Mozilla/5.0 (Macintosh; Intel Mac OS X 10_15_7) AppleWebKit/537.36 (KHTML, like Gecko) Chrome/146.0.0.0 Safari/537.36"
38.246.33.22 - - [21/Sep/2026:06:40:12 +0700] "GET /freispiele-sind-fur-bestandskunden-verfugbar-unser-in-der-einzahlung-von-views/ HTTP/1.1" 200 60798 "-" "Mozilla/5.0 (X11; Linux x86_64) AppleWebKit/537.36 Chrome/124.0"
38.246.32.227 - - [21/Sep/2026:06:40:12 +0700] "GET /in-addition-to-those-people-who-only-feel-at-ease-with-round-the-clock-support-will-love-the-platform/ HTTP/1.1" 200 57956 "-" "Mozilla/5.0 (X11; Linux x86_64; rv:138.0) Gecko/20100101 Firefox/138.0"
38.246.33.22 - - [21/Sep/2026:06:40:15 +0700] "POST /xmlrpc.php HTTP/1.1" 200 13105 "-" "Mozilla/5.0 (Windows NT 10.0; Win64; x64) AppleWebKit/537.36 (KHTML, like Gecko) Chrome/131.0.0.0 Safari/537.36 Edg/131.0.0.0"
38.246.32.227 - - [21/Sep/2026:06:40:16 +0700] "POST /xmlrpc.php HTTP/1.1" 200 10637 "-" "Mozilla/5.0 (Windows NT 10.0; Win64; x64) AppleWebKit/537.36 (KHTML, like Gecko) Chrome/133.0.0.0 Safari/537.36"
38.246.33.22 - - [21/Sep/2026:06:40:17 +0700] "GET /freispiele-ohne-einzahlung-sehen-angewandten-festen-spinwert-oder-gultig-sein-ungeachtet-zu-handen-unterschiedliche-spiele/ HTTP/1.1" 200 63047 "-" "Mozilla/5.0 (Macintosh; Intel Mac OS X 10_15_7) AppleWebKit/605.1.15 (KHTML, like Gecko) Version/26.4 Safari/605.1.15"
38.246.32.227 - - [21/Sep/2026:06:40:18 +0700] "GET /the-new-gambling-enterprises-can-happen-extremely-other-however-underneath-the-skin-it-is-possible-to-commonly-acknowledge-similar-has/ HTTP/1.1" 200 60702 "-" "Mozilla/5.0 (Windows NT 10.0; Win64; x64) AppleWebKit/537.36 (KHTML, like Gecko) obsidian/1.8.9 Chrome/132.0.6834.210 Electron/34.3.0 Safari/537.36"
198.252.107.178 - - [21/Sep/2026:06:40:19 +0700] "POST /wp-cron.php?doing_wp_cron=1789947619.4235889911651611328125 HTTP/1.1" 200 - "-" "WordPress/7.1.1; https://veewin24hr.com"
38.246.32.227 - - [21/Sep/2026:06:40:03 +0700] "POST /xmlrpc.php HTTP/1.1" 200 181 "-" "Mozilla/5.0 (X11; Linux x86_64) AppleWebKit/537.36 (KHTML, like Gecko) Chrome/124.0.0.0 Safari/537.36"
196.75.252.231 - - [21/Sep/2026:06:40:07 +0700] "POST /xmlrpc.php HTTP/1.1" 200 181 "-" "Mozilla/5.0 (Windows NT 10.0; Win64; x64) AppleWebKit/537.36 (KHTML, like Gecko) Chrome/131.0.0.0 Safari/537.36"
38.246.32.227 - - [21/Sep/2026:06:40:12 +0700] "POST /xmlrpc.php HTTP/1.1" 200 181 "-" "Mozilla/5.0 (Macintosh; Intel Mac OS X 10_15_7) AppleWebKit/537.36 (KHTML, like Gecko) obsidian/1.8.9 Chrome/132.0.6834.210 Electron/34.3.0 Safari/537.36"
38.246.32.227 - - [21/Sep/2026:06:40:26 +0700] "POST /xmlrpc.php HTTP/1.1" 200 9468 "-" "Mozilla/5.0 (Macintosh; Intel Mac OS X 10_15_7) AppleWebKit/605.1.15 (KHTML, like Gecko) Version/17.5 Safari/605.1.15"
38.246.33.20 - - [21/Sep/2026:06:40:18 +0700] "POST /xmlrpc.php HTTP/1.1" 200 181 "-" "Mozilla/5.0 (X11; Linux x86_64) AppleWebKit/537.36 (KHTML, like Gecko) Chrome/131.0.0.0 Safari/537.36"
38.246.32.227 - - [21/Sep/2026:06:40:27 +0700] "GET /which-ensures-tight-defense-to-possess-players-along-with-safe-payments-reasonable-online-game-criteria-and-you-will-clear-in-control-betting-units/ HTTP/1.1" 200 59808 "-" "Mozilla/5.0 (Windows NT 10.0; Win64; x64) AppleWebKit/537.36 (KHTML, like Gecko) Chrome/148.0.0.0 Safari/537.36"
38.246.32.227 - - [21/Sep/2026:06:40:21 +0700] "POST /xmlrpc.php HTTP/1.1" 200 181 "-" "Mozilla/5.0 (Macintosh; Intel Mac OS X 10_15_7) AppleWebKit/605.1.15 (KHTML, like Gecko) Version/18.4 Safari/605.1.15"
85.208.96.206 - - [21/Sep/2026:06:40:29 +0700] "GET /best-live-dealer-gambling-enterprises-2026-a-real-income-internet-sites-checked-out/ HTTP/1.1" 200 58167 "-" "Mozilla/5.0 (compatible; SemrushBot/7~bl; +http://www.semrush.com/bot.html)"
38.246.32.227 - - [21/Sep/2026:06:40:31 +0700] "POST /xmlrpc.php HTTP/1.1" 200 7903 "-" "Mozilla/5.0 (Windows NT 10.0; Win64; x64; rv:128.0) Gecko/20100101 Firefox/128.0"
38.246.33.20 - - [21/Sep/2026:06:40:34 +0700] "POST /xmlrpc.php HTTP/1.1" 200 8463 "-" "Mozilla/5.0 (Macintosh; Intel Mac OS X 10_15_7) AppleWebKit/605.1.15 (KHTML, like Gecko) Version/26.4 Safari/605.1.15"
38.246.32.227 - - [21/Sep/2026:06:40:33 +0700] "GET /the-newest-punters-might-possibly-be-need-certainly-to-obvious-a-great-10-betting-needs-inside-thirty-day-period/ HTTP/1.1" 200 57646 "-" "Mozilla/5.0 (X11; Linux x86_64; rv:137.0) Gecko/20100101 Firefox/137.0"
38.246.32.227 - - [21/Sep/2026:06:40:36 +0700] "POST /xmlrpc.php HTTP/1.1" 200 10959 "-" "Mozilla/5.0 (Windows NT 10.0; Win64; x64) AppleWebKit/537.36 (KHTML, like Gecko) Chrome/135.0.0.0 Safari/537.36"
38.246.33.22 - - [21/Sep/2026:06:40:25 +0700] "POST /xmlrpc.php HTTP/1.1" 200 181 "-" "Mozilla/5.0 (Macintosh; Intel Mac OS X 10_15_7) AppleWebKit/537.36 (KHTML, like Gecko) Chrome/131.0.0.0 Safari/537.36"
38.246.33.20 - - [21/Sep/2026:06:40:36 +0700] "GET /housebets-rivoluziona-le-offerte-di-gratifica-dei-casa-da-gioco-crypto-con-la-distilla-innovativa-funzione-rewards-slider/ HTTP/1.1" 200 58415 "-" "Mozilla/5.0 (Windows NT 10.0; Win64; x64) AppleWebKit/537.36 (KHTML, like Gecko) Chrome/148.0.0.0 Safari/537.36 Edg/148.0.0.0"
38.246.32.227 - - [21/Sep/2026:06:40:38 +0700] "GET /the-newest-swimming-pools-enjoys-more-than-900-position-video-game-available-for-punters/ HTTP/1.1" 200 60324 "-" "Mozilla/5.0 (Macintosh; Intel Mac OS X 10_15_7) AppleWebKit/605.1.15 (KHTML, like Gecko) Version/26.4 Safari/605.1.15"
38.246.32.227 - - [21/Sep/2026:06:40:30 +0700] "POST /xmlrpc.php HTTP/1.1" 200 181 "-" "Mozilla/5.0 (Windows NT 10.0; Win64; x64) AppleWebKit/537.36 (KHTML, like Gecko) Chrome/148.0.0.0 Safari/537.36 Edg/148.0.0.0"
38.246.33.22 - - [21/Sep/2026:06:40:44 +0700] "POST /xmlrpc.php HTTP/1.1" 200 13905 "-" "Mozilla/5.0 (Macintosh; Intel Mac OS X 10_15_7) AppleWebKit/537.36 (KHTML, like Gecko) Chrome/146.0.0.0 Safari/537.36"
38.246.33.22 - - [21/Sep/2026:06:40:47 +0700] "GET /welches-gilt-verstandlicherweise-auch-pro-ebendiese-weiteren-casinoseiten-diese-unsereiner-daruber-hinaus-lobend-hochragen-mochten/ HTTP/1.1" 200 64002 "-" "Mozilla/5.0 (Windows NT 10.0; Win64; x64) AppleWebKit/537.36 (KHTML, like Gecko) Chrome/109.0.0.0 Safari/537.36"
38.246.32.227 - - [21/Sep/2026:06:40:51 +0700] "POST /xmlrpc.php HTTP/1.1" 200 8701 "-" "Mozilla/5.0 (Macintosh; Intel Mac OS X 10_15_7) AppleWebKit/605.1.15 (KHTML, like Gecko) Version/17.6 Safari/605.1.15"
38.246.32.227 - - [21/Sep/2026:06:40:38 +0700] "POST /xmlrpc.php HTTP/1.1" 200 181 "-" "Mozilla/5.0 (Macintosh; Intel Mac OS X 10_15_7) AppleWebKit/537.36 (KHTML, like Gecko) Chrome/136.0.0.0 Safari/537.36"
38.246.32.227 - - [21/Sep/2026:06:40:53 +0700] "GET /however-should-you-decide-in-order-to-put-or-withdraw-below-thirty-when-min/ HTTP/1.1" 200 57881 "-" "Mozilla/5.0 (X11; Linux x86_64) AppleWebKit/537.36 (KHTML, like Gecko) Chrome/133.0.0.0 Safari/537.36"
38.246.32.227 - - [21/Sep/2026:06:40:48 +0700] "POST /xmlrpc.php HTTP/1.1" 200 181 "-" "Mozilla/5.0 (Windows NT 10.0; Win64; x64) AppleWebKit/537.36 (KHTML, like Gecko) obsidian/1.8.10 Chrome/132.0.6834.196 Electron/34.2.0 Safari/537.36"
38.246.32.227 - - [21/Sep/2026:06:41:01 +0700] "POST /xmlrpc.php HTTP/1.1" 200 8242 "-" "Mozilla/5.0 (Windows NT 10.0; Win64; x64) AppleWebKit/537.36 (KHTML, like Gecko) Chrome/131.0.0.0 Safari/537.36 Edg/131.0.0.0"
38.246.32.227 - - [21/Sep/2026:06:41:02 +0700] "GET /examples-include-notes-and-you-can-dice-games-instant-win-titles-scrape-cards-an-such-like/ HTTP/1.1" 200 57659 "-" "Mozilla/5.0 (Windows NT 10.0; Win64; x64) AppleWebKit/537.36 (KHTML, like Gecko) Chrome/124.0.0.0 Safari/537.36"
38.246.32.227 - - [21/Sep/2026:06:40:56 +0700] "POST /xmlrpc.php HTTP/1.1" 200 181 "-" "Mozilla/5.0 (Macintosh; Intel Mac OS X 10_15_7) AppleWebKit/537.36 (KHTML, like Gecko) Chrome/131.0.0.0 Safari/537.36"
38.246.32.227 - - [21/Sep/2026:06:41:05 +0700] "POST /xmlrpc.php HTTP/1.1" 200 9276 "-" "Mozilla/5.0 (Windows NT 10.0; Win64; x64) AppleWebKit/537.36 (KHTML, like Gecko) Chrome/132.0.0.0 Safari/537.36"
38.246.32.227 - - [21/Sep/2026:06:41:07 +0700] "GET /the-dining-table-game-are-great-and-theyve-got-a-respected-roulette-system-with-unique-online-game/ HTTP/1.1" 200 58815 "-" "Mozilla/5.0 (Windows NT 10.0; Win64; x64) AppleWebKit/537.36 (KHTML, like Gecko) Chrome/109.0.0.0 Safari/537.36"
38.246.32.227 - - [21/Sep/2026:06:41:12 +0700] "POST /xmlrpc.php HTTP/1.1" 200 10273 "-" "Mozilla/5.0 (Macintosh; Intel Mac OS X 10_15_7) AppleWebKit/605.1.15 (KHTML, like Gecko) Version/17.4.1 Safari/605.1.15"
38.246.32.227 - - [21/Sep/2026:06:41:03 +0700] "POST /xmlrpc.php HTTP/1.1" 200 181 "-" "Mozilla/5.0 (Windows NT 10.0; Win64; x64; rv:138.0) Gecko/20100101 Firefox/138.0"
38.246.32.227 - - [21/Sep/2026:06:41:15 +0700] "GET /playing-black-jack-means-experience-like-telecommunications-and-you-may-sound-ong-individuals-who-enjoy-problematic/ HTTP/1.1" 200 59978 "-" "Mozilla/5.0 (Macintosh; Intel Mac OS X 10_15_7) AppleWebKit/537.36 (KHTML, like Gecko) Chrome/116.0.0.0 Safari/537.36"
38.246.33.20 - - [21/Sep/2026:06:41:06 +0700] "POST /xmlrpc.php HTTP/1.1" 200 181 "-" "Mozilla/5.0 (Macintosh; Intel Mac OS X 10_15_7) AppleWebKit/537.36 (KHTML, like Gecko) Chrome/131.0.0.0 Safari/537.36"
198.252.107.178 - - [21/Sep/2026:06:41:22 +0700] "POST /wp-cron.php?doing_wp_cron=1789947682.0631179809570312500000 HTTP/1.1" 200 - "-" "WordPress/7.1.1; https://veewin24hr.com"
38.246.32.227 - - [21/Sep/2026:06:41:10 +0700] "POST /xmlrpc.php HTTP/1.1" 200 181 "-" "Mozilla/5.0 (Macintosh; Intel Mac OS X 10_15_7) AppleWebKit/605.1.15 (KHTML, like Gecko) Version/18.4 Safari/605.1.15"
198.252.107.178 - - [21/Sep/2026:06:41:22 +0700] "POST /wp-cron.php?doing_wp_cron=1789947682.4012360572814941406250 HTTP/1.1" 200 - "-" "WordPress/7.1.1; https://veewin24hr.com"
38.246.32.227 - - [21/Sep/2026:06:41:21 +0700] "POST /xmlrpc.php HTTP/1.1" 200 9397 "-" "Mozilla/5.0 (Windows NT 10.0; Win64; x64) AppleWebKit/537.36 (KHTML, like Gecko) Chrome/134.0.0.0 Safari/537.36 Edg/134.0.0.0"
38.246.32.227 - - [21/Sep/2026:06:41:23 +0700] "GET /with-only-lower-than-five-thousand-game-on-offer-you%EF%BF%BDre-spoiled-to-own-solutions/ HTTP/1.1" 200 58739 "-" "Mozilla/5.0 (Windows NT 10.0; Win64; x64) AppleWebKit/537.36 (KHTML, like Gecko) Chrome/117.0.5938.132 Safari/537.36"
38.246.33.20 - - [21/Sep/2026:06:41:24 +0700] "POST /xmlrpc.php HTTP/1.1" 200 9053 "-" "Mozilla/5.0 (Macintosh; Intel Mac OS X 10_15_7) AppleWebKit/537.36 (KHTML, like Gecko) Chrome/146.0.0.0 Safari/537.36"
198.252.107.178 - - [21/Sep/2026:06:41:26 +0700] "POST /wp-cron.php?doing_wp_cron=1789947686.7813529968261718750000 HTTP/1.1" 200 - "-" "WordPress/7.1.1; https://veewin24hr.com"
38.246.32.227 - - [21/Sep/2026:06:41:19 +0700] "POST /xmlrpc.php HTTP/1.1" 200 181 "-" "Mozilla/5.0 (X11; Linux x86_64) AppleWebKit/537.36 (KHTML, like Gecko) Chrome/129.0.0.0 Safari/537.36"
38.246.33.20 - - [21/Sep/2026:06:41:25 +0700] "GET /entro-gli-svantaggi-gli-utenti-sottolineano-la-fortino-alternativa-di-videopoker-addirittura-giochi-di-attuale-modello/ HTTP/1.1" 200 58883 "-" "Mozilla/5.0 (Macintosh; Intel Mac OS X 10.15; rv:137.0) Gecko/20100101 Firefox/137.0"
38.246.32.227 - - [21/Sep/2026:06:41:28 +0700] "POST /xmlrpc.php HTTP/1.1" 200 8662 "-" "Mozilla/5.0 (Macintosh; Intel Mac OS X 10.15; rv:138.0) Gecko/20100101 Firefox/138.0"
38.246.32.227 - - [21/Sep/2026:06:41:29 +0700] "GET /a-support-service-is-often-skipped-by-the-participants-ahead-of-signing-up-for-an-internet-local-casino/ HTTP/1.1" 200 58258 "-" "Mozilla/5.0 (Macintosh; Intel Mac OS X 10_15_7) AppleWebKit/537.36 (KHTML, like Gecko) Chrome/129.0.0.0 Safari/537.36"
38.246.32.227 - - [21/Sep/2026:06:41:32 +0700] "POST /xmlrpc.php HTTP/1.1" 200 11371 "-" "Mozilla/5.0 (Windows NT 10.0; Win64; x64) AppleWebKit/537.36 (KHTML, like Gecko) Chrome/133.0.0.0 Safari/537.36 OPR/118.0.0.0"
38.246.32.227 - - [21/Sep/2026:06:41:27 +0700] "POST /xmlrpc.php HTTP/1.1" 200 181 "-" "Mozilla/5.0 (X11; Linux x86_64) AppleWebKit/537.36 (KHTML, like Gecko) Chrome/136.0.0.0 Safari/537.36"
38.246.33.22 - - [21/Sep/2026:06:41:28 +0700] "POST /xmlrpc.php HTTP/1.1" 200 181 "-" "Mozilla/5.0 (Windows NT 10.0; Win64; x64) AppleWebKit/537.36 (KHTML, like Gecko) Chrome/119.0.0.0 Safari/537.36"
38.246.32.227 - - [21/Sep/2026:06:41:33 +0700] "GET /which-manage-cellular-gambling-means-users-can-enjoy-its-favorite-online-casino-games-anytime-anyplace/ HTTP/1.1" 200 60938 "-" "Mozilla/5.0 (Windows NT 10.0; Win64; x64) AppleWebKit/537.36 (KHTML, like Gecko) Chrome/131.0.0.0 Safari/537.36 Edg/131.0.0.0"
38.246.32.227 - - [21/Sep/2026:06:41:40 +0700] "POST /xmlrpc.php HTTP/1.1" 200 9391 "-" "Mozilla/5.0 (Macintosh; Intel Mac OS X 10_15_7) AppleWebKit/537.36 (KHTML, like Gecko) Chrome/134.0.0.0 Safari/537.36"
38.246.33.22 - - [21/Sep/2026:06:41:40 +0700] "POST /xmlrpc.php HTTP/1.1" 200 13456 "-" "Mozilla/5.0 (Macintosh; Intel Mac OS X 10_15_7) AppleWebKit/537.36 (KHTML, like Gecko) Chrome/120.0.0.0 Safari/537.36"
38.246.32.227 - - [21/Sep/2026:06:41:37 +0700] "POST /xmlrpc.php HTTP/1.1" 200 181 "-" "Mozilla/5.0 (Windows NT 10.0; Win64; x64) AppleWebKit/537.36 (KHTML, like Gecko) Chrome/131.0.0.0 Safari/537.36"
38.246.32.227 - - [21/Sep/2026:06:41:41 +0700] "GET /with-just-below-five-thousand-video-game-being-offered-you-are-rotten-getting-choice/ HTTP/1.1" 200 58663 "-" "Mozilla/5.0 (Windows NT 10.0; Win64; x64) AppleWebKit/537.36 (KHTML, like Gecko) Chrome/126.0.0.0 Safari/537.36"
38.246.33.22 - - [21/Sep/2026:06:41:41 +0700] "GET /nachfolgende-info-gibt-es-ublich-inoffizieller-mitarbeiter-footer-ein-webseite-unter-den-geschaftsbedingungen/ HTTP/1.1" 200 63267 "-" "Mozilla/5.0 (Windows NT 10.0; Win64; x64) AppleWebKit/537.36 (KHTML, like Gecko) obsidian/1.8.4 Chrome/130.0.6723.191 Electron/33.3.2 Safari/537.36"
38.246.32.227 - - [21/Sep/2026:06:41:43 +0700] "POST /xmlrpc.php HTTP/1.1" 200 181 "-" "Mozilla/5.0 (Macintosh; Intel Mac OS X 10_15_7) AppleWebKit/537.36 (KHTML, like Gecko) Chrome/128.0.0.0 Safari/537.36"
38.246.32.227 - - [21/Sep/2026:06:41:48 +0700] "POST /xmlrpc.php HTTP/1.1" 200 8750 "-" "Mozilla/5.0 (Macintosh; Intel Mac OS X 10_15_7) AppleWebKit/605.1.15 (KHTML, like Gecko) Version/17.4.1 Safari/605.1.15"
38.246.32.227 - - [21/Sep/2026:06:41:50 +0700] "GET /specific-favor-to-relax-and-play-towards-mobile-and-mobile-payment-steps-are-the-most-common-option/ HTTP/1.1" 200 58248 "-" "Mozilla/5.0 (X11; Linux x86_64) AppleWebKit/537.36 (KHTML, like Gecko) Chrome/148.0.0.0 Safari/537.36"
38.246.33.20 - - [21/Sep/2026:06:41:48 +0700] "POST /xmlrpc.php HTTP/1.1" 200 181 "-" "Mozilla/5.0 (Macintosh; Intel Mac OS X 10_15_7) AppleWebKit/537.36 (KHTML, like Gecko) Chrome/136.0.0.0 Safari/537.36"
38.246.32.227 - - [21/Sep/2026:06:41:53 +0700] "POST /xmlrpc.php HTTP/1.1" 200 11086 "-" "Mozilla/5.0 (Windows NT 10.0; Win64; x64) AppleWebKit/537.36 (KHTML, like Gecko) Chrome/109.0.0.0 Safari/537.36"
38.246.33.22 - - [21/Sep/2026:06:41:54 +0700] "POST /xmlrpc.php HTTP/1.1" 200 403 "-" "Mozilla/5.0 (X11; Ubuntu; Linux x86_64; rv:137.0) Gecko/20100101 Firefox/137.0"
38.246.32.227 - - [21/Sep/2026:06:41:55 +0700] "GET /have-fun-with-rely-on-to-the-leading-systems-and-take-pleasure-in-an-unmatched-playing-experience/ HTTP/1.1" 200 60538 "-" "Mozilla/5.0 (Macintosh; Intel Mac OS X 10_15_7) AppleWebKit/537.36 (KHTML, like Gecko) Chrome/148.0.0.0 Safari/537.36"
38.246.33.22 - - [21/Sep/2026:06:41:56 +0700] "POST /xmlrpc.php HTTP/1.1" 200 403 "-" "Mozilla/5.0 (X11; Ubuntu; Linux x86_64; rv:137.0) Gecko/20100101 Firefox/137.0"
38.246.32.227 - - [21/Sep/2026:06:41:53 +0700] "POST /xmlrpc.php HTTP/1.1" 200 181 "-" "Mozilla/5.0 (Windows NT 10.0; Win64; x64) AppleWebKit/537.36 (KHTML, like Gecko) Chrome/58.0.3029.110 Safari/537.3"
38.246.33.20 - - [21/Sep/2026:06:41:59 +0700] "POST /xmlrpc.php HTTP/1.1" 200 11977 "-" "Mozilla/5.0 (X11; Linux x86_64) AppleWebKit/537.36 (KHTML, like Gecko) Chrome/134.0.0.0 Safari/537.36"
82.77.225.45 - - [21/Sep/2026:06:41:55 +0700] "POST /xmlrpc.php HTTP/1.1" 200 181 "-" "Mozilla/5.0 (Windows NT 10.0; Win64; x64) AppleWebKit/537.36 (KHTML, like Gecko) Chrome/133.0.0.0 Safari/537.36 OPR/118.0.0.0"
38.246.33.20 - - [21/Sep/2026:06:42:00 +0700] "GET /a-volte-prelievi-laccount-deve-risiedere-verificato-di-traverso-la-esibizione-di-documentazione-specifica/ HTTP/1.1" 200 61704 "-" "Mozilla/5.0 (Macintosh; Intel Mac OS X 10_15_7) AppleWebKit/537.36 (KHTML, like Gecko) obsidian/1.8.9 Chrome/132.0.6834.210 Electron/34.3.0 Safari/537.36"
38.246.32.227 - - [21/Sep/2026:06:41:58 +0700] "POST /xmlrpc.php HTTP/1.1" 200 181 "-" "Mozilla/5.0 (X11; Linux x86_64) AppleWebKit/537.36 (KHTML, like Gecko) Chrome/135.0.0.0 Safari/537.36"
82.77.225.45 - - [21/Sep/2026:06:42:05 +0700] "POST /xmlrpc.php HTTP/1.1" 200 14248 "-" "Mozilla/5.0 (Macintosh; Intel Mac OS X 10_15_7) AppleWebKit/537.36 (KHTML, like Gecko) obsidian/1.6.5 Chrome/124.0.6367.243 Electron/30.1.2 Safari/537.36"
38.246.32.227 - - [21/Sep/2026:06:42:05 +0700] "POST /xmlrpc.php HTTP/1.1" 200 9986 "-" "Mozilla/5.0 (Windows NT 10.0; Win64; x64) AppleWebKit/537.36 (KHTML, like Gecko) Chrome/132.0.0.0 Safari/537.36 OPR/117.0.0.0"
38.246.32.227 - - [21/Sep/2026:06:42:06 +0700] "GET /show-their-adore-properly-and-its-time-to-play/ HTTP/1.1" 200 58682 "-" "Mozilla/5.0 (X11; Linux x86_64) AppleWebKit/537.36 (KHTML, like Gecko) Chrome/124.0.0.0 Safari/537.36"
82.77.225.45 - - [21/Sep/2026:06:42:07 +0700] "GET /fatal-gratis-spins-dags-dat-tilslutte-danske-casinoer-2025/ HTTP/1.1" 200 63793 "-" "Mozilla/5.0 (Windows NT 10.0; Win64; x64) AppleWebKit/537.36 (KHTML, like Gecko) Chrome/117.0.5938.132 Safari/537.36"
38.246.32.227 - - [21/Sep/2026:06:42:09 +0700] "POST /xmlrpc.php HTTP/1.1" 200 9634 "-" "Mozilla/5.0 (Macintosh; Intel Mac OS X 10_15_7) AppleWebKit/605.1.15 (KHTML, like Gecko) Version/16.6 Safari/605.1.15"
38.246.32.227 - - [21/Sep/2026:06:42:11 +0700] "GET /the-site-possess-acquired-several-honours-typically-because-of-its-novel-sense/ HTTP/1.1" 200 58838 "-" "Mozilla/5.0 (Macintosh; Intel Mac OS X 10_15_7) AppleWebKit/605.1.15 (KHTML, like Gecko) Version/18.3 Safari/605.1.15"
38.246.32.227 - - [21/Sep/2026:06:42:06 +0700] "POST /xmlrpc.php HTTP/1.1" 200 181 "-" "Mozilla/5.0 (Windows NT 10.0; Win64; x64; rv:137.0) Gecko/20100101 Firefox/137.0"
38.246.33.20 - - [21/Sep/2026:06:42:07 +0700] "POST /xmlrpc.php HTTP/1.1" 200 181 "-" "Mozilla/5.0 (Macintosh; Intel Mac OS X 10.15; rv:150.0) Gecko/20100101 Firefox/150.0"
38.246.32.227 - - [21/Sep/2026:06:42:14 +0700] "POST /xmlrpc.php HTTP/1.1" 200 181 "-" "Mozilla/5.0 (Windows NT 10.0; Win64; x64) AppleWebKit/537.36 (KHTML, like Gecko) Chrome/122.0.0.0 Safari/537.36"
38.246.32.227 - - [21/Sep/2026:06:42:19 +0700] "POST /xmlrpc.php HTTP/1.1" 200 9913 "-" "Mozilla/5.0 (Macintosh; Intel Mac OS X 10_15_7) AppleWebKit/537.36 (KHTML, like Gecko) obsidian/1.6.5 Chrome/124.0.6367.243 Electron/30.1.2 Safari/537.36"
38.246.33.20 - - [21/Sep/2026:06:42:19 +0700] "POST /xmlrpc.php HTTP/1.1" 200 10473 "-" "Mozilla/5.0 (Windows NT 10.0; Win64; x64) AppleWebKit/537.36 (KHTML, like Gecko) Chrome/136.0.0.0 Safari/537.36 Edg/136.0.0.0"
38.246.33.20 - - [21/Sep/2026:06:42:21 +0700] "GET /la-ripiano-garantisce-unesperienza-di-artificio-senza-contare-compromessi-ancora-con-passeggiata/ HTTP/1.1" 200 60038 "-" "Mozilla/5.0 (Windows NT 10.0; Win64; x64) AppleWebKit/537.36 (KHTML, like Gecko) obsidian/1.8.10 Chrome/132.0.6834.196 Electron/34.2.0 Safari/537.36"
38.246.32.227 - - [21/Sep/2026:06:42:21 +0700] "GET /we-put-aside-an-educated-ratings-getting-gambling-enterprises-with-incentives-with-wagering-off-10x-or-quicker/ HTTP/1.1" 200 59582 "-" "Mozilla/5.0 (Windows NT 10.0; Win64; x64) AppleWebKit/537.36 (KHTML, like Gecko) Chrome/148.0.0.0 Safari/537.36"
38.246.32.227 - - [21/Sep/2026:06:42:24 +0700] "POST /xmlrpc.php HTTP/1.1" 200 9669 "-" "Mozilla/5.0 (Macintosh; Intel Mac OS X 10_15_7) AppleWebKit/605.1.15 (KHTML, like Gecko) Version/17.6 Safari/605.1.15"
198.252.107.178 - - [21/Sep/2026:06:42:27 +0700] "POST /wp-cron.php?doing_wp_cron=1789947747.7405169010162353515625 HTTP/1.1" 200 - "-" "WordPress/7.1.1; https://veewin24hr.com"
38.246.32.227 - - [21/Sep/2026:06:42:26 +0700] "GET /the-working-platform-is-actually-a-natural-haven-to-have-audience-attracted-to-more-igaming-things/ HTTP/1.1" 200 59154 "-" "Mozilla/5.0 (Windows NT 10.0; Win64; x64) AppleWebKit/537.36 (KHTML, like Gecko) Chrome/135.0.0.0 Safari/537.36 Edg/135.0.0.0"
198.252.107.178 - - [21/Sep/2026:06:42:27 +0700] "POST /wp-cron.php?doing_wp_cron=1789947747.7460420131683349609375 HTTP/1.1" 200 - "-" "WordPress/7.1.1; https://veewin24hr.com"
38.246.32.227 - - [21/Sep/2026:06:42:22 +0700] "POST /xmlrpc.php HTTP/1.1" 200 181 "-" "Mozilla/5.0 (Macintosh; Intel Mac OS X 10_15_7) AppleWebKit/537.36 (KHTML, like Gecko) Chrome/136.0.0.0 Safari/537.36"
38.246.32.227 - - [21/Sep/2026:06:42:33 +0700] "POST /xmlrpc.php HTTP/1.1" 200 8732 "-" "Mozilla/5.0 (Windows NT 10.0; Win64; x64; rv:135.0) Gecko/20100101 Firefox/135.0"
38.246.32.227 - - [21/Sep/2026:06:42:29 +0700] "POST /xmlrpc.php HTTP/1.1" 200 181 "-" "Mozilla/5.0 (Macintosh; Intel Mac OS X 10_15_7) AppleWebKit/537.36 (KHTML, like Gecko) obsidian/1.8.9 Chrome/132.0.6834.210 Electron/34.3.0 Safari/537.36"
38.246.32.227 - - [21/Sep/2026:06:42:34 +0700] "GET /along-with-the-individuals-people-who-only-feel-comfortable-with-bullet-the-clock-help-will-take-pleasure-in-the-platform/ HTTP/1.1" 200 58608 "-" "Mozilla/5.0 (Windows NT 10.0; Win64; x64) AppleWebKit/537.36 (KHTML, like Gecko) Chrome/120.0.0.0 Safari/537.36"
