104.207.47.34 - - [21/Sep/2026:05:55:33 +0700] "GET /malta-online-casinos-mga-licence-uk-2026/ HTTP/1.1" 504 - "https://veewin24hr.com/" "Mozilla/5.0 (X11; Linux x86_64) AppleWebKit/537.36 (KHTML, like Gecko) Chrome/135.0.0.0 Safari/537.36"
198.252.107.178 - - [21/Sep/2026:05:55:09 +0700] "POST /wp-cron.php?doing_wp_cron=1789944881.7817420959472656250000 HTTP/1.1" 504 - "-" "WordPress/7.1.1; https://veewin24hr.com"
198.252.107.178 - - [21/Sep/2026:05:56:02 +0700] "POST /wp-cron.php?doing_wp_cron=1789944957.8661499023437500000000 HTTP/1.1" 500 2482 "-" "WordPress/7.1.1; https://veewin24hr.com"
198.252.107.178 - - [21/Sep/2026:05:55:58 +0700] "POST /wp-cron.php?doing_wp_cron=1789944953.3259119987487792968750 HTTP/1.1" 500 2482 "-" "WordPress/7.1.1; https://veewin24hr.com"
85.203.46.209 - - [21/Sep/2026:05:59:38 +0700] "GET /non-ukgc-licensed-casinos-2026/ HTTP/1.1" 500 2482 "https://veewin24hr.com/" "Mozilla/5.0 (Macintosh; Intel Mac OS X 10_15_7) AppleWebKit/605.1.15 (KHTML, like Gecko) Version/18.1 Safari/605.1.15"
198.252.107.178 - - [21/Sep/2026:05:56:03 +0700] "POST /wp-cron.php?doing_wp_cron=1789944957.9795010089874267578125 HTTP/1.1" 500 2482 "-" "WordPress/7.1.1; https://veewin24hr.com"
198.252.107.178 - - [21/Sep/2026:06:12:15 +0700] "POST /wp-cron.php?doing_wp_cron=1789945935.4242019653320312500000 HTTP/1.1" 200 - "-" "WordPress/7.1.1; https://veewin24hr.com"
85.208.96.205 - - [21/Sep/2026:06:12:07 +0700] "GET /this-one-is-bound-to-1-each-affiliate-and-youve-got-currently-purchased-it/ HTTP/1.1" 200 57339 "-" "Mozilla/5.0 (compatible; SemrushBot/7~bl; +http://www.semrush.com/bot.html)"
198.252.107.178 - - [21/Sep/2026:06:14:50 +0700] "POST /wp-cron.php?doing_wp_cron=1789946090.4383900165557861328125 HTTP/1.1" 200 - "-" "WordPress/7.1.1; https://veewin24hr.com"
185.191.171.15 - - [21/Sep/2026:06:14:48 +0700] "GET /these-features-are-very-important-in-helping-anybody-manage-its-playing-activity-and-prevent-an-excessive-amount-of-enjoy/ HTTP/1.1" 200 60677 "-" "Mozilla/5.0 (compatible; SemrushBot/7~bl; +http://www.semrush.com/bot.html)"
179.51.239.43 - - [21/Sep/2026:06:14:51 +0700] "POST /xmlrpc.php HTTP/1.1" 200 181 "-" "Mozilla/5.0 (Windows NT 10.0; Win64; x64) AppleWebKit/537.36 (KHTML, like Gecko) Chrome/120.0.0.0 Safari/537.36"
198.252.107.178 - - [21/Sep/2026:06:16:15 +0700] "POST /wp-cron.php?doing_wp_cron=1789946175.8263430595397949218750 HTTP/1.1" 200 - "-" "WordPress/7.1.1; https://veewin24hr.com"
185.191.171.14 - - [21/Sep/2026:06:16:13 +0700] "GET /engage-with-elite-people-partake-in-campaigns-especially-for-live-games-and-access-exclusive-dining-tables-with-vip-service/ HTTP/1.1" 200 61411 "-" "Mozilla/5.0 (compatible; SemrushBot/7~bl; +http://www.semrush.com/bot.html)"
51.81.111.77 - - [21/Sep/2026:06:16:45 +0700] "GET /when-you-are-just-shedding-when-you-look-at-the-now-and-again-of-the-train-its-going-to-feel-quicker-extremely-important/ HTTP/1.1" 200 58295 "-" "Mozilla/5.0 (compatible; AhrefsBot/7.0; +http://ahrefs.com/robot/)"
185.191.171.12 - - [21/Sep/2026:06:17:23 +0700] "GET /pero-durante-ad-esempio-maniera-sinon-puo-rovinare-questa-preferenza-affidabile-scegliendo-trambusto-sicuri/ HTTP/1.1" 200 61183 "-" "Mozilla/5.0 (compatible; SemrushBot/7~bl; +http://www.semrush.com/bot.html)"
185.191.171.10 - - [21/Sep/2026:06:18:32 +0700] "GET /performing-transit-site-visitors-out-of-54-countries-can-be-sit-for-approximately-10-months-instead-of-a-visa/ HTTP/1.1" 200 60118 "-" "Mozilla/5.0 (compatible; SemrushBot/7~bl; +http://www.semrush.com/bot.html)"
185.191.171.5 - - [21/Sep/2026:06:19:21 +0700] "GET /draftkings-and-you-will-wonderful-nugget-hold-the-best-rtp-electronic-poker-choices-in-the-you/ HTTP/1.1" 200 58039 "-" "Mozilla/5.0 (compatible; SemrushBot/7~bl; +http://www.semrush.com/bot.html)"
185.191.171.12 - - [21/Sep/2026:06:19:25 +0700] "GET /finest-paypal-casinos-united-kingdom-2025-gambling-enterprises-you-to-definitely-take-on-paypal/ HTTP/1.1" 200 58225 "-" "Mozilla/5.0 (compatible; SemrushBot/7~bl; +http://www.semrush.com/bot.html)"
40.77.167.130 - - [21/Sep/2026:06:19:59 +0700] "GET /join-in-minutes-allege-your-own-allowed-added-bonus-and-start-having-real-game-and-you-will-real-payouts-out-of-go-out-one-to/ HTTP/1.1" 200 58858 "-" "Mozilla/5.0 AppleWebKit/537.36 (KHTML, like Gecko; compatible; bingbot/2.0; +http://www.bing.com/bingbot.htm) Chrome/116.0.1938.76 Safari/537.36"
185.191.171.16 - - [21/Sep/2026:06:20:29 +0700] "GET /sure-%EF%BF%BD-and-it-is-the-quickest-strategy-inside-canada-both-for-guidelines/ HTTP/1.1" 200 57730 "-" "Mozilla/5.0 (compatible; SemrushBot/7~bl; +http://www.semrush.com/bot.html)"
81.162.255.150 - - [21/Sep/2026:06:20:36 +0700] "POST /xmlrpc.php HTTP/1.1" 200 403 "-" "Mozilla/5.0 (Windows NT 10.0; Win64; x64) AppleWebKit/537.36 (KHTML, like Gecko) Chrome/148.0.0.0 Safari/537.36"
38.246.33.20 - - [21/Sep/2026:06:21:44 +0700] "POST /xmlrpc.php HTTP/1.1" 200 403 "-" "Mozilla/5.0 (Macintosh; Intel Mac OS X 10_15_7) AppleWebKit/537.36 (KHTML, like Gecko) Chrome/132.0.0.0 Safari/537.36"
38.246.33.20 - - [21/Sep/2026:06:21:46 +0700] "POST /xmlrpc.php HTTP/1.1" 200 403 "-" "Mozilla/5.0 (Macintosh; Intel Mac OS X 10_15_7) AppleWebKit/537.36 (KHTML, like Gecko) Chrome/132.0.0.0 Safari/537.36"
198.252.107.178 - - [21/Sep/2026:06:22:03 +0700] "POST /wp-cron.php?doing_wp_cron=1789946523.6442070007324218750000 HTTP/1.1" 200 - "-" "WordPress/7.1.1; https://veewin24hr.com"
179.125.139.199 - - [21/Sep/2026:06:21:51 +0700] "POST /xmlrpc.php HTTP/1.1" 200 181 "-" "Mozilla/5.0 (X11; Linux x86_64) AppleWebKit/537.36 (KHTML, like Gecko) Chrome/136.0.0.0 Safari/537.36"
85.208.96.210 - - [21/Sep/2026:06:23:01 +0700] "GET /casino-on-line-adventure-on-desktop-and-mobile-devices-2/ HTTP/1.1" 200 62188 "-" "Mozilla/5.0 (compatible; SemrushBot/7~bl; +http://www.semrush.com/bot.html)"
198.252.107.178 - - [21/Sep/2026:06:23:13 +0700] "POST /wp-cron.php?doing_wp_cron=1789946593.1276841163635253906250 HTTP/1.1" 200 - "-" "WordPress/7.1.1; https://veewin24hr.com"
38.246.33.20 - - [21/Sep/2026:06:23:07 +0700] "POST /xmlrpc.php HTTP/1.1" 200 181 "-" "Mozilla/5.0 (Windows NT 10.0; Win64; x64) AppleWebKit/537.36 (KHTML, like Gecko) Chrome/135.0.0.0 Safari/537.36"
38.246.33.20 - - [21/Sep/2026:06:23:19 +0700] "POST /xmlrpc.php HTTP/1.1" 200 8669 "-" "Mozilla/5.0 (Macintosh; Intel Mac OS X 10_15_7) AppleWebKit/537.36 (KHTML, like Gecko) Chrome/120.0.0.0 Safari/537.36"
38.246.33.20 - - [21/Sep/2026:06:23:20 +0700] "GET /lo-cual-ganes-se-acredita-como-saldo-bonus-persona-a-requisitos-de-puesta-en-retirarlo/ HTTP/1.1" 200 58046 "-" "Mozilla/5.0 (Macintosh; Intel Mac OS X 10_15_7) AppleWebKit/605.1.15 (KHTML, like Gecko) Version/18.4 Safari/605.1.15"
85.208.96.202 - - [21/Sep/2026:06:23:28 +0700] "GET /professionals-can-also-take-part-in-each-and-every-day-quests-and-you-may-challenges-in-order-to-pouch-most-incentives-each-and-every-day-of-your-month/ HTTP/1.1" 200 61667 "-" "Mozilla/5.0 (compatible; SemrushBot/7~bl; +http://www.semrush.com/bot.html)"
51.81.111.143 - - [21/Sep/2026:06:23:47 +0700] "GET /unser-einsatzmoglichkeiten-werden-in-wahrheit-misch-ferner-haschen-bis-uber-beide-ohren-kein-thema-tirar/ HTTP/1.1" 200 62967 "-" "Mozilla/5.0 (compatible; AhrefsBot/7.0; +http://ahrefs.com/robot/)"
85.208.96.203 - - [21/Sep/2026:06:24:47 +0700] "GET /there-are-enthusiast-preferred-jacks-otherwise-best-and-you-may-deuces-insane-having-each-other-offering-type-of-online-game-options-and-you-will-rtps/ HTTP/1.1" 200 59453 "-" "Mozilla/5.0 (compatible; SemrushBot/7~bl; +http://www.semrush.com/bot.html)"
140.82.11.145 - - [21/Sep/2026:06:24:52 +0700] "GET /goldbet-casino-magyarorszag-hivatalos-oldal-2026/ HTTP/1.1" 200 58543 "https://veewin24hr.com/" "Mozilla/5.0 (X11; Linux x86_64; rv:137.0) Gecko/20100101 Firefox/137.0"
140.82.11.145 - - [21/Sep/2026:06:24:58 +0700] "GET /wp-login.php?action=register HTTP/1.1" 302 - "https://veewin24hr.com/goldbet-casino-magyarorszag-hivatalos-oldal-2026/" "Mozilla/5.0 (Windows NT 6.3; Win64; x64) AppleWebKit/537.36 (KHTML, like Gecko) Chrome/103.0.0.0 Safari/537.36"
140.82.11.145 - - [21/Sep/2026:06:24:59 +0700] "GET /wp-login.php?registration=disabled HTTP/1.1" 200 7447 "https://veewin24hr.com/wp-login.php?action=register" "Mozilla/5.0 (Windows NT 6.3; Win64; x64) AppleWebKit/537.36 (KHTML, like Gecko) Chrome/103.0.0.0 Safari/537.36"
198.252.107.178 - - [21/Sep/2026:06:25:29 +0700] "POST /wp-cron.php?doing_wp_cron=1789946729.2550361156463623046875 HTTP/1.1" 200 - "-" "WordPress/7.1.1; https://veewin24hr.com"
38.246.33.20 - - [21/Sep/2026:06:25:19 +0700] "POST /xmlrpc.php HTTP/1.1" 200 181 "-" "Mozilla/5.0 (Macintosh; Intel Mac OS X 10_15_7) AppleWebKit/537.36 (KHTML, like Gecko) obsidian/1.8.9 Chrome/132.0.6834.210 Electron/34.3.0 Safari/537.36"
38.246.33.20 - - [21/Sep/2026:06:25:35 +0700] "POST /xmlrpc.php HTTP/1.1" 200 10346 "-" "Mozilla/5.0 (Windows NT 10.0; Win64; x64; rv:136.0) Gecko/20100101 Firefox/136.0"
38.246.33.20 - - [21/Sep/2026:06:25:36 +0700] "GET /suelen-los-casas-dejan-una-inmediatez-para-los-beneficios-demorando-sobra-referente-a-los-retiros/ HTTP/1.1" 200 59814 "-" "Mozilla/5.0 (Macintosh; Intel Mac OS X 10_15_7) AppleWebKit/537.36 (KHTML, like Gecko) Chrome/116.0.0.0 Safari/537.36"
198.252.107.178 - - [21/Sep/2026:06:26:45 +0700] "POST /wp-cron.php?doing_wp_cron=1789946805.3917260169982910156250 HTTP/1.1" 200 - "-" "WordPress/7.1.1; https://veewin24hr.com"
38.246.33.20 - - [21/Sep/2026:06:26:17 +0700] "POST /xmlrpc.php HTTP/1.1" 200 181 "-" "Mozilla/5.0 (Macintosh; Intel Mac OS X 10_15_7) AppleWebKit/537.36 (KHTML, like Gecko) Chrome/130.0.0.0 Safari/537.36"
38.246.33.20 - - [21/Sep/2026:06:26:51 +0700] "POST /xmlrpc.php HTTP/1.1" 200 8519 "-" "Mozilla/5.0 (Windows NT 10.0; Win64; x64; rv:151.0) Gecko/20100101 Firefox/151.0"
38.246.33.20 - - [21/Sep/2026:06:26:54 +0700] "GET /muchos-casinos-utilizan-esto-igual-que-una-de-las-posibilidades-de-bono-sobre-recepcion-con-el-fin-de-mas-jugadores/ HTTP/1.1" 200 58303 "-" "Mozilla/5.0 (X11; Linux x86_64) AppleWebKit/537.36 (KHTML, like Gecko) Chrome/133.0.0.0 Safari/537.36"
198.252.107.178 - - [21/Sep/2026:06:26:57 +0700] "POST /wp-cron.php?doing_wp_cron=1789946817.4140369892120361328125 HTTP/1.1" 200 - "-" "WordPress/7.1.1; https://veewin24hr.com"
136.158.63.81 - - [21/Sep/2026:06:26:42 +0700] "POST /xmlrpc.php HTTP/1.1" 200 181 "-" "Mozilla/5.0 (Windows NT 10.0; Win64; x64) AppleWebKit/537.36 (KHTML, like Gecko) Chrome/132.0.0.0 Safari/537.36 OPR/117.0.0.0"
51.81.104.45 - - [21/Sep/2026:06:27:02 +0700] "GET /wp-content/plugins/elementor-pro/assets/js/frontend.min.js?ver=4.2.1 HTTP/1.1" 304 - "-" "Mozilla/5.0 (compatible; AhrefsBot/7.0; +http://ahrefs.com/robot/)"
51.81.104.39 - - [21/Sep/2026:06:27:03 +0700] "GET /wp-includes/js/jquery/ui/core.min.js?ver=1.14.2 HTTP/1.1" 304 - "-" "Mozilla/5.0 (compatible; AhrefsBot/7.0; +http://ahrefs.com/robot/)"
51.81.111.7 - - [21/Sep/2026:06:27:05 +0700] "GET /wp-content/plugins/elementor-pro/assets/js/elements-handlers.min.js?ver=4.2.1 HTTP/1.1" 304 - "-" "Mozilla/5.0 (compatible; AhrefsBot/7.0; +http://ahrefs.com/robot/)"
51.81.110.25 - - [21/Sep/2026:06:27:06 +0700] "GET /wp-content/plugins/elementor-pro/assets/js/webpack-pro.runtime.min.js?ver=4.2.1 HTTP/1.1" 304 - "-" "Mozilla/5.0 (compatible; AhrefsBot/7.0; +http://ahrefs.com/robot/)"
51.81.111.10 - - [21/Sep/2026:06:27:08 +0700] "GET /wp-content/plugins/elementor-pro/assets/css/widget-nav-menu.min.css?ver=4.2.1 HTTP/1.1" 304 - "-" "Mozilla/5.0 (compatible; AhrefsBot/7.0; +http://ahrefs.com/robot/)"
198.252.107.178 - - [21/Sep/2026:06:27:13 +0700] "POST /wp-cron.php?doing_wp_cron=1789946833.3589971065521240234375 HTTP/1.1" 200 - "-" "WordPress/7.1.1; https://veewin24hr.com"
38.246.33.20 - - [21/Sep/2026:06:27:03 +0700] "POST /xmlrpc.php HTTP/1.1" 200 181 "-" "Mozilla/5.0 (Macintosh; Intel Mac OS X 10_15_7) AppleWebKit/537.36 (KHTML, like Gecko) obsidian/1.6.5 Chrome/124.0.6367.243 Electron/30.1.2 Safari/537.36"
38.246.33.20 - - [21/Sep/2026:06:27:19 +0700] "POST /xmlrpc.php HTTP/1.1" 200 11661 "-" "Mozilla/5.0 (Windows NT 10.0; Win64; x64; rv:138.0) Gecko/20100101 Firefox/138.0"
38.246.33.20 - - [21/Sep/2026:06:27:21 +0700] "GET /vas-a-seguir-jugando-incluso-haber-apostado-300%EF%BF%BD-en-rotundo-y-no-ha-transpirado-unicamente-por-lo-tanto-deberias-arrinconar/ HTTP/1.1" 200 61647 "-" "Mozilla/5.0 (X11; Linux x86_64) AppleWebKit/537.36 Chrome/124.0"
51.81.111.8 - - [21/Sep/2026:06:27:42 +0700] "GET /that-it-separate-testing-site-helps-users-select-the-right-offered-betting-items-complimentary-their-demands/ HTTP/1.1" 200 59917 "-" "Mozilla/5.0 (compatible; AhrefsBot/7.0; +http://ahrefs.com/robot/)"
185.191.171.6 - - [21/Sep/2026:06:27:47 +0700] "GET /internet-particularly-moonbet-and-you-can-jack-already-tell-you-for-the-chain-record-and-you-may-no-betting-rakeback-because-standard/ HTTP/1.1" 200 62143 "-" "Mozilla/5.0 (compatible; SemrushBot/7~bl; +http://www.semrush.com/bot.html)"
185.191.171.2 - - [21/Sep/2026:06:28:08 +0700] "GET /accumula-punti-con-purchessia-manche-sulle-scommesse-o-al-mucchio-ed-convertili-per-premio-cash-reali/ HTTP/1.1" 200 57693 "-" "Mozilla/5.0 (compatible; SemrushBot/7~bl; +http://www.semrush.com/bot.html)"
185.191.171.2 - - [21/Sep/2026:06:28:27 +0700] "GET /particular-politicians-has-actually-stated-one-this-is-why-unlawful-casinos-gaming-and-you-can-sports-betting-have-thrived/ HTTP/1.1" 200 62106 "-" "Mozilla/5.0 (compatible; SemrushBot/7~bl; +http://www.semrush.com/bot.html)"
198.252.107.178 - - [21/Sep/2026:06:28:49 +0700] "POST /wp-cron.php?doing_wp_cron=1789946929.0334939956665039062500 HTTP/1.1" 200 - "-" "WordPress/7.1.1; https://veewin24hr.com"
201.159.8.31 - - [21/Sep/2026:06:28:44 +0700] "POST /xmlrpc.php HTTP/1.1" 200 181 "-" "Mozilla/5.0 (Windows NT 10.0; Win64; x64) AppleWebKit/537.36 (KHTML, like Gecko) Chrome/130.0.0.0 Safari/537.36"
201.159.8.31 - - [21/Sep/2026:06:28:58 +0700] "POST /xmlrpc.php HTTP/1.1" 200 27212 "-" "Mozilla/5.0 (Windows NT 10.0; Win64; x64) AppleWebKit/537.36 (KHTML, like Gecko) obsidian/1.8.3 Chrome/130.0.6723.191 Electron/33.3.2 Safari/537.36"
38.246.33.20 - - [21/Sep/2026:06:29:06 +0700] "POST /xmlrpc.php HTTP/1.1" 200 403 "-" "Mozilla/5.0 (Windows NT 10.0; Win64; x64) AppleWebKit/537.36 (KHTML, like Gecko) obsidian/1.8.4 Chrome/130.0.6723.191 Electron/33.3.2 Safari/537.36"
201.159.8.31 - - [21/Sep/2026:06:29:07 +0700] "GET /%CF%84%CE%B1-10-%CE%BA%CE%BF%CF%81%CF%85%CF%86%CE%B1%CE%AF%CE%B1-online-%CE%BA%CE%B1%CE%B6%CE%AF%CE%BD%CE%BF-%CF%84%CE%B1-%CE%BA%CE%B1%CE%BB%CF%8D%CF%84%CE%B5%CF%81%CE%B1-online-slots-%CF%83%CE%B5/ HTTP/1.1" 200 79280 "-" "Mozilla/5.0 (Windows NT 10.0; Win64; x64) AppleWebKit/537.36 (KHTML, like Gecko) Chrome/147.0.0.0 Safari/537.36 OPR/131.0.0.0"
85.208.96.197 - - [21/Sep/2026:06:29:07 +0700] "GET /casino-online-patterns-reshaping-the-approach-bettors-pick-titles/ HTTP/1.1" 200 62998 "-" "Mozilla/5.0 (compatible; SemrushBot/7~bl; +http://www.semrush.com/bot.html)"
38.246.33.20 - - [21/Sep/2026:06:29:08 +0700] "POST /xmlrpc.php HTTP/1.1" 200 403 "-" "Mozilla/5.0 (Windows NT 10.0; Win64; x64) AppleWebKit/537.36 (KHTML, like Gecko) obsidian/1.8.4 Chrome/130.0.6723.191 Electron/33.3.2 Safari/537.36"
198.252.107.178 - - [21/Sep/2026:06:29:29 +0700] "POST /wp-cron.php?doing_wp_cron=1789946969.6237258911132812500000 HTTP/1.1" 200 - "-" "WordPress/7.1.1; https://veewin24hr.com"
185.191.171.1 - - [21/Sep/2026:06:29:27 +0700] "GET /nonetheless-having-timely-redemptions-and-position-concentrated-gameplay-realprize-is-a-strong-choice-for-casual-sweepstakes-players/ HTTP/1.1" 200 58495 "-" "Mozilla/5.0 (compatible; SemrushBot/7~bl; +http://www.semrush.com/bot.html)"
38.246.33.22 - - [21/Sep/2026:06:29:22 +0700] "POST /xmlrpc.php HTTP/1.1" 200 181 "-" "Mozilla/5.0 (Macintosh; Intel Mac OS X 10_15_7) AppleWebKit/537.36 (KHTML, like Gecko) Chrome/135.0.0.0 Safari/537.36"
38.246.32.227 - - [21/Sep/2026:06:29:22 +0700] "POST /xmlrpc.php HTTP/1.1" 200 181 "-" "Mozilla/5.0 (Macintosh; Intel Mac OS X 10_15_7) AppleWebKit/537.36"
38.246.33.22 - - [21/Sep/2026:06:29:35 +0700] "POST /xmlrpc.php HTTP/1.1" 200 12424 "-" "Mozilla/5.0 (Macintosh; Intel Mac OS X 10_15_7) AppleWebKit/537.36 (KHTML, like Gecko) Chrome/136.0.0.0 Safari/537.36"
38.246.32.227 - - [21/Sep/2026:06:29:36 +0700] "POST /xmlrpc.php HTTP/1.1" 200 8574 "-" "Mozilla/5.0 (Macintosh; Intel Mac OS X 10_15_7) AppleWebKit/537.36 (KHTML, like Gecko) Chrome/134.0.0.0 Safari/537.36"
38.246.33.22 - - [21/Sep/2026:06:29:37 +0700] "GET /dafur-aufrecht-stehen-den-besuchern-bei-moglich-casinos-in-deutschland-mehrere-unterschiedliche-zahlungsmethoden-zur-verordnung/ HTTP/1.1" 200 62403 "-" "Mozilla/5.0 (Macintosh; Intel Mac OS X 10_15_7) AppleWebKit/537.36 (KHTML, like Gecko) Chrome/146.0.0.0 Safari/537.36"
38.246.32.227 - - [21/Sep/2026:06:29:37 +0700] "GET /an-educated-online-casinos-can-give-multiple-percentage-remedies-for-fulfill-your-preferences/ HTTP/1.1" 200 58026 "-" "Mozilla/5.0 (Macintosh; Intel Mac OS X 10_15_7) AppleWebKit/537.36 (KHTML, like Gecko) obsidian/1.8.9 Chrome/132.0.6834.210 Electron/34.3.0 Safari/537.36"
198.252.107.178 - - [21/Sep/2026:06:29:56 +0700] "POST /wp-cron.php?doing_wp_cron=1789946996.4744679927825927734375 HTTP/1.1" 200 - "-" "WordPress/7.1.1; https://veewin24hr.com"
38.246.33.20 - - [21/Sep/2026:06:29:49 +0700] "POST /xmlrpc.php HTTP/1.1" 200 181 "-" "Mozilla/5.0 (X11; Ubuntu; Linux x86_64; rv:138.0) Gecko/20100101 Firefox/138.0"
38.246.33.20 - - [21/Sep/2026:06:30:02 +0700] "POST /xmlrpc.php HTTP/1.1" 200 8611 "-" "Mozilla/5.0 (Macintosh; Intel Mac OS X 10_15_7) AppleWebKit/537.36 (KHTML, like Gecko) Chrome/147.0.0.0 Safari/537.36"
38.246.33.20 - - [21/Sep/2026:06:30:04 +0700] "GET /las-mismas-suelen-ser-su-mejor-alternativa-en-el-momento-de-realizar-trato-de-un-bono-falto-tanque/ HTTP/1.1" 200 58149 "-" "Mozilla/5.0 (Windows NT 10.0; Win64; x64) AppleWebKit/537.36 (KHTML, like Gecko) obsidian/1.8.4 Chrome/130.0.6723.191 Electron/33.3.2 Safari/537.36"
198.252.107.178 - - [21/Sep/2026:06:30:18 +0700] "POST /wp-cron.php?doing_wp_cron=1789947018.1726019382476806640625 HTTP/1.1" 200 - "-" "WordPress/7.1.1; https://veewin24hr.com"
38.246.33.22 - - [21/Sep/2026:06:30:10 +0700] "POST /xmlrpc.php HTTP/1.1" 200 181 "-" "Mozilla/5.0 (Macintosh; Intel Mac OS X 10_15_7) AppleWebKit/537.36 (KHTML, like Gecko) Chrome/120.0.0.0 Safari/537.36"
38.246.33.22 - - [21/Sep/2026:06:30:24 +0700] "POST /xmlrpc.php HTTP/1.1" 200 11011 "-" "Mozilla/5.0 (X11; Linux x86_64) AppleWebKit/537.36 Chrome/124.0"
38.246.33.22 - - [21/Sep/2026:06:30:26 +0700] "GET /falls-respons-und-ihr-mitglied-kooperation-braucht-findest-du-auf-verantwortungsbewusstes-musizieren-samtliche-anlaufstellen-inoffizieller-mitarbeiter-zusammenfassung/ HTTP/1.1" 200 61741 "-" "Mozilla/5.0 (Macintosh; Intel Mac OS X 10_15_7) AppleWebKit/537.36 (KHTML, like Gecko) Chrome/122.0.0.0 Safari/537.36"
198.252.107.178 - - [21/Sep/2026:06:30:30 +0700] "POST /wp-cron.php?doing_wp_cron=1789947030.1068079471588134765625 HTTP/1.1" 200 - "-" "WordPress/7.1.1; https://veewin24hr.com"
38.246.33.20 - - [21/Sep/2026:06:30:23 +0700] "POST /xmlrpc.php HTTP/1.1" 200 181 "-" "Mozilla/5.0 (Windows NT 10.0; Win64; x64; rv:136.0) Gecko/20100101 Firefox/136.0"
38.246.33.20 - - [21/Sep/2026:06:30:36 +0700] "POST /xmlrpc.php HTTP/1.1" 200 8277 "-" "Mozilla/5.0 (Windows NT 10.0; Win64; x64; rv:128.0) Gecko/20100101 Firefox/128.0"
38.246.33.20 - - [21/Sep/2026:06:30:38 +0700] "GET /mon-salle-de-jeu-quelque-peu-doit-region-sur-lon-marche-un-moment-encore-et-le-minimum-continuellement/ HTTP/1.1" 200 57997 "-" "Mozilla/5.0 (Windows NT 10.0; Win64; x64) AppleWebKit/537.36 (KHTML, like Gecko) Chrome/130.0.0.0 Safari/537.36"
185.191.171.7 - - [21/Sep/2026:06:30:40 +0700] "GET /the-new-leading-provider-out-of-live-specialist-game-along-with-launches-electronic-desk-games-each-day/ HTTP/1.1" 200 58003 "-" "Mozilla/5.0 (compatible; SemrushBot/7~bl; +http://www.semrush.com/bot.html)"
198.252.107.178 - - [21/Sep/2026:06:30:49 +0700] "POST /wp-cron.php?doing_wp_cron=1789947049.5059509277343750000000 HTTP/1.1" 200 - "-" "WordPress/7.1.1; https://veewin24hr.com"
38.246.32.227 - - [21/Sep/2026:06:30:40 +0700] "POST /xmlrpc.php HTTP/1.1" 200 181 "-" "Mozilla/5.0 (Windows NT 10.0; Win64; x64) AppleWebKit/537.36 (KHTML, like Gecko) Chrome/137.0.0.0 Safari/537.36"
38.246.32.227 - - [21/Sep/2026:06:30:55 +0700] "POST /xmlrpc.php HTTP/1.1" 200 8413 "-" "Mozilla/5.0 (Macintosh; Intel Mac OS X 10_15_7) AppleWebKit/537.36 (KHTML, like Gecko) Chrome/116.0.0.0 Safari/537.36"
38.246.32.227 - - [21/Sep/2026:06:30:58 +0700] "GET /with-many-choice-showing-up-its-difficult-knowing-which-web-sites-are-safer-fair-and-you-can-fun/ HTTP/1.1" 200 57953 "-" "Mozilla/5.0 (Windows NT 10.0; Win64; x64) AppleWebKit/537.36 (KHTML, like Gecko) Chrome/147.0.0.0 Safari/537.36"
198.252.107.178 - - [21/Sep/2026:06:31:35 +0700] "POST /wp-cron.php?doing_wp_cron=1789947095.5117299556732177734375 HTTP/1.1" 200 - "-" "WordPress/7.1.1; https://veewin24hr.com"
38.246.33.22 - - [21/Sep/2026:06:31:26 +0700] "POST /xmlrpc.php HTTP/1.1" 200 181 "-" "Mozilla/5.0 (Windows NT 10.0; Win64; x64) AppleWebKit/537.36 (KHTML, like Gecko) Chrome/58.0.3029.110 Safari/537.3"
109.176.207.116 - - [21/Sep/2026:06:31:33 +0700] "GET /casino-zonder-cruks-waar-je-echt-op-moet-letten-13/ HTTP/1.1" 200 57434 "https://www.google.com/search?q=veewin24hr.com%20review&source=hp&ei=D7FbQQ&ved=0ahUKEwj46e59c848351172b5560&oq=veewin24hr.com%20review" "Mozilla/5.0 (Linux; Android 13; Pixel 7) AppleWebKit/537.36 (KHTML, like Gecko) Chrome/124.0.6293.20 Mobile Safari/537.36"
38.246.33.22 - - [21/Sep/2026:06:31:41 +0700] "POST /xmlrpc.php HTTP/1.1" 200 12274 "-" "Mozilla/5.0 (Windows NT 10.0; Win64; x64) AppleWebKit/537.36 (KHTML, like Gecko) Chrome/134.0.0.0 YaBrowser/25.4.0.0 Safari/537.36"
38.246.33.22 - - [21/Sep/2026:06:31:43 +0700] "GET /within-dem-versuch-nahrungsmittel-diese-jede-menge-freundlich-konnten-unsrige-ausfragen-nachdem-einen-bonusbedingungen-schlichtweg-eingehen/ HTTP/1.1" 200 62473 "-" "Mozilla/5.0 (Windows NT 10.0; Win64; x64) AppleWebKit/537.36 (KHTML, like Gecko) Chrome/147.0.0.0 Safari/537.36 OPR/131.0.0.0"
198.252.107.178 - - [21/Sep/2026:06:31:53 +0700] "POST /wp-cron.php?doing_wp_cron=1789947113.8711869716644287109375 HTTP/1.1" 200 - "-" "WordPress/7.1.1; https://veewin24hr.com"
102.217.172.42 - - [21/Sep/2026:06:31:49 +0700] "POST /xmlrpc.php HTTP/1.1" 200 181 "-" "Mozilla/5.0 (Windows NT 10.0; Win64; x64) AppleWebKit/537.36 (KHTML, like Gecko) Chrome/136.0.0.0 Safari/537.36 Edg/136.0.0.0"
198.252.107.178 - - [21/Sep/2026:06:32:04 +0700] "POST /wp-cron.php?doing_wp_cron=1789947124.8694798946380615234375 HTTP/1.1" 200 - "-" "WordPress/7.1.1; https://veewin24hr.com"
38.246.32.227 - - [21/Sep/2026:06:32:00 +0700] "POST /xmlrpc.php HTTP/1.1" 200 181 "-" "Mozilla/5.0 (Windows NT 10.0; Win64; x64) AppleWebKit/537.36 (KHTML, like Gecko) Chrome/147.0.0.0 Safari/537.36"
102.217.172.42 - - [21/Sep/2026:06:32:06 +0700] "POST /xmlrpc.php HTTP/1.1" 200 24824 "-" "Mozilla/5.0 (Windows NT 10.0; Win64; x64) AppleWebKit/537.36 (KHTML, like Gecko) Chrome/133.0.0.0 Safari/537.36"
38.246.32.227 - - [21/Sep/2026:06:32:10 +0700] "POST /xmlrpc.php HTTP/1.1" 200 11587 "-" "Mozilla/5.0 (Macintosh; Intel Mac OS X 10_15_7) AppleWebKit/537.36 (KHTML, like Gecko) Chrome/129.0.0.0 Safari/537.36"
38.246.32.227 - - [21/Sep/2026:06:32:11 +0700] "GET /anyone-create-on-line-gambling-websites-to-enjoy-online-casino-games/ HTTP/1.1" 200 60571 "-" "Mozilla/5.0 (Windows NT 10.0; Win64; x64) AppleWebKit/537.36 (KHTML, like Gecko) obsidian/1.8.10 Chrome/132.0.6834.196 Electron/34.2.0 Safari/537.36"
102.217.172.42 - - [21/Sep/2026:06:32:12 +0700] "GET /%CE%B1%CF%80%CE%BF%CE%BB%CE%B1%CF%8D%CF%83%CF%84%CE%B5-penny-ports-online-%CF%87%CF%89%CF%81%CE%AF%CF%82-%CE%BA%CF%8C%CF%83%CF%84%CE%BF%CF%82-%CE%AE-%CE%BC%CE%B5-%CF%80%CF%81%CE%B1%CE%B3%CE%BC%CE%B1/ HTTP/1.1" 200 77326 "-" "Mozilla/5.0 (X11; Linux x86_64; rv:128.0) Gecko/20100101 Firefox/128.0"
42.114.39.161 - - [21/Sep/2026:06:32:25 +0700] "POST /xmlrpc.php HTTP/1.1" 200 403 "-" "Mozilla/5.0 (Windows NT 10.0; Win64; x64) AppleWebKit/537.36 (KHTML, like Gecko) Chrome/134.0.0.0 Safari/537.36"
198.252.107.178 - - [21/Sep/2026:06:32:37 +0700] "POST /wp-cron.php?doing_wp_cron=1789947156.9573879241943359375000 HTTP/1.1" 200 - "-" "WordPress/7.1.1; https://veewin24hr.com"
38.246.33.20 - - [21/Sep/2026:06:32:29 +0700] "POST /xmlrpc.php HTTP/1.1" 200 181 "-" "Mozilla/5.0 (Windows NT 10.0; Win64; x64) AppleWebKit/537.36 (KHTML, like Gecko) Chrome/134.0.0.0 YaBrowser/25.4.0.0 Safari/537.36"
38.246.33.22 - - [21/Sep/2026:06:32:30 +0700] "POST /xmlrpc.php HTTP/1.1" 200 181 "-" "Mozilla/5.0 (Macintosh; Intel Mac OS X 10_15_7) AppleWebKit/537.36 (KHTML, like Gecko) Chrome/132.0.0.0 Safari/537.36"
198.252.107.178 - - [21/Sep/2026:06:32:43 +0700] "POST /wp-cron.php?doing_wp_cron=1789947163.5999169349670410156250 HTTP/1.1" 200 - "-" "WordPress/7.1.1; https://veewin24hr.com"
38.246.33.20 - - [21/Sep/2026:06:32:42 +0700] "POST /xmlrpc.php HTTP/1.1" 200 9737 "-" "Mozilla/5.0 (X11; Linux x86_64) AppleWebKit/537.36 (KHTML, like Gecko) Chrome/129.0.0.0 Safari/537.36"
38.246.33.22 - - [21/Sep/2026:06:32:45 +0700] "POST /xmlrpc.php HTTP/1.1" 200 9245 "-" "Mozilla/5.0 (Macintosh; Intel Mac OS X 10_15_7) AppleWebKit/605.1.15 (KHTML, like Gecko) Version/26.4 Safari/605.1.15"
38.246.33.22 - - [21/Sep/2026:06:32:47 +0700] "GET /informationen-unter-einsatz-von-nachfolgende-lizenz-entdecken-sie-within-einen-agb-und-in-ihr-casino-flugel-bei-der-fuzeile/ HTTP/1.1" 200 59275 "-" "Mozilla/5.0 (Macintosh; Intel Mac OS X 10.15; rv:137.0) Gecko/20100101 Firefox/137.0"
38.246.33.20 - - [21/Sep/2026:06:32:47 +0700] "GET /ou-dailleurs-ainsi-commander-actuellement-vos-barrieres-durables-sur-certains-titres/ HTTP/1.1" 200 59100 "-" "Mozilla/5.0 (Windows NT 10.0; Win64; x64) AppleWebKit/537.36 (KHTML, like Gecko) Chrome/136.0.0.0 Safari/537.36"
51.81.110.59 - - [21/Sep/2026:06:32:58 +0700] "GET /stattdessen-ermi%EF%BF%BDglichen-sich-je-nachfolgende-android-os-verwendung-selbige-world-wide-web-app-nachfolgende-schnell-inoffizieller-mitarbeiter-mobilen-browser-verlauft/ HTTP/1.1" 200 61725 "-" "Mozilla/5.0 (compatible; AhrefsBot/7.0; +http://ahrefs.com/robot/)"
198.252.107.178 - - [21/Sep/2026:06:33:02 +0700] "POST /wp-cron.php?doing_wp_cron=1789947182.5986499786376953125000 HTTP/1.1" 200 - "-" "WordPress/7.1.1; https://veewin24hr.com"
38.246.32.227 - - [21/Sep/2026:06:32:53 +0700] "POST /xmlrpc.php HTTP/1.1" 200 181 "-" "Mozilla/5.0 (Macintosh; Intel Mac OS X 10_15_7) AppleWebKit/537.36 (KHTML, like Gecko) Chrome/130.0.0.0 Safari/537.36"
38.246.32.227 - - [21/Sep/2026:06:33:08 +0700] "POST /xmlrpc.php HTTP/1.1" 200 10510 "-" "Mozilla/5.0 (Macintosh; Intel Mac OS X 10_15_7) AppleWebKit/537.36 (KHTML, like Gecko) Chrome/133.0.0.0 Safari/537.36"
38.246.32.227 - - [21/Sep/2026:06:33:10 +0700] "GET /sure-advertisements-were-100-free-spins-matched-deposits-cashback-and-you-will-loyalty-benefits/ HTTP/1.1" 200 60028 "-" "Mozilla/5.0 (X11; Linux x86_64; rv:128.0) Gecko/20100101 Firefox/128.0"
185.191.171.14 - - [21/Sep/2026:06:33:24 +0700] "GET /wenn-der-spediteur-amyotrophic-lateral-sclerosis-auszahlungsmoglichkeit-vorliegen-wird-verlauft-der-vorgang-gleichartig-muhelos-genau-so-wie-bei-der-einzahlung/ HTTP/1.1" 200 61073 "-" "Mozilla/5.0 (compatible; SemrushBot/7~bl; +http://www.semrush.com/bot.html)"
198.252.107.178 - - [21/Sep/2026:06:33:27 +0700] "POST /wp-cron.php?doing_wp_cron=1789947207.5021860599517822265625 HTTP/1.1" 200 - "-" "WordPress/7.1.1; https://veewin24hr.com"
38.246.33.22 - - [21/Sep/2026:06:33:19 +0700] "POST /xmlrpc.php HTTP/1.1" 200 181 "-" "Mozilla/5.0 (X11; Linux x86_64) AppleWebKit/537.36 (KHTML, like Gecko) Chrome/132.0.0.0 Safari/537.36"
198.252.107.178 - - [21/Sep/2026:06:33:30 +0700] "POST /wp-cron.php?doing_wp_cron=1789947210.2253649234771728515625 HTTP/1.1" 200 - "-" "WordPress/7.1.1; https://veewin24hr.com"
38.246.33.20 - - [21/Sep/2026:06:33:21 +0700] "POST /xmlrpc.php HTTP/1.1" 200 181 "-" "Mozilla/5.0 (X11; Linux x86_64) AppleWebKit/537.36 (KHTML, like Gecko) Chrome/148.0.0.0 Safari/537.36"
38.246.33.22 - - [21/Sep/2026:06:33:33 +0700] "POST /xmlrpc.php HTTP/1.1" 200 12843 "-" "Mozilla/5.0 (X11; Linux x86_64) AppleWebKit/537.36 (KHTML, like Gecko) Chrome/134.0.0.0 Safari/537.36"
38.246.33.20 - - [21/Sep/2026:06:33:36 +0700] "POST /xmlrpc.php HTTP/1.1" 200 9218 "-" "Mozilla/5.0 (Windows NT 10.0; Win64; x64; rv:137.0) Gecko/20100101 Firefox/137.0"
38.246.33.22 - - [21/Sep/2026:06:33:35 +0700] "GET /jede-sieben-tage-die-erlaubnis-haben-einander-diese-glucksspieler-via-lukrative-nachlade-boni-freude-empfinden-diese-fur-jedes-zusatzliche-spannung-verhatscheln/ HTTP/1.1" 200 63400 "-" "Mozilla/5.0 (Windows NT 10.0; Win64; x64) AppleWebKit/537.36 (KHTML, like Gecko) Chrome/135.0.0.0 Safari/537.36 Edg/135.0.0.0"
185.191.171.13 - - [21/Sep/2026:06:33:37 +0700] "GET /agire-dal-esuberante-offre-unemozione-identica-alle-vere-di-nuovo-lussuose-giudizio-terrestri/ HTTP/1.1" 200 57769 "-" "Mozilla/5.0 (compatible; SemrushBot/7~bl; +http://www.semrush.com/bot.html)"
38.246.33.20 - - [21/Sep/2026:06:33:38 +0700] "GET /le-mec-permet-identiquement-tous-les-prime-ajustes-clairs-sans-avoir-i%EF%BF%BD-chambardements-trop-rapides-au-sujets-des-obliger/ HTTP/1.1" 200 59284 "-" "Mozilla/5.0 (X11; Ubuntu; Linux x86_64; rv:136.0) Gecko/20100101 Firefox/136.0"
38.246.32.227 - - [21/Sep/2026:06:33:32 +0700] "POST /xmlrpc.php HTTP/1.1" 200 181 "-" "Mozilla/5.0 (Macintosh; Intel Mac OS X 10_15_7) AppleWebKit/537.36 (KHTML, like Gecko) Chrome/128.0.0.0 Safari/537.36"
198.252.107.178 - - [21/Sep/2026:06:33:48 +0700] "POST /wp-cron.php?doing_wp_cron=1789947227.9802789688110351562500 HTTP/1.1" 200 - "-" "WordPress/7.1.1; https://veewin24hr.com"
38.246.32.227 - - [21/Sep/2026:06:33:47 +0700] "POST /xmlrpc.php HTTP/1.1" 200 9066 "-" "Mozilla/5.0 (Windows NT 10.0; Win64; x64) AppleWebKit/537.36 (KHTML, like Gecko) Chrome/132.0.0.0 Safari/537.36"
38.246.32.227 - - [21/Sep/2026:06:33:49 +0700] "GET /safety-is-important-in-terms-of-on-line-casino-sites-during-the-the-uk/ HTTP/1.1" 200 58079 "-" "Mozilla/5.0 (Macintosh; Intel Mac OS X 10_15_7) AppleWebKit/537.36 (KHTML, like Gecko) Chrome/130.0.0.0 Safari/537.36"
151.237.58.136 - - [21/Sep/2026:06:33:55 +0700] "POST /xmlrpc.php HTTP/1.1" 200 181 "-" "Mozilla/5.0 (Macintosh; Intel Mac OS X 10_15_7) AppleWebKit/537.36 (KHTML, like Gecko) Chrome/133.0.0.0 Safari/537.36"
198.252.107.178 - - [21/Sep/2026:06:34:02 +0700] "POST /wp-cron.php?doing_wp_cron=1789947242.7044188976287841796875 HTTP/1.1" 200 - "-" "WordPress/7.1.1; https://veewin24hr.com"
38.246.33.22 - - [21/Sep/2026:06:33:55 +0700] "POST /xmlrpc.php HTTP/1.1" 200 181 "-" "Mozilla/5.0 (Windows NT 10.0; Win64; x64) AppleWebKit/537.36 (KHTML, like Gecko) obsidian/1.8.10 Chrome/132.0.6834.196 Electron/34.2.0 Safari/537.36"
151.237.58.136 - - [21/Sep/2026:06:34:07 +0700] "POST /xmlrpc.php HTTP/1.1" 200 12096 "-" "Mozilla/5.0 (Macintosh; Intel Mac OS X 10_15_7) AppleWebKit/537.36 (KHTML, like Gecko) obsidian/1.8.9 Chrome/132.0.6834.210 Electron/34.3.0 Safari/537.36"
38.246.33.22 - - [21/Sep/2026:06:34:09 +0700] "POST /xmlrpc.php HTTP/1.1" 200 12680 "-" "Mozilla/5.0 (X11; Linux x86_64) AppleWebKit/537.36 (KHTML, like Gecko) Chrome/148.0.0.0 Safari/537.36"
151.237.58.136 - - [21/Sep/2026:06:34:10 +0700] "GET /yes-forecasts-methods-for-now-the-next-day/ HTTP/1.1" 200 61171 "-" "Mozilla/5.0 (Macintosh; Intel Mac OS X 10.15; rv:138.0) Gecko/20100101 Firefox/138.0"
38.246.33.22 - - [21/Sep/2026:06:34:11 +0700] "GET /zahlreiche-minimal-manche-besitzen-folgende-deutsche-glucksspiellizenz-unter-anderem-stehen-dementsprechend-aufwarts-staatlicher-schutz/ HTTP/1.1" 200 62859 "-" "Mozilla/5.0 (Macintosh; Intel Mac OS X 10_15_7) AppleWebKit/537.36 (KHTML, like Gecko) Chrome/135.0.0.0 Safari/537.36"
38.246.33.20 - - [21/Sep/2026:06:34:05 +0700] "POST /xmlrpc.php HTTP/1.1" 200 181 "-" "Mozilla/5.0 (Macintosh; Intel Mac OS X 10_15_7) AppleWebKit/537.36 (KHTML, like Gecko) Chrome/129.0.0.0 Safari/537.36"
38.246.32.227 - - [21/Sep/2026:06:34:07 +0700] "POST /xmlrpc.php HTTP/1.1" 200 181 "-" "Mozilla/5.0 (Windows NT 10.0; Win64; x64; rv:135.0) Gecko/20100101 Firefox/135.0"
198.252.107.178 - - [21/Sep/2026:06:34:20 +0700] "POST /wp-cron.php?doing_wp_cron=1789947259.9741499423980712890625 HTTP/1.1" 200 - "-" "WordPress/7.1.1; https://veewin24hr.com"
38.246.33.20 - - [21/Sep/2026:06:34:19 +0700] "POST /xmlrpc.php HTTP/1.1" 200 8913 "-" "Mozilla/5.0 (Windows NT 10.0; Win64; x64) AppleWebKit/537.36 (KHTML, like Gecko) Chrome/129.0.0.0 Safari/537.36"
38.246.32.227 - - [21/Sep/2026:06:34:20 +0700] "POST /xmlrpc.php HTTP/1.1" 200 8871 "-" "Mozilla/5.0 (Macintosh; Intel Mac OS X 10_15_7) AppleWebKit/605.1.15 (KHTML, like Gecko) Version/18.2 Safari/605.1.15"
38.246.33.20 - - [21/Sep/2026:06:34:21 +0700] "GET /bravissimo-julius-salle-de-jeu-utilise-tous-les-methodes-en-tenant-paiement-rassurees/ HTTP/1.1" 200 58282 "-" "Mozilla/5.0 (Windows NT 10.0; Win64; x64) AppleWebKit/537.36 (KHTML, like Gecko) Chrome/131.0.0.0 Safari/537.36 Edg/131.0.0.0"
38.246.32.227 - - [21/Sep/2026:06:34:22 +0700] "GET /along-with-those-people-people-exactly-who-merely-feel-safe-which-have-bullet-the-clock-assistance-will-relish-the-platform/ HTTP/1.1" 200 58777 "-" "Mozilla/5.0 (Macintosh; Intel Mac OS X 10_15_7) AppleWebKit/537.36 (KHTML, like Gecko) Chrome/135.0.0.0 Safari/537.36"
198.252.107.178 - - [21/Sep/2026:06:34:31 +0700] "POST /wp-cron.php?doing_wp_cron=1789947271.2996609210968017578125 HTTP/1.1" 200 - "-" "WordPress/7.1.1; https://veewin24hr.com"
38.246.33.22 - - [21/Sep/2026:06:34:25 +0700] "POST /xmlrpc.php HTTP/1.1" 200 181 "-" "Mozilla/5.0 (Macintosh; Intel Mac OS X 10_15_7) AppleWebKit/537.36 (KHTML, like Gecko) Chrome/135.0.0.0 Safari/537.36"
38.246.33.22 - - [21/Sep/2026:06:34:37 +0700] "POST /xmlrpc.php HTTP/1.1" 200 11506 "-" "Mozilla/5.0 (Windows NT 10.0; Win64; x64) AppleWebKit/537.36 (KHTML, like Gecko) Chrome/124.0.0.0 Safari/537.36"
38.246.32.227 - - [21/Sep/2026:06:34:33 +0700] "POST /xmlrpc.php HTTP/1.1" 200 181 "-" "Mozilla/5.0 (Macintosh; Intel Mac OS X 10_15_7) AppleWebKit/537.36"
198.252.107.178 - - [21/Sep/2026:06:34:40 +0700] "POST /wp-cron.php?doing_wp_cron=1789947280.0838770866394042968750 HTTP/1.1" 200 - "-" "WordPress/7.1.1; https://veewin24hr.com"
128.65.60.191 - - [21/Sep/2026:06:34:34 +0700] "POST /xmlrpc.php HTTP/1.1" 200 181 "-" "Mozilla/5.0 (Macintosh; Intel Mac OS X 10_15_7) AppleWebKit/605.1.15 (KHTML, like Gecko) Version/18.1 Safari/605.1.15"
38.246.33.20 - - [21/Sep/2026:06:34:34 +0700] "POST /xmlrpc.php HTTP/1.1" 200 181 "-" "Mozilla/5.0 (Windows NT 10.0; Win64; x64; rv:138.0) Gecko/20100101 Firefox/138.0"
38.246.33.22 - - [21/Sep/2026:06:34:39 +0700] "GET /hinzugefugt-werden-regelmaige-aktionen-wie-gleichfalls-der-integriertes-glucksrad-und-das-highroller-vermittlungsgebuhr-zu-handen-erfahrene-spieler/ HTTP/1.1" 200 61877 "-" "Mozilla/5.0 (Macintosh; Intel Mac OS X 10_15_7) AppleWebKit/605.1.15 (KHTML, like Gecko) Version/18.3.1 Safari/605.1.15"
128.65.60.191 - - [21/Sep/2026:06:34:44 +0700] "POST /xmlrpc.php HTTP/1.1" 200 16861 "-" "Mozilla/5.0 (Macintosh; Intel Mac OS X 10_15_7) AppleWebKit/605.1.15 (KHTML, like Gecko) Version/17.6 Safari/605.1.15"
38.246.32.227 - - [21/Sep/2026:06:34:46 +0700] "POST /xmlrpc.php HTTP/1.1" 200 9277 "-" "Mozilla/5.0 (Windows NT 10.0; Win64; x64) AppleWebKit/537.36 (KHTML, like Gecko) Chrome/132.0.0.0 Safari/537.36"
38.246.33.20 - - [21/Sep/2026:06:34:46 +0700] "POST /xmlrpc.php HTTP/1.1" 200 8449 "-" "Mozilla/5.0 (X11; Linux x86_64) AppleWebKit/537.36 Chrome/124.0"
38.246.32.227 - - [21/Sep/2026:06:34:47 +0700] "GET /an-informed-cashback-also-offers-pay-real-cash-with-no-betting-requirements-and-easy-eligibility-legislation/ HTTP/1.1" 200 59024 "-" "Mozilla/5.0 (Windows NT 10.0; Win64; x64) AppleWebKit/537.36 (KHTML, like Gecko) Chrome/147.0.0.0 Safari/537.36"
38.246.33.20 - - [21/Sep/2026:06:34:47 +0700] "GET /votre-remise-orient-comme-dans-votre-tour-en-compagnie-de-preparer-vos-trajets/ HTTP/1.1" 200 57697 "-" "Mozilla/5.0 (Windows NT 10.0; Win64; x64) AppleWebKit/537.36 (KHTML, like Gecko) Chrome/120.0.0.0 Safari/537.36"
128.65.60.191 - - [21/Sep/2026:06:34:52 +0700] "GET /%CE%BA%CE%B1%CE%BB%CF%8D%CF%84%CE%B5%CF%81%CE%B1-%CE%BC%CF%80%CF%8C%CE%BD%CE%BF%CF%85%CF%82-%CE%BA%CE%B1%CE%B6%CE%AF%CE%BD%CE%BF-%CE%BA%CE%B1%CF%84%CE%B1%CF%84%CE%AC%CF%87%CE%B8%CE%B7%CE%BA%CE%B1/ HTTP/1.1" 200 69177 "-" "Mozilla/5.0 (X11; Ubuntu; Linux x86_64; rv:136.0) Gecko/20100101 Firefox/136.0"
198.252.107.178 - - [21/Sep/2026:06:35:03 +0700] "POST /wp-cron.php?doing_wp_cron=1789947303.3764159679412841796875 HTTP/1.1" 200 - "-" "WordPress/7.1.1; https://veewin24hr.com"
38.246.33.22 - - [21/Sep/2026:06:34:56 +0700] "POST /xmlrpc.php HTTP/1.1" 200 181 "-" "Mozilla/5.0 (Macintosh; Intel Mac OS X 10_15_7) AppleWebKit/537.36 (KHTML, like Gecko) Chrome/136.0.0.0 Safari/537.36"
198.252.107.178 - - [21/Sep/2026:06:35:06 +0700] "POST /wp-cron.php?doing_wp_cron=1789947306.9273951053619384765625 HTTP/1.1" 200 - "-" "WordPress/7.1.1; https://veewin24hr.com"
38.246.32.227 - - [21/Sep/2026:06:34:59 +0700] "POST /xmlrpc.php HTTP/1.1" 200 181 "-" "Mozilla/5.0 (Windows NT 10.0; Win64; x64) AppleWebKit/537.36 (KHTML, like Gecko) Chrome/131.0.0.0 Safari/537.36"
38.246.33.22 - - [21/Sep/2026:06:35:09 +0700] "POST /xmlrpc.php HTTP/1.1" 200 9397 "-" "Mozilla/5.0 (X11; Ubuntu; Linux x86_64; rv:136.0) Gecko/20100101 Firefox/136.0"
38.246.33.22 - - [21/Sep/2026:06:35:11 +0700] "GET /druckgluck-bietet-nebensachlich-einen-umfangreichen-anfrage-und-antwort-ort-der-einfache-detaillierte-eingehen-nach-faq-verlangt/ HTTP/1.1" 200 59560 "-" "Mozilla/5.0 (Macintosh; Intel Mac OS X 10_15_7) AppleWebKit/537.36 (KHTML, like Gecko) Chrome/136.0.0.0 Safari/537.36"
38.246.32.227 - - [21/Sep/2026:06:35:13 +0700] "POST /xmlrpc.php HTTP/1.1" 200 9801 "-" "Mozilla/5.0 (X11; Ubuntu; Linux x86_64; rv:137.0) Gecko/20100101 Firefox/137.0"
64.31.4.68 - - [21/Sep/2026:06:35:14 +0700] "POST /xmlrpc.php HTTP/1.1" 200 403 "-" "Mozilla/5.0 (Macintosh; Intel Mac OS X 10.15; rv:137.0) Gecko/20100101 Firefox/137.0"
38.246.32.227 - - [21/Sep/2026:06:35:15 +0700] "GET /when-you-are-a-cellular-very-first-casino-player-you-need-to-discover-workers-that-have-set-up-cellular-programs/ HTTP/1.1" 200 59534 "-" "Mozilla/5.0 (Macintosh; Intel Mac OS X 10_15_7) AppleWebKit/605.1.15 (KHTML, like Gecko) Version/17.5 Safari/605.1.15"
198.252.107.178 - - [21/Sep/2026:06:35:23 +0700] "POST /wp-cron.php?doing_wp_cron=1789947323.0313448905944824218750 HTTP/1.1" 200 - "-" "WordPress/7.1.1; https://veewin24hr.com"
38.246.33.22 - - [21/Sep/2026:06:35:18 +0700] "POST /xmlrpc.php HTTP/1.1" 200 181 "-" "Mozilla/5.0 (X11; Linux x86_64) AppleWebKit/537.36 (KHTML, like Gecko) Chrome/131.0.0.0 Safari/537.36"
38.246.33.22 - - [21/Sep/2026:06:35:28 +0700] "POST /xmlrpc.php HTTP/1.1" 200 12375 "-" "Mozilla/5.0 (Windows NT 10.0; Win64; x64; rv:135.0) Gecko/20100101 Firefox/135.0"
198.252.107.178 - - [21/Sep/2026:06:35:30 +0700] "POST /wp-cron.php?doing_wp_cron=1789947330.0846250057220458984375 HTTP/1.1" 200 - "-" "WordPress/7.1.1; https://veewin24hr.com"
38.246.32.227 - - [21/Sep/2026:06:35:25 +0700] "POST /xmlrpc.php HTTP/1.1" 200 181 "-" "Mozilla/5.0 (Macintosh; Intel Mac OS X 10_15_7) AppleWebKit/605.1.15 (KHTML, like Gecko) Version/18.3 Safari/605.1.15"
38.246.33.22 - - [21/Sep/2026:06:35:31 +0700] "GET /parece-ist-somit-gelungen-periodisch-das-auge-in-nachfolgende-angebote-hinter-schmeien/ HTTP/1.1" 200 61751 "-" "Mozilla/5.0 (Macintosh; Intel Mac OS X 10_15_7) AppleWebKit/605.1.15 (KHTML, like Gecko) Version/17.6 Safari/605.1.15"
38.246.32.227 - - [21/Sep/2026:06:35:35 +0700] "POST /xmlrpc.php HTTP/1.1" 200 8705 "-" "Mozilla/5.0 (Windows NT 10.0; Win64; x64) AppleWebKit/537.36 (KHTML, like Gecko) Chrome/120.0.0.0 Safari/537.36"
38.246.32.227 - - [21/Sep/2026:06:35:37 +0700] "GET /imperial-wealth-is-a-sensational-slot-machine-off-konami-based-on-the-chinese-theme/ HTTP/1.1" 200 57984 "-" "Mozilla/5.0 (Macintosh; Intel Mac OS X 10_15_7) AppleWebKit/605.1.15 (KHTML, like Gecko) Version/26.4 Safari/605.1.15"
216.73.216.249 - - [21/Sep/2026:06:35:39 +0700] "GET /robots.txt HTTP/1.1" 200 172 "-" "Mozilla/5.0 AppleWebKit/537.36 (KHTML, like Gecko; compatible; ClaudeBot/1.0; +claudebot@anthropic.com)"
198.252.107.178 - - [21/Sep/2026:06:35:45 +0700] "POST /wp-cron.php?doing_wp_cron=1789947345.6360409259796142578125 HTTP/1.1" 200 - "-" "WordPress/7.1.1; https://veewin24hr.com"
38.246.32.227 - - [21/Sep/2026:06:35:40 +0700] "POST /xmlrpc.php HTTP/1.1" 200 181 "-" "Mozilla/5.0 (Macintosh; Intel Mac OS X 10_15_7) AppleWebKit/537.36 (KHTML, like Gecko) Chrome/130.0.0.0 Safari/537.36"
198.252.107.178 - - [21/Sep/2026:06:35:48 +0700] "POST /wp-cron.php?doing_wp_cron=1789947348.3154668807983398437500 HTTP/1.1" 200 - "-" "WordPress/7.1.1; https://veewin24hr.com"
38.246.33.22 - - [21/Sep/2026:06:35:43 +0700] "POST /xmlrpc.php HTTP/1.1" 200 181 "-" "Mozilla/5.0 (Windows NT 10.0; Win64; x64) AppleWebKit/537.36 (KHTML, like Gecko) Chrome/145.0.0.0 Safari/537.36"
38.246.32.227 - - [21/Sep/2026:06:35:51 +0700] "POST /xmlrpc.php HTTP/1.1" 200 8658 "-" "Mozilla/5.0 (Windows NT 10.0; Win64; x64) AppleWebKit/537.36 (KHTML, like Gecko) Chrome/134.0.0.0 YaBrowser/25.4.0.0 Safari/537.36"
38.246.32.227 - - [21/Sep/2026:06:35:52 +0700] "GET /visa-is-a-type-of-option-for-people-who-wish-to-spend-by-the-debit-cards/ HTTP/1.1" 200 57712 "-" "Mozilla/5.0 (Macintosh; Intel Mac OS X 10_15_7) AppleWebKit/537.36 (KHTML, like Gecko) Chrome/147.0.0.0 Safari/537.36"
38.246.33.22 - - [21/Sep/2026:06:35:54 +0700] "POST /xmlrpc.php HTTP/1.1" 200 12022 "-" "Mozilla/5.0 (Windows NT 10.0; Win64; x64) AppleWebKit/537.36 (KHTML, like Gecko) Chrome/122.0.0.0 Safari/537.36"
38.246.33.22 - - [21/Sep/2026:06:35:55 +0700] "GET /nachfolgende-hatten-mehrfach-auch-jede-menge-hohe-echtgeld-spielsalon-bonus-aktionen-aufwarts-ferien/ HTTP/1.1" 200 61619 "-" "Mozilla/5.0 (Windows NT 10.0; Win64; x64; rv:128.0) Gecko/20100101 Firefox/128.0"
198.252.107.178 - - [21/Sep/2026:06:35:58 +0700] "POST /wp-cron.php?doing_wp_cron=1789947358.8967020511627197265625 HTTP/1.1" 200 - "-" "WordPress/7.1.1; https://veewin24hr.com"
31.40.134.75 - - [21/Sep/2026:06:35:54 +0700] "POST /xmlrpc.php HTTP/1.1" 200 181 "-" "Mozilla/5.0 (X11; Linux x86_64) AppleWebKit/537.36 (KHTML, like Gecko) Chrome/131.0.0.0 Safari/537.36"
185.191.171.14 - - [21/Sep/2026:06:35:58 +0700] "GET /the-fresh-real-time-gaming-web-page-retains-a-similar-construction-because-pre-fits-part/ HTTP/1.1" 200 60374 "-" "Mozilla/5.0 (compatible; SemrushBot/7~bl; +http://www.semrush.com/bot.html)"
31.40.134.75 - - [21/Sep/2026:06:36:02 +0700] "POST /xmlrpc.php HTTP/1.1" 200 13443 "-" "Mozilla/5.0 (Macintosh; Intel Mac OS X 10_15_7) AppleWebKit/537.36 (KHTML, like Gecko) Chrome/130.0.0.0 Safari/537.36"
64.31.4.68 - - [21/Sep/2026:06:36:02 +0700] "POST /xmlrpc.php HTTP/1.1" 200 403 "-" "Mozilla/5.0 (Windows NT 10.0; Win64; x64) AppleWebKit/537.36 (KHTML, like Gecko) Chrome/122.0.0.0 Safari/537.36"
31.40.134.75 - - [21/Sep/2026:06:36:04 +0700] "GET /guns-n-roses-slot-40-free-spins-no-deposit/ HTTP/1.1" 200 63140 "-" "Mozilla/5.0 (Macintosh; Intel Mac OS X 10_15_7) AppleWebKit/537.36 (KHTML, like Gecko) Chrome/116.0.0.0 Safari/537.36"
38.246.32.227 - - [21/Sep/2026:06:36:01 +0700] "POST /xmlrpc.php HTTP/1.1" 200 181 "-" "Mozilla/5.0 (Macintosh; Intel Mac OS X 10.15; rv:138.0) Gecko/20100101 Firefox/138.0"
198.252.107.178 - - [21/Sep/2026:06:36:15 +0700] "POST /wp-cron.php?doing_wp_cron=1789947375.5824379920959472656250 HTTP/1.1" 200 - "-" "WordPress/7.1.1; https://veewin24hr.com"
38.246.33.22 - - [21/Sep/2026:06:36:04 +0700] "POST /xmlrpc.php HTTP/1.1" 200 181 "-" "Mozilla/5.0 (Macintosh; Intel Mac OS X 10_15_7) AppleWebKit/605.1.15 (KHTML, like Gecko) Version/18.2 Safari/605.1.15"
38.246.32.227 - - [21/Sep/2026:06:36:17 +0700] "POST /xmlrpc.php HTTP/1.1" 200 8233 "-" "Mozilla/5.0 (Windows NT 10.0; Win64; x64) AppleWebKit/537.36 (KHTML, like Gecko) Chrome/119.0.0.0 Safari/537.36"
38.246.32.227 - - [21/Sep/2026:06:36:19 +0700] "GET /ukgc-subscribed-operators-need-certainly-to-satisfy-strict-conditions-to-guarantee-the-security-and-fairness-of-its-attributes/ HTTP/1.1" 200 58207 "-" "Mozilla/5.0 (Macintosh; Intel Mac OS X 10_15_7) AppleWebKit/605.1.15 (KHTML, like Gecko) Version/17.4.1 Safari/605.1.15"
38.246.33.22 - - [21/Sep/2026:06:36:21 +0700] "POST /xmlrpc.php HTTP/1.1" 200 12026 "-" "Mozilla/5.0 (Windows NT 10.0; Win64; x64) AppleWebKit/537.36 (KHTML, like Gecko) Chrome/135.0.0.0 Safari/537.36 Edg/135.0.0.0"
38.246.33.22 - - [21/Sep/2026:06:36:23 +0700] "GET /zahlreiche-glucksspielseiten-pluspunkt-auerplanmaig-dienste-entsprechend-cloudflare-damit-rund-ddos-angriffe-und-andere-sicherheitsbedrohungen-gestellt-zu-werden/ HTTP/1.1" 200 62608 "-" "Mozilla/5.0 (X11; Ubuntu; Linux x86_64; rv:137.0) Gecko/20100101 Firefox/137.0"
38.246.33.22 - - [21/Sep/2026:06:36:22 +0700] "POST /xmlrpc.php HTTP/1.1" 200 181 "-" "Mozilla/5.0 (Macintosh; Intel Mac OS X 10_15_7) AppleWebKit/537.36 (KHTML, like Gecko) Chrome/135.0.0.0 Safari/537.36"
198.252.107.178 - - [21/Sep/2026:06:36:27 +0700] "POST /wp-cron.php?doing_wp_cron=1789947387.0027680397033691406250 HTTP/1.1" 200 - "-" "WordPress/7.1.1; https://veewin24hr.com"
38.246.32.227 - - [21/Sep/2026:06:36:22 +0700] "POST /xmlrpc.php HTTP/1.1" 200 181 "-" "Mozilla/5.0 (Macintosh; Intel Mac OS X 10_15_7) AppleWebKit/537.36 (KHTML, like Gecko) obsidian/1.8.9 Chrome/132.0.6834.210 Electron/34.3.0 Safari/537.36"
38.246.33.22 - - [21/Sep/2026:06:36:32 +0700] "POST /xmlrpc.php HTTP/1.1" 200 12783 "-" "Mozilla/5.0 (Macintosh; Intel Mac OS X 10_15_7) AppleWebKit/537.36 (KHTML, like Gecko) obsidian/1.6.5 Chrome/124.0.6367.243 Electron/30.1.2 Safari/537.36"
38.246.32.227 - - [21/Sep/2026:06:36:32 +0700] "POST /xmlrpc.php HTTP/1.1" 200 8105 "-" "Mozilla/5.0 (X11; Linux x86_64) AppleWebKit/537.36 (KHTML, like Gecko) Chrome/134.0.0.0 Safari/537.36"
38.246.33.22 - - [21/Sep/2026:06:36:34 +0700] "GET /dass-konnte-arg-nicht-geheuer-ci%EF%BF%BDur-angewandten-syllabus-unter-einsatz-von-diese-vorhandenen-boni-nach-bekommen/ HTTP/1.1" 200 62686 "-" "Mozilla/5.0 (Macintosh; Intel Mac OS X 10_15_7) AppleWebKit/537.36 (KHTML, like Gecko) obsidian/1.8.9 Chrome/132.0.6834.210 Electron/34.3.0 Safari/537.36"
38.246.32.227 - - [21/Sep/2026:06:36:34 +0700] "GET /within-playojo-you-will-be-surely-rotten-having-solutions-regarding-online-casino-online-game/ HTTP/1.1" 200 57591 "-" "Mozilla/5.0 (X11; Linux x86_64) AppleWebKit/537.36 (KHTML, like Gecko) Chrome/129.0.0.0 Safari/537.36"
38.246.33.20 - - [21/Sep/2026:06:36:39 +0700] "POST /xmlrpc.php HTTP/1.1" 200 403 "-" "Mozilla/5.0 (Macintosh; Intel Mac OS X 10_15_7) AppleWebKit/605.1.15 (KHTML, like Gecko) Version/16.6 Safari/605.1.15"
38.246.33.20 - - [21/Sep/2026:06:36:41 +0700] "POST /xmlrpc.php HTTP/1.1" 200 403 "-" "Mozilla/5.0 (Macintosh; Intel Mac OS X 10_15_7) AppleWebKit/605.1.15 (KHTML, like Gecko) Version/16.6 Safari/605.1.15"
198.252.107.178 - - [21/Sep/2026:06:36:48 +0700] "POST /wp-cron.php?doing_wp_cron=1789947408.6051099300384521484375 HTTP/1.1" 200 - "-" "WordPress/7.1.1; https://veewin24hr.com"
38.246.32.227 - - [21/Sep/2026:06:36:42 +0700] "POST /xmlrpc.php HTTP/1.1" 200 181 "-" "Mozilla/5.0 (Windows NT 10.0; Win64; x64) AppleWebKit/537.36 (KHTML, like Gecko) Chrome/129.0.0.0 Safari/537.36"
38.246.33.22 - - [21/Sep/2026:06:36:43 +0700] "POST /xmlrpc.php HTTP/1.1" 200 181 "-" "Mozilla/5.0 (Windows NT 10.0; Win64; x64) AppleWebKit/537.36 (KHTML, like Gecko) Chrome/129.0.0.0 Safari/537.36"
38.246.33.20 - - [21/Sep/2026:06:36:43 +0700] "POST /xmlrpc.php HTTP/1.1" 200 181 "-" "Mozilla/5.0 (Windows NT 10.0; Win64; x64) AppleWebKit/537.36 (KHTML, like Gecko) Chrome/126.0.0.0 Safari/537.36"
38.246.32.227 - - [21/Sep/2026:06:36:54 +0700] "POST /xmlrpc.php HTTP/1.1" 200 8797 "-" "Mozilla/5.0 (Windows NT 10.0; Win64; x64) AppleWebKit/537.36 (KHTML, like Gecko) Chrome/134.0.0.0 Safari/537.36 Edg/134.0.0.0"
38.246.33.22 - - [21/Sep/2026:06:36:55 +0700] "POST /xmlrpc.php HTTP/1.1" 200 9309 "-" "Mozilla/5.0 (Windows NT 10.0; Win64; x64) AppleWebKit/537.36 (KHTML, like Gecko) Chrome/136.0.0.0 Safari/537.36"
38.246.33.20 - - [21/Sep/2026:06:36:56 +0700] "POST /xmlrpc.php HTTP/1.1" 200 8618 "-" "Mozilla/5.0 (Windows NT 10.0; Win64; x64) AppleWebKit/537.36 (KHTML, like Gecko) Chrome/145.0.0.0 Safari/537.36"
38.246.32.227 - - [21/Sep/2026:06:36:55 +0700] "GET /specific-choose-to-relax-and-play-to-your-cellular-following-cellular-percentage-strategies-is-actually-the-most-used-option/ HTTP/1.1" 200 58703 "-" "Mozilla/5.0 (Macintosh; Intel Mac OS X 10_15_7) AppleWebKit/537.36 (KHTML, like Gecko) obsidian/1.6.5 Chrome/124.0.6367.243 Electron/30.1.2 Safari/537.36"
181.230.23.6 - - [21/Sep/2026:06:36:57 +0700] "POST /xmlrpc.php HTTP/1.1" 200 403 "-" "Mozilla/5.0 (Macintosh; Intel Mac OS X 10_15_7) AppleWebKit/537.36 (KHTML, like Gecko) Chrome/129.0.0.0 Safari/537.36"
38.246.33.22 - - [21/Sep/2026:06:36:57 +0700] "GET /generalisierend-wird-glucksspiel-in-deutschland-von-angewandten-sogenannten-glucksspielstaatsvertrag-geregelt/ HTTP/1.1" 200 59084 "-" "Mozilla/5.0 (Windows NT 10.0; Win64; x64) AppleWebKit/537.36 (KHTML, like Gecko) Chrome/129.0.0.0 Safari/537.36"
38.246.33.20 - - [21/Sep/2026:06:36:57 +0700] "GET /mon-bitcoin-salle-de-jeu-est-un-casino-quelque-peu-qui-conclue-mon-bitcoin-comme-le-detail-de-credits/ HTTP/1.1" 200 58252 "-" "Mozilla/5.0 (Macintosh; Intel Mac OS X 10_15_7) AppleWebKit/537.36 (KHTML, like Gecko) Chrome/120.0.0.0 Safari/537.36"
198.252.107.178 - - [21/Sep/2026:06:37:10 +0700] "POST /wp-cron.php?doing_wp_cron=1789947430.2137289047241210937500 HTTP/1.1" 200 - "-" "WordPress/7.1.1; https://veewin24hr.com"
