217.165.36.2 - - [21/Sep/2026:05:22:10 +0700] "POST /xmlrpc.php HTTP/1.1" 200 403 "-" "WordPress.com; https://wordpress.com"
217.165.36.2 - - [21/Sep/2026:05:22:21 +0700] "POST /xmlrpc.php HTTP/1.1" 200 403 "-" "WordPress.com; https://wordpress.com"
92.99.176.73 - - [21/Sep/2026:05:22:20 +0700] "POST /xmlrpc.php HTTP/1.1" 200 403 "-" "WordPress.com; https://wordpress.com"
217.165.36.2 - - [21/Sep/2026:05:22:31 +0700] "POST /xmlrpc.php HTTP/1.1" 200 403 "-" "Jetpack by WordPress.com (Jetpack 12.5; WordPress 6.2)"
92.99.176.73 - - [21/Sep/2026:05:22:30 +0700] "POST /xmlrpc.php HTTP/1.1" 200 403 "-" "Jetpack/12.1; WordPress/6.1; http://site85670894.com"
92.99.176.73 - - [21/Sep/2026:05:22:41 +0700] "POST /xmlrpc.php HTTP/1.1" 200 403 "-" "WordPress.com; https://wordpress.com"
217.165.36.2 - - [21/Sep/2026:05:22:42 +0700] "POST /xmlrpc.php HTTP/1.1" 200 403 "-" "Jetpack/12.0; WordPress/6.4; http://site94644154.com"
217.165.36.2 - - [21/Sep/2026:05:22:53 +0700] "POST /xmlrpc.php HTTP/1.1" 200 403 "-" "Jetpack by WordPress.com (Jetpack 13.0; WordPress 6.3)"
92.99.176.73 - - [21/Sep/2026:05:22:52 +0700] "POST /xmlrpc.php HTTP/1.1" 200 403 "-" "Jetpack by WordPress.com"
217.165.36.2 - - [21/Sep/2026:05:23:03 +0700] "POST /xmlrpc.php HTTP/1.1" 200 403 "-" "Jetpack by WordPress.com"
92.99.176.73 - - [21/Sep/2026:05:23:02 +0700] "POST /xmlrpc.php HTTP/1.1" 200 403 "-" "WordPress.com; https://wordpress.com"
92.99.176.73 - - [21/Sep/2026:05:23:13 +0700] "POST /xmlrpc.php HTTP/1.1" 200 403 "-" "Jetpack by WordPress.com (Jetpack 12.0; WordPress 6.2)"
217.165.36.2 - - [21/Sep/2026:05:23:14 +0700] "POST /xmlrpc.php HTTP/1.1" 200 403 "-" "Jetpack/12.1; WordPress/6.4; http://site88652038.com"
92.99.176.73 - - [21/Sep/2026:05:23:24 +0700] "POST /xmlrpc.php HTTP/1.1" 200 403 "-" "WordPress.com; https://wordpress.com"
217.165.36.2 - - [21/Sep/2026:05:23:25 +0700] "POST /xmlrpc.php HTTP/1.1" 200 403 "-" "Jetpack/12.5; WordPress/6.3; http://site14984353.com"
92.99.176.73 - - [21/Sep/2026:05:23:34 +0700] "POST /xmlrpc.php HTTP/1.1" 200 403 "-" "Jetpack/13.0; WordPress/6.1; http://site21656666.com"
217.165.36.2 - - [21/Sep/2026:05:23:36 +0700] "POST /xmlrpc.php HTTP/1.1" 200 403 "-" "Jetpack by WordPress.com"
51.81.111.1 - - [21/Sep/2026:05:23:38 +0700] "GET /impulsar-cualquier-bono-sin-deposito-es-tranquilo-pero-engendro-necesita-estrategia/ HTTP/1.1" 200 59085 "-" "Mozilla/5.0 (compatible; AhrefsBot/7.0; +http://ahrefs.com/robot/)"
92.99.176.73 - - [21/Sep/2026:05:23:45 +0700] "POST /xmlrpc.php HTTP/1.1" 200 403 "-" "WordPress.com; https://wordpress.com"
217.165.36.2 - - [21/Sep/2026:05:23:47 +0700] "POST /xmlrpc.php HTTP/1.1" 200 403 "-" "WordPress.com; https://wordpress.com"
92.99.176.73 - - [21/Sep/2026:05:23:56 +0700] "POST /xmlrpc.php HTTP/1.1" 200 403 "-" "Jetpack/12.5; WordPress/6.1; http://site31336066.com"
217.165.36.2 - - [21/Sep/2026:05:23:57 +0700] "POST /xmlrpc.php HTTP/1.1" 200 403 "-" "Jetpack by WordPress.com (Jetpack 13.0; WordPress 6.1)"
207.46.13.154 - - [21/Sep/2026:05:24:06 +0700] "GET /whenever-you-are-wide-variety-is-a-useful-one-it-will-be-the-quality-and-you-may-way-to-obtain-the-brand-new-online-game-you-to-matter-really/ HTTP/1.1" 200 62111 "-" "Mozilla/5.0 AppleWebKit/537.36 (KHTML, like Gecko; compatible; bingbot/2.0; +http://www.bing.com/bingbot.htm) Chrome/116.0.1938.76 Safari/537.36"
92.99.176.73 - - [21/Sep/2026:05:24:06 +0700] "POST /xmlrpc.php HTTP/1.1" 200 403 "-" "Jetpack by WordPress.com (Jetpack 12.5; WordPress 6.2)"
217.165.36.2 - - [21/Sep/2026:05:24:08 +0700] "POST /xmlrpc.php HTTP/1.1" 200 403 "-" "Jetpack by WordPress.com"
92.99.176.73 - - [21/Sep/2026:05:24:17 +0700] "POST /xmlrpc.php HTTP/1.1" 200 403 "-" "Jetpack by WordPress.com (Jetpack 12.5; WordPress 6.3)"
217.165.36.2 - - [21/Sep/2026:05:24:19 +0700] "POST /xmlrpc.php HTTP/1.1" 200 403 "-" "Jetpack/12.1; WordPress/6.3; http://site16721610.com"
92.99.176.73 - - [21/Sep/2026:05:24:27 +0700] "POST /xmlrpc.php HTTP/1.1" 200 403 "-" "Jetpack/12.5; WordPress/6.1; http://site31740098.com"
217.165.36.2 - - [21/Sep/2026:05:24:30 +0700] "POST /xmlrpc.php HTTP/1.1" 200 403 "-" "Jetpack by WordPress.com"
198.252.107.178 - - [21/Sep/2026:05:24:31 +0700] "POST /wp-cron.php?doing_wp_cron=1789943071.3932960033416748046875 HTTP/1.1" 200 - "-" "WordPress/7.1.1; https://veewin24hr.com"
190.237.4.69 - - [21/Sep/2026:05:24:13 +0700] "POST /xmlrpc.php HTTP/1.1" 200 181 "-" "Mozilla/5.0 (X11; Ubuntu; Linux x86_64; rv:138.0) Gecko/20100101 Firefox/138.0"
92.99.176.73 - - [21/Sep/2026:05:24:38 +0700] "POST /xmlrpc.php HTTP/1.1" 200 403 "-" "Jetpack by WordPress.com"
217.165.36.2 - - [21/Sep/2026:05:24:40 +0700] "POST /xmlrpc.php HTTP/1.1" 200 403 "-" "Jetpack by WordPress.com"
92.99.176.73 - - [21/Sep/2026:05:24:49 +0700] "POST /xmlrpc.php HTTP/1.1" 200 403 "-" "Jetpack by WordPress.com (Jetpack 13.0; WordPress 6.1)"
217.165.36.2 - - [21/Sep/2026:05:24:51 +0700] "POST /xmlrpc.php HTTP/1.1" 200 403 "-" "WordPress.com; https://wordpress.com"
92.99.176.73 - - [21/Sep/2026:05:24:59 +0700] "POST /xmlrpc.php HTTP/1.1" 200 403 "-" "Jetpack by WordPress.com"
217.165.36.2 - - [21/Sep/2026:05:25:02 +0700] "POST /xmlrpc.php HTTP/1.1" 200 403 "-" "WordPress.com; https://wordpress.com"
92.99.176.73 - - [21/Sep/2026:05:25:10 +0700] "POST /xmlrpc.php HTTP/1.1" 200 403 "-" "Jetpack by WordPress.com (Jetpack 12.0; WordPress 6.3)"
217.165.36.2 - - [21/Sep/2026:05:25:12 +0700] "POST /xmlrpc.php HTTP/1.1" 200 403 "-" "Jetpack/13.0; WordPress/6.1; http://site41805621.com"
92.99.176.73 - - [21/Sep/2026:05:25:21 +0700] "POST /xmlrpc.php HTTP/1.1" 200 403 "-" "Jetpack by WordPress.com"
217.165.36.2 - - [21/Sep/2026:05:25:23 +0700] "POST /xmlrpc.php HTTP/1.1" 200 403 "-" "Jetpack by WordPress.com (Jetpack 12.1; WordPress 6.1)"
92.99.176.73 - - [21/Sep/2026:05:25:31 +0700] "POST /xmlrpc.php HTTP/1.1" 200 403 "-" "Jetpack/13.0; WordPress/6.3; http://site49993528.com"
185.191.171.8 - - [21/Sep/2026:05:25:31 +0700] "GET /real-time-speak-is-usually-the-quintessential-easier-an-easy-way-to-rating-assistance-with-basic-concerns-otherwise-simple-account-facts/ HTTP/1.1" 200 60929 "-" "Mozilla/5.0 (compatible; SemrushBot/7~bl; +http://www.semrush.com/bot.html)"
38.246.33.22 - - [21/Sep/2026:05:25:33 +0700] "POST /xmlrpc.php HTTP/1.1" 200 403 "-" "Mozilla/5.0 (Windows NT 10.0; Win64; x64; rv:138.0) Gecko/20100101 Firefox/138.0"
217.165.36.2 - - [21/Sep/2026:05:25:34 +0700] "POST /xmlrpc.php HTTP/1.1" 200 403 "-" "Jetpack by WordPress.com (Jetpack 12.5; WordPress 6.2)"
38.246.33.22 - - [21/Sep/2026:05:25:35 +0700] "POST /xmlrpc.php HTTP/1.1" 200 403 "-" "Mozilla/5.0 (Windows NT 10.0; Win64; x64; rv:138.0) Gecko/20100101 Firefox/138.0"
185.191.171.19 - - [21/Sep/2026:05:25:35 +0700] "GET /%D1%81%D0%B0%D0%BC%D1%8B%D0%B5-%D1%81%D0%B2%D0%BE%D0%B5%D0%BE%D0%B1%D1%80%D0%B0%D0%B7%D0%BD%D1%8B%D0%B5-%D1%84%D0%BE%D1%80%D0%BC%D1%8B-%D0%BA%D0%BE%D0%BB%D0%BB%D0%B5%D0%BA%D1%86%D0%B8%D0%BE%D0%BD/ HTTP/1.1" 200 68516 "-" "Mozilla/5.0 (compatible; SemrushBot/7~bl; +http://www.semrush.com/bot.html)"
198.252.107.178 - - [21/Sep/2026:05:25:41 +0700] "POST /wp-cron.php?doing_wp_cron=1789943140.1615591049194335937500 HTTP/1.1" 200 - "-" "WordPress/7.1.1; https://veewin24hr.com"
38.246.33.22 - - [21/Sep/2026:05:25:33 +0700] "POST /xmlrpc.php HTTP/1.1" 200 181 "-" "Mozilla/5.0 (Windows NT 10.0; Win64; x64) AppleWebKit/537.36 (KHTML, like Gecko) obsidian/1.6.5 Chrome/124.0.6367.243 Electron/30.1.2 Safari/537.36"
92.99.176.73 - - [21/Sep/2026:05:25:44 +0700] "POST /xmlrpc.php HTTP/1.1" 200 403 "-" "Jetpack by WordPress.com"
217.165.36.2 - - [21/Sep/2026:05:25:45 +0700] "POST /xmlrpc.php HTTP/1.1" 200 403 "-" "Jetpack by WordPress.com"
38.246.33.22 - - [21/Sep/2026:05:25:46 +0700] "POST /xmlrpc.php HTTP/1.1" 200 9379 "-" "Mozilla/5.0 (Windows NT 10.0; Win64; x64) AppleWebKit/537.36 (KHTML, like Gecko) Chrome/120.0.0.0 Safari/537.36"
38.246.33.22 - - [21/Sep/2026:05:25:48 +0700] "GET /alles-einschlieend-sei-spiel-hinein-land-der-dichter-und-denker-bei-diesseitigen-sogenannten-glucksspielstaatsvertrag-geregelt/ HTTP/1.1" 200 59443 "-" "Mozilla/5.0 (Macintosh; Intel Mac OS X 10_15_7) AppleWebKit/537.36 (KHTML, like Gecko) Chrome/116.0.0.0 Safari/537.36"
92.99.176.73 - - [21/Sep/2026:05:25:52 +0700] "POST /xmlrpc.php HTTP/1.1" 200 403 "-" "Jetpack/12.0; WordPress/6.3; http://site57315715.com"
217.165.36.2 - - [21/Sep/2026:05:25:55 +0700] "POST /xmlrpc.php HTTP/1.1" 200 403 "-" "Jetpack by WordPress.com"
38.246.32.227 - - [21/Sep/2026:05:25:58 +0700] "POST /xmlrpc.php HTTP/1.1" 200 403 "-" "Mozilla/5.0 (X11; Linux x86_64) AppleWebKit/537.36 (KHTML, like Gecko) Chrome/131.0.0.0 Safari/537.36"
38.246.32.227 - - [21/Sep/2026:05:26:00 +0700] "POST /xmlrpc.php HTTP/1.1" 200 403 "-" "Mozilla/5.0 (X11; Linux x86_64) AppleWebKit/537.36 (KHTML, like Gecko) Chrome/131.0.0.0 Safari/537.36"
92.99.176.73 - - [21/Sep/2026:05:26:03 +0700] "POST /xmlrpc.php HTTP/1.1" 200 403 "-" "Jetpack by WordPress.com (Jetpack 13.0; WordPress 6.3)"
217.165.36.2 - - [21/Sep/2026:05:26:06 +0700] "POST /xmlrpc.php HTTP/1.1" 200 403 "-" "Jetpack by WordPress.com"
92.99.176.73 - - [21/Sep/2026:05:26:14 +0700] "POST /xmlrpc.php HTTP/1.1" 200 403 "-" "Jetpack by WordPress.com (Jetpack 12.1; WordPress 6.3)"
217.165.36.2 - - [21/Sep/2026:05:26:17 +0700] "POST /xmlrpc.php HTTP/1.1" 200 403 "-" "Jetpack by WordPress.com (Jetpack 12.0; WordPress 6.4)"
198.252.107.178 - - [21/Sep/2026:05:26:23 +0700] "POST /wp-cron.php?doing_wp_cron=1789943182.9409890174865722656250 HTTP/1.1" 200 - "-" "WordPress/7.1.1; https://veewin24hr.com"
38.246.32.227 - - [21/Sep/2026:05:26:12 +0700] "POST /xmlrpc.php HTTP/1.1" 200 181 "-" "Mozilla/5.0 (Macintosh; Intel Mac OS X 10_15_7) AppleWebKit/605.1.15 (KHTML, like Gecko) Version/26.4 Safari/605.1.15"
92.99.176.73 - - [21/Sep/2026:05:26:24 +0700] "POST /xmlrpc.php HTTP/1.1" 200 403 "-" "Jetpack by WordPress.com"
217.165.36.2 - - [21/Sep/2026:05:26:27 +0700] "POST /xmlrpc.php HTTP/1.1" 200 403 "-" "Jetpack by WordPress.com"
38.246.32.227 - - [21/Sep/2026:05:26:28 +0700] "POST /xmlrpc.php HTTP/1.1" 200 9516 "-" "Mozilla/5.0 (X11; Linux x86_64) AppleWebKit/537.36 Chrome/124.0"
38.246.32.227 - - [21/Sep/2026:05:26:30 +0700] "GET /blood-suckers-megaways-are-a-good-vampire-styled-slot-that-accompanies-a-big-rtp/ HTTP/1.1" 200 58743 "-" "Mozilla/5.0 (Windows NT 10.0; Win64; x64) AppleWebKit/537.36 (KHTML, like Gecko) Chrome/137.0.0.0 Safari/537.36"
92.99.176.73 - - [21/Sep/2026:05:26:35 +0700] "POST /xmlrpc.php HTTP/1.1" 200 403 "-" "Jetpack/12.0; WordPress/6.4; http://site74329070.com"
217.165.36.2 - - [21/Sep/2026:05:26:38 +0700] "POST /xmlrpc.php HTTP/1.1" 200 403 "-" "Jetpack by WordPress.com"
38.246.33.22 - - [21/Sep/2026:05:26:24 +0700] "POST /xmlrpc.php HTTP/1.1" 200 181 "-" "Mozilla/5.0 (Macintosh; Intel Mac OS X 10_15_7) AppleWebKit/605.1.15 (KHTML, like Gecko) Version/17.5 Safari/605.1.15"
198.252.107.178 - - [21/Sep/2026:05:26:47 +0700] "POST /wp-cron.php?doing_wp_cron=1789943207.6638720035552978515625 HTTP/1.1" 200 - "-" "WordPress/7.1.1; https://veewin24hr.com"
92.99.176.73 - - [21/Sep/2026:05:26:46 +0700] "POST /xmlrpc.php HTTP/1.1" 200 403 "-" "Jetpack by WordPress.com (Jetpack 12.5; WordPress 6.2)"
38.246.33.22 - - [21/Sep/2026:05:26:46 +0700] "POST /xmlrpc.php HTTP/1.1" 200 14250 "-" "Mozilla/5.0 (Windows NT 10.0; Win64; x64) AppleWebKit/537.36 (KHTML, like Gecko) Chrome/145.0.0.0 Safari/537.36"
217.165.36.2 - - [21/Sep/2026:05:26:49 +0700] "POST /xmlrpc.php HTTP/1.1" 200 403 "-" "WordPress.com; https://wordpress.com"
38.246.33.22 - - [21/Sep/2026:05:26:48 +0700] "GET /gunstgewerblerin-anbieterubergreifende-selbstsperre-via-oasis-kannst-respons-immerdar-inoffizieller-mitarbeiter-kundenkonto-deines-anbieters-vorschlagen/ HTTP/1.1" 200 64702 "-" "Mozilla/5.0 (Macintosh; Intel Mac OS X 10_15_7) AppleWebKit/605.1.15 (KHTML, like Gecko) Version/18.3.1 Safari/605.1.15"
92.99.176.73 - - [21/Sep/2026:05:26:57 +0700] "POST /xmlrpc.php HTTP/1.1" 200 403 "-" "WordPress.com; https://wordpress.com"
217.165.36.2 - - [21/Sep/2026:05:27:00 +0700] "POST /xmlrpc.php HTTP/1.1" 200 403 "-" "Jetpack/13.0; WordPress/6.2; http://site27915376.com"
92.99.176.73 - - [21/Sep/2026:05:27:07 +0700] "POST /xmlrpc.php HTTP/1.1" 200 403 "-" "Jetpack by WordPress.com"
217.165.36.2 - - [21/Sep/2026:05:27:10 +0700] "POST /xmlrpc.php HTTP/1.1" 200 403 "-" "Jetpack by WordPress.com (Jetpack 12.1; WordPress 6.3)"
92.99.176.73 - - [21/Sep/2026:05:27:18 +0700] "POST /xmlrpc.php HTTP/1.1" 200 403 "-" "Jetpack by WordPress.com"
217.165.36.2 - - [21/Sep/2026:05:27:21 +0700] "POST /xmlrpc.php HTTP/1.1" 200 403 "-" "Jetpack by WordPress.com"
92.99.176.73 - - [21/Sep/2026:05:27:29 +0700] "POST /xmlrpc.php HTTP/1.1" 200 403 "-" "WordPress.com; https://wordpress.com"
217.165.36.2 - - [21/Sep/2026:05:27:32 +0700] "POST /xmlrpc.php HTTP/1.1" 200 403 "-" "Jetpack by WordPress.com (Jetpack 12.5; WordPress 6.2)"
92.99.176.73 - - [21/Sep/2026:05:27:39 +0700] "POST /xmlrpc.php HTTP/1.1" 200 403 "-" "WordPress.com; https://wordpress.com"
198.252.107.178 - - [21/Sep/2026:05:27:40 +0700] "POST /wp-cron.php?doing_wp_cron=1789943260.5342869758605957031250 HTTP/1.1" 200 - "-" "WordPress/7.1.1; https://veewin24hr.com"
38.246.32.227 - - [21/Sep/2026:05:27:27 +0700] "POST /xmlrpc.php HTTP/1.1" 200 181 "-" "Mozilla/5.0 (Macintosh; Intel Mac OS X 10_15_7) AppleWebKit/605.1.15 (KHTML, like Gecko) Version/18.3.1 Safari/605.1.15"
217.165.36.2 - - [21/Sep/2026:05:27:42 +0700] "POST /xmlrpc.php HTTP/1.1" 200 403 "-" "Jetpack by WordPress.com"
38.246.32.227 - - [21/Sep/2026:05:27:46 +0700] "POST /xmlrpc.php HTTP/1.1" 200 10921 "-" "Mozilla/5.0 (Macintosh; Intel Mac OS X 10_15_7) AppleWebKit/537.36 (KHTML, like Gecko) obsidian/1.6.5 Chrome/124.0.6367.243 Electron/30.1.2 Safari/537.36"
38.246.33.22 - - [21/Sep/2026:05:27:40 +0700] "POST /xmlrpc.php HTTP/1.1" 200 181 "-" "Mozilla/5.0 (Windows NT 10.0; Win64; x64) AppleWebKit/537.36 (KHTML, like Gecko) Chrome/109.0.0.0 Safari/537.36"
38.246.32.227 - - [21/Sep/2026:05:27:48 +0700] "GET /have-fun-with-depend-on-into-the-leading-networks-and-savor-an-unprecedented-gaming-feel/ HTTP/1.1" 200 60250 "-" "Mozilla/5.0 (Windows NT 10.0; Win64; x64) AppleWebKit/537.36 (KHTML, like Gecko) Chrome/132.0.0.0 Safari/537.36"
92.99.176.73 - - [21/Sep/2026:05:27:50 +0700] "POST /xmlrpc.php HTTP/1.1" 200 403 "-" "Jetpack by WordPress.com (Jetpack 13.0; WordPress 6.2)"
217.165.36.2 - - [21/Sep/2026:05:27:53 +0700] "POST /xmlrpc.php HTTP/1.1" 200 403 "-" "Jetpack by WordPress.com"
104.207.46.169 - - [21/Sep/2026:05:27:53 +0700] "GET /goldbet-casino-magyarorszag-hivatalos-oldal-2026/ HTTP/1.1" 200 58543 "https://veewin24hr.com/" "Mozilla/5.0 (iPhone; CPU iPhone OS 18_7 like Mac OS X) AppleWebKit/605.1.15 (KHTML, like Gecko) Version/26.5 Mobile/15E148 Safari/604.1"
38.246.33.22 - - [21/Sep/2026:05:27:53 +0700] "POST /xmlrpc.php HTTP/1.1" 200 12954 "-" "Mozilla/5.0 (X11; Linux x86_64) AppleWebKit/537.36 (KHTML, like Gecko) Chrome/130.0.0.0 Safari/537.36"
38.246.33.22 - - [21/Sep/2026:05:27:56 +0700] "GET /seriose-casinos-qua-piefke-billigung-sicherstellen-noch-unzweifelhaftigkeit-weiters-einen-fairen-spielablauf/ HTTP/1.1" 200 62726 "-" "Mozilla/5.0 (Macintosh; Intel Mac OS X 10_15_7) AppleWebKit/537.36"
104.207.46.169 - - [21/Sep/2026:05:27:57 +0700] "GET /?p=27652 HTTP/1.1" 301 - "https://veewin24hr.com/goldbet-casino-magyarorszag-hivatalos-oldal-2026/" "Mozilla/5.0 (iPhone; CPU iPhone OS 18_7 like Mac OS X) AppleWebKit/605.1.15 (KHTML, like Gecko) Version/26.5 Mobile/15E148 Safari/604.1"
92.99.176.73 - - [21/Sep/2026:05:28:00 +0700] "POST /xmlrpc.php HTTP/1.1" 200 403 "-" "Jetpack by WordPress.com (Jetpack 12.1; WordPress 6.4)"
104.207.46.169 - - [21/Sep/2026:05:27:59 +0700] "GET /online-casino-tournaments-uk-2026/ HTTP/1.1" 200 67360 "https://veewin24hr.com/?p=27652" "Mozilla/5.0 (iPhone; CPU iPhone OS 18_7 like Mac OS X) AppleWebKit/605.1.15 (KHTML, like Gecko) Version/26.5 Mobile/15E148 Safari/604.1"
217.165.36.2 - - [21/Sep/2026:05:28:04 +0700] "POST /xmlrpc.php HTTP/1.1" 200 403 "-" "WordPress.com; https://wordpress.com"
92.99.176.73 - - [21/Sep/2026:05:28:11 +0700] "POST /xmlrpc.php HTTP/1.1" 200 403 "-" "Jetpack by WordPress.com"
217.165.36.2 - - [21/Sep/2026:05:28:15 +0700] "POST /xmlrpc.php HTTP/1.1" 200 403 "-" "Jetpack by WordPress.com"
92.99.176.73 - - [21/Sep/2026:05:28:22 +0700] "POST /xmlrpc.php HTTP/1.1" 200 403 "-" "Jetpack by WordPress.com"
217.165.36.2 - - [21/Sep/2026:05:28:25 +0700] "POST /xmlrpc.php HTTP/1.1" 200 403 "-" "Jetpack/12.0; WordPress/6.2; http://site10958944.com"
92.99.176.73 - - [21/Sep/2026:05:28:32 +0700] "POST /xmlrpc.php HTTP/1.1" 200 403 "-" "Jetpack/12.0; WordPress/6.3; http://site74831011.com"
217.165.36.2 - - [21/Sep/2026:05:28:36 +0700] "POST /xmlrpc.php HTTP/1.1" 200 403 "-" "Jetpack/13.0; WordPress/6.4; http://site21433310.com"
92.99.176.73 - - [21/Sep/2026:05:28:43 +0700] "POST /xmlrpc.php HTTP/1.1" 200 403 "-" "WordPress.com; https://wordpress.com"
217.165.36.2 - - [21/Sep/2026:05:28:47 +0700] "POST /xmlrpc.php HTTP/1.1" 200 403 "-" "WordPress.com; https://wordpress.com"
198.252.107.178 - - [21/Sep/2026:05:28:52 +0700] "POST /wp-cron.php?doing_wp_cron=1789943332.6139090061187744140625 HTTP/1.1" 200 - "-" "WordPress/7.1.1; https://veewin24hr.com"
38.246.32.227 - - [21/Sep/2026:05:28:45 +0700] "POST /xmlrpc.php HTTP/1.1" 200 181 "-" "Mozilla/5.0 (Macintosh; Intel Mac OS X 10_15_7) AppleWebKit/537.36 (KHTML, like Gecko) Chrome/116.0.0.0 Safari/537.36"
92.99.176.73 - - [21/Sep/2026:05:28:54 +0700] "POST /xmlrpc.php HTTP/1.1" 200 403 "-" "Jetpack by WordPress.com"
198.252.107.178 - - [21/Sep/2026:05:28:57 +0700] "POST /wp-cron.php?doing_wp_cron=1789943337.4769239425659179687500 HTTP/1.1" 200 - "-" "WordPress/7.1.1; https://veewin24hr.com"
38.246.33.22 - - [21/Sep/2026:05:28:51 +0700] "POST /xmlrpc.php HTTP/1.1" 200 181 "-" "Mozilla/5.0 (Macintosh; Intel Mac OS X 10_15_7) AppleWebKit/605.1.15 (KHTML, like Gecko) Version/18.2 Safari/605.1.15"
217.165.36.2 - - [21/Sep/2026:05:28:57 +0700] "POST /xmlrpc.php HTTP/1.1" 200 403 "-" "Jetpack/13.0; WordPress/6.1; http://site14577136.com"
38.246.32.227 - - [21/Sep/2026:05:28:58 +0700] "POST /xmlrpc.php HTTP/1.1" 200 9671 "-" "Mozilla/5.0 (Macintosh; Intel Mac OS X 10_15_7) AppleWebKit/605.1.15 (KHTML, like Gecko) Version/18.4 Safari/605.1.15"
38.246.32.227 - - [21/Sep/2026:05:28:59 +0700] "GET /house-established-casinos-provide-societal-correspondence-access-immediately-to-your-winnings-and-you-can-free-snacks-and-you-can-products/ HTTP/1.1" 200 59830 "-" "Mozilla/5.0 (X11; Ubuntu; Linux x86_64; rv:137.0) Gecko/20100101 Firefox/137.0"
38.246.33.22 - - [21/Sep/2026:05:29:02 +0700] "POST /xmlrpc.php HTTP/1.1" 200 10567 "-" "Mozilla/5.0 (X11; Linux x86_64) AppleWebKit/537.36 (KHTML, like Gecko) Chrome/124.0.0.0 Safari/537.36"
89.187.168.55 - - [21/Sep/2026:05:29:04 +0700] "POST /xmlrpc.php HTTP/1.1" 200 166028 "-" "Mozilla/5.0 (Windows NT 10.0; Win64; x64) AppleWebKit/537.36 (KHTML, like Gecko) Chrome/108.0.0.0 Safari/537.36"
92.99.176.73 - - [21/Sep/2026:05:29:04 +0700] "POST /xmlrpc.php HTTP/1.1" 200 403 "-" "Jetpack/13.0; WordPress/6.1; http://site38763473.com"
38.246.33.22 - - [21/Sep/2026:05:29:04 +0700] "GET /fallweise-will-person-wie-geschmiert-gar-keine-grot-attributes-stattdessen-ungeachtet-direct-action/ HTTP/1.1" 200 60120 "-" "Mozilla/5.0 (Windows NT 10.0; Win64; x64) AppleWebKit/537.36 (KHTML, like Gecko) obsidian/1.8.9 Chrome/132.0.6834.210 Electron/34.3.0 Safari/537.36"
89.187.168.55 - - [21/Sep/2026:05:29:06 +0700] "POST /xmlrpc.php HTTP/1.1" 200 434 "-" "Mozilla/5.0 (Windows NT 10.0; Win64; x64) AppleWebKit/537.36 (KHTML, like Gecko) Chrome/108.0.0.0 Safari/537.36"
198.252.107.178 - - [21/Sep/2026:05:29:08 +0700] "POST /wp-cron.php?doing_wp_cron=1789943348.1876120567321777343750 HTTP/1.1" 200 - "-" "WordPress/7.1.1; https://veewin24hr.com"
89.187.168.55 - - [21/Sep/2026:05:29:07 +0700] "POST /xmlrpc.php HTTP/1.1" 200 181 "-" "Mozilla/5.0 (Windows NT 10.0; Win64; x64) AppleWebKit/537.36 (KHTML, like Gecko) Chrome/108.0.0.0 Safari/537.36"
217.165.36.2 - - [21/Sep/2026:05:29:08 +0700] "POST /xmlrpc.php HTTP/1.1" 200 403 "-" "Jetpack by WordPress.com"
89.187.168.55 - - [21/Sep/2026:05:29:08 +0700] "POST /xmlrpc.php HTTP/1.1" 200 9354 "-" "Mozilla/5.0 (Windows NT 10.0; Win64; x64) AppleWebKit/537.36 (KHTML, like Gecko) Chrome/108.0.0.0 Safari/537.36"
92.99.176.73 - - [21/Sep/2026:05:29:15 +0700] "POST /xmlrpc.php HTTP/1.1" 200 403 "-" "WordPress.com; https://wordpress.com"
217.165.36.2 - - [21/Sep/2026:05:29:19 +0700] "POST /xmlrpc.php HTTP/1.1" 200 403 "-" "WordPress.com; https://wordpress.com"
92.99.176.73 - - [21/Sep/2026:05:29:25 +0700] "POST /xmlrpc.php HTTP/1.1" 200 403 "-" "Jetpack by WordPress.com (Jetpack 12.1; WordPress 6.3)"
217.165.36.2 - - [21/Sep/2026:05:29:30 +0700] "POST /xmlrpc.php HTTP/1.1" 200 403 "-" "Jetpack by WordPress.com (Jetpack 12.1; WordPress 6.1)"
198.252.107.178 - - [21/Sep/2026:05:29:33 +0700] "POST /wp-cron.php?doing_wp_cron=1789943373.0770840644836425781250 HTTP/1.1" 200 - "-" "WordPress/7.1.1; https://veewin24hr.com"
38.246.32.227 - - [21/Sep/2026:05:29:29 +0700] "POST /xmlrpc.php HTTP/1.1" 200 181 "-" "Mozilla/5.0 (Windows NT 10.0; Win64; x64) AppleWebKit/537.36 (KHTML, like Gecko) Chrome/134.0.0.0 Safari/537.36"
65.21.113.199 - - [21/Sep/2026:05:29:32 +0700] "GET /robots.txt HTTP/1.1" 200 172 "-" "Mozilla/5.0 (compatible; AwarioBot/1.0; +https://awario.com/bots.html)"
65.21.113.199 - - [21/Sep/2026:05:29:35 +0700] "GET / HTTP/1.1" 200 80256 "-" "Mozilla/5.0 (compatible; AwarioBot/1.0; +https://awario.com/bots.html)"
92.99.176.73 - - [21/Sep/2026:05:29:36 +0700] "POST /xmlrpc.php HTTP/1.1" 200 403 "-" "Jetpack by WordPress.com (Jetpack 12.0; WordPress 6.4)"
209.50.165.48 - - [21/Sep/2026:05:29:38 +0700] "GET /goldbet-casino-magyarorszag-hivatalos-oldal-2026/ HTTP/1.1" 200 58543 "https://veewin24hr.com/" "Mozilla/5.0 (Windows NT 10.0; Win64; x64; rv:109.0) Gecko/20100101 Firefox/121.0"
38.246.32.227 - - [21/Sep/2026:05:29:39 +0700] "POST /xmlrpc.php HTTP/1.1" 200 8701 "-" "Mozilla/5.0 (Windows NT 10.0; Win64; x64) AppleWebKit/537.36 (KHTML, like Gecko) obsidian/1.8.3 Chrome/130.0.6723.191 Electron/33.3.2 Safari/537.36"
217.165.36.2 - - [21/Sep/2026:05:29:40 +0700] "POST /xmlrpc.php HTTP/1.1" 200 403 "-" "Jetpack by WordPress.com (Jetpack 13.0; WordPress 6.2)"
38.246.32.227 - - [21/Sep/2026:05:29:41 +0700] "GET /you-will-find-selected-the-most-common-online-commission-tricks-for-the-fresh-new-british-less-than/ HTTP/1.1" 200 58251 "-" "Mozilla/5.0 (Macintosh; Intel Mac OS X 10.15; rv:138.0) Gecko/20100101 Firefox/138.0"
209.50.165.48 - - [21/Sep/2026:05:29:41 +0700] "GET /?p=27652 HTTP/1.1" 301 - "https://veewin24hr.com/goldbet-casino-magyarorszag-hivatalos-oldal-2026/" "Mozilla/5.0 (Windows NT 10.0; Win64; x64; rv:109.0) Gecko/20100101 Firefox/121.0"
209.50.165.48 - - [21/Sep/2026:05:29:43 +0700] "GET /online-casino-tournaments-uk-2026/ HTTP/1.1" 200 67360 "https://veewin24hr.com/?p=27652" "Mozilla/5.0 (Windows NT 10.0; Win64; x64; rv:109.0) Gecko/20100101 Firefox/121.0"
185.191.171.17 - - [21/Sep/2026:05:29:43 +0700] "GET /swish-wird-geradlinig-nach-einer-bevorzugten-zahlungsmethode-zu-handen-gangbar-casino-enthusiasten-as-part-of-konigreich-schweden-geworden/ HTTP/1.1" 200 62006 "-" "Mozilla/5.0 (compatible; SemrushBot/7~bl; +http://www.semrush.com/bot.html)"
92.99.176.73 - - [21/Sep/2026:05:29:47 +0700] "POST /xmlrpc.php HTTP/1.1" 200 403 "-" "Jetpack by WordPress.com"
198.252.107.178 - - [21/Sep/2026:05:29:48 +0700] "POST /wp-cron.php?doing_wp_cron=1789943388.3168849945068359375000 HTTP/1.1" 200 - "-" "WordPress/7.1.1; https://veewin24hr.com"
38.246.33.22 - - [21/Sep/2026:05:29:43 +0700] "POST /xmlrpc.php HTTP/1.1" 200 181 "-" "Mozilla/5.0 (Macintosh; Intel Mac OS X 10_15_7) AppleWebKit/537.36 (KHTML, like Gecko) Chrome/130.0.0.0 Safari/537.36"
217.165.36.2 - - [21/Sep/2026:05:29:51 +0700] "POST /xmlrpc.php HTTP/1.1" 200 403 "-" "Jetpack by WordPress.com"
38.246.33.22 - - [21/Sep/2026:05:29:54 +0700] "POST /xmlrpc.php HTTP/1.1" 200 13830 "-" "Mozilla/5.0 (Windows NT 10.0; Win64; x64) AppleWebKit/537.36 (KHTML, like Gecko) obsidian/1.6.5 Chrome/124.0.6367.243 Electron/30.1.2 Safari/537.36"
38.246.33.22 - - [21/Sep/2026:05:29:55 +0700] "GET /welches-geht-untergeordnet-uber-unserem-taschentelefon-auf-anhieb-weiters-als-nachstes-solltest-respons-einen-kassenbereich-umbetten/ HTTP/1.1" 200 63943 "-" "Mozilla/5.0 (Windows NT 10.0; Win64; x64) AppleWebKit/537.36 (KHTML, like Gecko) Chrome/119.0.0.0 Safari/537.36"
92.99.176.73 - - [21/Sep/2026:05:29:57 +0700] "POST /xmlrpc.php HTTP/1.1" 200 403 "-" "Jetpack/12.0; WordPress/6.2; http://site39440188.com"
217.165.36.2 - - [21/Sep/2026:05:30:02 +0700] "POST /xmlrpc.php HTTP/1.1" 200 403 "-" "Jetpack by WordPress.com"
187.122.59.191 - - [21/Sep/2026:05:30:04 +0700] "POST /xmlrpc.php HTTP/1.1" 200 403 "-" "Mozilla/5.0 (Macintosh; Intel Mac OS X 10_15_7) AppleWebKit/537.36 (KHTML, like Gecko) Chrome/122.0.0.0 Safari/537.36"
207.46.13.52 - - [21/Sep/2026:05:30:06 +0700] "GET /business-is-common-heavyweights-particularly-netent-igt-and-you-can-white-ponder/ HTTP/1.1" 200 57503 "-" "Mozilla/5.0 AppleWebKit/537.36 (KHTML, like Gecko; compatible; bingbot/2.0; +http://www.bing.com/bingbot.htm) Chrome/116.0.1938.76 Safari/537.36"
92.99.176.73 - - [21/Sep/2026:05:30:08 +0700] "POST /xmlrpc.php HTTP/1.1" 200 403 "-" "WordPress.com; https://wordpress.com"
217.165.36.2 - - [21/Sep/2026:05:30:12 +0700] "POST /xmlrpc.php HTTP/1.1" 200 403 "-" "Jetpack/13.0; WordPress/6.1; http://site97672783.com"
185.191.171.6 - - [21/Sep/2026:05:30:12 +0700] "GET /he-is-close-to-the-1-million-new-users-draw-only-about-per-year-as-their-release/ HTTP/1.1" 200 61154 "-" "Mozilla/5.0 (compatible; SemrushBot/7~bl; +http://www.semrush.com/bot.html)"
92.99.176.73 - - [21/Sep/2026:05:30:19 +0700] "POST /xmlrpc.php HTTP/1.1" 200 403 "-" "Jetpack by WordPress.com (Jetpack 12.1; WordPress 6.2)"
198.252.107.178 - - [21/Sep/2026:05:30:20 +0700] "POST /wp-cron.php?doing_wp_cron=1789943420.1511919498443603515625 HTTP/1.1" 200 - "-" "WordPress/7.1.1; https://veewin24hr.com"
38.246.32.227 - - [21/Sep/2026:05:30:15 +0700] "POST /xmlrpc.php HTTP/1.1" 200 181 "-" "Mozilla/5.0 (Windows NT 10.0; Win64; x64) AppleWebKit/537.36 (KHTML, like Gecko) Chrome/117.0.5938.132 Safari/537.36"
198.252.107.178 - - [21/Sep/2026:05:30:23 +0700] "POST /wp-cron.php?doing_wp_cron=1789943423.4727919101715087890625 HTTP/1.1" 200 - "-" "WordPress/7.1.1; https://veewin24hr.com"
38.246.33.22 - - [21/Sep/2026:05:30:18 +0700] "POST /xmlrpc.php HTTP/1.1" 200 181 "-" "Mozilla/5.0 (Windows NT 10.0; Win64; x64) AppleWebKit/537.36 (KHTML, like Gecko) obsidian/1.8.9 Chrome/132.0.6834.210 Electron/34.3.0 Safari/537.36"
217.165.36.2 - - [21/Sep/2026:05:30:23 +0700] "POST /xmlrpc.php HTTP/1.1" 200 403 "-" "WordPress.com; https://wordpress.com"
38.246.32.227 - - [21/Sep/2026:05:30:26 +0700] "POST /xmlrpc.php HTTP/1.1" 200 11361 "-" "Mozilla/5.0 (Windows NT 10.0; Win64; x64) AppleWebKit/537.36 (KHTML, like Gecko) Chrome/124.0 Safari/537.36"
38.246.32.227 - - [21/Sep/2026:05:30:27 +0700] "GET /they-want-to-bring-a-diverse-assortment-of-ports-table-game-and-you-will-real-time-specialist-video-game/ HTTP/1.1" 200 60985 "-" "Mozilla/5.0 (Macintosh; Intel Mac OS X 10.15; rv:150.0) Gecko/20100101 Firefox/150.0"
38.246.33.22 - - [21/Sep/2026:05:30:29 +0700] "POST /xmlrpc.php HTTP/1.1" 200 11928 "-" "Mozilla/5.0 (Macintosh; Intel Mac OS X 10_15_7) AppleWebKit/537.36 (KHTML, like Gecko) Chrome/132.0.0.0 Safari/537.36"
92.99.176.73 - - [21/Sep/2026:05:30:29 +0700] "POST /xmlrpc.php HTTP/1.1" 200 403 "-" "Jetpack/12.5; WordPress/6.3; http://site44746885.com"
38.246.33.22 - - [21/Sep/2026:05:30:30 +0700] "GET /sera-ist-demzufolge-gunstgewerblerin-prevail-win-sachverhalt-selbige-wie-auch-diesem-spielbank-wie-nebensachlich-dir-pluspunkte-finden-sie-auf/ HTTP/1.1" 200 62257 "-" "Mozilla/5.0 (Macintosh; Intel Mac OS X 10_15_7) AppleWebKit/537.36 (KHTML, like Gecko) Chrome/136.0.0.0 Safari/537.36 Edg/136.0.0.0"
217.165.36.2 - - [21/Sep/2026:05:30:34 +0700] "POST /xmlrpc.php HTTP/1.1" 200 403 "-" "Jetpack by WordPress.com (Jetpack 12.0; WordPress 6.3)"
92.99.176.73 - - [21/Sep/2026:05:30:40 +0700] "POST /xmlrpc.php HTTP/1.1" 200 403 "-" "Jetpack/12.0; WordPress/6.2; http://site14433188.com"
217.165.36.2 - - [21/Sep/2026:05:30:45 +0700] "POST /xmlrpc.php HTTP/1.1" 200 403 "-" "Jetpack by WordPress.com (Jetpack 12.0; WordPress 6.1)"
198.252.107.178 - - [21/Sep/2026:05:30:50 +0700] "POST /wp-cron.php?doing_wp_cron=1789943450.1755828857421875000000 HTTP/1.1" 200 - "-" "WordPress/7.1.1; https://veewin24hr.com"
38.246.32.227 - - [21/Sep/2026:05:30:45 +0700] "POST /xmlrpc.php HTTP/1.1" 200 181 "-" "Mozilla/5.0 (Windows NT 10.0; Win64; x64) AppleWebKit/537.36 (KHTML, like Gecko) Chrome/132.0.0.0 Safari/537.36 OPR/117.0.0.0"
92.99.176.73 - - [21/Sep/2026:05:30:51 +0700] "POST /xmlrpc.php HTTP/1.1" 200 403 "-" "Jetpack/12.5; WordPress/6.1; http://site76647211.com"
209.59.230.163 - - [21/Sep/2026:05:30:53 +0700] "GET /online-bingo-uk-2026/ HTTP/1.1" 200 75941 "-" "Mozilla/5.0 (Macintosh; Intel Mac OS X 10_15_7) AppleWebKit/537.36 (KHTML, like Gecko) Chrome/104.0.0.0 Safari/537.36"
217.165.36.2 - - [21/Sep/2026:05:30:55 +0700] "POST /xmlrpc.php HTTP/1.1" 200 403 "-" "Jetpack by WordPress.com"
38.246.32.227 - - [21/Sep/2026:05:30:56 +0700] "POST /xmlrpc.php HTTP/1.1" 200 10835 "-" "Mozilla/5.0 (Macintosh; Intel Mac OS X 10_15_7) AppleWebKit/537.36 (KHTML, like Gecko) Chrome/132.0.0.0 Safari/537.36"
38.246.32.227 - - [21/Sep/2026:05:30:57 +0700] "GET /when-you-find-yourself-aiming-for-a-large-profit-try-a-progressive-jackpot-slot-particularly-super-moolah/ HTTP/1.1" 200 60454 "-" "Mozilla/5.0 (Windows NT 10.0; Win64; x64) AppleWebKit/537.36 (KHTML, like Gecko) Chrome/124.0 Safari/537.36"
198.252.107.178 - - [21/Sep/2026:05:30:59 +0700] "POST /wp-cron.php?doing_wp_cron=1789943459.7704548835754394531250 HTTP/1.1" 200 - "-" "WordPress/7.1.1; https://veewin24hr.com"
38.246.33.22 - - [21/Sep/2026:05:30:54 +0700] "POST /xmlrpc.php HTTP/1.1" 200 181 "-" "Mozilla/5.0 (Macintosh; Intel Mac OS X 10_15_7) AppleWebKit/537.36 (KHTML, like Gecko) Chrome/120.0.0.0 Safari/537.36"
92.99.176.73 - - [21/Sep/2026:05:31:01 +0700] "POST /xmlrpc.php HTTP/1.1" 200 403 "-" "Jetpack by WordPress.com"
38.246.33.22 - - [21/Sep/2026:05:31:05 +0700] "POST /xmlrpc.php HTTP/1.1" 200 10462 "-" "Mozilla/5.0 (Macintosh; Intel Mac OS X 10_15_7) AppleWebKit/537.36 (KHTML, like Gecko) Chrome/129.0.0.0 Safari/537.36"
217.165.36.2 - - [21/Sep/2026:05:31:06 +0700] "POST /xmlrpc.php HTTP/1.1" 200 403 "-" "WordPress.com; https://wordpress.com"
38.246.33.22 - - [21/Sep/2026:05:31:07 +0700] "GET /dazu-auf-den-fuen-stehen-dir-generell-unser-unterschiedlichsten-bezahlwege-zur-order/ HTTP/1.1" 200 59836 "-" "Mozilla/5.0 (X11; Linux x86_64) AppleWebKit/537.36 (KHTML, like Gecko) Chrome/131.0.0.0 Safari/537.36"
92.99.176.73 - - [21/Sep/2026:05:31:12 +0700] "POST /xmlrpc.php HTTP/1.1" 200 403 "-" "Jetpack/12.1; WordPress/6.4; http://site59987356.com"
217.165.36.2 - - [21/Sep/2026:05:31:17 +0700] "POST /xmlrpc.php HTTP/1.1" 200 403 "-" "Jetpack/12.5; WordPress/6.2; http://site51697729.com"
92.99.176.73 - - [21/Sep/2026:05:31:23 +0700] "POST /xmlrpc.php HTTP/1.1" 200 403 "-" "Jetpack by WordPress.com"
198.252.107.178 - - [21/Sep/2026:05:31:24 +0700] "POST /wp-cron.php?doing_wp_cron=1789943484.7990570068359375000000 HTTP/1.1" 200 - "-" "WordPress/7.1.1; https://veewin24hr.com"
38.246.32.227 - - [21/Sep/2026:05:31:16 +0700] "POST /xmlrpc.php HTTP/1.1" 200 181 "-" "Mozilla/5.0 (Macintosh; Intel Mac OS X 10_15_7) AppleWebKit/605.1.15 (KHTML, like Gecko) Version/17.4.1 Safari/605.1.15"
217.165.36.2 - - [21/Sep/2026:05:31:27 +0700] "POST /xmlrpc.php HTTP/1.1" 200 403 "-" "Jetpack by WordPress.com (Jetpack 12.5; WordPress 6.4)"
38.246.32.227 - - [21/Sep/2026:05:31:31 +0700] "POST /xmlrpc.php HTTP/1.1" 200 10401 "-" "Mozilla/5.0 (X11; Ubuntu; Linux x86_64; rv:136.0) Gecko/20100101 Firefox/136.0"
92.99.176.73 - - [21/Sep/2026:05:31:33 +0700] "POST /xmlrpc.php HTTP/1.1" 200 403 "-" "Jetpack by WordPress.com"
198.252.107.178 - - [21/Sep/2026:05:31:35 +0700] "POST /wp-cron.php?doing_wp_cron=1789943495.5824968814849853515625 HTTP/1.1" 200 - "-" "WordPress/7.1.1; https://veewin24hr.com"
38.246.33.22 - - [21/Sep/2026:05:31:22 +0700] "POST /xmlrpc.php HTTP/1.1" 200 181 "-" "Mozilla/5.0 (Macintosh; Intel Mac OS X 10_15_7) AppleWebKit/537.36 (KHTML, like Gecko) Chrome/136.0.0.0 Safari/537.36 Edg/136.0.0.0"
38.246.32.227 - - [21/Sep/2026:05:31:33 +0700] "GET /why-dont-we-capture-one-or-two-popular-ports-and-employ-these-to-lookup-deeper-into-the-rtp/ HTTP/1.1" 200 59805 "-" "Mozilla/5.0 (Windows NT 10.0; Win64; x64; rv:136.0) Gecko/20100101 Firefox/136.0"
217.165.36.2 - - [21/Sep/2026:05:31:38 +0700] "POST /xmlrpc.php HTTP/1.1" 200 403 "-" "Jetpack/13.0; WordPress/6.3; http://site62429280.com"
38.246.33.22 - - [21/Sep/2026:05:31:41 +0700] "POST /xmlrpc.php HTTP/1.1" 200 10550 "-" "Mozilla/5.0 (Windows NT 10.0; Win64; x64) AppleWebKit/537.36 (KHTML, like Gecko) Chrome/124.0.0.0 Safari/537.36"
38.246.33.22 - - [21/Sep/2026:05:31:43 +0700] "GET /diese-aufspuren-einen-spielautomat-within-verschiedenen-online-casinos-within-brd/ HTTP/1.1" 200 59877 "-" "Mozilla/5.0 (Windows NT 10.0; Win64; x64) AppleWebKit/537.36 (KHTML, like Gecko) Chrome/135.0.0.0 Safari/537.36 Edg/135.0.0.0"
92.99.176.73 - - [21/Sep/2026:05:31:44 +0700] "POST /xmlrpc.php HTTP/1.1" 200 403 "-" "Jetpack by WordPress.com"
217.165.36.2 - - [21/Sep/2026:05:31:49 +0700] "POST /xmlrpc.php HTTP/1.1" 200 403 "-" "Jetpack/12.5; WordPress/6.1; http://site33718015.com"
51.81.110.49 - - [21/Sep/2026:05:31:49 +0700] "GET /fans-ein-beliebten-tumbling-reels-feature-von-igt-seien-amusieren-unser-rolle-nachdem-sein-eigen-nennen/ HTTP/1.1" 200 62322 "-" "Mozilla/5.0 (compatible; AhrefsBot/7.0; +http://ahrefs.com/robot/)"
198.252.107.178 - - [21/Sep/2026:05:31:51 +0700] "POST /wp-cron.php?doing_wp_cron=1789943511.3667540550231933593750 HTTP/1.1" 200 - "-" "WordPress/7.1.1; https://veewin24hr.com"
38.246.33.22 - - [21/Sep/2026:05:31:45 +0700] "POST /xmlrpc.php HTTP/1.1" 200 181 "-" "Mozilla/5.0 (Windows NT 10.0; Win64; x64) AppleWebKit/537.36 (KHTML, like Gecko) Chrome/119.0.0.0 Safari/537.36"
69.6.225.195 - - [21/Sep/2026:05:31:52 +0700] "GET /wp-login.php HTTP/1.1" 200 7255 "-" "Mozilla/5.0 (X11; Linux x86_64) AppleWebKit/537.36 (KHTML, like Gecko) Chrome/152.0.0.0 Safari/537.36"
198.252.107.178 - - [21/Sep/2026:05:31:53 +0700] "POST /wp-cron.php?doing_wp_cron=1789943513.3188159465789794921875 HTTP/1.1" 200 - "-" "WordPress/7.1.1; https://veewin24hr.com"
38.246.32.227 - - [21/Sep/2026:05:31:46 +0700] "POST /xmlrpc.php HTTP/1.1" 200 181 "-" "Mozilla/5.0 (Macintosh; Intel Mac OS X 10_15_7) AppleWebKit/537.36 (KHTML, like Gecko) Chrome/134.0.0.0 Safari/537.36"
69.6.225.195 - - [21/Sep/2026:05:31:53 +0700] "POST /wp-login.php HTTP/1.1" 200 7680 "https://veewin24hr.com/wp-login.php" "Mozilla/5.0 (X11; Linux x86_64) AppleWebKit/537.36 (KHTML, like Gecko) Chrome/152.0.0.0 Safari/537.36"
69.6.225.195 - - [21/Sep/2026:05:31:54 +0700] "GET /wp-json/wp/v2/users/me HTTP/1.1" 401 96 "-" "Mozilla/5.0 (X11; Linux x86_64) AppleWebKit/537.36 (KHTML, like Gecko) Chrome/152.0.0.0 Safari/537.36"
92.99.176.73 - - [21/Sep/2026:05:31:55 +0700] "POST /xmlrpc.php HTTP/1.1" 200 403 "-" "WordPress.com; https://wordpress.com"
38.246.33.22 - - [21/Sep/2026:05:31:57 +0700] "POST /xmlrpc.php HTTP/1.1" 200 9278 "-" "Mozilla/5.0 (Macintosh; Intel Mac OS X 10_15_7) AppleWebKit/605.1.15 (KHTML, like Gecko) Version/18.4 Safari/605.1.15"
38.246.33.22 - - [21/Sep/2026:05:31:58 +0700] "GET /in-land-der-dichter-und-denker-solltest-du-in-der-tat-bei-verbunden-casinos-unter-anderem-online-spielotheken-divergieren/ HTTP/1.1" 200 59321 "-" "Mozilla/5.0 (Windows NT 10.0; Win64; x64) AppleWebKit/537.36 (KHTML, like Gecko) Chrome/137.0.0.0 Safari/537.36"
38.246.32.227 - - [21/Sep/2026:05:31:59 +0700] "POST /xmlrpc.php HTTP/1.1" 200 10488 "-" "Mozilla/5.0 (Windows NT 10.0; Win64; x64) AppleWebKit/537.36 (KHTML, like Gecko) obsidian/1.8.10 Chrome/132.0.6834.196 Electron/34.2.0 Safari/537.36"
217.165.36.2 - - [21/Sep/2026:05:32:00 +0700] "POST /xmlrpc.php HTTP/1.1" 200 403 "-" "Jetpack by WordPress.com (Jetpack 12.0; WordPress 6.4)"
38.246.32.227 - - [21/Sep/2026:05:32:00 +0700] "GET /scrape-notes-are-a-famous-instant-profit-gambling-enterprise-games-offered-by-most-british-internet-casino-web-sites/ HTTP/1.1" 200 60245 "-" "Mozilla/5.0 (Windows NT 10.0; Win64; x64) AppleWebKit/537.36 (KHTML, like Gecko) Chrome/134.0.0.0 Safari/537.36"
92.99.176.73 - - [21/Sep/2026:05:32:05 +0700] "POST /xmlrpc.php HTTP/1.1" 200 403 "-" "Jetpack/13.0; WordPress/6.1; http://site31122717.com"
198.252.107.178 - - [21/Sep/2026:05:32:08 +0700] "POST /wp-cron.php?doing_wp_cron=1789943528.6734850406646728515625 HTTP/1.1" 200 - "-" "WordPress/7.1.1; https://veewin24hr.com"
38.246.32.227 - - [21/Sep/2026:05:32:04 +0700] "POST /xmlrpc.php HTTP/1.1" 200 181 "-" "Mozilla/5.0 (Macintosh; Intel Mac OS X 10_15_7) AppleWebKit/537.36 (KHTML, like Gecko) obsidian/1.8.10 Chrome/132.0.6834.196 Electron/34.2.0 Safari/537.36"
217.165.36.2 - - [21/Sep/2026:05:32:10 +0700] "POST /xmlrpc.php HTTP/1.1" 200 403 "-" "WordPress.com; https://wordpress.com"
64.31.4.68 - - [21/Sep/2026:05:32:12 +0700] "POST /xmlrpc.php HTTP/1.1" 200 403 "-" "Mozilla/5.0 (Windows NT 10.0; Win64; x64) AppleWebKit/537.36 (KHTML, like Gecko) Chrome/147.0.0.0 Safari/537.36 OPR/131.0.0.0"
38.246.33.22 - - [21/Sep/2026:05:32:09 +0700] "POST /xmlrpc.php HTTP/1.1" 200 181 "-" "Mozilla/5.0 (Macintosh; Intel Mac OS X 10_15_7) AppleWebKit/537.36 (KHTML, like Gecko) Chrome/129.0.0.0 Safari/537.36"
198.252.107.178 - - [21/Sep/2026:05:32:15 +0700] "POST /wp-cron.php?doing_wp_cron=1789943535.1015810966491699218750 HTTP/1.1" 200 - "-" "WordPress/7.1.1; https://veewin24hr.com"
38.246.32.227 - - [21/Sep/2026:05:32:14 +0700] "POST /xmlrpc.php HTTP/1.1" 200 8635 "-" "Mozilla/5.0 (Macintosh; Intel Mac OS X 10_15_7) AppleWebKit/537.36 (KHTML, like Gecko) Chrome/148.0.0.0 Safari/537.36"
92.99.176.73 - - [21/Sep/2026:05:32:16 +0700] "POST /xmlrpc.php HTTP/1.1" 200 403 "-" "Jetpack/12.0; WordPress/6.2; http://site41074956.com"
38.246.32.227 - - [21/Sep/2026:05:32:15 +0700] "GET /i-utilized-the-same-way-to-find-a-very-good-gambling-enterprise-application-for-uk-professionals-too/ HTTP/1.1" 200 58198 "-" "Mozilla/5.0 (Macintosh; Intel Mac OS X 10_15_7) AppleWebKit/537.36 (KHTML, like Gecko) Chrome/129.0.0.0 Safari/537.36"
38.246.33.22 - - [21/Sep/2026:05:32:20 +0700] "POST /xmlrpc.php HTTP/1.1" 200 10339 "-" "Mozilla/5.0 (Macintosh; Intel Mac OS X 10_15_7) AppleWebKit/537.36 (KHTML, like Gecko) Chrome/134.0.0.0 Safari/537.36"
217.165.36.2 - - [21/Sep/2026:05:32:21 +0700] "POST /xmlrpc.php HTTP/1.1" 200 403 "-" "Jetpack by WordPress.com (Jetpack 12.1; WordPress 6.3)"
38.246.33.22 - - [21/Sep/2026:05:32:22 +0700] "GET /revolut-zahlungen-im-gangbar-casino-sie-sind-reprasentabel-daselbst-welche-einfache-gebuhrenfreie-overforingen-und-volle-software-uberprufung-bieten/ HTTP/1.1" 200 60738 "-" "Mozilla/5.0 (Macintosh; Intel Mac OS X 10.15; rv:150.0) Gecko/20100101 Firefox/150.0"
198.252.107.178 - - [21/Sep/2026:05:32:25 +0700] "POST /wp-cron.php?doing_wp_cron=1789943545.0115470886230468750000 HTTP/1.1" 200 - "-" "WordPress/7.1.1; https://veewin24hr.com"
38.246.32.227 - - [21/Sep/2026:05:32:20 +0700] "POST /xmlrpc.php HTTP/1.1" 200 181 "-" "Mozilla/5.0 (Windows NT 10.0; Win64; x64) AppleWebKit/537.36 (KHTML, like Gecko) Chrome/91.0.4472.124 Safari/537.36"
92.99.176.73 - - [21/Sep/2026:05:32:26 +0700] "POST /xmlrpc.php HTTP/1.1" 200 403 "-" "WordPress.com; https://wordpress.com"
38.246.32.227 - - [21/Sep/2026:05:32:31 +0700] "POST /xmlrpc.php HTTP/1.1" 200 10259 "-" "Mozilla/5.0 (Macintosh; Intel Mac OS X 10_15_7) AppleWebKit/605.1.15 (KHTML, like Gecko) Version/17.4.1 Safari/605.1.15"
198.252.107.178 - - [21/Sep/2026:05:32:32 +0700] "POST /wp-cron.php?doing_wp_cron=1789943552.3098969459533691406250 HTTP/1.1" 200 - "-" "WordPress/7.1.1; https://veewin24hr.com"
38.246.33.22 - - [21/Sep/2026:05:32:27 +0700] "POST /xmlrpc.php HTTP/1.1" 200 181 "-" "Mozilla/5.0 (Macintosh; Intel Mac OS X 10_15_7) AppleWebKit/605.1.15 (KHTML, like Gecko) Version/18.3 Safari/605.1.15"
217.165.36.2 - - [21/Sep/2026:05:32:32 +0700] "POST /xmlrpc.php HTTP/1.1" 200 403 "-" "Jetpack/12.5; WordPress/6.1; http://site51550572.com"
38.246.32.227 - - [21/Sep/2026:05:32:33 +0700] "GET /to-play-blackjack-needs-experiences-such-as-communication-and-voice-ong-individuals-who-take-pleasure-in-a-challenge/ HTTP/1.1" 200 60020 "-" "Mozilla/5.0 (X11; Linux x86_64; rv:137.0) Gecko/20100101 Firefox/137.0"
92.99.176.73 - - [21/Sep/2026:05:32:37 +0700] "POST /xmlrpc.php HTTP/1.1" 200 403 "-" "Jetpack by WordPress.com (Jetpack 13.0; WordPress 6.4)"
38.246.33.22 - - [21/Sep/2026:05:32:38 +0700] "POST /xmlrpc.php HTTP/1.1" 200 11223 "-" "Mozilla/5.0 (X11; Ubuntu; Linux x86_64; rv:138.0) Gecko/20100101 Firefox/138.0"
38.246.33.22 - - [21/Sep/2026:05:32:39 +0700] "GET /daten-nach-diesem-kannst-respons-bei-angewandten-bonusbedingungen-des-angebots-finden/ HTTP/1.1" 200 60603 "-" "Mozilla/5.0 (Windows NT 10.0; Win64; x64) AppleWebKit/537.36 (KHTML, like Gecko) Chrome/124.0 Safari/537.36"
217.165.36.2 - - [21/Sep/2026:05:32:43 +0700] "POST /xmlrpc.php HTTP/1.1" 200 403 "-" "Jetpack by WordPress.com (Jetpack 12.5; WordPress 6.1)"
198.252.107.178 - - [21/Sep/2026:05:32:45 +0700] "POST /wp-cron.php?doing_wp_cron=1789943565.1970160007476806640625 HTTP/1.1" 200 - "-" "WordPress/7.1.1; https://veewin24hr.com"
38.246.32.227 - - [21/Sep/2026:05:32:41 +0700] "POST /xmlrpc.php HTTP/1.1" 200 181 "-" "Mozilla/5.0 (X11; Linux x86_64) AppleWebKit/537.36 (KHTML, like Gecko) Chrome/124.0.0.0 Safari/537.36"
92.99.176.73 - - [21/Sep/2026:05:32:47 +0700] "POST /xmlrpc.php HTTP/1.1" 200 403 "-" "WordPress.com; https://wordpress.com"
38.246.32.227 - - [21/Sep/2026:05:32:51 +0700] "POST /xmlrpc.php HTTP/1.1" 200 11168 "-" "Mozilla/5.0 (X11; Linux x86_64) AppleWebKit/537.36 (KHTML, like Gecko) Chrome/136.0.0.0 Safari/537.36"
198.252.107.178 - - [21/Sep/2026:05:32:52 +0700] "POST /wp-cron.php?doing_wp_cron=1789943572.1597609519958496093750 HTTP/1.1" 200 - "-" "WordPress/7.1.1; https://veewin24hr.com"
38.246.33.22 - - [21/Sep/2026:05:32:47 +0700] "POST /xmlrpc.php HTTP/1.1" 200 181 "-" "Mozilla/5.0 (X11; Ubuntu; Linux x86_64; rv:137.0) Gecko/20100101 Firefox/137.0"
38.246.32.227 - - [21/Sep/2026:05:32:52 +0700] "GET /below-the-professionals-enjoys-noted-its-better-about-three-large-expenses-casinos-on-the-internet-on-precisely-how-to-see/ HTTP/1.1" 200 61066 "-" "Mozilla/5.0 (Macintosh; Intel Mac OS X 10.15; rv:150.0) Gecko/20100101 Firefox/150.0"
217.165.36.2 - - [21/Sep/2026:05:32:53 +0700] "POST /xmlrpc.php HTTP/1.1" 200 403 "-" "Jetpack by WordPress.com"
38.246.33.22 - - [21/Sep/2026:05:32:58 +0700] "POST /xmlrpc.php HTTP/1.1" 200 12173 "-" "Mozilla/5.0 (Windows NT 10.0; Win64; x64; rv:137.0) Gecko/20100101 Firefox/137.0"
92.99.176.73 - - [21/Sep/2026:05:32:58 +0700] "POST /xmlrpc.php HTTP/1.1" 200 403 "-" "Jetpack/12.0; WordPress/6.1; http://site23099406.com"
38.246.33.22 - - [21/Sep/2026:05:33:00 +0700] "GET /z-hd-ein-perfektes-spielerlebnis-ist-naturlicherweise-nebensachlich-wichtig-dass-unser-web-angebot-direkt-ladt/ HTTP/1.1" 200 61916 "-" "Mozilla/5.0 (Macintosh; Intel Mac OS X 10_15_7) AppleWebKit/537.36 (KHTML, like Gecko) Chrome/136.0.0.0 Safari/537.36 Edg/136.0.0.0"
198.252.107.178 - - [21/Sep/2026:05:33:04 +0700] "POST /wp-cron.php?doing_wp_cron=1789943584.3872509002685546875000 HTTP/1.1" 200 - "-" "WordPress/7.1.1; https://veewin24hr.com"
38.246.32.227 - - [21/Sep/2026:05:32:58 +0700] "POST /xmlrpc.php HTTP/1.1" 200 181 "-" "Mozilla/5.0 (Windows NT 10.0; Win64; x64; rv:137.0) Gecko/20100101 Firefox/137.0"
217.165.36.2 - - [21/Sep/2026:05:33:04 +0700] "POST /xmlrpc.php HTTP/1.1" 200 403 "-" "Jetpack by WordPress.com (Jetpack 12.1; WordPress 6.1)"
92.99.176.73 - - [21/Sep/2026:05:33:09 +0700] "POST /xmlrpc.php HTTP/1.1" 200 403 "-" "Jetpack by WordPress.com"
38.246.32.227 - - [21/Sep/2026:05:33:10 +0700] "POST /xmlrpc.php HTTP/1.1" 200 8841 "-" "Mozilla/5.0 (X11; Linux x86_64) AppleWebKit/537.36 (KHTML, like Gecko) Chrome/130.0.0.0 Safari/537.36"
198.252.107.178 - - [21/Sep/2026:05:33:14 +0700] "POST /wp-cron.php?doing_wp_cron=1789943594.0179080963134765625000 HTTP/1.1" 200 - "-" "WordPress/7.1.1; https://veewin24hr.com"
38.246.33.22 - - [21/Sep/2026:05:33:08 +0700] "POST /xmlrpc.php HTTP/1.1" 200 181 "-" "Mozilla/5.0 (X11; Linux x86_64) AppleWebKit/537.36 Chrome/124.0"
38.246.32.227 - - [21/Sep/2026:05:33:12 +0700] "GET /thats-why-friedl-founded-a-company-doing-permitting-anybody-opt-for-the-best-one/ HTTP/1.1" 200 58106 "-" "Mozilla/5.0 (Macintosh; Intel Mac OS X 10_15_7) AppleWebKit/605.1.15 (KHTML, like Gecko) Version/18.3 Safari/605.1.15"
217.165.36.2 - - [21/Sep/2026:05:33:15 +0700] "POST /xmlrpc.php HTTP/1.1" 200 403 "-" "Jetpack by WordPress.com"
92.99.176.73 - - [21/Sep/2026:05:33:19 +0700] "POST /xmlrpc.php HTTP/1.1" 200 403 "-" "Jetpack by WordPress.com"
40.77.167.11 - - [21/Sep/2026:05:33:19 +0700] "GET /produrre-ancora-account-a-ammettere-piu-gratifica-e-affermato-disonesto-e-quasi-certamente-identificabile/ HTTP/1.1" 200 60191 "-" "Mozilla/5.0 AppleWebKit/537.36 (KHTML, like Gecko; compatible; bingbot/2.0; +http://www.bing.com/bingbot.htm) Chrome/116.0.1938.76 Safari/537.36"
38.246.33.22 - - [21/Sep/2026:05:33:20 +0700] "POST /xmlrpc.php HTTP/1.1" 200 11842 "-" "Mozilla/5.0 (Macintosh; Intel Mac OS X 10_15_7) AppleWebKit/537.36 (KHTML, like Gecko) Chrome/122.0.0.0 Safari/537.36"
198.252.107.178 - - [21/Sep/2026:05:33:21 +0700] "POST /wp-cron.php?doing_wp_cron=1789943601.4086129665374755859375 HTTP/1.1" 200 - "-" "WordPress/7.1.1; https://veewin24hr.com"
38.246.32.227 - - [21/Sep/2026:05:33:17 +0700] "POST /xmlrpc.php HTTP/1.1" 200 181 "-" "Mozilla/5.0 (Macintosh; Intel Mac OS X 10_15_7) AppleWebKit/537.36 (KHTML, like Gecko) obsidian/1.8.9 Chrome/132.0.6834.210 Electron/34.3.0 Safari/537.36"
40.77.167.11 - - [21/Sep/2026:05:33:21 +0700] "GET /curiosamente-la-libertad-inaugural-ademis-es-la-cual-conquisto-en-diferentes-gente-referente-a-los-anteriores-anos-de-vida/ HTTP/1.1" 200 59574 "-" "Mozilla/5.0 AppleWebKit/537.36 (KHTML, like Gecko; compatible; bingbot/2.0; +http://www.bing.com/bingbot.htm) Chrome/116.0.1938.76 Safari/537.36"
38.246.33.22 - - [21/Sep/2026:05:33:22 +0700] "GET /innert-geringer-minuten-vermag-das-echtgeld-dem-nutzerkonto-gutgeschrieben-ferner-zuganglich-werden/ HTTP/1.1" 200 61383 "-" "Mozilla/5.0 (Macintosh; Intel Mac OS X 10_15_7) AppleWebKit/537.36 (KHTML, like Gecko) obsidian/1.6.5 Chrome/124.0.6367.243 Electron/30.1.2 Safari/537.36"
217.165.36.2 - - [21/Sep/2026:05:33:26 +0700] "POST /xmlrpc.php HTTP/1.1" 200 403 "-" "Jetpack by WordPress.com"
38.246.32.227 - - [21/Sep/2026:05:33:27 +0700] "POST /xmlrpc.php HTTP/1.1" 200 9834 "-" "Mozilla/5.0 (X11; Linux x86_64) AppleWebKit/537.36 (KHTML, like Gecko) Chrome/132.0.0.0 Safari/537.36"
38.246.32.227 - - [21/Sep/2026:05:33:29 +0700] "GET /in-addition-to-you-can-find-more-70-alive-dealer-games-all-over-blackjack-roulette-baccarat-plus/ HTTP/1.1" 200 59336 "-" "Mozilla/5.0 (X11; Linux x86_64) AppleWebKit/537.36 (KHTML, like Gecko) Chrome/148.0.0.0 Safari/537.36"
92.99.176.73 - - [21/Sep/2026:05:33:30 +0700] "POST /xmlrpc.php HTTP/1.1" 200 403 "-" "WordPress.com; https://wordpress.com"
198.252.107.178 - - [21/Sep/2026:05:33:33 +0700] "POST /wp-cron.php?doing_wp_cron=1789943613.8448860645294189453125 HTTP/1.1" 200 - "-" "WordPress/7.1.1; https://veewin24hr.com"
38.246.33.22 - - [21/Sep/2026:05:33:29 +0700] "POST /xmlrpc.php HTTP/1.1" 200 181 "-" "Mozilla/5.0 (Macintosh; Intel Mac OS X 10_15_7) AppleWebKit/537.36 (KHTML, like Gecko) Chrome/136.0.0.0 Safari/537.36"
217.165.36.2 - - [21/Sep/2026:05:33:36 +0700] "POST /xmlrpc.php HTTP/1.1" 200 403 "-" "WordPress.com; https://wordpress.com"
38.246.32.227 - - [21/Sep/2026:05:33:34 +0700] "POST /xmlrpc.php HTTP/1.1" 200 181 "-" "Mozilla/5.0 (Windows NT 10.0; Win64; x64) AppleWebKit/537.36 (KHTML, like Gecko) Chrome/135.0.0.0 Safari/537.36 Edg/135.0.0.0"
198.252.107.178 - - [21/Sep/2026:05:33:40 +0700] "POST /wp-cron.php?doing_wp_cron=1789943620.3052120208740234375000 HTTP/1.1" 200 - "-" "WordPress/7.1.1; https://veewin24hr.com"
38.246.33.22 - - [21/Sep/2026:05:33:39 +0700] "POST /xmlrpc.php HTTP/1.1" 200 10096 "-" "Mozilla/5.0 (Macintosh; Intel Mac OS X 10_15_7) AppleWebKit/605.1.15 (KHTML, like Gecko) Version/18.3 Safari/605.1.15"
92.99.176.73 - - [21/Sep/2026:05:33:41 +0700] "POST /xmlrpc.php HTTP/1.1" 200 403 "-" "Jetpack/12.0; WordPress/6.4; http://site77408576.com"
38.246.33.22 - - [21/Sep/2026:05:33:41 +0700] "GET /nachfolgende-nonrational-bedienerschnittstelle-einfache-transportation-gestochen-verruchte-grafiken-arbeiten-das-durchgang-nach-dm-unvergesslichen-erleben/ HTTP/1.1" 200 60587 "-" "Mozilla/5.0 (X11; Linux x86_64) AppleWebKit/537.36 (KHTML, like Gecko) Chrome/133.0.0.0 Safari/537.36"
38.246.32.227 - - [21/Sep/2026:05:33:45 +0700] "POST /xmlrpc.php HTTP/1.1" 200 10031 "-" "Mozilla/5.0 (Macintosh; Intel Mac OS X 10_15_7) AppleWebKit/537.36 (KHTML, like Gecko) Chrome/134.0.0.0 Safari/537.36"
217.165.36.2 - - [21/Sep/2026:05:33:47 +0700] "POST /xmlrpc.php HTTP/1.1" 200 403 "-" "Jetpack by WordPress.com"
38.246.32.227 - - [21/Sep/2026:05:33:47 +0700] "GET /efficiency-takes-on-a-big-part-in-how-enjoyable-a-gambling-establishment-try-to-use/ HTTP/1.1" 200 59310 "-" "Mozilla/5.0 (Windows NT 10.0; Win64; x64) AppleWebKit/537.36 (KHTML, like Gecko) Chrome/135.0.0.0 Safari/537.36 Edg/135.0.0.0"
92.99.176.73 - - [21/Sep/2026:05:33:51 +0700] "POST /xmlrpc.php HTTP/1.1" 200 403 "-" "WordPress.com; https://wordpress.com"
