135.136.0.181 - - [21/Sep/2026:09:46:51 +0700] "POST /xmlrpc.php HTTP/1.1" 500 602 "-" "Mozilla/5.0 (Windows NT 10.0; Win64; x64) AppleWebKit/537.36 (KHTML, like Gecko) Chrome/122.0.0.0 Safari/537.36"
198.252.107.178 - - [21/Sep/2026:09:46:53 +0700] "POST /wp-cron.php?doing_wp_cron=1789958727.6670711040496826171875 HTTP/1.1" 200 - "-" "WordPress/7.1.1; https://veewin24hr.com"
135.136.0.181 - - [21/Sep/2026:09:46:51 +0700] "POST /xmlrpc.php HTTP/1.1" 500 602 "-" "Mozilla/5.0 (Macintosh; Intel Mac OS X 10_15_7) AppleWebKit/537.36 (KHTML, like Gecko) Chrome/134.0.0.0 Safari/537.36"
38.246.33.72 - - [21/Sep/2026:09:46:51 +0700] "POST /xmlrpc.php HTTP/1.1" 500 602 "-" "Mozilla/5.0 (Macintosh; Intel Mac OS X 10_15_7) AppleWebKit/537.36 (KHTML, like Gecko) Chrome/147.0.0.0 Safari/537.36"
135.136.0.181 - - [21/Sep/2026:09:46:52 +0700] "POST /xmlrpc.php HTTP/1.1" 500 602 "-" "Mozilla/5.0 (Windows NT 10.0; Win64; x64) AppleWebKit/537.36 (KHTML, like Gecko) Chrome/131.0.0.0 Safari/537.36 Edg/131.0.0.0"
38.246.33.72 - - [21/Sep/2026:09:46:53 +0700] "GET /?p=216382 HTTP/1.1" 301 - "-" "Mozilla/5.0 (Macintosh; Intel Mac OS X 10.15; rv:137.0) Gecko/20100101 Firefox/137.0"
135.136.0.181 - - [21/Sep/2026:09:46:57 +0700] "GET /?p=216387 HTTP/1.1" 301 - "-" "Mozilla/5.0 (Windows NT 10.0; Win64; x64) AppleWebKit/537.36 (KHTML, like Gecko) Chrome/133.0.0.0 Safari/537.36"
135.136.0.181 - - [21/Sep/2026:09:47:00 +0700] "POST /xmlrpc.php HTTP/1.1" 500 602 "-" "Mozilla/5.0 (Macintosh; Intel Mac OS X 10_15_7) AppleWebKit/537.36 (KHTML, like Gecko) Chrome/129.0.0.0 Safari/537.36"
38.246.33.72 - - [21/Sep/2026:09:46:39 +0700] "POST /xmlrpc.php HTTP/1.1" 200 178 "-" "Mozilla/5.0 (Macintosh; Intel Mac OS X 10_15_7) AppleWebKit/537.36 (KHTML, like Gecko) Chrome/136.0.0.0 Safari/537.36 Edg/136.0.0.0"
135.136.0.181 - - [21/Sep/2026:09:47:06 +0700] "GET /?p=216370 HTTP/1.1" 301 - "-" "Mozilla/5.0 (Macintosh; Intel Mac OS X 10.15; rv:150.0) Gecko/20100101 Firefox/150.0"
135.136.0.181 - - [21/Sep/2026:09:47:11 +0700] "GET /?p=216396 HTTP/1.1" 301 - "-" "Mozilla/5.0 (Macintosh; Intel Mac OS X 10_15_7) AppleWebKit/537.36 (KHTML, like Gecko) obsidian/1.8.10 Chrome/132.0.6834.196 Electron/34.2.0 Safari/537.36"
38.246.33.72 - - [21/Sep/2026:09:47:11 +0700] "POST /xmlrpc.php HTTP/1.1" 500 602 "-" "Mozilla/5.0 (Macintosh; Intel Mac OS X 10_15_7) AppleWebKit/537.36 (KHTML, like Gecko) obsidian/1.6.5 Chrome/124.0.6367.243 Electron/30.1.2 Safari/537.36"
135.136.0.181 - - [21/Sep/2026:09:47:04 +0700] "POST /xmlrpc.php HTTP/1.1" 200 178 "-" "Mozilla/5.0 (Windows NT 10.0; Win64; x64) AppleWebKit/537.36 (KHTML, like Gecko) Chrome/91.0.4472.124 Safari/537.36"
38.246.33.72 - - [21/Sep/2026:09:47:00 +0700] "POST /xmlrpc.php HTTP/1.1" 200 178 "-" "Mozilla/5.0 (Windows NT 10.0; Win64; x64) AppleWebKit/537.36 (KHTML, like Gecko) Chrome/147.0.0.0 Safari/537.36 OPR/131.0.0.0"
135.136.0.181 - - [21/Sep/2026:09:47:13 +0700] "POST /xmlrpc.php HTTP/1.1" 500 602 "-" "Mozilla/5.0 (Windows NT 10.0; Win64; x64) AppleWebKit/537.36 (KHTML, like Gecko) obsidian/1.8.3 Chrome/130.0.6723.191 Electron/33.3.2 Safari/537.36"
135.136.0.181 - - [21/Sep/2026:09:47:12 +0700] "GET /?p=216372 HTTP/1.1" 301 - "-" "Mozilla/5.0 (Macintosh; Intel Mac OS X 10_15_7) AppleWebKit/605.1.15 (KHTML, like Gecko) Version/16.6 Safari/605.1.15"
135.136.0.181 - - [21/Sep/2026:09:47:14 +0700] "GET /?p=216401 HTTP/1.1" 301 - "-" "Mozilla/5.0 (Windows NT 10.0; Win64; x64) AppleWebKit/537.36 (KHTML, like Gecko) Chrome/133.0.0.0 Safari/537.36"
135.136.0.181 - - [21/Sep/2026:09:47:08 +0700] "POST /xmlrpc.php HTTP/1.1" 200 178 "-" "Mozilla/5.0 (Macintosh; Intel Mac OS X 10_15_7) AppleWebKit/537.36 (KHTML, like Gecko) Chrome/135.0.0.0 Safari/537.36 Edg/135.0.0.0"
38.246.33.72 - - [21/Sep/2026:09:47:17 +0700] "POST /xmlrpc.php HTTP/1.1" 500 602 "-" "Mozilla/5.0 (Macintosh; Intel Mac OS X 10_15_7) AppleWebKit/537.36 (KHTML, like Gecko) Chrome/135.0.0.0 Safari/537.36 Edg/135.0.0.0"
198.252.107.178 - - [21/Sep/2026:09:47:21 +0700] "POST /wp-cron.php?doing_wp_cron=1789958798.2980690002441406250000 HTTP/1.1" 200 - "-" "WordPress/7.1.1; https://veewin24hr.com"
198.252.107.178 - - [21/Sep/2026:09:47:21 +0700] "POST /wp-cron.php?doing_wp_cron=1789958798.3509180545806884765625 HTTP/1.1" 200 - "-" "WordPress/7.1.1; https://veewin24hr.com"
198.252.107.178 - - [21/Sep/2026:09:47:22 +0700] "POST /wp-cron.php?doing_wp_cron=1789958798.4349100589752197265625 HTTP/1.1" 200 - "-" "WordPress/7.1.1; https://veewin24hr.com"
38.246.33.22 - - [21/Sep/2026:09:47:03 +0700] "POST /xmlrpc.php HTTP/1.1" 200 181 "-" "Mozilla/5.0 (X11; Ubuntu; Linux x86_64; rv:136.0) Gecko/20100101 Firefox/136.0"
198.252.107.178 - - [21/Sep/2026:09:47:24 +0700] "POST /wp-cron.php?doing_wp_cron=1789958801.2561769485473632812500 HTTP/1.1" 200 - "-" "WordPress/7.1.1; https://veewin24hr.com"
135.136.0.181 - - [21/Sep/2026:09:47:14 +0700] "POST /xmlrpc.php HTTP/1.1" 200 178 "-" "Mozilla/5.0 (Windows NT 10.0; Win64; x64) AppleWebKit/537.36 (KHTML, like Gecko) Chrome/130.0.0.0 Safari/537.36"
38.246.33.72 - - [21/Sep/2026:09:47:17 +0700] "POST /xmlrpc.php HTTP/1.1" 200 178 "-" "Mozilla/5.0 (Windows NT 10.0; Win64; x64) AppleWebKit/537.36 (KHTML, like Gecko) Chrome/134.0.0.0 Safari/537.36"
198.252.107.178 - - [21/Sep/2026:09:47:28 +0700] "POST /wp-cron.php?doing_wp_cron=1789958798.2981181144714355468750 HTTP/1.1" 200 - "-" "WordPress/7.1.1; https://veewin24hr.com"
38.246.33.72 - - [21/Sep/2026:09:47:19 +0700] "POST /xmlrpc.php HTTP/1.1" 200 178 "-" "Mozilla/5.0 (Macintosh; Intel Mac OS X 10_15_7) AppleWebKit/537.36 (KHTML, like Gecko) Chrome/120.0.0.0 Safari/537.36"
38.246.33.72 - - [21/Sep/2026:09:47:26 +0700] "POST /xmlrpc.php HTTP/1.1" 200 178 "-" "Mozilla/5.0 (X11; Linux x86_64) AppleWebKit/537.36 (KHTML, like Gecko) Chrome/136.0.0.0 Safari/537.36"
135.136.0.181 - - [21/Sep/2026:09:47:26 +0700] "POST /xmlrpc.php HTTP/1.1" 200 178 "-" "Mozilla/5.0 (Macintosh; Intel Mac OS X 10_15_7) AppleWebKit/605.1.15 (KHTML, like Gecko) Version/17.4.1 Safari/605.1.15"
38.246.33.72 - - [21/Sep/2026:09:47:27 +0700] "POST /xmlrpc.php HTTP/1.1" 200 178 "-" "Mozilla/5.0 (Windows NT 10.0; Win64; x64) AppleWebKit/537.36 (KHTML, like Gecko) Chrome/132.0.0.0 Safari/537.36 OPR/117.0.0.0"
38.246.33.72 - - [21/Sep/2026:09:47:33 +0700] "POST /xmlrpc.php HTTP/1.1" 200 178 "-" "Mozilla/5.0 (Macintosh; Intel Mac OS X 10_15_7) AppleWebKit/537.36 (KHTML, like Gecko) Chrome/148.0.0.0 Safari/537.36"
85.208.96.194 - - [21/Sep/2026:09:47:43 +0700] "GET /what-number-of-online-game-offered-is-the-very-first-grounds-youll-find-after-you-check-out-bonusblitz-casinos-site/ HTTP/1.1" 200 58600 "-" "Mozilla/5.0 (compatible; SemrushBot/7~bl; +http://www.semrush.com/bot.html)"
38.246.33.72 - - [21/Sep/2026:09:47:34 +0700] "POST /xmlrpc.php HTTP/1.1" 200 178 "-" "Mozilla/5.0 (Windows NT 10.0; Win64; x64) AppleWebKit/537.36 (KHTML, like Gecko) Chrome/133.0.0.0 Safari/537.36"
135.136.0.181 - - [21/Sep/2026:09:47:35 +0700] "POST /xmlrpc.php HTTP/1.1" 200 178 "-" "Mozilla/5.0 (Macintosh; Intel Mac OS X 10_15_7) AppleWebKit/605.1.15 (KHTML, like Gecko) Version/26.4 Safari/605.1.15"
135.136.0.181 - - [21/Sep/2026:09:47:43 +0700] "POST /xmlrpc.php HTTP/1.1" 200 178 "-" "Mozilla/5.0 (Macintosh; Intel Mac OS X 10_15_7) AppleWebKit/537.36 (KHTML, like Gecko) Chrome/131.0.0.0 Safari/537.36"
135.136.0.181 - - [21/Sep/2026:09:47:43 +0700] "POST /xmlrpc.php HTTP/1.1" 200 178 "-" "Mozilla/5.0 (Macintosh; Intel Mac OS X 10_15_7) AppleWebKit/537.36 (KHTML, like Gecko) Chrome/146.0.0.0 Safari/537.36"
198.252.107.178 - - [21/Sep/2026:09:47:55 +0700] "POST /wp-cron.php?doing_wp_cron=1789958862.5110371112823486328125 HTTP/1.1" 200 - "-" "WordPress/7.1.1; https://veewin24hr.com"
198.252.107.178 - - [21/Sep/2026:09:47:55 +0700] "POST /wp-cron.php?doing_wp_cron=1789958862.5768780708312988281250 HTTP/1.1" 200 - "-" "WordPress/7.1.1; https://veewin24hr.com"
38.246.33.72 - - [21/Sep/2026:09:47:43 +0700] "POST /xmlrpc.php HTTP/1.1" 200 178 "-" "Mozilla/5.0 (Macintosh; Intel Mac OS X 10_15_7) AppleWebKit/605.1.15 (KHTML, like Gecko) Version/18.3.1 Safari/605.1.15"
198.252.107.178 - - [21/Sep/2026:09:47:55 +0700] "POST /wp-cron.php?doing_wp_cron=1789958862.7664439678192138671875 HTTP/1.1" 200 - "-" "WordPress/7.1.1; https://veewin24hr.com"
198.252.107.178 - - [21/Sep/2026:09:47:56 +0700] "POST /wp-cron.php?doing_wp_cron=1789958863.5416080951690673828125 HTTP/1.1" 200 - "-" "WordPress/7.1.1; https://veewin24hr.com"
38.246.33.22 - - [21/Sep/2026:09:47:58 +0700] "POST /xmlrpc.php HTTP/1.1" 500 602 "-" "Mozilla/5.0 (X11; Ubuntu; Linux x86_64; rv:136.0) Gecko/20100101 Firefox/136.0"
198.252.107.178 - - [21/Sep/2026:09:47:58 +0700] "POST /wp-cron.php?doing_wp_cron=1789958869.3309109210968017578125 HTTP/1.1" 200 - "-" "WordPress/7.1.1; https://veewin24hr.com"
135.136.0.181 - - [21/Sep/2026:09:47:46 +0700] "POST /xmlrpc.php HTTP/1.1" 200 178 "-" "Mozilla/5.0 (X11; Linux x86_64; rv:138.0) Gecko/20100101 Firefox/138.0"
38.246.33.72 - - [21/Sep/2026:09:47:49 +0700] "POST /xmlrpc.php HTTP/1.1" 200 178 "-" "Mozilla/5.0 (Macintosh; Intel Mac OS X 10_15_7) AppleWebKit/605.1.15 (KHTML, like Gecko) Version/26.4 Safari/605.1.15"
38.246.33.72 - - [21/Sep/2026:09:47:52 +0700] "POST /xmlrpc.php HTTP/1.1" 200 178 "-" "Mozilla/5.0 (Macintosh; Intel Mac OS X 10_15_7) AppleWebKit/537.36 (KHTML, like Gecko) Chrome/120.0.0.0 Safari/537.36"
51.81.103.250 - - [21/Sep/2026:09:48:04 +0700] "GET /just-like-everything-you-eg-and-you-will-diving-into-the-fun-business-out-of-slots/ HTTP/1.1" 200 61011 "-" "Mozilla/5.0 (compatible; AhrefsBot/7.0; +http://ahrefs.com/robot/)"
198.252.107.178 - - [21/Sep/2026:09:48:50 +0700] "POST /wp-cron.php?doing_wp_cron=1789958930.4701099395751953125000 HTTP/1.1" 200 - "-" "WordPress/7.1.1; https://veewin24hr.com"
198.252.107.178 - - [21/Sep/2026:09:48:51 +0700] "POST /wp-cron.php?doing_wp_cron=1789958931.0310490131378173828125 HTTP/1.1" 200 - "-" "WordPress/7.1.1; https://veewin24hr.com"
85.208.96.194 - - [21/Sep/2026:09:48:06 +0700] "GET /what-number-of-online-game-offered-is-the-very-first-grounds-youll-find-after-you-check-out-bonusblitz-casinos-site/ HTTP/1.1" 200 58600 "-" "Mozilla/5.0 (compatible; SemrushBot/7~bl; +http://www.semrush.com/bot.html)"
198.252.107.178 - - [21/Sep/2026:09:48:52 +0700] "POST /wp-cron.php?doing_wp_cron=1789958932.3637580871582031250000 HTTP/1.1" 200 - "-" "WordPress/7.1.1; https://veewin24hr.com"
198.252.107.178 - - [21/Sep/2026:09:48:53 +0700] "POST /wp-cron.php?doing_wp_cron=1789958933.0316710472106933593750 HTTP/1.1" 200 - "-" "WordPress/7.1.1; https://veewin24hr.com"
135.136.0.181 - - [21/Sep/2026:09:47:57 +0700] "POST /xmlrpc.php HTTP/1.1" 200 178 "-" "Mozilla/5.0 (Macintosh; Intel Mac OS X 10_15_7) AppleWebKit/605.1.15 (KHTML, like Gecko) Version/18.1 Safari/605.1.15"
135.136.0.181 - - [21/Sep/2026:09:48:04 +0700] "POST /xmlrpc.php HTTP/1.1" 200 178 "-" "Mozilla/5.0 (Windows NT 10.0; Win64; x64) AppleWebKit/537.36 (KHTML, like Gecko) obsidian/1.6.5 Chrome/124.0.6367.243 Electron/30.1.2 Safari/537.36"
216.26.247.50 - - [21/Sep/2026:09:49:36 +0700] "GET /goldbet-casino-magyarorszag-hivatalos-oldal-2026/ HTTP/1.1" 200 58543 "https://veewin24hr.com/" "Mozilla/5.0 (X11; Ubuntu; Linux x86_64; rv:137.0) Gecko/20100101 Firefox/137.0"
38.246.33.22 - - [21/Sep/2026:09:49:44 +0700] "POST /xmlrpc.php HTTP/1.1" 200 403 "-" "Mozilla/5.0 (Macintosh; Intel Mac OS X 10_15_7) AppleWebKit/537.36 (KHTML, like Gecko) Chrome/131.0.0.0 Safari/537.36"
135.136.0.181 - - [21/Sep/2026:09:48:07 +0700] "POST /xmlrpc.php HTTP/1.1" 200 178 "-" "Mozilla/5.0 (Macintosh; Intel Mac OS X 10_15_7) AppleWebKit/537.36 (KHTML, like Gecko) Chrome/146.0.0.0 Safari/537.36"
216.26.247.50 - - [21/Sep/2026:09:49:45 +0700] "GET /?p=27652 HTTP/1.1" 301 - "https://veewin24hr.com/goldbet-casino-magyarorszag-hivatalos-oldal-2026/" "Mozilla/5.0 (X11; Ubuntu; Linux x86_64; rv:137.0) Gecko/20100101 Firefox/137.0"
38.246.33.22 - - [21/Sep/2026:09:49:46 +0700] "POST /xmlrpc.php HTTP/1.1" 200 403 "-" "Mozilla/5.0 (Macintosh; Intel Mac OS X 10_15_7) AppleWebKit/537.36 (KHTML, like Gecko) Chrome/131.0.0.0 Safari/537.36"
216.26.247.50 - - [21/Sep/2026:09:49:46 +0700] "GET /online-casino-tournaments-uk-2026/ HTTP/1.1" 200 67360 "https://veewin24hr.com/?p=27652" "Mozilla/5.0 (X11; Ubuntu; Linux x86_64; rv:137.0) Gecko/20100101 Firefox/137.0"
198.252.107.178 - - [21/Sep/2026:09:50:59 +0700] "POST /wp-cron.php?doing_wp_cron=1789959059.6459159851074218750000 HTTP/1.1" 200 - "-" "WordPress/7.1.1; https://veewin24hr.com"
38.246.33.22 - - [21/Sep/2026:09:50:54 +0700] "POST /xmlrpc.php HTTP/1.1" 200 181 "-" "Mozilla/5.0 (Macintosh; Intel Mac OS X 10_15_7) AppleWebKit/605.1.15 (KHTML, like Gecko) Version/17.5 Safari/605.1.15"
38.246.33.22 - - [21/Sep/2026:09:51:06 +0700] "POST /xmlrpc.php HTTP/1.1" 200 11539 "-" "Mozilla/5.0 (Windows NT 10.0; Win64; x64) AppleWebKit/537.36 (KHTML, like Gecko) Chrome/131.0.0.0 Safari/537.36 Edg/131.0.0.0"
38.246.33.22 - - [21/Sep/2026:09:51:08 +0700] "GET /to-have-a-deeper-look-at-the-software-at-the-rear-of-the-newest-index-read-the-evaluation/ HTTP/1.1" 200 60888 "-" "Mozilla/5.0 (X11; Linux x86_64) AppleWebKit/537.36 (KHTML, like Gecko) Chrome/136.0.0.0 Safari/537.36"
113.190.202.138 - - [21/Sep/2026:09:51:35 +0700] "GET /goldbet-casino-magyarorszag-hivatalos-oldal-2026/ HTTP/1.1" 200 58543 "https://veewin24hr.com/" "Mozilla/5.0 (Windows NT 10.0; Win64; x64) AppleWebKit/537.36 (KHTML, like Gecko) Chrome/58.0.3029.110 Safari/537.3"
190.137.28.219 - - [21/Sep/2026:09:51:37 +0700] "POST /xmlrpc.php HTTP/1.1" 200 403 "-" "Mozilla/5.0 (Macintosh; Intel Mac OS X 10_15_7) AppleWebKit/537.36 (KHTML, like Gecko) Chrome/129.0.0.0 Safari/537.36"
113.190.202.138 - - [21/Sep/2026:09:51:38 +0700] "GET /?p=27652 HTTP/1.1" 301 - "https://veewin24hr.com/goldbet-casino-magyarorszag-hivatalos-oldal-2026/" "Mozilla/5.0 (Windows NT 10.0; Win64; x64) AppleWebKit/537.36 (KHTML, like Gecko) Chrome/58.0.3029.110 Safari/537.3"
113.190.202.138 - - [21/Sep/2026:09:51:39 +0700] "GET /online-casino-tournaments-uk-2026/ HTTP/1.1" 200 67360 "https://veewin24hr.com/?p=27652" "Mozilla/5.0 (Windows NT 10.0; Win64; x64) AppleWebKit/537.36 (KHTML, like Gecko) Chrome/58.0.3029.110 Safari/537.3"
198.252.107.178 - - [21/Sep/2026:09:52:19 +0700] "POST /wp-cron.php?doing_wp_cron=1789959139.0769760608673095703125 HTTP/1.1" 200 - "-" "WordPress/7.1.1; https://veewin24hr.com"
38.246.33.22 - - [21/Sep/2026:09:52:13 +0700] "POST /xmlrpc.php HTTP/1.1" 200 181 "-" "Mozilla/5.0 (Macintosh; Intel Mac OS X 10_15_7) AppleWebKit/537.36 (KHTML, like Gecko) obsidian/1.6.5 Chrome/124.0.6367.243 Electron/30.1.2 Safari/537.36"
38.246.33.22 - - [21/Sep/2026:09:52:25 +0700] "POST /xmlrpc.php HTTP/1.1" 200 8388 "-" "Mozilla/5.0 (Macintosh; Intel Mac OS X 10_15_7) AppleWebKit/537.36 (KHTML, like Gecko) Chrome/131.0.0.0 Safari/537.36"
38.246.33.22 - - [21/Sep/2026:09:52:27 +0700] "GET /we-regarding-gambling-enterprise-pros-at-chipy-position-the-benefit-databases-on-a-regular-basis/ HTTP/1.1" 200 57867 "-" "Mozilla/5.0 (Windows NT 10.0; Win64; x64) AppleWebKit/537.36 (KHTML, like Gecko) Chrome/58.0.3029.110 Safari/537.3"
194.99.27.23 - - [21/Sep/2026:09:53:01 +0700] "GET /goldbet-casino-magyarorszag-hivatalos-oldal-2026/ HTTP/1.1" 200 58543 "https://veewin24hr.com/" "Mozilla/5.0 (Macintosh; Intel Mac OS X 10_15_7) AppleWebKit/537.36 (KHTML, like Gecko) Chrome/145.0.0.0 Safari/537.36 OPR/129.0.0.0"
93.177.95.142 - - [21/Sep/2026:09:53:10 +0700] "GET /wp-login.php?action=register HTTP/1.1" 302 - "https://veewin24hr.com/goldbet-casino-magyarorszag-hivatalos-oldal-2026/" "Mozilla/5.0 (Windows NT 6.3; Win64; x64) AppleWebKit/537.36 (KHTML, like Gecko) Chrome/103.0.0.0 Safari/537.36"
155.212.38.40 - - [21/Sep/2026:09:53:11 +0700] "GET /wp-login.php?registration=disabled HTTP/1.1" 200 7447 "https://veewin24hr.com/wp-login.php?action=register" "Mozilla/5.0 (Windows NT 6.3; Win64; x64) AppleWebKit/537.36 (KHTML, like Gecko) Chrome/103.0.0.0 Safari/537.36"
198.252.107.178 - - [21/Sep/2026:09:53:13 +0700] "POST /wp-cron.php?doing_wp_cron=1789959193.3260669708251953125000 HTTP/1.1" 200 - "-" "WordPress/7.1.1; https://veewin24hr.com"
38.246.33.22 - - [21/Sep/2026:09:53:08 +0700] "POST /xmlrpc.php HTTP/1.1" 200 181 "-" "Mozilla/5.0 (Windows NT 10.0; Win64; x64; rv:137.0) Gecko/20100101 Firefox/137.0"
38.246.33.22 - - [21/Sep/2026:09:53:19 +0700] "POST /xmlrpc.php HTTP/1.1" 200 11488 "-" "Mozilla/5.0 (Windows NT 10.0; Win64; x64) AppleWebKit/537.36 (KHTML, like Gecko) obsidian/1.8.4 Chrome/130.0.6723.191 Electron/33.3.2 Safari/537.36"
38.246.33.22 - - [21/Sep/2026:09:53:20 +0700] "GET /control-minutes-rely-on-your-chosen-commission-approach-and-you-will-completion-out-of-people-requisite-confirmation/ HTTP/1.1" 200 61277 "-" "Mozilla/5.0 (Windows NT 10.0; Win64; x64) AppleWebKit/537.36 (KHTML, like Gecko) Chrome/148.0.0.0 Safari/537.36 Edg/148.0.0.0"
198.252.107.178 - - [21/Sep/2026:09:53:57 +0700] "POST /wp-cron.php?doing_wp_cron=1789959237.7725300788879394531250 HTTP/1.1" 200 - "-" "WordPress/7.1.1; https://veewin24hr.com"
38.246.33.22 - - [21/Sep/2026:09:53:53 +0700] "POST /xmlrpc.php HTTP/1.1" 200 181 "-" "Mozilla/5.0 (X11; Linux x86_64) AppleWebKit/537.36 Chrome/124.0"
38.246.33.22 - - [21/Sep/2026:09:54:04 +0700] "POST /xmlrpc.php HTTP/1.1" 200 11564 "-" "Mozilla/5.0 (Macintosh; Intel Mac OS X 10_15_7) AppleWebKit/605.1.15 (KHTML, like Gecko) Version/17.5 Safari/605.1.15"
38.246.33.22 - - [21/Sep/2026:09:54:05 +0700] "GET /get-in-on-the-outlaws-and-lawmen-to-the-a-5-reel-slot-packed-with-wild-multipliers-and-you-can-incentive-have/ HTTP/1.1" 200 61214 "-" "Mozilla/5.0 (Windows NT 10.0; Win64; x64; rv:138.0) Gecko/20100101 Firefox/138.0"
198.252.107.178 - - [21/Sep/2026:09:54:16 +0700] "POST /wp-cron.php?doing_wp_cron=1789959256.2238779067993164062500 HTTP/1.1" 200 - "-" "WordPress/7.1.1; https://veewin24hr.com"
106.155.7.93 - - [21/Sep/2026:09:54:11 +0700] "POST /xmlrpc.php HTTP/1.1" 200 181 "-" "Mozilla/5.0 (Windows NT 10.0; Win64; x64) AppleWebKit/537.36 (KHTML, like Gecko) obsidian/1.8.4 Chrome/130.0.6723.191 Electron/33.3.2 Safari/537.36"
106.155.7.93 - - [21/Sep/2026:09:54:22 +0700] "POST /xmlrpc.php HTTP/1.1" 200 20715 "-" "Mozilla/5.0 (Windows NT 10.0; Win64; x64) AppleWebKit/537.36 (KHTML, like Gecko) Chrome/145.0.0.0 Safari/537.36"
106.155.7.93 - - [21/Sep/2026:09:54:26 +0700] "GET /%E0%A4%97%E0%A4%BE%E0%A4%87%E0%A4%A1-%E0%A4%91%E0%A4%AB-%E0%A4%B0%E0%A4%BE-%E0%A4%A1%E0%A5%80%E0%A4%B2%E0%A4%95%E0%A5%8D%E0%A4%B8-%E0%A4%AA%E0%A5%82%E0%A4%B0%E0%A5%80-%E0%A4%A4%E0%A4%B0%E0%A4%B9/ HTTP/1.1" 200 73350 "-" "Mozilla/5.0 (Macintosh; Intel Mac OS X 10_15_7) AppleWebKit/537.36 (KHTML, like Gecko) Chrome/133.0.0.0 Safari/537.36"
198.252.107.178 - - [21/Sep/2026:09:54:39 +0700] "POST /wp-cron.php?doing_wp_cron=1789959279.7169520854949951171875 HTTP/1.1" 200 - "-" "WordPress/7.1.1; https://veewin24hr.com"
38.246.33.22 - - [21/Sep/2026:09:54:35 +0700] "POST /xmlrpc.php HTTP/1.1" 200 181 "-" "Mozilla/5.0 (Macintosh; Intel Mac OS X 10_15_7) AppleWebKit/537.36 (KHTML, like Gecko) Chrome/136.0.0.0 Safari/537.36 Edg/136.0.0.0"
38.246.33.22 - - [21/Sep/2026:09:54:46 +0700] "POST /xmlrpc.php HTTP/1.1" 200 10438 "-" "Mozilla/5.0 (Windows NT 10.0; Win64; x64) AppleWebKit/537.36 (KHTML, like Gecko) Chrome/133.0.0.0 Safari/537.36 OPR/118.0.0.0"
38.246.33.22 - - [21/Sep/2026:09:54:47 +0700] "GET /this-is-its-headline-hook-and-you-can-yeah-its-impressive-written-down/ HTTP/1.1" 200 59496 "-" "Mozilla/5.0 (Macintosh; Intel Mac OS X 10_15_7) AppleWebKit/537.36 (KHTML, like Gecko) Chrome/134.0.0.0 Safari/537.36"
198.252.107.178 - - [21/Sep/2026:09:55:20 +0700] "POST /wp-cron.php?doing_wp_cron=1789959319.9049971103668212890625 HTTP/1.1" 200 - "-" "WordPress/7.1.1; https://veewin24hr.com"
38.246.33.22 - - [21/Sep/2026:09:55:08 +0700] "POST /xmlrpc.php HTTP/1.1" 200 181 "-" "Mozilla/5.0 (Windows NT 10.0; Win64; x64; rv:138.0) Gecko/20100101 Firefox/138.0"
38.246.33.22 - - [21/Sep/2026:09:55:26 +0700] "POST /xmlrpc.php HTTP/1.1" 200 11808 "-" "Mozilla/5.0 (Windows NT 10.0; Win64; x64) AppleWebKit/537.36 (KHTML, like Gecko) Chrome/132.0.0.0 Safari/537.36"
38.246.33.22 - - [21/Sep/2026:09:55:28 +0700] "GET /always-check-local-guidelines-gamble-sensibly-21-and-you-can-enjoy-only-what-you-could-manage-to-eradicate/ HTTP/1.1" 200 61453 "-" "Mozilla/5.0 (Windows NT 10.0; Win64; x64) AppleWebKit/537.36 (KHTML, like Gecko) Chrome/134.0.0.0 Safari/537.36 Edg/134.0.0.0"
198.252.107.178 - - [21/Sep/2026:09:55:41 +0700] "POST /wp-cron.php?doing_wp_cron=1789959341.5801439285278320312500 HTTP/1.1" 200 - "-" "WordPress/7.1.1; https://veewin24hr.com"
38.246.33.22 - - [21/Sep/2026:09:55:33 +0700] "POST /xmlrpc.php HTTP/1.1" 200 181 "-" "Mozilla/5.0 (Windows NT 10.0; Win64; x64) AppleWebKit/537.36 (KHTML, like Gecko) Chrome/135.0.0.0 Safari/537.36"
198.252.107.178 - - [21/Sep/2026:09:55:47 +0700] "POST /wp-cron.php?doing_wp_cron=1789959347.6931240558624267578125 HTTP/1.1" 200 - "-" "WordPress/7.1.1; https://veewin24hr.com"
135.136.0.181 - - [21/Sep/2026:09:55:38 +0700] "POST /xmlrpc.php HTTP/1.1" 200 181 "-" "Mozilla/5.0 (Windows NT 10.0; Win64; x64) AppleWebKit/537.36 (KHTML, like Gecko) Chrome/134.0.0.0 Safari/537.36"
38.246.33.22 - - [21/Sep/2026:09:55:47 +0700] "POST /xmlrpc.php HTTP/1.1" 200 11188 "-" "Mozilla/5.0 (X11; Linux x86_64; rv:128.0) Gecko/20100101 Firefox/128.0"
38.246.33.22 - - [21/Sep/2026:09:55:49 +0700] "GET /yours-pointers-will-be-handled-confidentially-and-you-may-safely-adopting-the-community-recommendations/ HTTP/1.1" 200 60766 "-" "Mozilla/5.0 (X11; Ubuntu; Linux x86_64; rv:138.0) Gecko/20100101 Firefox/138.0"
135.136.0.181 - - [21/Sep/2026:09:55:53 +0700] "POST /xmlrpc.php HTTP/1.1" 200 11525 "-" "Mozilla/5.0 (Macintosh; Intel Mac OS X 10_15_7) AppleWebKit/537.36 (KHTML, like Gecko) obsidian/1.8.9 Chrome/132.0.6834.210 Electron/34.3.0 Safari/537.36"
135.136.0.181 - - [21/Sep/2026:09:55:55 +0700] "GET /these-types-of-novel-offerings-put-all-of-them-direct-and-you-will-shoulders-above-the-race/ HTTP/1.1" 200 60866 "-" "Mozilla/5.0 (Windows NT 10.0; Win64; x64) AppleWebKit/537.36 (KHTML, like Gecko) Chrome/133.0.0.0 Safari/537.36"
198.252.107.178 - - [21/Sep/2026:09:56:06 +0700] "POST /wp-cron.php?doing_wp_cron=1789959366.7880749702453613281250 HTTP/1.1" 200 - "-" "WordPress/7.1.1; https://veewin24hr.com"
38.246.33.22 - - [21/Sep/2026:09:55:59 +0700] "POST /xmlrpc.php HTTP/1.1" 200 181 "-" "Mozilla/5.0 (Macintosh; Intel Mac OS X 10_15_7) AppleWebKit/537.36 (KHTML, like Gecko) Chrome/116.0.0.0 Safari/537.36"
38.246.33.22 - - [21/Sep/2026:09:56:12 +0700] "POST /xmlrpc.php HTTP/1.1" 200 8684 "-" "Mozilla/5.0 (Windows NT 10.0; Win64; x64; rv:135.0) Gecko/20100101 Firefox/135.0"
38.246.33.22 - - [21/Sep/2026:09:56:13 +0700] "GET /casinos-on-the-internet-offering-that-it-added-bonus-are-listed-in-the-latest-dining-table-less-than/ HTTP/1.1" 200 58252 "-" "Mozilla/5.0 (Macintosh; Intel Mac OS X 10_15_7) AppleWebKit/537.36 (KHTML, like Gecko) Chrome/133.0.0.0 Safari/537.36"
198.252.107.178 - - [21/Sep/2026:09:56:24 +0700] "POST /wp-cron.php?doing_wp_cron=1789959384.3102939128875732421875 HTTP/1.1" 200 - "-" "WordPress/7.1.1; https://veewin24hr.com"
38.246.33.22 - - [21/Sep/2026:09:56:19 +0700] "POST /xmlrpc.php HTTP/1.1" 200 181 "-" "Mozilla/5.0 (X11; Ubuntu; Linux x86_64; rv:138.0) Gecko/20100101 Firefox/138.0"
38.246.33.22 - - [21/Sep/2026:09:56:30 +0700] "POST /xmlrpc.php HTTP/1.1" 200 9673 "-" "Mozilla/5.0 (Macintosh; Intel Mac OS X 10_15_7) AppleWebKit/605.1.15 (KHTML, like Gecko) Version/18.2 Safari/605.1.15"
38.246.33.22 - - [21/Sep/2026:09:56:32 +0700] "GET /get-a-5-cash-improve-which-have-a-10x-rollover-on-the-very-first-cryptocurrency-deposit/ HTTP/1.1" 200 59010 "-" "Mozilla/5.0 (Windows NT 10.0; Win64; x64) AppleWebKit/537.36 (KHTML, like Gecko) Chrome/124.0 Safari/537.36"
51.81.111.125 - - [21/Sep/2026:09:56:45 +0700] "GET /free-spins-bank-2026-voor-spins-toeslag-gedurende-speel-vegas-party-echt-geld-bergtop-casinos/ HTTP/1.1" 200 64175 "-" "Mozilla/5.0 (compatible; AhrefsBot/7.0; +http://ahrefs.com/robot/)"
198.252.107.178 - - [21/Sep/2026:09:56:48 +0700] "POST /wp-cron.php?doing_wp_cron=1789959408.0817310810089111328125 HTTP/1.1" 200 - "-" "WordPress/7.1.1; https://veewin24hr.com"
38.246.33.22 - - [21/Sep/2026:09:56:42 +0700] "POST /xmlrpc.php HTTP/1.1" 200 181 "-" "Mozilla/5.0 (Macintosh; Intel Mac OS X 10_15_7) AppleWebKit/537.36 (KHTML, like Gecko) Chrome/129.0.0.0 Safari/537.36"
38.246.33.22 - - [21/Sep/2026:09:56:54 +0700] "POST /xmlrpc.php HTTP/1.1" 200 7962 "-" "Mozilla/5.0 (Windows NT 10.0; Win64; x64) AppleWebKit/537.36 (KHTML, like Gecko) Chrome/135.0.0.0 Safari/537.36 Edg/135.0.0.0"
38.246.33.22 - - [21/Sep/2026:09:56:55 +0700] "GET /examining-the-fresh-new-super-harbors-banking-and-you-will-commission-tips-try-most-fun-and-easy-in-reality/ HTTP/1.1" 200 57600 "-" "Mozilla/5.0 (Macintosh; Intel Mac OS X 10_15_7) AppleWebKit/537.36 (KHTML, like Gecko) Chrome/145.0.0.0 Safari/537.36 OPR/129.0.0.0"
198.252.107.178 - - [21/Sep/2026:09:56:58 +0700] "POST /wp-cron.php?doing_wp_cron=1789959418.8902080059051513671875 HTTP/1.1" 200 - "-" "WordPress/7.1.1; https://veewin24hr.com"
135.136.0.181 - - [21/Sep/2026:09:56:54 +0700] "POST /xmlrpc.php HTTP/1.1" 200 181 "-" "Mozilla/5.0 (Macintosh; Intel Mac OS X 10_15_7) AppleWebKit/537.36 (KHTML, like Gecko) Chrome/136.0.0.0 Safari/537.36 Edg/136.0.0.0"
135.136.0.181 - - [21/Sep/2026:09:57:04 +0700] "POST /xmlrpc.php HTTP/1.1" 200 8234 "-" "Mozilla/5.0 (Windows NT 10.0; Win64; x64) AppleWebKit/537.36 (KHTML, like Gecko) Chrome/132.0.0.0 Safari/537.36 OPR/117.0.0.0"
135.136.0.181 - - [21/Sep/2026:09:57:06 +0700] "GET /however-when-your-membership-is-actually-confirmed-distributions-is-actually-canned-incredibly-prompt/ HTTP/1.1" 200 57814 "-" "Mozilla/5.0 (Windows NT 10.0; Win64; x64) AppleWebKit/537.36 (KHTML, like Gecko) Chrome/91.0.4472.124 Safari/537.36"
198.252.107.178 - - [21/Sep/2026:09:57:09 +0700] "POST /wp-cron.php?doing_wp_cron=1789959429.2873599529266357421875 HTTP/1.1" 200 - "-" "WordPress/7.1.1; https://veewin24hr.com"
38.246.33.22 - - [21/Sep/2026:09:57:04 +0700] "POST /xmlrpc.php HTTP/1.1" 200 181 "-" "Mozilla/5.0 (Windows NT 10.0; Win64; x64; rv:150.0) Gecko/20100101 Firefox/150.0"
38.246.33.22 - - [21/Sep/2026:09:57:15 +0700] "POST /xmlrpc.php HTTP/1.1" 200 9838 "-" "Mozilla/5.0 (Windows NT 10.0; Win64; x64) AppleWebKit/537.36 (KHTML, like Gecko) Chrome/131.0.0.0 Safari/537.36"
38.246.33.22 - - [21/Sep/2026:09:57:17 +0700] "GET /players-choose-which-game-classification-they-had-wish-to-speak-about-because-of-the-browsing-more-tables/ HTTP/1.1" 200 59469 "-" "Mozilla/5.0 (Macintosh; Intel Mac OS X 10_15_7) AppleWebKit/605.1.15 (KHTML, like Gecko) Version/26.4 Safari/605.1.15"
198.252.107.178 - - [21/Sep/2026:09:57:29 +0700] "POST /wp-cron.php?doing_wp_cron=1789959449.4355831146240234375000 HTTP/1.1" 200 - "-" "WordPress/7.1.1; https://veewin24hr.com"
38.246.33.22 - - [21/Sep/2026:09:57:25 +0700] "POST /xmlrpc.php HTTP/1.1" 200 181 "-" "Mozilla/5.0 (Windows NT 10.0; Win64; x64) AppleWebKit/537.36 (KHTML, like Gecko) Chrome/131.0.0.0 Safari/537.36"
38.246.33.22 - - [21/Sep/2026:09:57:35 +0700] "POST /xmlrpc.php HTTP/1.1" 200 9304 "-" "Mozilla/5.0 (Windows NT 10.0; Win64; x64) AppleWebKit/537.36 (KHTML, like Gecko) Chrome/136.0.0.0 Safari/537.36"
38.246.33.22 - - [21/Sep/2026:09:57:37 +0700] "GET /prefer-a-range-which-fits-your-preferred-chance-and-you-may-award-top/ HTTP/1.1" 200 58350 "-" "Mozilla/5.0 (Macintosh; Intel Mac OS X 10_15_7) AppleWebKit/537.36 (KHTML, like Gecko) obsidian/1.8.9 Chrome/132.0.6834.210 Electron/34.3.0 Safari/537.36"
198.252.107.178 - - [21/Sep/2026:09:57:49 +0700] "POST /wp-cron.php?doing_wp_cron=1789959469.3378579616546630859375 HTTP/1.1" 200 - "-" "WordPress/7.1.1; https://veewin24hr.com"
38.246.33.22 - - [21/Sep/2026:09:57:44 +0700] "POST /xmlrpc.php HTTP/1.1" 200 181 "-" "Mozilla/5.0 (Macintosh; Intel Mac OS X 10_15_7) AppleWebKit/605.1.15 (KHTML, like Gecko) Version/18.5 Safari/605.1.15"
38.246.33.22 - - [21/Sep/2026:09:57:55 +0700] "POST /xmlrpc.php HTTP/1.1" 200 12180 "-" "Mozilla/5.0 (Windows NT 10.0; Win64; x64) AppleWebKit/537.36 (KHTML, like Gecko) Chrome/129.0.0.0 Safari/537.36"
85.208.96.211 - - [21/Sep/2026:09:57:56 +0700] "GET /en-caso-de-que-te-crea-angustia-o-pierdes-nuestro-dominacion-hay-favorece-profesional-gratuita/ HTTP/1.1" 200 59285 "-" "Mozilla/5.0 (compatible; SemrushBot/7~bl; +http://www.semrush.com/bot.html)"
38.246.33.22 - - [21/Sep/2026:09:57:56 +0700] "GET /rating-assist-24-eight-through-alive-chat-and-current-email-address-supported-by-a-clear-assist-heart/ HTTP/1.1" 200 61780 "-" "Mozilla/5.0 (Macintosh; Intel Mac OS X 10_15_7) AppleWebKit/537.36 (KHTML, like Gecko) Chrome/130.0.0.0 Safari/537.36"
198.252.107.178 - - [21/Sep/2026:09:58:06 +0700] "POST /wp-cron.php?doing_wp_cron=1789959485.9746239185333251953125 HTTP/1.1" 200 - "-" "WordPress/7.1.1; https://veewin24hr.com"
135.136.0.181 - - [21/Sep/2026:09:58:01 +0700] "POST /xmlrpc.php HTTP/1.1" 200 181 "-" "Mozilla/5.0 (Windows NT 10.0; Win64; x64; rv:135.0) Gecko/20100101 Firefox/135.0"
198.252.107.178 - - [21/Sep/2026:09:58:09 +0700] "POST /wp-cron.php?doing_wp_cron=1789959489.5101380348205566406250 HTTP/1.1" 200 - "-" "WordPress/7.1.1; https://veewin24hr.com"
38.246.33.22 - - [21/Sep/2026:09:58:04 +0700] "POST /xmlrpc.php HTTP/1.1" 200 181 "-" "Mozilla/5.0 (Windows NT 10.0; Win64; x64) AppleWebKit/537.36 (KHTML, like Gecko) Chrome/131.0.0.0 Safari/537.36 Edg/131.0.0.0"
135.136.0.181 - - [21/Sep/2026:09:58:11 +0700] "POST /xmlrpc.php HTTP/1.1" 200 9444 "-" "Mozilla/5.0 (Macintosh; Intel Mac OS X 10_15_7) AppleWebKit/605.1.15 (KHTML, like Gecko) Version/18.3.1 Safari/605.1.15"
135.136.0.181 - - [21/Sep/2026:09:58:13 +0700] "GET /terms-and-conditions-incorporate-while-the-certain-slot-online-game-do-not-be-considered-for-the-kwiff-desired-added-bonus/ HTTP/1.1" 200 59353 "-" "Mozilla/5.0 (Macintosh; Intel Mac OS X 10_15_7) AppleWebKit/537.36 (KHTML, like Gecko) Chrome/146.0.0.0 Safari/537.36"
38.246.33.22 - - [21/Sep/2026:09:58:15 +0700] "POST /xmlrpc.php HTTP/1.1" 200 11579 "-" "Mozilla/5.0 (Windows NT 10.0; Win64; x64) AppleWebKit/537.36 (KHTML, like Gecko) Chrome/132.0.0.0 Safari/537.36"
38.246.33.22 - - [21/Sep/2026:09:58:16 +0700] "GET /for-professionals-exactly-who-prioritize-lead-transparency-next-to-top-quality-gameplay-the-newest-originals-directory-deserves-certain-focus/ HTTP/1.1" 200 61793 "-" "Mozilla/5.0 (Windows NT 10.0; Win64; x64) AppleWebKit/537.36 (KHTML, like Gecko) obsidian/1.8.3 Chrome/130.0.6723.191 Electron/33.3.2 Safari/537.36"
198.252.107.178 - - [21/Sep/2026:09:58:29 +0700] "POST /wp-cron.php?doing_wp_cron=1789959509.1345920562744140625000 HTTP/1.1" 200 - "-" "WordPress/7.1.1; https://veewin24hr.com"
38.246.33.22 - - [21/Sep/2026:09:58:24 +0700] "POST /xmlrpc.php HTTP/1.1" 200 181 "-" "Mozilla/5.0 (X11; Linux x86_64) AppleWebKit/537.36 Chrome/124.0"
38.246.33.22 - - [21/Sep/2026:09:58:35 +0700] "POST /xmlrpc.php HTTP/1.1" 200 11372 "-" "Mozilla/5.0 (Windows NT 10.0; Win64; x64) AppleWebKit/537.36 (KHTML, like Gecko) Chrome/133.0.0.0 Safari/537.36"
38.246.33.22 - - [21/Sep/2026:09:58:37 +0700] "GET /the-latest-local-casino-provides-a-large-dollars-incentive-for-players-who-put-to-your-webpages-using-cryptocurrency/ HTTP/1.1" 200 61125 "-" "Mozilla/5.0 (Macintosh; Intel Mac OS X 10.15; rv:138.0) Gecko/20100101 Firefox/138.0"
198.252.107.178 - - [21/Sep/2026:09:58:49 +0700] "POST /wp-cron.php?doing_wp_cron=1789959529.3680241107940673828125 HTTP/1.1" 200 - "-" "WordPress/7.1.1; https://veewin24hr.com"
38.246.33.22 - - [21/Sep/2026:09:58:44 +0700] "POST /xmlrpc.php HTTP/1.1" 200 181 "-" "Mozilla/5.0 (Windows NT 10.0; Win64; x64) AppleWebKit/537.36 (KHTML, like Gecko) Chrome/120.0.0.0 Safari/537.36"
198.252.107.178 - - [21/Sep/2026:09:58:53 +0700] "POST /wp-cron.php?doing_wp_cron=1789959533.0645558834075927734375 HTTP/1.1" 200 - "-" "WordPress/7.1.1; https://veewin24hr.com"
135.136.0.181 - - [21/Sep/2026:09:58:48 +0700] "POST /xmlrpc.php HTTP/1.1" 200 181 "-" "Mozilla/5.0 (Macintosh; Intel Mac OS X 10_15_7) AppleWebKit/537.36 (KHTML, like Gecko) Chrome/136.0.0.0 Safari/537.36"
38.246.33.22 - - [21/Sep/2026:09:58:55 +0700] "POST /xmlrpc.php HTTP/1.1" 200 8955 "-" "Mozilla/5.0 (Windows NT 10.0; Win64; x64) AppleWebKit/537.36 (KHTML, like Gecko) Chrome/130.0.0.0 Safari/537.36"
38.246.33.22 - - [21/Sep/2026:09:58:56 +0700] "GET /including-once-we-stated-the-new-acceptance-render-we-received-260000-gc-and-55-south-carolina/ HTTP/1.1" 200 58455 "-" "Mozilla/5.0 (Windows NT 10.0; Win64; x64) AppleWebKit/537.36 (KHTML, like Gecko) Chrome/132.0.0.0 Safari/537.36"
135.136.0.181 - - [21/Sep/2026:09:58:58 +0700] "POST /xmlrpc.php HTTP/1.1" 200 10360 "-" "Mozilla/5.0 (Windows NT 10.0; Win64; x64) AppleWebKit/537.36 (KHTML, like Gecko) Chrome/136.0.0.0 Safari/537.36 Edg/136.0.0.0"
135.136.0.181 - - [21/Sep/2026:09:59:00 +0700] "GET /another-element-of-ones-casino-s-the-grosvenor-bar/ HTTP/1.1" 200 59123 "-" "Mozilla/5.0 (X11; Linux x86_64) AppleWebKit/537.36 (KHTML, like Gecko) Chrome/136.0.0.0 Safari/537.36"
198.252.107.178 - - [21/Sep/2026:09:59:10 +0700] "POST /wp-cron.php?doing_wp_cron=1789959550.0608899593353271484375 HTTP/1.1" 200 - "-" "WordPress/7.1.1; https://veewin24hr.com"
38.246.33.22 - - [21/Sep/2026:09:59:05 +0700] "POST /xmlrpc.php HTTP/1.1" 200 181 "-" "Mozilla/5.0 (Macintosh; Intel Mac OS X 10_15_7) AppleWebKit/605.1.15 (KHTML, like Gecko) Version/18.2 Safari/605.1.15"
38.246.33.22 - - [21/Sep/2026:09:59:16 +0700] "POST /xmlrpc.php HTTP/1.1" 200 10659 "-" "Mozilla/5.0 (Macintosh; Intel Mac OS X 10_15_7) AppleWebKit/537.36"
38.246.33.22 - - [21/Sep/2026:09:59:18 +0700] "GET /you-need-it-200-meets-extra-as-much-as-one000-merely-for-the-ports-and-you-will-keno-online-game/ HTTP/1.1" 200 60171 "-" "Mozilla/5.0 (Windows NT 10.0; Win64; x64; rv:138.0) Gecko/20100101 Firefox/138.0"
198.252.107.178 - - [21/Sep/2026:09:59:27 +0700] "POST /wp-cron.php?doing_wp_cron=1789959567.4865250587463378906250 HTTP/1.1" 200 - "-" "WordPress/7.1.1; https://veewin24hr.com"
135.136.0.181 - - [21/Sep/2026:09:59:22 +0700] "POST /xmlrpc.php HTTP/1.1" 200 181 "-" "Mozilla/5.0 (Macintosh; Intel Mac OS X 10_15_7) AppleWebKit/537.36 (KHTML, like Gecko) Chrome/122.0.0.0 Safari/537.36"
198.252.107.178 - - [21/Sep/2026:09:59:31 +0700] "POST /wp-cron.php?doing_wp_cron=1789959571.4841620922088623046875 HTTP/1.1" 200 - "-" "WordPress/7.1.1; https://veewin24hr.com"
38.246.33.22 - - [21/Sep/2026:09:59:26 +0700] "POST /xmlrpc.php HTTP/1.1" 200 181 "-" "Mozilla/5.0 (Windows NT 10.0; Win64; x64) AppleWebKit/537.36 (KHTML, like Gecko) obsidian/1.8.9 Chrome/132.0.6834.210 Electron/34.3.0 Safari/537.36"
135.136.0.181 - - [21/Sep/2026:09:59:33 +0700] "POST /xmlrpc.php HTTP/1.1" 200 10703 "-" "Mozilla/5.0 (Windows NT 10.0; Win64; x64) AppleWebKit/537.36 (KHTML, like Gecko) Chrome/134.0.0.0 Safari/537.36"
135.136.0.181 - - [21/Sep/2026:09:59:35 +0700] "GET /online-casinos-was-accessible-for-british-customers-aged-18-and-you-will-over/ HTTP/1.1" 200 59878 "-" "Mozilla/5.0 (Macintosh; Intel Mac OS X 10_15_7) AppleWebKit/605.1.15 (KHTML, like Gecko) Version/17.4.1 Safari/605.1.15"
38.246.33.22 - - [21/Sep/2026:09:59:37 +0700] "POST /xmlrpc.php HTTP/1.1" 200 9084 "-" "Mozilla/5.0 (Macintosh; Intel Mac OS X 10_15_7) AppleWebKit/537.36 (KHTML, like Gecko) Chrome/145.0.0.0 Safari/537.36 OPR/129.0.0.0"
38.246.33.22 - - [21/Sep/2026:09:59:39 +0700] "GET /a-control-payment-all-the-way-to-40-was-attached-to-every-distributions-using-this-gambling-establishment/ HTTP/1.1" 200 58725 "-" "Mozilla/5.0 (Windows NT 10.0; Win64; x64; rv:128.0) Gecko/20100101 Firefox/128.0"
198.252.107.178 - - [21/Sep/2026:09:59:48 +0700] "POST /wp-cron.php?doing_wp_cron=1789959588.0247368812561035156250 HTTP/1.1" 200 - "-" "WordPress/7.1.1; https://veewin24hr.com"
38.246.33.22 - - [21/Sep/2026:09:59:43 +0700] "POST /xmlrpc.php HTTP/1.1" 200 181 "-" "Mozilla/5.0 (Windows NT 10.0; Win64; x64) AppleWebKit/537.36 (KHTML, like Gecko) Chrome/148.0.0.0 Safari/537.36"
135.136.0.181 - - [21/Sep/2026:09:59:48 +0700] "POST /xmlrpc.php HTTP/1.1" 200 181 "-" "Mozilla/5.0 (Windows NT 10.0; Win64; x64; rv:136.0) Gecko/20100101 Firefox/136.0"
38.246.33.22 - - [21/Sep/2026:09:59:54 +0700] "POST /xmlrpc.php HTTP/1.1" 200 10360 "-" "Mozilla/5.0 (Macintosh; Intel Mac OS X 10_15_7) AppleWebKit/537.36 (KHTML, like Gecko) Chrome/135.0.0.0 Safari/537.36"
38.246.33.22 - - [21/Sep/2026:09:59:56 +0700] "GET /banking-methods-credit-cards-btc-fifteen-altcoins-person2person-financial-import-currency-order-have-a-look-at/ HTTP/1.1" 200 60132 "-" "Mozilla/5.0 (Windows NT 10.0; Win64; x64) AppleWebKit/537.36 (KHTML, like Gecko) Chrome/148.0.0.0 Safari/537.36"
135.136.0.181 - - [21/Sep/2026:09:59:58 +0700] "POST /xmlrpc.php HTTP/1.1" 200 9377 "-" "Mozilla/5.0 (Windows NT 10.0; Win64; x64) AppleWebKit/537.36 (KHTML, like Gecko) obsidian/1.8.3 Chrome/130.0.6723.191 Electron/33.3.2 Safari/537.36"
135.136.0.181 - - [21/Sep/2026:10:00:00 +0700] "GET /welcome-incentives-is-actually-practical-during-the-bank-card-gambling-enterprises-usually-coordinating-your-first-put/ HTTP/1.1" 200 59227 "-" "Mozilla/5.0 (Macintosh; Intel Mac OS X 10_15_7) AppleWebKit/605.1.15 (KHTML, like Gecko) Version/16.6 Safari/605.1.15"
198.252.107.178 - - [21/Sep/2026:10:00:11 +0700] "POST /wp-cron.php?doing_wp_cron=1789959611.3662040233612060546875 HTTP/1.1" 200 - "-" "WordPress/7.1.1; https://veewin24hr.com"
38.246.33.22 - - [21/Sep/2026:10:00:01 +0700] "POST /xmlrpc.php HTTP/1.1" 200 181 "-" "Mozilla/5.0 (Windows NT 10.0; Win64; x64) AppleWebKit/537.36 (KHTML, like Gecko) Chrome/131.0.0.0 Safari/537.36"
162.241.230.122 - - [21/Sep/2026:10:00:11 +0700] "GET /wp-login.php HTTP/1.1" 200 7255 "-" "Mozilla/5.0 (Windows NT 10.0; Win64; x64) AppleWebKit/537.36 (KHTML, like Gecko) Chrome/150.0.0.0 Safari/537.36"
162.241.230.122 - - [21/Sep/2026:10:00:12 +0700] "POST /wp-login.php HTTP/1.1" 200 7680 "https://veewin24hr.com/wp-login.php" "Mozilla/5.0 (Windows NT 10.0; Win64; x64) AppleWebKit/537.36 (KHTML, like Gecko) Chrome/150.0.0.0 Safari/537.36"
162.241.230.122 - - [21/Sep/2026:10:00:13 +0700] "GET /wp-json/wp/v2/users/me HTTP/1.1" 401 96 "-" "Mozilla/5.0 (Windows NT 10.0; Win64; x64) AppleWebKit/537.36 (KHTML, like Gecko) Chrome/150.0.0.0 Safari/537.36"
38.246.33.22 - - [21/Sep/2026:10:00:17 +0700] "POST /xmlrpc.php HTTP/1.1" 200 9450 "-" "Mozilla/5.0 (Windows NT 10.0; Win64; x64) AppleWebKit/537.36 (KHTML, like Gecko) Chrome/124.0 Safari/537.36"
38.246.33.22 - - [21/Sep/2026:10:00:18 +0700] "GET /s-claims-as-a-consequence-of-its-sweepstakes-established-design-that-will-not-include-antique-playing/ HTTP/1.1" 200 59054 "-" "Mozilla/5.0 (Windows NT 10.0; Win64; x64; rv:135.0) Gecko/20100101 Firefox/135.0"
198.252.107.178 - - [21/Sep/2026:10:00:25 +0700] "POST /wp-cron.php?doing_wp_cron=1789959625.7804989814758300781250 HTTP/1.1" 200 - "-" "WordPress/7.1.1; https://veewin24hr.com"
135.136.0.181 - - [21/Sep/2026:10:00:19 +0700] "POST /xmlrpc.php HTTP/1.1" 200 181 "-" "Mozilla/5.0 (Macintosh; Intel Mac OS X 10_15_7) AppleWebKit/537.36"
38.246.33.22 - - [21/Sep/2026:10:00:20 +0700] "POST /xmlrpc.php HTTP/1.1" 200 181 "-" "Mozilla/5.0 (Windows NT 10.0; Win64; x64) AppleWebKit/537.36 (KHTML, like Gecko) Chrome/131.0.0.0 Safari/537.36"
51.79.192.65 - - [21/Sep/2026:10:00:30 +0700] "GET /goldbet-casino-magyarorszag-hivatalos-oldal-2026/ HTTP/1.1" 200 58543 "https://veewin24hr.com/" "Mozilla/5.0 (Macintosh; Intel Mac OS X 10_15_7) AppleWebKit/537.36 (KHTML, like Gecko) Chrome/132.0.0.0 Safari/537.36"
135.136.0.181 - - [21/Sep/2026:10:00:32 +0700] "POST /xmlrpc.php HTTP/1.1" 200 8469 "-" "Mozilla/5.0 (Windows NT 10.0; Win64; x64) AppleWebKit/537.36 (KHTML, like Gecko) Chrome/131.0.0.0 Safari/537.36 Edg/131.0.0.0"
38.246.33.22 - - [21/Sep/2026:10:00:32 +0700] "POST /xmlrpc.php HTTP/1.1" 200 11995 "-" "Mozilla/5.0 (Windows NT 10.0; Win64; x64) AppleWebKit/537.36 (KHTML, like Gecko) Chrome/147.0.0.0 Safari/537.36"
51.79.192.65 - - [21/Sep/2026:10:00:32 +0700] "GET /?p=27652 HTTP/1.1" 301 - "https://veewin24hr.com/goldbet-casino-magyarorszag-hivatalos-oldal-2026/" "Mozilla/5.0 (Macintosh; Intel Mac OS X 10_15_7) AppleWebKit/537.36 (KHTML, like Gecko) Chrome/132.0.0.0 Safari/537.36"
51.79.192.65 - - [21/Sep/2026:10:00:33 +0700] "GET /online-casino-tournaments-uk-2026/ HTTP/1.1" 200 67360 "https://veewin24hr.com/?p=27652" "Mozilla/5.0 (Macintosh; Intel Mac OS X 10_15_7) AppleWebKit/537.36 (KHTML, like Gecko) Chrome/132.0.0.0 Safari/537.36"
135.136.0.181 - - [21/Sep/2026:10:00:33 +0700] "GET /the-united-kingdom-playing-payment-plays-a-vital-role-inside-controlling-on-line-gambling-enterprises-in-britain/ HTTP/1.1" 200 58169 "-" "Mozilla/5.0 (X11; Linux x86_64) AppleWebKit/537.36 (KHTML, like Gecko) Chrome/148.0.0.0 Safari/537.36"
38.246.33.22 - - [21/Sep/2026:10:00:34 +0700] "GET /meanwhile-live-talk-agencies-can-also-be-found-and-you-may-efforts-at-a-high-top/ HTTP/1.1" 200 61191 "-" "Mozilla/5.0 (Windows NT 10.0; Win64; x64) AppleWebKit/537.36 (KHTML, like Gecko) Chrome/131.0.0.0 Safari/537.36 Edg/131.0.0.0"
198.252.107.178 - - [21/Sep/2026:10:00:43 +0700] "POST /wp-cron.php?doing_wp_cron=1789959643.9498178958892822265625 HTTP/1.1" 200 - "-" "WordPress/7.1.1; https://veewin24hr.com"
38.246.33.22 - - [21/Sep/2026:10:00:39 +0700] "POST /xmlrpc.php HTTP/1.1" 200 181 "-" "Mozilla/5.0 (Windows NT 10.0; Win64; x64) AppleWebKit/537.36 (KHTML, like Gecko) Chrome/109.0.0.0 Safari/537.36"
135.136.0.181 - - [21/Sep/2026:10:00:44 +0700] "POST /xmlrpc.php HTTP/1.1" 200 181 "-" "Mozilla/5.0 (X11; Linux x86_64) AppleWebKit/537.36 (KHTML, like Gecko) Chrome/133.0.0.0 Safari/537.36"
198.252.107.178 - - [21/Sep/2026:10:00:50 +0700] "POST /wp-cron.php?doing_wp_cron=1789959650.4386889934539794921875 HTTP/1.1" 200 - "-" "WordPress/7.1.1; https://veewin24hr.com"
38.246.33.22 - - [21/Sep/2026:10:00:49 +0700] "POST /xmlrpc.php HTTP/1.1" 200 12239 "-" "Mozilla/5.0 (X11; Linux x86_64) AppleWebKit/537.36 (KHTML, like Gecko) Chrome/124.0.0.0 Safari/537.36"
38.246.33.22 - - [21/Sep/2026:10:00:51 +0700] "GET /these-are-never-listed-on-the-site-consider-our-very-own-current-added-bonus-listings/ HTTP/1.1" 200 61504 "-" "Mozilla/5.0 (Macintosh; Intel Mac OS X 10_15_7) AppleWebKit/605.1.15 (KHTML, like Gecko) Version/18.1 Safari/605.1.15"
135.136.0.181 - - [21/Sep/2026:10:00:54 +0700] "POST /xmlrpc.php HTTP/1.1" 200 8207 "-" "Mozilla/5.0 (Windows NT 10.0; Win64; x64) AppleWebKit/537.36 (KHTML, like Gecko) Chrome/126.0.0.0 Safari/537.36"
135.136.0.181 - - [21/Sep/2026:10:00:56 +0700] "GET /wr-10x-100-free-spin-earnings-merely-harbors-amount-contained-in-this-thirty-day-period/ HTTP/1.1" 200 57577 "-" "Mozilla/5.0 (X11; Ubuntu; Linux x86_64; rv:138.0) Gecko/20100101 Firefox/138.0"
198.252.107.178 - - [21/Sep/2026:10:01:02 +0700] "POST /wp-cron.php?doing_wp_cron=1789959662.6710710525512695312500 HTTP/1.1" 200 - "-" "WordPress/7.1.1; https://veewin24hr.com"
38.246.33.22 - - [21/Sep/2026:10:00:58 +0700] "POST /xmlrpc.php HTTP/1.1" 200 181 "-" "Mozilla/5.0 (Windows NT 10.0; Win64; x64) AppleWebKit/537.36 (KHTML, like Gecko) Chrome/147.0.0.0 Safari/537.36"
198.252.107.178 - - [21/Sep/2026:10:01:10 +0700] "POST /wp-cron.php?doing_wp_cron=1789959670.1165139675140380859375 HTTP/1.1" 200 - "-" "WordPress/7.1.1; https://veewin24hr.com"
135.136.0.181 - - [21/Sep/2026:10:01:05 +0700] "POST /xmlrpc.php HTTP/1.1" 200 181 "-" "Mozilla/5.0 (Windows NT 10.0; Win64; x64; rv:151.0) Gecko/20100101 Firefox/151.0"
38.246.33.22 - - [21/Sep/2026:10:01:09 +0700] "POST /xmlrpc.php HTTP/1.1" 200 10727 "-" "Mozilla/5.0 (Macintosh; Intel Mac OS X 10_15_7) AppleWebKit/537.36 (KHTML, like Gecko) obsidian/1.6.5 Chrome/124.0.6367.243 Electron/30.1.2 Safari/537.36"
38.246.33.22 - - [21/Sep/2026:10:01:10 +0700] "GET /speak-about-online-casinos-that-provide-real-money-no-deposit-incentives-for-the-new-members/ HTTP/1.1" 200 60080 "-" "Mozilla/5.0 (Macintosh; Intel Mac OS X 10_15_7) AppleWebKit/537.36 (KHTML, like Gecko) Chrome/148.0.0.0 Safari/537.36"
135.136.0.181 - - [21/Sep/2026:10:01:16 +0700] "POST /xmlrpc.php HTTP/1.1" 200 10025 "-" "Mozilla/5.0 (Windows NT 10.0; Win64; x64) AppleWebKit/537.36 (KHTML, like Gecko) Chrome/129.0.0.0 Safari/537.36"
135.136.0.181 - - [21/Sep/2026:10:01:17 +0700] "GET /always-use-ukgc-authorized-casinos-to-make-certain-their-winnings-continue-to-be-income-tax-totally-free-and-avoid-possible-issue/ HTTP/1.1" 200 60066 "-" "Mozilla/5.0 (Windows NT 10.0; Win64; x64) AppleWebKit/537.36 (KHTML, like Gecko) Chrome/135.0.0.0 Safari/537.36"
198.252.107.178 - - [21/Sep/2026:10:01:20 +0700] "POST /wp-cron.php?doing_wp_cron=1789959680.7172870635986328125000 HTTP/1.1" 200 - "-" "WordPress/7.1.1; https://veewin24hr.com"
38.246.33.22 - - [21/Sep/2026:10:01:15 +0700] "POST /xmlrpc.php HTTP/1.1" 200 181 "-" "Mozilla/5.0 (Windows NT 10.0; Win64; x64) AppleWebKit/537.36 (KHTML, like Gecko) Chrome/91.0.4472.124 Safari/537.36"
38.246.33.22 - - [21/Sep/2026:10:01:27 +0700] "POST /xmlrpc.php HTTP/1.1" 200 9780 "-" "Mozilla/5.0 (Windows NT 10.0; Win64; x64; rv:150.0) Gecko/20100101 Firefox/150.0"
38.246.33.22 - - [21/Sep/2026:10:01:29 +0700] "GET /get-a-good-5-bucks-increase-which-have-an-effective-10x-rollover-in-your-very-first-cryptocurrency-deposit/ HTTP/1.1" 200 59444 "-" "Mozilla/5.0 (Macintosh; Intel Mac OS X 10_15_7) AppleWebKit/537.36 (KHTML, like Gecko) Chrome/136.0.0.0 Safari/537.36 Edg/136.0.0.0"
198.252.107.178 - - [21/Sep/2026:10:01:34 +0700] "POST /wp-cron.php?doing_wp_cron=1789959694.5827479362487792968750 HTTP/1.1" 200 - "-" "WordPress/7.1.1; https://veewin24hr.com"
135.136.0.181 - - [21/Sep/2026:10:01:29 +0700] "POST /xmlrpc.php HTTP/1.1" 200 181 "-" "Mozilla/5.0 (Macintosh; Intel Mac OS X 10_15_7) AppleWebKit/537.36 (KHTML, like Gecko) Chrome/116.0.0.0 Safari/537.36"
135.136.0.181 - - [21/Sep/2026:10:01:40 +0700] "POST /xmlrpc.php HTTP/1.1" 200 11187 "-" "Mozilla/5.0 (Macintosh; Intel Mac OS X 10_15_7) AppleWebKit/537.36 (KHTML, like Gecko) Chrome/131.0.0.0 Safari/537.36"
38.246.33.22 - - [21/Sep/2026:10:01:34 +0700] "POST /xmlrpc.php HTTP/1.1" 200 181 "-" "Mozilla/5.0 (Windows NT 10.0; Win64; x64) AppleWebKit/537.36 (KHTML, like Gecko) Chrome/132.0.0.0 Safari/537.36 OPR/117.0.0.0"
135.136.0.181 - - [21/Sep/2026:10:01:42 +0700] "GET /we-play-video-game-to-the-individuals-phones-and-you-can-computers-because-the-element-of-our-comment-processes/ HTTP/1.1" 200 60877 "-" "Mozilla/5.0 (Macintosh; Intel Mac OS X 10_15_7) AppleWebKit/537.36 (KHTML, like Gecko) Chrome/130.0.0.0 Safari/537.36"
38.246.33.22 - - [21/Sep/2026:10:01:47 +0700] "POST /xmlrpc.php HTTP/1.1" 200 10177 "-" "Mozilla/5.0 (Windows NT 10.0; Win64; x64) AppleWebKit/537.36 (KHTML, like Gecko) Chrome/147.0.0.0 Safari/537.36"
38.246.33.22 - - [21/Sep/2026:10:01:48 +0700] "GET /per-brand-i-remark-is-often-by-hand-co-confirmed-by-an-on-line-gaming-pro/ HTTP/1.1" 200 59261 "-" "Mozilla/5.0 (Macintosh; Intel Mac OS X 10_15_7) AppleWebKit/605.1.15 (KHTML, like Gecko) Version/18.5 Safari/605.1.15"
198.252.107.178 - - [21/Sep/2026:10:01:54 +0700] "POST /wp-cron.php?doing_wp_cron=1789959714.3071799278259277343750 HTTP/1.1" 200 - "-" "WordPress/7.1.1; https://veewin24hr.com"
135.136.0.181 - - [21/Sep/2026:10:01:47 +0700] "POST /xmlrpc.php HTTP/1.1" 200 181 "-" "Mozilla/5.0 (Windows NT 10.0; Win64; x64) AppleWebKit/537.36 (KHTML, like Gecko) obsidian/1.8.3 Chrome/130.0.6723.191 Electron/33.3.2 Safari/537.36"
198.252.107.178 - - [21/Sep/2026:10:01:56 +0700] "POST /wp-cron.php?doing_wp_cron=1789959716.6658918857574462890625 HTTP/1.1" 200 - "-" "WordPress/7.1.1; https://veewin24hr.com"
38.246.33.22 - - [21/Sep/2026:10:01:49 +0700] "POST /xmlrpc.php HTTP/1.1" 200 181 "-" "Mozilla/5.0 (Windows NT 10.0; Win64; x64) AppleWebKit/537.36 (KHTML, like Gecko) Chrome/126.0.0.0 Safari/537.36"
135.136.0.181 - - [21/Sep/2026:10:02:00 +0700] "POST /xmlrpc.php HTTP/1.1" 200 9879 "-" "Mozilla/5.0 (X11; Linux x86_64) AppleWebKit/537.36 (KHTML, like Gecko) Chrome/135.0.0.0 Safari/537.36"
135.136.0.181 - - [21/Sep/2026:10:02:01 +0700] "GET /after-youve-think-it-is-find-the-charge-card-percentage-alternative/ HTTP/1.1" 200 58855 "-" "Mozilla/5.0 (Windows NT 10.0; Win64; x64) AppleWebKit/537.36 (KHTML, like Gecko) Chrome/117.0.5938.132 Safari/537.36"
38.246.33.22 - - [21/Sep/2026:10:02:03 +0700] "POST /xmlrpc.php HTTP/1.1" 200 9755 "-" "Mozilla/5.0 (X11; Linux x86_64) AppleWebKit/537.36 (KHTML, like Gecko) Chrome/135.0.0.0 Safari/537.36"
38.246.33.22 - - [21/Sep/2026:10:02:04 +0700] "GET /in-the-long-run-in-the-event-your-chosen-profile-wins-the-fight-it-does-end-in-their-trace-function/ HTTP/1.1" 200 59292 "-" "Mozilla/5.0 (Windows NT 10.0; Win64; x64; rv:135.0) Gecko/20100101 Firefox/135.0"
198.252.107.178 - - [21/Sep/2026:10:02:13 +0700] "POST /wp-cron.php?doing_wp_cron=1789959733.3225519657135009765625 HTTP/1.1" 200 - "-" "WordPress/7.1.1; https://veewin24hr.com"
135.136.0.181 - - [21/Sep/2026:10:02:07 +0700] "POST /xmlrpc.php HTTP/1.1" 200 181 "-" "Mozilla/5.0 (Windows NT 10.0; Win64; x64) AppleWebKit/537.36 (KHTML, like Gecko) Chrome/126.0.0.0 Safari/537.36"
38.246.33.22 - - [21/Sep/2026:10:02:06 +0700] "POST /xmlrpc.php HTTP/1.1" 200 181 "-" "Mozilla/5.0 (Windows NT 10.0; Win64; x64) AppleWebKit/537.36 (KHTML, like Gecko) Chrome/137.0.0.0 Safari/537.36"
135.136.0.181 - - [21/Sep/2026:10:02:19 +0700] "POST /xmlrpc.php HTTP/1.1" 200 11508 "-" "Mozilla/5.0 (Macintosh; Intel Mac OS X 10_15_7) AppleWebKit/537.36 (KHTML, like Gecko) Chrome/129.0.0.0 Safari/537.36"
38.246.33.22 - - [21/Sep/2026:10:02:19 +0700] "POST /xmlrpc.php HTTP/1.1" 200 11637 "-" "Mozilla/5.0 (Windows NT 10.0; Win64; x64) AppleWebKit/537.36 (KHTML, like Gecko) Chrome/135.0.0.0 Safari/537.36 Edg/135.0.0.0"
