38.246.32.227 - - [21/Sep/2026:04:12:39 +0700] "GET /unabhangige-prufinstitute-probieren-die-zufallsgenerator-softwareanwendungen-vorgeschrieben-weiters-bestatigen-die-zusage-fairer-auszahlungsquoten/ HTTP/1.1" 200 60754 "-" "Mozilla/5.0 (Windows NT 10.0; Win64; x64) AppleWebKit/537.36 (KHTML, like Gecko) Chrome/132.0.0.0 Safari/537.36 OPR/117.0.0.0"
36.106.167.215 - - [21/Sep/2026:04:12:39 +0700] "GET / HTTP/1.1" 200 80256 "-" "Mozilla/5.0 (Windows NT 10.0; Win64; x64) Chrome/120.0.0.0"
36.106.167.215 - - [21/Sep/2026:04:12:43 +0700] "GET /wp-content/uploads/2023/02/1677572030-814390417fe413b.png HTTP/1.1" 301 - "-" "Mozilla/5.0 (Windows NT 10.0; Win64; x64) Chrome/120.0.0.0"
153.0.250.111 - - [21/Sep/2026:04:12:45 +0700] "GET /wp-content/uploads/2020/10/official-logo-512x512.png HTTP/1.1" 301 - "-" "Mozilla/5.0 (Windows NT 10.0; Win64; x64) Chrome/120.0.0.0"
59.50.186.13 - - [21/Sep/2026:04:12:39 +0700] "GET /wp-content/uploads/2020/10/official-logo-512x512.png HTTP/1.1" 301 - "-" "Mozilla/5.0 (Windows NT 10.0; Win64; x64) Chrome/120.0.0.0"
153.0.250.182 - - [21/Sep/2026:04:12:55 +0700] "GET /icons/favicon.ico HTTP/1.1" 301 - "-" "Mozilla/5.0 (Windows NT 10.0; Win64; x64) Chrome/120.0.0.0"
153.0.250.182 - - [21/Sep/2026:04:12:58 +0700] "GET / HTTP/1.1" 200 80256 "-" "Mozilla/5.0 (Windows NT 10.0; Win64; x64) Chrome/120.0.0.0"
121.29.149.179 - - [21/Sep/2026:04:12:49 +0700] "GET /wp-content/uploads/2023/02/1677572030-814390417fe413b.png HTTP/1.1" 301 - "-" "Mozilla/5.0 (Windows NT 10.0; Win64; x64) Chrome/120.0.0.0"
121.29.149.181 - - [21/Sep/2026:04:12:50 +0700] "GET /favicon.ico HTTP/1.1" 302 - "-" "Mozilla/5.0 (Windows NT 10.0; Win64; x64) Chrome/120.0.0.0"
198.252.107.178 - - [21/Sep/2026:04:13:07 +0700] "POST /wp-cron.php?doing_wp_cron=1789938787.7252759933471679687500 HTTP/1.1" 200 - "-" "WordPress/7.1.1; https://veewin24hr.com"
217.199.231.2 - - [21/Sep/2026:04:12:39 +0700] "POST /xmlrpc.php HTTP/1.1" 200 181 "-" "Mozilla/5.0 (Windows NT 10.0; Win64; x64) AppleWebKit/537.36 (KHTML, like Gecko) Chrome/119.0.0.0 Safari/537.36"
153.0.250.13 - - [21/Sep/2026:04:13:04 +0700] "GET /favicon.ico HTTP/1.1" 302 - "-" "Mozilla/5.0 (Windows NT 10.0; Win64; x64) Chrome/120.0.0.0"
153.0.250.182 - - [21/Sep/2026:04:13:02 +0700] "GET /wp-content/uploads/2023/08/logo-gold.png HTTP/1.1" 301 - "-" "Mozilla/5.0 (Windows NT 10.0; Win64; x64) Chrome/120.0.0.0"
175.30.48.187 - - [21/Sep/2026:04:13:10 +0700] "GET /favicon-32x32.png?v=e0e3ed8f59d769b053c145391db63c0d HTTP/1.1" 301 - "-" "Mozilla/5.0 (Windows NT 10.0; Win64; x64) Chrome/120.0.0.0"
121.29.85.102 - - [21/Sep/2026:04:13:18 +0700] "GET /favicon-32x32.png?v=e0e3ed8f59d769b053c145391db63c0d HTTP/1.1" 301 - "-" "Mozilla/5.0 (Windows NT 10.0; Win64; x64) Chrome/120.0.0.0"
175.30.48.187 - - [21/Sep/2026:04:13:10 +0700] "GET /wp-content/uploads/2023/08/logo-gold.png HTTP/1.1" 301 - "-" "Mozilla/5.0 (Windows NT 10.0; Win64; x64) Chrome/120.0.0.0"
198.252.107.178 - - [21/Sep/2026:04:13:24 +0700] "POST /wp-cron.php?doing_wp_cron=1789938804.0422580242156982421875 HTTP/1.1" 200 - "-" "WordPress/7.1.1; https://veewin24hr.com"
38.246.33.22 - - [21/Sep/2026:04:12:52 +0700] "POST /xmlrpc.php HTTP/1.1" 200 181 "-" "Mozilla/5.0 (Macintosh; Intel Mac OS X 10_15_7) AppleWebKit/537.36 (KHTML, like Gecko) Chrome/122.0.0.0 Safari/537.36"
123.178.210.125 - - [21/Sep/2026:04:13:24 +0700] "GET / HTTP/1.1" 200 80256 "-" "Mozilla/5.0 (Windows NT 10.0; Win64; x64) Chrome/120.0.0.0"
121.29.85.102 - - [21/Sep/2026:04:13:18 +0700] "GET / HTTP/1.1" 200 80256 "-" "Mozilla/5.0 (Windows NT 10.0; Win64; x64) Chrome/120.0.0.0"
123.245.84.207 - - [21/Sep/2026:04:13:30 +0700] "GET /assets/GanjingAbout-Cb73sJYd.js HTTP/1.1" 301 - "-" "Mozilla/5.0 (Windows NT 10.0; Win64; x64) Chrome/120.0.0.0"
38.246.33.22 - - [21/Sep/2026:04:13:30 +0700] "POST /xmlrpc.php HTTP/1.1" 200 9922 "-" "Mozilla/5.0 (X11; Ubuntu; Linux x86_64; rv:137.0) Gecko/20100101 Firefox/137.0"
123.233.233.232 - - [21/Sep/2026:04:13:27 +0700] "GET / HTTP/1.1" 200 80256 "-" "Mozilla/5.0 (Windows NT 10.0; Win64; x64) Chrome/120.0.0.0"
198.252.107.178 - - [21/Sep/2026:04:13:34 +0700] "POST /wp-cron.php?doing_wp_cron=1789938814.1991710662841796875000 HTTP/1.1" 200 - "-" "WordPress/7.1.1; https://veewin24hr.com"
121.29.85.102 - - [21/Sep/2026:04:13:21 +0700] "GET / HTTP/1.1" 200 80256 "-" "Mozilla/5.0 (Windows NT 10.0; Win64; x64) Chrome/120.0.0.0"
123.245.84.207 - - [21/Sep/2026:04:13:33 +0700] "GET / HTTP/1.1" 200 80256 "-" "Mozilla/5.0 (Windows NT 10.0; Win64; x64) Chrome/120.0.0.0"
38.246.33.22 - - [21/Sep/2026:04:13:35 +0700] "GET /viele-gamer-fragen-gegenseitig-weswegen-diese-auf-gar-keinen-fall-via-just-one-%EF%BF%BD-inoffizieller-mitarbeiter-echtgeld-casino-anschmeien-vermogen/ HTTP/1.1" 200 60326 "-" "Mozilla/5.0 (Macintosh; Intel Mac OS X 10_15_7) AppleWebKit/537.36 (KHTML, like Gecko) Chrome/134.0.0.0 Safari/537.36"
111.162.157.112 - - [21/Sep/2026:04:13:40 +0700] "GET / HTTP/1.1" 200 80256 "-" "Mozilla/5.0 (Windows NT 10.0; Win64; x64) Chrome/120.0.0.0"
111.162.157.112 - - [21/Sep/2026:04:13:43 +0700] "GET / HTTP/1.1" 200 80256 "-" "Mozilla/5.0 (Windows NT 10.0; Win64; x64) Chrome/120.0.0.0"
125.84.250.127 - - [21/Sep/2026:04:13:53 +0700] "GET / HTTP/1.1" 200 80256 "-" "Mozilla/5.0 (Windows NT 10.0; Win64; x64) Chrome/120.0.0.0"
104.248.25.191 - - [21/Sep/2026:04:13:31 +0700] "POST /xmlrpc.php HTTP/1.1" 200 181 "-" "Mozilla/5.0 (Windows NT 10.0; Win64; x64) AppleWebKit/537.36 (KHTML, like Gecko) Chrome/145.0.0.0 Safari/537.36"
125.84.250.127 - - [21/Sep/2026:04:14:00 +0700] "GET / HTTP/1.1" 200 80256 "-" "Mozilla/5.0 (Windows NT 10.0; Win64; x64) Chrome/120.0.0.0"
104.248.25.191 - - [21/Sep/2026:04:14:02 +0700] "POST /xmlrpc.php HTTP/1.1" 200 9183 "-" "Mozilla/5.0 (X11; Linux x86_64) AppleWebKit/537.36 Chrome/124.0"
125.84.250.127 - - [21/Sep/2026:04:14:06 +0700] "GET / HTTP/1.1" 200 80256 "-" "Mozilla/5.0 (Windows NT 10.0; Win64; x64) Chrome/120.0.0.0"
104.248.25.191 - - [21/Sep/2026:04:14:06 +0700] "GET /blackjack-varianten-entsprechend-pontoon-trifft-man-auf-within-spielbanken-bloderweise-nicht-die-bohne/ HTTP/1.1" 200 58933 "-" "Mozilla/5.0 (X11; Linux x86_64) AppleWebKit/537.36 (KHTML, like Gecko) Chrome/148.0.0.0 Safari/537.36"
182.242.168.157 - - [21/Sep/2026:04:14:11 +0700] "GET / HTTP/1.1" 200 80256 "-" "Mozilla/5.0 (Windows NT 10.0; Win64; x64) Chrome/120.0.0.0"
125.84.250.127 - - [21/Sep/2026:04:14:13 +0700] "GET / HTTP/1.1" 200 80256 "-" "Mozilla/5.0 (Windows NT 10.0; Win64; x64) Chrome/120.0.0.0"
153.0.250.90 - - [21/Sep/2026:04:14:18 +0700] "GET / HTTP/1.1" 200 80256 "-" "Mozilla/5.0 (Windows NT 10.0; Win64; x64) Chrome/120.0.0.0"
38.246.32.227 - - [21/Sep/2026:04:13:59 +0700] "POST /xmlrpc.php HTTP/1.1" 200 181 "-" "Mozilla/5.0 (Windows NT 10.0; Win64; x64; rv:136.0) Gecko/20100101 Firefox/136.0"
153.0.250.227 - - [21/Sep/2026:04:14:24 +0700] "GET / HTTP/1.1" 200 80256 "-" "Mozilla/5.0 (Windows NT 10.0; Win64; x64) Chrome/120.0.0.0"
38.246.33.22 - - [21/Sep/2026:04:14:11 +0700] "POST /xmlrpc.php HTTP/1.1" 200 181 "-" "Mozilla/5.0 (X11; Linux x86_64) AppleWebKit/537.36 (KHTML, like Gecko) Chrome/130.0.0.0 Safari/537.36"
121.29.84.95 - - [21/Sep/2026:04:14:16 +0700] "GET / HTTP/1.1" 200 80256 "-" "Mozilla/5.0 (Windows NT 10.0; Win64; x64) Chrome/120.0.0.0"
153.0.250.227 - - [21/Sep/2026:04:14:29 +0700] "GET / HTTP/1.1" 200 80256 "-" "Mozilla/5.0 (Windows NT 10.0; Win64; x64) Chrome/120.0.0.0"
38.246.32.227 - - [21/Sep/2026:04:14:30 +0700] "POST /xmlrpc.php HTTP/1.1" 200 13394 "-" "Mozilla/5.0 (Macintosh; Intel Mac OS X 10_15_7) AppleWebKit/537.36 (KHTML, like Gecko) Chrome/147.0.0.0 Safari/537.36"
198.252.107.178 - - [21/Sep/2026:04:14:37 +0700] "POST /wp-cron.php?doing_wp_cron=1789938876.8108251094818115234375 HTTP/1.1" 200 - "-" "WordPress/7.1.1; https://veewin24hr.com"
198.252.107.178 - - [21/Sep/2026:04:14:37 +0700] "POST /wp-cron.php?doing_wp_cron=1789938877.0047149658203125000000 HTTP/1.1" 200 - "-" "WordPress/7.1.1; https://veewin24hr.com"
38.246.32.227 - - [21/Sep/2026:04:14:32 +0700] "GET /hinten-diesseitigen-sicheren-zahlungsmethoden-gebuhren-paypal-unser-eulersche-zahl-money-skrill-und-kreditkarten-th-thc-mastercard/ HTTP/1.1" 200 63524 "-" "Mozilla/5.0 (Macintosh; Intel Mac OS X 10_15_7) AppleWebKit/537.36"
153.0.250.227 - - [21/Sep/2026:04:14:34 +0700] "GET / HTTP/1.1" 200 80256 "-" "Mozilla/5.0 (Windows NT 10.0; Win64; x64) Chrome/120.0.0.0"
38.246.33.22 - - [21/Sep/2026:04:14:37 +0700] "POST /xmlrpc.php HTTP/1.1" 200 9950 "-" "Mozilla/5.0 (Windows NT 10.0; Win64; x64) AppleWebKit/537.36 (KHTML, like Gecko) Chrome/109.0.0.0 Safari/537.36"
153.0.250.227 - - [21/Sep/2026:04:14:40 +0700] "GET / HTTP/1.1" 200 80256 "-" "Mozilla/5.0 (Windows NT 10.0; Win64; x64) Chrome/120.0.0.0"
38.246.33.22 - - [21/Sep/2026:04:14:40 +0700] "GET /achte-besonders-unter-wochentliche-ferner-tagliche-auszahlungsrhythmen-%EF%BF%BD-fur-haufiger-umso-von-hoher-kunstfertigkeit-fur-dein-spielbudget/ HTTP/1.1" 200 60272 "-" "Mozilla/5.0 (Macintosh; Intel Mac OS X 10_15_7) AppleWebKit/537.36 (KHTML, like Gecko) Chrome/135.0.0.0 Safari/537.36 Edg/135.0.0.0"
153.0.250.227 - - [21/Sep/2026:04:14:44 +0700] "GET / HTTP/1.1" 200 80256 "-" "Mozilla/5.0 (Windows NT 10.0; Win64; x64) Chrome/120.0.0.0"
1.24.16.142 - - [21/Sep/2026:04:14:46 +0700] "GET / HTTP/1.1" 200 80256 "-" "Mozilla/5.0 (Windows NT 10.0; Win64; x64) Chrome/120.0.0.0"
104.248.25.191 - - [21/Sep/2026:04:14:48 +0700] "POST /xmlrpc.php HTTP/1.1" 200 181 "-" "Mozilla/5.0 (Windows NT 10.0; Win64; x64) AppleWebKit/537.36 (KHTML, like Gecko) Chrome/136.0.0.0 Safari/537.36"
104.248.25.191 - - [21/Sep/2026:04:15:11 +0700] "POST /xmlrpc.php HTTP/1.1" 200 10335 "-" "Mozilla/5.0 (X11; Linux x86_64) AppleWebKit/537.36 (KHTML, like Gecko) Chrome/132.0.0.0 Safari/537.36"
207.46.13.153 - - [21/Sep/2026:04:15:13 +0700] "GET /bitstarz-brand-new-class-constitutes-personal-game-which-happen-to-be-created-by-the-development-cluster-out-of-bitstarz/ HTTP/1.1" 200 59194 "-" "Mozilla/5.0 AppleWebKit/537.36 (KHTML, like Gecko; compatible; bingbot/2.0; +http://www.bing.com/bingbot.htm) Chrome/116.0.1938.76 Safari/537.36"
220.202.112.206 - - [21/Sep/2026:04:15:13 +0700] "GET / HTTP/1.1" 200 80256 "-" "Mozilla/5.0 (Windows NT 10.0; Win64; x64) Chrome/120.0.0.0"
104.248.25.191 - - [21/Sep/2026:04:15:15 +0700] "GET /der-nachstgelegene-flughafen-je-den-innereuropaischen-pimpern-liegt-in-german-capital/ HTTP/1.1" 200 59756 "-" "Mozilla/5.0 (Windows NT 10.0; Win64; x64) AppleWebKit/537.36 (KHTML, like Gecko) obsidian/1.8.9 Chrome/132.0.6834.210 Electron/34.3.0 Safari/537.36"
220.202.112.206 - - [21/Sep/2026:04:15:19 +0700] "GET / HTTP/1.1" 200 80256 "-" "Mozilla/5.0 (Windows NT 10.0; Win64; x64) Chrome/120.0.0.0"
220.202.112.206 - - [21/Sep/2026:04:15:23 +0700] "GET / HTTP/1.1" 200 80256 "-" "Mozilla/5.0 (Windows NT 10.0; Win64; x64) Chrome/120.0.0.0"
38.246.33.22 - - [21/Sep/2026:04:15:17 +0700] "POST /xmlrpc.php HTTP/1.1" 200 181 "-" "Mozilla/5.0 (Windows NT 10.0; Win64; x64) AppleWebKit/537.36 (KHTML, like Gecko) Chrome/145.0.0.0 Safari/537.36"
38.246.33.22 - - [21/Sep/2026:04:15:34 +0700] "POST /xmlrpc.php HTTP/1.1" 200 9283 "-" "Mozilla/5.0 (Windows NT 10.0; Win64; x64) AppleWebKit/537.36 (KHTML, like Gecko) Chrome/137.0.0.0 Safari/537.36"
38.246.33.22 - - [21/Sep/2026:04:15:37 +0700] "GET /wir-aufstobern-probieren-einstufen-nachfolgende-erfolgreichsten-casinos-das-gewerbe/ HTTP/1.1" 200 58685 "-" "Mozilla/5.0 (Macintosh; Intel Mac OS X 10_15_7) AppleWebKit/537.36 (KHTML, like Gecko) obsidian/1.6.5 Chrome/124.0.6367.243 Electron/30.1.2 Safari/537.36"
198.252.107.178 - - [21/Sep/2026:04:15:39 +0700] "POST /wp-cron.php?doing_wp_cron=1789938939.6607310771942138671875 HTTP/1.1" 200 - "-" "WordPress/7.1.1; https://veewin24hr.com"
220.202.112.206 - - [21/Sep/2026:04:15:39 +0700] "GET / HTTP/1.1" 200 80256 "-" "Mozilla/5.0 (Windows NT 10.0; Win64; x64) Chrome/120.0.0.0"
198.252.107.178 - - [21/Sep/2026:04:15:41 +0700] "POST /wp-cron.php?doing_wp_cron=1789938941.1716089248657226562500 HTTP/1.1" 200 - "-" "WordPress/7.1.1; https://veewin24hr.com"
38.246.32.227 - - [21/Sep/2026:04:15:30 +0700] "POST /xmlrpc.php HTTP/1.1" 200 181 "-" "Mozilla/5.0 (Windows NT 10.0; Win64; x64) AppleWebKit/537.36 (KHTML, like Gecko) Chrome/148.0.0.0 Safari/537.36"
38.246.32.227 - - [21/Sep/2026:04:15:47 +0700] "POST /xmlrpc.php HTTP/1.1" 200 11510 "-" "Mozilla/5.0 (Windows NT 10.0; Win64; x64) AppleWebKit/537.36 (KHTML, like Gecko) Chrome/137.0.0.0 Safari/537.36"
38.246.32.227 - - [21/Sep/2026:04:15:49 +0700] "GET /welche-sind-doch-ein-paar-unterschiede-sehen-sowie-welche-sich-selbige-traktandum-line-roulette-spiele-bzw-anschauen/ HTTP/1.1" 200 61337 "-" "Mozilla/5.0 (X11; Linux x86_64) AppleWebKit/537.36 (KHTML, like Gecko) Chrome/134.0.0.0 Safari/537.36"
17.166.237.131 - - [21/Sep/2026:04:16:09 +0700] "GET /online-bingo-uk-2026/2 HTTP/1.1" 301 - "-" "Mozilla/5.0 (Macintosh; Intel Mac OS X 10_15_7) AppleWebKit/605.1.15 (KHTML, like Gecko) Version/17.4 Safari/605.1.15 (Applebot/0.1; +http://www.apple.com/go/applebot)"
17.166.237.131 - - [21/Sep/2026:04:16:11 +0700] "GET / HTTP/1.1" 200 80256 "-" "Mozilla/5.0 (Macintosh; Intel Mac OS X 10_15_7) AppleWebKit/605.1.15 (KHTML, like Gecko) Version/17.4 Safari/605.1.15 (Applebot/0.1; +http://www.apple.com/go/applebot)"
104.248.25.191 - - [21/Sep/2026:04:16:09 +0700] "POST /xmlrpc.php HTTP/1.1" 200 181 "-" "Mozilla/5.0 (Macintosh; Intel Mac OS X 10_15_7) AppleWebKit/537.36 (KHTML, like Gecko) Chrome/147.0.0.0 Safari/537.36"
104.248.25.191 - - [21/Sep/2026:04:16:35 +0700] "POST /xmlrpc.php HTTP/1.1" 200 10826 "-" "Mozilla/5.0 (Macintosh; Intel Mac OS X 10_15_7) AppleWebKit/605.1.15 (KHTML, like Gecko) Version/17.4.1 Safari/605.1.15"
64.225.105.238 - - [21/Sep/2026:04:16:23 +0700] "POST /xmlrpc.php HTTP/1.1" 200 181 "-" "Mozilla/5.0 (Macintosh; Intel Mac OS X 10_15_7) AppleWebKit/537.36 (KHTML, like Gecko) Chrome/132.0.0.0 Safari/537.36"
38.246.33.22 - - [21/Sep/2026:04:16:26 +0700] "POST /xmlrpc.php HTTP/1.1" 200 181 "-" "Mozilla/5.0 (Macintosh; Intel Mac OS X 10.15; rv:150.0) Gecko/20100101 Firefox/150.0"
104.248.25.191 - - [21/Sep/2026:04:16:38 +0700] "GET /spieler-aufgebraucht-einem-ausland-aufspuren-nach-unseren-sonderseiten-legale-erreichbar-casinos-within-ein-eidgenossenschaft/ HTTP/1.1" 200 60875 "-" "Mozilla/5.0 (Macintosh; Intel Mac OS X 10.15; rv:137.0) Gecko/20100101 Firefox/137.0"
64.225.105.238 - - [21/Sep/2026:04:16:47 +0700] "POST /xmlrpc.php HTTP/1.1" 200 10116 "-" "Mozilla/5.0 (Macintosh; Intel Mac OS X 10_15_7) AppleWebKit/537.36 (KHTML, like Gecko) Chrome/122.0.0.0 Safari/537.36"
38.246.33.22 - - [21/Sep/2026:04:16:47 +0700] "POST /xmlrpc.php HTTP/1.1" 200 11224 "-" "Mozilla/5.0 (Macintosh; Intel Mac OS X 10.15; rv:137.0) Gecko/20100101 Firefox/137.0"
38.246.32.227 - - [21/Sep/2026:04:16:39 +0700] "POST /xmlrpc.php HTTP/1.1" 200 181 "-" "Mozilla/5.0 (X11; Linux x86_64) AppleWebKit/537.36 (KHTML, like Gecko) Chrome/131.0.0.0 Safari/537.36"
64.225.105.238 - - [21/Sep/2026:04:16:49 +0700] "GET /vor-du-dich-je-ihr-bestimmtes-angebot-entscheidest-solltest-respons-ebendiese-bedingungen-prazis-zu-gemute-fuhren/ HTTP/1.1" 200 59911 "-" "Mozilla/5.0 (Windows NT 10.0; Win64; x64) AppleWebKit/537.36 (KHTML, like Gecko) obsidian/1.8.3 Chrome/130.0.6723.191 Electron/33.3.2 Safari/537.36"
38.246.33.22 - - [21/Sep/2026:04:16:50 +0700] "GET /daselbst-eignen-ebendiese-netzwerkgebuhren-forsch-niedriger-oder-ebendiese-moves-in-betracht-kommen-zumeist-as-part-of-sekundenschnelle-durch/ HTTP/1.1" 200 61468 "-" "Mozilla/5.0 (Windows NT 10.0; Win64; x64) AppleWebKit/537.36 (KHTML, like Gecko) Chrome/119.0.0.0 Safari/537.36"
198.252.107.178 - - [21/Sep/2026:04:16:58 +0700] "POST /wp-cron.php?doing_wp_cron=1789939018.3847329616546630859375 HTTP/1.1" 200 - "-" "WordPress/7.1.1; https://veewin24hr.com"
38.246.32.227 - - [21/Sep/2026:04:16:57 +0700] "POST /xmlrpc.php HTTP/1.1" 200 10399 "-" "Mozilla/5.0 (X11; Linux x86_64; rv:128.0) Gecko/20100101 Firefox/128.0"
38.246.32.227 - - [21/Sep/2026:04:17:00 +0700] "GET /und-kriegen-sie-via-unseren-reload-boni-oder-cashback-serviceleistungen-zusatzlichen-durchgang-spass/ HTTP/1.1" 200 60002 "-" "Mozilla/5.0 (Windows NT 10.0; Win64; x64) AppleWebKit/537.36 (KHTML, like Gecko) obsidian/1.6.5 Chrome/124.0.6367.243 Electron/30.1.2 Safari/537.36"
85.208.96.209 - - [21/Sep/2026:04:17:26 +0700] "GET /you-earn-one-or-two-totally-free-spins-daily-which-can-only-help-improve-your-virtual-money-equilibrium/ HTTP/1.1" 200 57743 "-" "Mozilla/5.0 (compatible; SemrushBot/7~bl; +http://www.semrush.com/bot.html)"
198.252.107.178 - - [21/Sep/2026:04:17:34 +0700] "POST /wp-cron.php?doing_wp_cron=1789939054.8784270286560058593750 HTTP/1.1" 200 - "-" "WordPress/7.1.1; https://veewin24hr.com"
104.248.25.191 - - [21/Sep/2026:04:17:17 +0700] "POST /xmlrpc.php HTTP/1.1" 200 181 "-" "Mozilla/5.0 (Macintosh; Intel Mac OS X 10.15; rv:150.0) Gecko/20100101 Firefox/150.0"
198.252.107.178 - - [21/Sep/2026:04:17:36 +0700] "POST /wp-cron.php?doing_wp_cron=1789939056.5261940956115722656250 HTTP/1.1" 200 - "-" "WordPress/7.1.1; https://veewin24hr.com"
38.246.33.22 - - [21/Sep/2026:04:17:22 +0700] "POST /xmlrpc.php HTTP/1.1" 200 181 "-" "Mozilla/5.0 (Macintosh; Intel Mac OS X 10_15_7) AppleWebKit/537.36 (KHTML, like Gecko) Chrome/148.0.0.0 Safari/537.36"
104.248.25.191 - - [21/Sep/2026:04:17:40 +0700] "POST /xmlrpc.php HTTP/1.1" 200 8992 "-" "Mozilla/5.0 (Windows NT 10.0; Win64; x64) AppleWebKit/537.36 (KHTML, like Gecko) Chrome/148.0.0.0 Safari/537.36"
38.246.33.22 - - [21/Sep/2026:04:17:44 +0700] "POST /xmlrpc.php HTTP/1.1" 200 11964 "-" "Mozilla/5.0 (Macintosh; Intel Mac OS X 10_15_7) AppleWebKit/605.1.15 (KHTML, like Gecko) Version/26.4 Safari/605.1.15"
104.248.25.191 - - [21/Sep/2026:04:17:44 +0700] "GET /dein-ringmanager-besitzt-dir-den-deal-besorgt-%EF%BF%BD-jetzt-liegt-dies-an-dir-ihn-hinter-nutzlichkeit/ HTTP/1.1" 200 58712 "-" "Mozilla/5.0 (X11; Linux x86_64) AppleWebKit/537.36 (KHTML, like Gecko) Chrome/136.0.0.0 Safari/537.36"
38.246.33.22 - - [21/Sep/2026:04:17:47 +0700] "GET /mit-angewandten-anderen-infos-gibt-es-dies-sinnvolle-bonusangebot-nutzlichkeit-angewandten-pramie-optimal/ HTTP/1.1" 200 61682 "-" "Mozilla/5.0 (Windows NT 10.0; Win64; x64) AppleWebKit/537.36 (KHTML, like Gecko) Chrome/137.0.0.0 Safari/537.36"
198.252.107.178 - - [21/Sep/2026:04:17:52 +0700] "POST /wp-cron.php?doing_wp_cron=1789939072.7018499374389648437500 HTTP/1.1" 200 - "-" "WordPress/7.1.1; https://veewin24hr.com"
38.246.32.227 - - [21/Sep/2026:04:17:47 +0700] "POST /xmlrpc.php HTTP/1.1" 200 181 "-" "Mozilla/5.0 (Macintosh; Intel Mac OS X 10_15_7) AppleWebKit/537.36 (KHTML, like Gecko) Chrome/134.0.0.0 Safari/537.36"
38.246.32.227 - - [21/Sep/2026:04:18:00 +0700] "POST /xmlrpc.php HTTP/1.1" 200 13294 "-" "Mozilla/5.0 (Macintosh; Intel Mac OS X 10_15_7) AppleWebKit/537.36 (KHTML, like Gecko) obsidian/1.8.9 Chrome/132.0.6834.210 Electron/34.3.0 Safari/537.36"
38.246.32.227 - - [21/Sep/2026:04:18:03 +0700] "GET /eltern-die-brut-die-gerate-qua-ihnen-nutzlichkeit-missen-sicherheitsfunktionen-filtersoftware-von-drittanbietern-kriegen/ HTTP/1.1" 200 63270 "-" "Mozilla/5.0 (Macintosh; Intel Mac OS X 10_15_7) AppleWebKit/537.36 (KHTML, like Gecko) Chrome/128.0.0.0 Safari/537.36"
198.252.107.178 - - [21/Sep/2026:04:18:22 +0700] "POST /wp-cron.php?doing_wp_cron=1789939102.1347920894622802734375 HTTP/1.1" 200 - "-" "WordPress/7.1.1; https://veewin24hr.com"
38.246.33.22 - - [21/Sep/2026:04:18:17 +0700] "POST /xmlrpc.php HTTP/1.1" 200 181 "-" "Mozilla/5.0 (Windows NT 10.0; Win64; x64) AppleWebKit/537.36 (KHTML, like Gecko) Chrome/91.0.4472.124 Safari/537.36"
38.246.33.22 - - [21/Sep/2026:04:18:30 +0700] "POST /xmlrpc.php HTTP/1.1" 200 9891 "-" "Mozilla/5.0 (Windows NT 10.0; Win64; x64) AppleWebKit/537.36 (KHTML, like Gecko) Chrome/130.0.0.0 Safari/537.36"
198.252.107.178 - - [21/Sep/2026:04:18:33 +0700] "POST /wp-cron.php?doing_wp_cron=1789939112.9747309684753417968750 HTTP/1.1" 200 - "-" "WordPress/7.1.1; https://veewin24hr.com"
104.248.25.191 - - [21/Sep/2026:04:18:28 +0700] "POST /xmlrpc.php HTTP/1.1" 200 181 "-" "Mozilla/5.0 (X11; Linux x86_64) AppleWebKit/537.36 (KHTML, like Gecko) Chrome/131.0.0.0 Safari/537.36"
38.246.33.22 - - [21/Sep/2026:04:18:33 +0700] "GET /zocker-konnen-zigeunern-meine-wenigkeit-zeitweilig-ausschlieen-mindestdauer-4-monate-unter-anderem-man-sagt-sie-seien-in-dokumentiertem-problematischem-spielverhalten-dicht/ HTTP/1.1" 200 60719 "-" "Mozilla/5.0 (Windows NT 10.0; Win64; x64) AppleWebKit/537.36 (KHTML, like Gecko) Chrome/134.0.0.0 Safari/537.36"
104.248.25.191 - - [21/Sep/2026:04:18:40 +0700] "POST /xmlrpc.php HTTP/1.1" 200 14703 "-" "Mozilla/5.0 (Windows NT 10.0; Win64; x64; rv:137.0) Gecko/20100101 Firefox/137.0"
40.77.167.157 - - [21/Sep/2026:04:18:39 +0700] "GET /007-earliest-light-admirers-has-until-could-possibly-get-25-to-help-you-claim-100-free-obtain-for-it/ HTTP/1.1" 200 57785 "-" "Mozilla/5.0 AppleWebKit/537.36 (KHTML, like Gecko; compatible; bingbot/2.0; +http://www.bing.com/bingbot.htm) Chrome/116.0.1938.76 Safari/537.36"
104.248.25.191 - - [21/Sep/2026:04:18:42 +0700] "GET /bei-der-casino-mineralquelle-wildungen-nachvollziehen-unsereins-nachfolgende-stellenwert-nahtloser-overforingen-um-das-spielerlebnis-nachdem-besser-machen/ HTTP/1.1" 200 65120 "-" "Mozilla/5.0 (Macintosh; Intel Mac OS X 10_15_7) AppleWebKit/537.36 (KHTML, like Gecko) Chrome/132.0.0.0 Safari/537.36"
40.77.167.157 - - [21/Sep/2026:04:18:42 +0700] "GET /ihr-mausklick-unter-account-ordnen-genugt-respons-wirst-durch-angewandten-einfacheren-registrierungsprozess-gefuhrt/ HTTP/1.1" 200 60877 "-" "Mozilla/5.0 AppleWebKit/537.36 (KHTML, like Gecko; compatible; bingbot/2.0; +http://www.bing.com/bingbot.htm) Chrome/116.0.1938.76 Safari/537.36"
198.252.107.178 - - [21/Sep/2026:04:18:52 +0700] "POST /wp-cron.php?doing_wp_cron=1789939132.0869719982147216796875 HTTP/1.1" 200 - "-" "WordPress/7.1.1; https://veewin24hr.com"
64.225.105.238 - - [21/Sep/2026:04:18:47 +0700] "POST /xmlrpc.php HTTP/1.1" 200 181 "-" "Mozilla/5.0 (Windows NT 10.0; Win64; x64) AppleWebKit/537.36 (KHTML, like Gecko) obsidian/1.8.10 Chrome/132.0.6834.196 Electron/34.2.0 Safari/537.36"
198.252.107.178 - - [21/Sep/2026:04:18:59 +0700] "POST /wp-cron.php?doing_wp_cron=1789939139.7317399978637695312500 HTTP/1.1" 200 - "-" "WordPress/7.1.1; https://veewin24hr.com"
38.246.32.227 - - [21/Sep/2026:04:18:55 +0700] "POST /xmlrpc.php HTTP/1.1" 200 181 "-" "Mozilla/5.0 (Macintosh; Intel Mac OS X 10_15_7) AppleWebKit/537.36 (KHTML, like Gecko) Chrome/136.0.0.0 Safari/537.36 Edg/136.0.0.0"
64.225.105.238 - - [21/Sep/2026:04:19:02 +0700] "POST /xmlrpc.php HTTP/1.1" 200 8922 "-" "Mozilla/5.0 (Windows NT 10.0; Win64; x64) AppleWebKit/537.36 (KHTML, like Gecko) Chrome/124.0.0.0 Safari/537.36"
38.246.32.227 - - [21/Sep/2026:04:19:06 +0700] "POST /xmlrpc.php HTTP/1.1" 200 9428 "-" "Mozilla/5.0 (Windows NT 10.0; Win64; x64) AppleWebKit/537.36 (KHTML, like Gecko) Chrome/147.0.0.0 Safari/537.36 OPR/131.0.0.0"
198.252.107.178 - - [21/Sep/2026:04:19:07 +0700] "POST /wp-cron.php?doing_wp_cron=1789939147.1333680152893066406250 HTTP/1.1" 200 - "-" "WordPress/7.1.1; https://veewin24hr.com"
38.246.33.22 - - [21/Sep/2026:04:19:02 +0700] "POST /xmlrpc.php HTTP/1.1" 200 181 "-" "Mozilla/5.0 (Windows NT 10.0; Win64; x64) AppleWebKit/537.36 (KHTML, like Gecko) Chrome/91.0.4472.124 Safari/537.36"
38.246.32.227 - - [21/Sep/2026:04:19:07 +0700] "GET /es-besitzt-unter-einsatz-von-funf-landgestutzte-casinos-weiters-ist-und-bleibt-in-folge-dessen-funf-moglich-tischspiellizenzen-bewilligen/ HTTP/1.1" 200 59612 "-" "Mozilla/5.0 (X11; Linux x86_64; rv:137.0) Gecko/20100101 Firefox/137.0"
64.225.105.238 - - [21/Sep/2026:04:19:12 +0700] "GET /nachfolgende-prinzip-des-eigenen-bonus-abzuglich-einzahlung-wird-wie-geschmiert-unter-anderem-einfach-bedienbar/ HTTP/1.1" 200 58747 "-" "Mozilla/5.0 (Windows NT 10.0; Win64; x64) AppleWebKit/537.36 (KHTML, like Gecko) Chrome/132.0.0.0 Safari/537.36 OPR/117.0.0.0"
38.246.33.22 - - [21/Sep/2026:04:19:13 +0700] "POST /xmlrpc.php HTTP/1.1" 200 11401 "-" "Mozilla/5.0 (Windows NT 10.0; Win64; x64) AppleWebKit/537.36 (KHTML, like Gecko) Chrome/137.0.0.0 Safari/537.36"
38.246.33.22 - - [21/Sep/2026:04:19:16 +0700] "GET /nachfolgende-zahlungsmoglichkeiten-unteilbar-angeschlossen-kasino-seien-gleichartig-vordergrundig-genau-so-wie-dies-spielangebot/ HTTP/1.1" 200 61430 "-" "Mozilla/5.0 (Windows NT 10.0; Win64; x64) AppleWebKit/537.36 (KHTML, like Gecko) Chrome/131.0.0.0 Safari/537.36"
198.252.107.178 - - [21/Sep/2026:04:19:31 +0700] "POST /wp-cron.php?doing_wp_cron=1789939171.0389370918273925781250 HTTP/1.1" 200 - "-" "WordPress/7.1.1; https://veewin24hr.com"
104.248.25.191 - - [21/Sep/2026:04:19:24 +0700] "POST /xmlrpc.php HTTP/1.1" 200 181 "-" "Mozilla/5.0 (X11; Linux x86_64) AppleWebKit/537.36 (KHTML, like Gecko) Chrome/131.0.0.0 Safari/537.36"
104.248.25.191 - - [21/Sep/2026:04:19:37 +0700] "POST /xmlrpc.php HTTP/1.1" 200 10553 "-" "Mozilla/5.0 (Macintosh; Intel Mac OS X 10.15; rv:138.0) Gecko/20100101 Firefox/138.0"
104.248.25.191 - - [21/Sep/2026:04:19:39 +0700] "GET /nahe-angewandten-automaten-und-poker-seien-naturlich-jolly-roger-unter-anderem-live-roulette-angeboten/ HTTP/1.1" 200 60307 "-" "Mozilla/5.0 (Windows NT 10.0; Win64; x64) AppleWebKit/537.36 (KHTML, like Gecko) Chrome/91.0.4472.124 Safari/537.36"
17.166.236.23 - - [21/Sep/2026:04:19:46 +0700] "GET /wp-includes/css/dashicons.min.css?ver=7.1.1 HTTP/1.1" 304 - "https://veewin24hr.com/" "Mozilla/5.0 (Macintosh; Intel Mac OS X 10_15_7) AppleWebKit/605.1.15 (KHTML, like Gecko) Version/17.4 Safari/605.1.15 (Applebot/0.1; +http://www.apple.com/go/applebot)"
17.166.235.142 - - [21/Sep/2026:04:19:46 +0700] "GET /wp-includes/css/admin-bar.min.css?ver=7.1.1 HTTP/1.1" 304 - "https://veewin24hr.com/" "Mozilla/5.0 (Macintosh; Intel Mac OS X 10_15_7) AppleWebKit/605.1.15 (KHTML, like Gecko) Version/17.4 Safari/605.1.15 (Applebot/0.1; +http://www.apple.com/go/applebot)"
17.166.236.23 - - [21/Sep/2026:04:19:47 +0700] "GET /wp-content/themes/hello-elementor/assets/css/theme.css?ver=3.4.9 HTTP/1.1" 304 - "https://veewin24hr.com/" "Mozilla/5.0 (Macintosh; Intel Mac OS X 10_15_7) AppleWebKit/605.1.15 (KHTML, like Gecko) Version/17.4 Safari/605.1.15 (Applebot/0.1; +http://www.apple.com/go/applebot)"
17.166.235.142 - - [21/Sep/2026:04:19:47 +0700] "GET /wp-content/themes/hello-elementor/assets/css/reset.css?ver=3.4.9 HTTP/1.1" 304 - "https://veewin24hr.com/" "Mozilla/5.0 (Macintosh; Intel Mac OS X 10_15_7) AppleWebKit/605.1.15 (KHTML, like Gecko) Version/17.4 Safari/605.1.15 (Applebot/0.1; +http://www.apple.com/go/applebot)"
17.166.236.23 - - [21/Sep/2026:04:19:49 +0700] "GET /wp-content/uploads/elementor/css/post-7.css?ver=1787395383 HTTP/1.1" 304 - "https://veewin24hr.com/" "Mozilla/5.0 (Macintosh; Intel Mac OS X 10_15_7) AppleWebKit/605.1.15 (KHTML, like Gecko) Version/17.4 Safari/605.1.15 (Applebot/0.1; +http://www.apple.com/go/applebot)"
17.166.235.142 - - [21/Sep/2026:04:19:49 +0700] "GET /wp-content/plugins/elementor/assets/css/frontend.min.css?ver=4.2.3 HTTP/1.1" 304 - "https://veewin24hr.com/" "Mozilla/5.0 (Macintosh; Intel Mac OS X 10_15_7) AppleWebKit/605.1.15 (KHTML, like Gecko) Version/17.4 Safari/605.1.15 (Applebot/0.1; +http://www.apple.com/go/applebot)"
17.166.236.23 - - [21/Sep/2026:04:19:50 +0700] "GET /wp-content/plugins/elementor/assets/css/widget-heading.min.css?ver=4.2.3 HTTP/1.1" 304 - "https://veewin24hr.com/" "Mozilla/5.0 (Macintosh; Intel Mac OS X 10_15_7) AppleWebKit/605.1.15 (KHTML, like Gecko) Version/17.4 Safari/605.1.15 (Applebot/0.1; +http://www.apple.com/go/applebot)"
17.166.235.142 - - [21/Sep/2026:04:19:50 +0700] "GET /wp-content/themes/hello-elementor/assets/css/header-footer.css?ver=3.4.9 HTTP/1.1" 304 - "https://veewin24hr.com/" "Mozilla/5.0 (Macintosh; Intel Mac OS X 10_15_7) AppleWebKit/605.1.15 (KHTML, like Gecko) Version/17.4 Safari/605.1.15 (Applebot/0.1; +http://www.apple.com/go/applebot)"
198.252.107.178 - - [21/Sep/2026:04:19:51 +0700] "POST /wp-cron.php?doing_wp_cron=1789939191.4164180755615234375000 HTTP/1.1" 200 - "-" "WordPress/7.1.1; https://veewin24hr.com"
38.246.32.227 - - [21/Sep/2026:04:19:46 +0700] "POST /xmlrpc.php HTTP/1.1" 200 181 "-" "Mozilla/5.0 (Windows NT 10.0; Win64; x64; rv:138.0) Gecko/20100101 Firefox/138.0"
17.166.236.23 - - [21/Sep/2026:04:19:51 +0700] "GET /wp-content/uploads/elementor/css/post-44.css?ver=1787863105 HTTP/1.1" 304 - "https://veewin24hr.com/" "Mozilla/5.0 (Macintosh; Intel Mac OS X 10_15_7) AppleWebKit/605.1.15 (KHTML, like Gecko) Version/17.4 Safari/605.1.15 (Applebot/0.1; +http://www.apple.com/go/applebot)"
17.166.235.142 - - [21/Sep/2026:04:19:52 +0700] "GET /wp-content/plugins/elementor/assets/css/widget-image.min.css?ver=4.2.3 HTTP/1.1" 304 - "https://veewin24hr.com/" "Mozilla/5.0 (Macintosh; Intel Mac OS X 10_15_7) AppleWebKit/605.1.15 (KHTML, like Gecko) Version/17.4 Safari/605.1.15 (Applebot/0.1; +http://www.apple.com/go/applebot)"
17.166.236.23 - - [21/Sep/2026:04:19:53 +0700] "GET /wp-content/uploads/elementor/css/post-32.css?ver=1787395383 HTTP/1.1" 304 - "https://veewin24hr.com/" "Mozilla/5.0 (Macintosh; Intel Mac OS X 10_15_7) AppleWebKit/605.1.15 (KHTML, like Gecko) Version/17.4 Safari/605.1.15 (Applebot/0.1; +http://www.apple.com/go/applebot)"
17.166.235.142 - - [21/Sep/2026:04:19:53 +0700] "GET /wp-content/plugins/elementor-pro/assets/css/widget-nav-menu.min.css?ver=4.2.1 HTTP/1.1" 304 - "https://veewin24hr.com/" "Mozilla/5.0 (Macintosh; Intel Mac OS X 10_15_7) AppleWebKit/605.1.15 (KHTML, like Gecko) Version/17.4 Safari/605.1.15 (Applebot/0.1; +http://www.apple.com/go/applebot)"
17.166.235.142 - - [21/Sep/2026:04:19:54 +0700] "GET /wp-content/plugins/elementor/assets/lib/animations/styles/e-animation-shrink.min.css?ver=4.2.3 HTTP/1.1" 304 - "https://veewin24hr.com/" "Mozilla/5.0 (Macintosh; Intel Mac OS X 10_15_7) AppleWebKit/605.1.15 (KHTML, like Gecko) Version/17.4 Safari/605.1.15 (Applebot/0.1; +http://www.apple.com/go/applebot)"
17.166.236.23 - - [21/Sep/2026:04:19:54 +0700] "GET /wp-includes/js/jquery/jquery.min.js?ver=3.7.1 HTTP/1.1" 304 - "https://veewin24hr.com/" "Mozilla/5.0 (Macintosh; Intel Mac OS X 10_15_7) AppleWebKit/605.1.15 (KHTML, like Gecko) Version/17.4 Safari/605.1.15 (Applebot/0.1; +http://www.apple.com/go/applebot)"
38.246.33.22 - - [21/Sep/2026:04:19:52 +0700] "POST /xmlrpc.php HTTP/1.1" 200 181 "-" "Mozilla/5.0 (Macintosh; Intel Mac OS X 10_15_7) AppleWebKit/537.36 (KHTML, like Gecko) Chrome/134.0.0.0 Safari/537.36"
17.166.236.23 - - [21/Sep/2026:04:19:56 +0700] "GET /wp-content/plugins/elementor/assets/js/frontend-modules.min.js?ver=4.2.3 HTTP/1.1" 304 - "https://veewin24hr.com/" "Mozilla/5.0 (Macintosh; Intel Mac OS X 10_15_7) AppleWebKit/605.1.15 (KHTML, like Gecko) Version/17.4 Safari/605.1.15 (Applebot/0.1; +http://www.apple.com/go/applebot)"
17.166.235.142 - - [21/Sep/2026:04:19:56 +0700] "GET /wp-includes/js/jquery/jquery-migrate.min.js?ver=3.4.1 HTTP/1.1" 304 - "https://veewin24hr.com/" "Mozilla/5.0 (Macintosh; Intel Mac OS X 10_15_7) AppleWebKit/605.1.15 (KHTML, like Gecko) Version/17.4 Safari/605.1.15 (Applebot/0.1; +http://www.apple.com/go/applebot)"
17.166.236.23 - - [21/Sep/2026:04:19:57 +0700] "GET /wp-content/plugins/elementor/assets/js/webpack.runtime.min.js?ver=4.2.3 HTTP/1.1" 304 - "https://veewin24hr.com/" "Mozilla/5.0 (Macintosh; Intel Mac OS X 10_15_7) AppleWebKit/605.1.15 (KHTML, like Gecko) Version/17.4 Safari/605.1.15 (Applebot/0.1; +http://www.apple.com/go/applebot)"
17.166.235.142 - - [21/Sep/2026:04:19:58 +0700] "GET /wp-content/themes/hello-elementor/assets/js/hello-frontend.js?ver=3.4.9 HTTP/1.1" 304 - "https://veewin24hr.com/" "Mozilla/5.0 (Macintosh; Intel Mac OS X 10_15_7) AppleWebKit/605.1.15 (KHTML, like Gecko) Version/17.4 Safari/605.1.15 (Applebot/0.1; +http://www.apple.com/go/applebot)"
198.252.107.178 - - [21/Sep/2026:04:19:58 +0700] "POST /wp-cron.php?doing_wp_cron=1789939198.0311229228973388671875 HTTP/1.1" 200 - "-" "WordPress/7.1.1; https://veewin24hr.com"
38.246.32.227 - - [21/Sep/2026:04:19:57 +0700] "POST /xmlrpc.php HTTP/1.1" 200 11729 "-" "Mozilla/5.0 (X11; Linux x86_64) AppleWebKit/537.36 (KHTML, like Gecko) Chrome/131.0.0.0 Safari/537.36"
17.166.236.23 - - [21/Sep/2026:04:19:59 +0700] "GET /wp-includes/js/dist/i18n.min.js?ver=1dfe7db3940c23ea9216 HTTP/1.1" 304 - "https://veewin24hr.com/" "Mozilla/5.0 (Macintosh; Intel Mac OS X 10_15_7) AppleWebKit/605.1.15 (KHTML, like Gecko) Version/17.4 Safari/605.1.15 (Applebot/0.1; +http://www.apple.com/go/applebot)"
17.166.235.142 - - [21/Sep/2026:04:19:59 +0700] "GET /wp-includes/js/jquery/ui/core.min.js?ver=1.14.2 HTTP/1.1" 304 - "https://veewin24hr.com/" "Mozilla/5.0 (Macintosh; Intel Mac OS X 10_15_7) AppleWebKit/605.1.15 (KHTML, like Gecko) Version/17.4 Safari/605.1.15 (Applebot/0.1; +http://www.apple.com/go/applebot)"
17.166.235.142 - - [21/Sep/2026:04:20:00 +0700] "GET /wp-content/plugins/elementor/assets/js/frontend.min.js?ver=4.2.3 HTTP/1.1" 304 - "https://veewin24hr.com/" "Mozilla/5.0 (Macintosh; Intel Mac OS X 10_15_7) AppleWebKit/605.1.15 (KHTML, like Gecko) Version/17.4 Safari/605.1.15 (Applebot/0.1; +http://www.apple.com/go/applebot)"
38.246.32.227 - - [21/Sep/2026:04:19:59 +0700] "GET /welche-person-ihr-ubersichtliches-linienmodell-das-mittel-der-wahl-zu-tage-fi%EF%BF%BDrdert-inoffizieller-mitarbeiter-razor-shark-slot-selbige-direktere-struktur/ HTTP/1.1" 200 62317 "-" "Mozilla/5.0 (Windows NT 10.0; Win64; x64; rv:150.0) Gecko/20100101 Firefox/150.0"
17.166.235.142 - - [21/Sep/2026:04:20:02 +0700] "GET /wp-content/plugins/elementor-pro/assets/lib/smartmenus/jquery.smartmenus.min.js?ver=1.2.1 HTTP/1.1" 304 - "https://veewin24hr.com/" "Mozilla/5.0 (Macintosh; Intel Mac OS X 10_15_7) AppleWebKit/605.1.15 (KHTML, like Gecko) Version/17.4 Safari/605.1.15 (Applebot/0.1; +http://www.apple.com/go/applebot)"
17.166.235.142 - - [21/Sep/2026:04:20:03 +0700] "GET /wp-content/plugins/elementor-pro/assets/js/webpack-pro.runtime.min.js?ver=4.2.1 HTTP/1.1" 304 - "https://veewin24hr.com/" "Mozilla/5.0 (Macintosh; Intel Mac OS X 10_15_7) AppleWebKit/605.1.15 (KHTML, like Gecko) Version/17.4 Safari/605.1.15 (Applebot/0.1; +http://www.apple.com/go/applebot)"
38.246.33.22 - - [21/Sep/2026:04:20:03 +0700] "POST /xmlrpc.php HTTP/1.1" 200 12642 "-" "Mozilla/5.0 (Macintosh; Intel Mac OS X 10_15_7) AppleWebKit/537.36 (KHTML, like Gecko) obsidian/1.6.5 Chrome/124.0.6367.243 Electron/30.1.2 Safari/537.36"
17.166.235.142 - - [21/Sep/2026:04:20:05 +0700] "GET /wp-includes/js/dist/hooks.min.js?ver=f0f188028580e8dc1255 HTTP/1.1" 304 - "https://veewin24hr.com/" "Mozilla/5.0 (Macintosh; Intel Mac OS X 10_15_7) AppleWebKit/605.1.15 (KHTML, like Gecko) Version/17.4 Safari/605.1.15 (Applebot/0.1; +http://www.apple.com/go/applebot)"
38.246.33.22 - - [21/Sep/2026:04:20:05 +0700] "GET /bestandskunden-vermogen-einen-bekannte-personlichkeit-vip-verein-pluspunkt-ferner-zigeunern-hier-abzuglich-positive-aspekte-schutzen/ HTTP/1.1" 200 62766 "-" "Mozilla/5.0 (Windows NT 10.0; Win64; x64) AppleWebKit/537.36 (KHTML, like Gecko) Chrome/126.0.0.0 Safari/537.36"
17.166.235.142 - - [21/Sep/2026:04:20:06 +0700] "GET /wp-content/plugins/elementor-pro/assets/js/frontend.min.js?ver=4.2.1 HTTP/1.1" 304 - "https://veewin24hr.com/" "Mozilla/5.0 (Macintosh; Intel Mac OS X 10_15_7) AppleWebKit/605.1.15 (KHTML, like Gecko) Version/17.4 Safari/605.1.15 (Applebot/0.1; +http://www.apple.com/go/applebot)"
17.166.235.142 - - [21/Sep/2026:04:20:08 +0700] "GET /wp-content/plugins/elementor-pro/assets/js/elements-handlers.min.js?ver=4.2.1 HTTP/1.1" 304 - "https://veewin24hr.com/" "Mozilla/5.0 (Macintosh; Intel Mac OS X 10_15_7) AppleWebKit/605.1.15 (KHTML, like Gecko) Version/17.4 Safari/605.1.15 (Applebot/0.1; +http://www.apple.com/go/applebot)"
17.166.236.23 - - [21/Sep/2026:04:20:09 +0700] "GET /wp-content/plugins/elementor-pro/assets/js/nav-menu.dc8790fd04afa5b6c0a3.bundle.min.js HTTP/1.1" 304 - "https://veewin24hr.com/" "Mozilla/5.0 (Macintosh; Intel Mac OS X 10_15_7) AppleWebKit/605.1.15 (KHTML, like Gecko) Version/17.4 Safari/605.1.15 (Applebot/0.1; +http://www.apple.com/go/applebot)"
17.166.235.142 - - [21/Sep/2026:04:20:09 +0700] "GET /wp-content/plugins/elementor/assets/js/shared-frontend-handlers.03caa53373b56d3bab67.bundle.min.js HTTP/1.1" 304 - "https://veewin24hr.com/" "Mozilla/5.0 (Macintosh; Intel Mac OS X 10_15_7) AppleWebKit/605.1.15 (KHTML, like Gecko) Version/17.4 Safari/605.1.15 (Applebot/0.1; +http://www.apple.com/go/applebot)"
17.166.236.23 - - [21/Sep/2026:04:20:11 +0700] "GET /wp-includes/js/wp-emoji-release.min.js?ver=7.1.1 HTTP/1.1" 304 - "https://veewin24hr.com/" "Mozilla/5.0 (Macintosh; Intel Mac OS X 10_15_7) AppleWebKit/605.1.15 (KHTML, like Gecko) Version/17.4 Safari/605.1.15 (Applebot/0.1; +http://www.apple.com/go/applebot)"
17.166.236.23 - - [21/Sep/2026:04:20:12 +0700] "GET /wp-content/plugins/elementor/assets/js/section-frontend-handlers.d85ab872da118940910d.bundle.min.js HTTP/1.1" 304 - "https://veewin24hr.com/" "Mozilla/5.0 (Macintosh; Intel Mac OS X 10_15_7) AppleWebKit/605.1.15 (KHTML, like Gecko) Version/17.4 Safari/605.1.15 (Applebot/0.1; +http://www.apple.com/go/applebot)"
17.166.236.23 - - [21/Sep/2026:04:20:14 +0700] "GET /wp-content/plugins/elementor/assets/js/text-editor.45609661e409413f1cef.bundle.min.js HTTP/1.1" 304 - "https://veewin24hr.com/" "Mozilla/5.0 (Macintosh; Intel Mac OS X 10_15_7) AppleWebKit/605.1.15 (KHTML, like Gecko) Version/17.4 Safari/605.1.15 (Applebot/0.1; +http://www.apple.com/go/applebot)"
198.252.107.178 - - [21/Sep/2026:04:20:18 +0700] "POST /wp-cron.php?doing_wp_cron=1789939218.7244119644165039062500 HTTP/1.1" 200 - "-" "WordPress/7.1.1; https://veewin24hr.com"
104.248.25.191 - - [21/Sep/2026:04:20:14 +0700] "POST /xmlrpc.php HTTP/1.1" 200 181 "-" "Mozilla/5.0 (Macintosh; Intel Mac OS X 10_15_7) AppleWebKit/537.36 (KHTML, like Gecko) Chrome/131.0.0.0 Safari/537.36"
104.248.25.191 - - [21/Sep/2026:04:20:26 +0700] "POST /xmlrpc.php HTTP/1.1" 200 9836 "-" "Mozilla/5.0 (Macintosh; Intel Mac OS X 10_15_7) AppleWebKit/537.36 (KHTML, like Gecko) obsidian/1.8.10 Chrome/132.0.6834.196 Electron/34.2.0 Safari/537.36"
104.248.25.191 - - [21/Sep/2026:04:20:27 +0700] "GET /d-h-diese-manner-mussen-weder-herrenjackett-noch-krawatte-schleppen/ HTTP/1.1" 200 58955 "-" "Mozilla/5.0 (Windows NT 10.0; Win64; x64) AppleWebKit/537.36 (KHTML, like Gecko) Chrome/124.0 Safari/537.36"
198.252.107.178 - - [21/Sep/2026:04:20:34 +0700] "POST /wp-cron.php?doing_wp_cron=1789939233.9617140293121337890625 HTTP/1.1" 200 - "-" "WordPress/7.1.1; https://veewin24hr.com"
38.246.32.227 - - [21/Sep/2026:04:20:29 +0700] "POST /xmlrpc.php HTTP/1.1" 200 181 "-" "Mozilla/5.0 (X11; Linux x86_64) AppleWebKit/537.36 (KHTML, like Gecko) Chrome/132.0.0.0 Safari/537.36"
38.246.33.22 - - [21/Sep/2026:04:20:34 +0700] "POST /xmlrpc.php HTTP/1.1" 200 181 "-" "Mozilla/5.0 (Macintosh; Intel Mac OS X 10_15_7) AppleWebKit/605.1.15 (KHTML, like Gecko) Version/18.5 Safari/605.1.15"
198.252.107.178 - - [21/Sep/2026:04:20:41 +0700] "POST /wp-cron.php?doing_wp_cron=1789939241.7751009464263916015625 HTTP/1.1" 200 - "-" "WordPress/7.1.1; https://veewin24hr.com"
38.246.32.227 - - [21/Sep/2026:04:20:41 +0700] "POST /xmlrpc.php HTTP/1.1" 200 9382 "-" "Mozilla/5.0 (X11; Linux x86_64; rv:128.0) Gecko/20100101 Firefox/128.0"
38.246.32.227 - - [21/Sep/2026:04:20:43 +0700] "GET /je-ihre-gewissheit-war-parece-essentiell-sic-die-kunden-beim-einschreiben-ne-personalized-internetzugang-effizienz/ HTTP/1.1" 200 59266 "-" "Mozilla/5.0 (X11; Linux x86_64) AppleWebKit/537.36 (KHTML, like Gecko) Chrome/129.0.0.0 Safari/537.36"
64.225.105.238 - - [21/Sep/2026:04:20:42 +0700] "POST /xmlrpc.php HTTP/1.1" 200 181 "-" "Mozilla/5.0 (Macintosh; Intel Mac OS X 10_15_7) AppleWebKit/605.1.15 (KHTML, like Gecko) Version/17.5 Safari/605.1.15"
38.246.33.22 - - [21/Sep/2026:04:20:48 +0700] "POST /xmlrpc.php HTTP/1.1" 200 11552 "-" "Mozilla/5.0 (Windows NT 10.0; Win64; x64) AppleWebKit/537.36 (KHTML, like Gecko) Chrome/126.0.0.0 Safari/537.36"
38.246.33.22 - - [21/Sep/2026:04:20:51 +0700] "GET /nur-auf-diese-weise-sie-sind-diese-ebendiese-boni-siegreich-nutzen-oder-zur-auszahlung-erwirtschaften/ HTTP/1.1" 200 61143 "-" "Mozilla/5.0 (Macintosh; Intel Mac OS X 10_15_7) AppleWebKit/537.36 (KHTML, like Gecko) Chrome/131.0.0.0 Safari/537.36"
64.225.105.238 - - [21/Sep/2026:04:21:00 +0700] "POST /xmlrpc.php HTTP/1.1" 200 11361 "-" "Mozilla/5.0 (X11; Linux x86_64) AppleWebKit/537.36 (KHTML, like Gecko) Chrome/132.0.0.0 Safari/537.36"
64.225.105.238 - - [21/Sep/2026:04:21:08 +0700] "GET /gerade-altere-spiele-sind-wieder-und-wieder-nicht-fur-mobilgerate-abgestimmt/ HTTP/1.1" 200 60577 "-" "Mozilla/5.0 (X11; Linux x86_64) AppleWebKit/537.36 (KHTML, like Gecko) Chrome/135.0.0.0 Safari/537.36"
198.252.107.178 - - [21/Sep/2026:04:21:21 +0700] "POST /wp-cron.php?doing_wp_cron=1789939281.2057099342346191406250 HTTP/1.1" 200 - "-" "WordPress/7.1.1; https://veewin24hr.com"
104.248.25.191 - - [21/Sep/2026:04:21:11 +0700] "POST /xmlrpc.php HTTP/1.1" 200 181 "-" "Mozilla/5.0 (Macintosh; Intel Mac OS X 10.15; rv:150.0) Gecko/20100101 Firefox/150.0"
38.246.32.227 - - [21/Sep/2026:04:21:14 +0700] "POST /xmlrpc.php HTTP/1.1" 200 181 "-" "Mozilla/5.0 (X11; Linux x86_64) AppleWebKit/537.36 (KHTML, like Gecko) Chrome/148.0.0.0 Safari/537.36"
198.252.107.178 - - [21/Sep/2026:04:21:23 +0700] "POST /wp-cron.php?doing_wp_cron=1789939283.7017669677734375000000 HTTP/1.1" 200 - "-" "WordPress/7.1.1; https://veewin24hr.com"
38.246.33.22 - - [21/Sep/2026:04:21:14 +0700] "POST /xmlrpc.php HTTP/1.1" 200 181 "-" "Mozilla/5.0 (Macintosh; Intel Mac OS X 10.15; rv:150.0) Gecko/20100101 Firefox/150.0"
104.248.25.191 - - [21/Sep/2026:04:21:27 +0700] "POST /xmlrpc.php HTTP/1.1" 200 9904 "-" "Mozilla/5.0 (Windows NT 10.0; Win64; x64) AppleWebKit/537.36 (KHTML, like Gecko) Chrome/133.0.0.0 Safari/537.36 OPR/118.0.0.0"
38.246.32.227 - - [21/Sep/2026:04:21:30 +0700] "POST /xmlrpc.php HTTP/1.1" 200 9678 "-" "Mozilla/5.0 (Macintosh; Intel Mac OS X 10_15_7) AppleWebKit/537.36 (KHTML, like Gecko) obsidian/1.6.5 Chrome/124.0.6367.243 Electron/30.1.2 Safari/537.36"
38.246.33.22 - - [21/Sep/2026:04:21:30 +0700] "POST /xmlrpc.php HTTP/1.1" 200 14012 "-" "Mozilla/5.0 (Macintosh; Intel Mac OS X 10_15_7) AppleWebKit/605.1.15 (KHTML, like Gecko) Version/18.2 Safari/605.1.15"
38.246.32.227 - - [21/Sep/2026:04:21:32 +0700] "GET /uff-unserem-folgenden-web-adresse-sind-diverse-passende-ferner-seriose-erreichbar-casinos-vereint/ HTTP/1.1" 200 59228 "-" "Mozilla/5.0 (Macintosh; Intel Mac OS X 10_15_7) AppleWebKit/537.36 (KHTML, like Gecko) Chrome/135.0.0.0 Safari/537.36"
104.248.25.191 - - [21/Sep/2026:04:21:33 +0700] "GET /glucksspieler-fahig-sein-sekundar-abzuglich-aktionen-boni-oder-belohnungen-baden-in-die-within-stationaren-casinos-nicht-erhaltlich-man-sagt-sie-seien/ HTTP/1.1" 200 60395 "-" "Mozilla/5.0 (Windows NT 10.0; Win64; x64) AppleWebKit/537.36 (KHTML, like Gecko) Chrome/120.0.0.0 Safari/537.36"
38.246.33.22 - - [21/Sep/2026:04:21:36 +0700] "GET /die-leser-entwickeln-ein-krypto-account-kaufen-bitcoin-oder-zukommen-lassen-selbige-in-betrieb-unser-pocket-postadresse-diverses-casinos/ HTTP/1.1" 200 64186 "-" "Mozilla/5.0 (Windows NT 10.0; Win64; x64) AppleWebKit/537.36 (KHTML, like Gecko) Chrome/120.0.0.0 Safari/537.36"
198.252.107.178 - - [21/Sep/2026:04:21:52 +0700] "POST /wp-cron.php?doing_wp_cron=1789939312.3150930404663085937500 HTTP/1.1" 200 - "-" "WordPress/7.1.1; https://veewin24hr.com"
38.246.32.227 - - [21/Sep/2026:04:21:47 +0700] "POST /xmlrpc.php HTTP/1.1" 200 181 "-" "Mozilla/5.0 (Windows NT 10.0; Win64; x64) AppleWebKit/537.36 (KHTML, like Gecko) Chrome/136.0.0.0 Safari/537.36 Edg/136.0.0.0"
38.246.33.22 - - [21/Sep/2026:04:21:52 +0700] "POST /xmlrpc.php HTTP/1.1" 200 181 "-" "Mozilla/5.0 (Macintosh; Intel Mac OS X 10_15_7) AppleWebKit/605.1.15 (KHTML, like Gecko) Version/18.2 Safari/605.1.15"
198.252.107.178 - - [21/Sep/2026:04:22:00 +0700] "POST /wp-cron.php?doing_wp_cron=1789939320.4966259002685546875000 HTTP/1.1" 200 - "-" "WordPress/7.1.1; https://veewin24hr.com"
104.248.25.191 - - [21/Sep/2026:04:21:53 +0700] "POST /xmlrpc.php HTTP/1.1" 200 181 "-" "Mozilla/5.0 (Macintosh; Intel Mac OS X 10_15_7) AppleWebKit/605.1.15 (KHTML, like Gecko) Version/18.1 Safari/605.1.15"
38.246.32.227 - - [21/Sep/2026:04:22:00 +0700] "POST /xmlrpc.php HTTP/1.1" 200 12149 "-" "Mozilla/5.0 (Windows NT 10.0; Win64; x64) AppleWebKit/537.36 (KHTML, like Gecko) Chrome/145.0.0.0 Safari/537.36"
38.246.33.22 - - [21/Sep/2026:04:22:03 +0700] "POST /xmlrpc.php HTTP/1.1" 200 14145 "-" "Mozilla/5.0 (Macintosh; Intel Mac OS X 10_15_7) AppleWebKit/537.36 (KHTML, like Gecko) Chrome/132.0.0.0 Safari/537.36"
38.246.33.22 - - [21/Sep/2026:04:22:05 +0700] "GET /hinsichtlich-gewinner-verbunden-spielotheken-maklercourtage-hat-bwin-ebendiese-spitzenposition-ungeachtet-auf-den-letzten-drucker-verpasst/ HTTP/1.1" 200 64284 "-" "Mozilla/5.0 (Windows NT 10.0; Win64; x64) AppleWebKit/537.36 (KHTML, like Gecko) Chrome/136.0.0.0 Safari/537.36"
104.248.25.191 - - [21/Sep/2026:04:22:07 +0700] "POST /xmlrpc.php HTTP/1.1" 200 13476 "-" "Mozilla/5.0 (Macintosh; Intel Mac OS X 10_15_7) AppleWebKit/605.1.15 (KHTML, like Gecko) Version/18.5 Safari/605.1.15"
38.246.32.227 - - [21/Sep/2026:04:22:06 +0700] "GET /letzteres-konnte-angeschaltet-realen-tischen-erforderlich-coeur-falls-umherwandern-welches-tableau-hinter-lang-abhanden-gekommen-befindet/ HTTP/1.1" 200 62327 "-" "Mozilla/5.0 (Windows NT 10.0; Win64; x64) AppleWebKit/537.36 (KHTML, like Gecko) Chrome/133.0.0.0 Safari/537.36"
40.77.167.157 - - [21/Sep/2026:04:22:10 +0700] "GET /confirmation-is-necessary-before-withdrawals-thus-possess-id-prepared-to-prevent-waits/ HTTP/1.1" 200 59713 "-" "Mozilla/5.0 AppleWebKit/537.36 (KHTML, like Gecko; compatible; bingbot/2.0; +http://www.bing.com/bingbot.htm) Chrome/116.0.1938.76 Safari/537.36"
104.248.25.191 - - [21/Sep/2026:04:22:11 +0700] "GET /insgesamt-head-wear-das-auszahlungsbetrag-keinen-bedeutung-auf-nachfolgende-auszahlungsgeschwindigkeit/ HTTP/1.1" 200 63095 "-" "Mozilla/5.0 (Macintosh; Intel Mac OS X 10_15_7) AppleWebKit/605.1.15 (KHTML, like Gecko) Version/18.1 Safari/605.1.15"
198.252.107.178 - - [21/Sep/2026:04:22:20 +0700] "POST /wp-cron.php?doing_wp_cron=1789939340.6105411052703857421875 HTTP/1.1" 200 - "-" "WordPress/7.1.1; https://veewin24hr.com"
64.225.105.238 - - [21/Sep/2026:04:22:13 +0700] "POST /xmlrpc.php HTTP/1.1" 200 181 "-" "Mozilla/5.0 (Macintosh; Intel Mac OS X 10_15_7) AppleWebKit/605.1.15 (KHTML, like Gecko) Version/17.5 Safari/605.1.15"
38.246.33.22 - - [21/Sep/2026:04:22:17 +0700] "POST /xmlrpc.php HTTP/1.1" 200 181 "-" "Mozilla/5.0 (Windows NT 10.0; Win64; x64; rv:137.0) Gecko/20100101 Firefox/137.0"
198.252.107.178 - - [21/Sep/2026:04:22:31 +0700] "POST /wp-cron.php?doing_wp_cron=1789939350.9944629669189453125000 HTTP/1.1" 200 - "-" "WordPress/7.1.1; https://veewin24hr.com"
64.225.105.238 - - [21/Sep/2026:04:22:29 +0700] "POST /xmlrpc.php HTTP/1.1" 200 12900 "-" "Mozilla/5.0 (Macintosh; Intel Mac OS X 10_15_7) AppleWebKit/537.36 (KHTML, like Gecko) Chrome/132.0.0.0 Safari/537.36"
38.246.33.22 - - [21/Sep/2026:04:22:31 +0700] "POST /xmlrpc.php HTTP/1.1" 200 11391 "-" "Mozilla/5.0 (Windows NT 10.0; Win64; x64) AppleWebKit/537.36 (KHTML, like Gecko) Chrome/124.0.0.0 Safari/537.36"
38.246.32.227 - - [21/Sep/2026:04:22:25 +0700] "POST /xmlrpc.php HTTP/1.1" 200 181 "-" "Mozilla/5.0 (Windows NT 10.0; Win64; x64) AppleWebKit/537.36 (KHTML, like Gecko) Chrome/119.0.0.0 Safari/537.36"
38.246.33.22 - - [21/Sep/2026:04:22:34 +0700] "GET /bei-keramiken-man-sagt-sie-seien-nachfolgende-netzwerkgebuhren-akzentuiert-niedriger-und-diese-transport-klappen-meistens-in-sekundenschnelle-bei/ HTTP/1.1" 200 61738 "-" "Mozilla/5.0 (Windows NT 10.0; Win64; x64) AppleWebKit/537.36 (KHTML, like Gecko) Chrome/135.0.0.0 Safari/537.36"
216.73.216.249 - - [21/Sep/2026:04:22:32 +0700] "GET /robots.txt HTTP/1.1" 200 172 "-" "Mozilla/5.0 AppleWebKit/537.36 (KHTML, like Gecko; compatible; ClaudeBot/1.0; +claudebot@anthropic.com)"
64.225.105.238 - - [21/Sep/2026:04:22:38 +0700] "GET /in-der-weiteren-verzeichnis-haben-wir-mehr-beispiele-fur-europaische-lizenzierungsbehorden-fur-dich-zusammengetragen/ HTTP/1.1" 200 62704 "-" "Mozilla/5.0 (Windows NT 10.0; Win64; x64) AppleWebKit/537.36 (KHTML, like Gecko) Chrome/136.0.0.0 Safari/537.36 Edg/136.0.0.0"
38.246.32.227 - - [21/Sep/2026:04:22:41 +0700] "POST /xmlrpc.php HTTP/1.1" 200 13194 "-" "Mozilla/5.0 (Windows NT 10.0; Win64; x64) AppleWebKit/537.36 (KHTML, like Gecko) Chrome/134.0.0.0 Safari/537.36"
38.246.32.227 - - [21/Sep/2026:04:22:43 +0700] "GET /toothed-wheel-blackjack-weiters-baccarat-lauschen-authentischen-herrschen-unter-anderem-sehen-nach-die-eine-elegante-spielsalon-atmo/ HTTP/1.1" 200 63313 "-" "Mozilla/5.0 (Macintosh; Intel Mac OS X 10_15_7) AppleWebKit/537.36 (KHTML, like Gecko) Chrome/131.0.0.0 Safari/537.36"
198.252.107.178 - - [21/Sep/2026:04:22:56 +0700] "POST /wp-cron.php?doing_wp_cron=1789939376.6312210559844970703125 HTTP/1.1" 200 - "-" "WordPress/7.1.1; https://veewin24hr.com"
38.246.33.22 - - [21/Sep/2026:04:22:51 +0700] "POST /xmlrpc.php HTTP/1.1" 200 181 "-" "Mozilla/5.0 (Windows NT 10.0; Win64; x64; rv:137.0) Gecko/20100101 Firefox/137.0"
38.246.32.227 - - [21/Sep/2026:04:22:57 +0700] "POST /xmlrpc.php HTTP/1.1" 200 181 "-" "Mozilla/5.0 (X11; Linux x86_64; rv:137.0) Gecko/20100101 Firefox/137.0"
198.252.107.178 - - [21/Sep/2026:04:23:04 +0700] "POST /wp-cron.php?doing_wp_cron=1789939384.7779378890991210937500 HTTP/1.1" 200 - "-" "WordPress/7.1.1; https://veewin24hr.com"
38.246.33.22 - - [21/Sep/2026:04:23:04 +0700] "POST /xmlrpc.php HTTP/1.1" 200 10042 "-" "Mozilla/5.0 (Windows NT 10.0; Win64; x64) AppleWebKit/537.36 (KHTML, like Gecko) obsidian/1.8.4 Chrome/130.0.6723.191 Electron/33.3.2 Safari/537.36"
