38.246.32.227 - - [21/Sep/2026:04:29:15 +0700] "POST /xmlrpc.php HTTP/1.1" 200 13004 "-" "Mozilla/5.0 (Macintosh; Intel Mac OS X 10_15_7) AppleWebKit/605.1.15 (KHTML, like Gecko) Version/18.3.1 Safari/605.1.15"
38.246.33.22 - - [21/Sep/2026:04:29:18 +0700] "GET /erwahlen-kannst-respons-nicht-mehr-da-mehreren-tausend-spielautomaten-jedoch-offerte-dir-alle-drei-casinos-den-neukundenbonus/ HTTP/1.1" 200 63112 "-" "Mozilla/5.0 (Windows NT 10.0; Win64; x64) AppleWebKit/537.36 (KHTML, like Gecko) Chrome/148.0.0.0 Safari/537.36"
38.246.32.227 - - [21/Sep/2026:04:29:18 +0700] "GET /eine-ein-diskretesten-herausforderungen-bei-sei-eres-diese-gewissheit-von-online-casinos-nachdem-etwas-unter-die-lupe-nehmen/ HTTP/1.1" 200 62929 "-" "Mozilla/5.0 (X11; Linux x86_64) AppleWebKit/537.36 (KHTML, like Gecko) Chrome/124.0.0.0 Safari/537.36"
104.248.25.191 - - [21/Sep/2026:04:29:23 +0700] "POST /xmlrpc.php HTTP/1.1" 200 8447 "-" "Mozilla/5.0 (Windows NT 10.0; Win64; x64) AppleWebKit/537.36 (KHTML, like Gecko) Chrome/131.0.0.0 Safari/537.36"
38.246.33.22 - - [21/Sep/2026:04:29:23 +0700] "POST /xmlrpc.php HTTP/1.1" 200 10008 "-" "Mozilla/5.0 (Windows NT 10.0; Win64; x64) AppleWebKit/537.36 (KHTML, like Gecko) Chrome/136.0.0.0 Safari/537.36"
38.246.32.227 - - [21/Sep/2026:04:29:06 +0700] "POST /xmlrpc.php HTTP/1.1" 200 181 "-" "Mozilla/5.0 (Macintosh; Intel Mac OS X 10_15_7) AppleWebKit/605.1.15 (KHTML, like Gecko) Version/17.6 Safari/605.1.15"
38.246.33.22 - - [21/Sep/2026:04:29:25 +0700] "GET /anerkenntnis-spielholle-dies-satzpartikel-konzession-stammt-nicht-mehr-da-unserem-lateinischen-%EF%BF%BDconcedere%EF%BF%BD-somit-erlauben-lassen/ HTTP/1.1" 200 60306 "-" "Mozilla/5.0 (Windows NT 10.0; Win64; x64) AppleWebKit/537.36 (KHTML, like Gecko) Chrome/132.0.0.0 Safari/537.36 OPR/117.0.0.0"
104.248.25.191 - - [21/Sep/2026:04:29:26 +0700] "GET /enjoy-all-favorite-themes-spin-the-fresh-new-reels-and-you-can-strike-substantial-jackpots/ HTTP/1.1" 200 57837 "-" "Mozilla/5.0 (X11; Ubuntu; Linux x86_64; rv:137.0) Gecko/20100101 Firefox/137.0"
51.81.111.114 - - [21/Sep/2026:04:29:29 +0700] "GET /real-money-online-slots-games-pay-legitimate-bucks-at-the-licensed-gambling-enterprises-and-you-can-withdraw-the-profits/ HTTP/1.1" 200 61002 "-" "Mozilla/5.0 (compatible; AhrefsBot/7.0; +http://ahrefs.com/robot/)"
38.246.33.22 - - [21/Sep/2026:04:29:12 +0700] "POST /xmlrpc.php HTTP/1.1" 200 181 "-" "Mozilla/5.0 (Macintosh; Intel Mac OS X 10_15_7) AppleWebKit/537.36 (KHTML, like Gecko) Chrome/120.0.0.0 Safari/537.36"
38.246.32.227 - - [21/Sep/2026:04:29:32 +0700] "POST /xmlrpc.php HTTP/1.1" 200 11276 "-" "Mozilla/5.0 (Windows NT 10.0; Win64; x64) AppleWebKit/537.36 (KHTML, like Gecko) Chrome/135.0.0.0 Safari/537.36 Edg/135.0.0.0"
38.246.32.227 - - [21/Sep/2026:04:29:15 +0700] "POST /xmlrpc.php HTTP/1.1" 200 181 "-" "Mozilla/5.0 (Macintosh; Intel Mac OS X 10_15_7) AppleWebKit/537.36 (KHTML, like Gecko) Chrome/147.0.0.0 Safari/537.36"
38.246.33.22 - - [21/Sep/2026:04:29:19 +0700] "POST /xmlrpc.php HTTP/1.1" 200 181 "-" "Mozilla/5.0 (Windows NT 10.0; Win64; x64) AppleWebKit/537.36 (KHTML, like Gecko) Chrome/136.0.0.0 Safari/537.36 Edg/136.0.0.0"
38.246.32.227 - - [21/Sep/2026:04:29:35 +0700] "GET /qua-das-paysafecard-konnt-ein-im-online-spielcasino-geradlinig-wie-am-schnurchen-unter-anderem-unter-allen-umstanden-nine%EF%BF%BD-echtgeld-einzahlen/ HTTP/1.1" 200 61675 "-" "Mozilla/5.0 (Windows NT 10.0; Win64; x64) AppleWebKit/537.36 (KHTML, like Gecko) Chrome/135.0.0.0 Safari/537.36"
38.246.32.227 - - [21/Sep/2026:04:29:28 +0700] "POST /xmlrpc.php HTTP/1.1" 200 181 "-" "Mozilla/5.0 (Windows NT 10.0; Win64; x64) AppleWebKit/537.36 (KHTML, like Gecko) Chrome/137.0.0.0 Safari/537.36"
38.246.33.22 - - [21/Sep/2026:04:29:32 +0700] "POST /xmlrpc.php HTTP/1.1" 200 181 "-" "Mozilla/5.0 (Macintosh; Intel Mac OS X 10_15_7) AppleWebKit/537.36 (KHTML, like Gecko) Chrome/146.0.0.0 Safari/537.36"
38.246.32.227 - - [21/Sep/2026:04:29:42 +0700] "POST /xmlrpc.php HTTP/1.1" 200 12440 "-" "Mozilla/5.0 (Windows NT 10.0; Win64; x64) AppleWebKit/537.36 (KHTML, like Gecko) Chrome/130.0.0.0 Safari/537.36"
104.248.25.191 - - [21/Sep/2026:04:29:30 +0700] "POST /xmlrpc.php HTTP/1.1" 200 181 "-" "Mozilla/5.0 (Windows NT 10.0; Win64; x64; rv:135.0) Gecko/20100101 Firefox/135.0"
38.246.33.22 - - [21/Sep/2026:04:29:39 +0700] "POST /xmlrpc.php HTTP/1.1" 200 11916 "-" "Mozilla/5.0 (X11; Linux x86_64) AppleWebKit/537.36 (KHTML, like Gecko) Chrome/148.0.0.0 Safari/537.36"
38.246.33.22 - - [21/Sep/2026:04:29:42 +0700] "POST /xmlrpc.php HTTP/1.1" 200 12425 "-" "Mozilla/5.0 (Macintosh; Intel Mac OS X 10_15_7) AppleWebKit/537.36 (KHTML, like Gecko) Chrome/135.0.0.0 Safari/537.36 Edg/135.0.0.0"
38.246.32.227 - - [21/Sep/2026:04:29:47 +0700] "GET /je-allgemeine-gern-wissen-wollen-zum-inanspruchnahme-von-paysafecard-als-zahlungsmethode-angebot-umherwandern-manche-kontaktmoglichkeiten-in-betrieb/ HTTP/1.1" 200 62811 "-" "Mozilla/5.0 (Windows NT 10.0; Win64; x64; rv:128.0) Gecko/20100101 Firefox/128.0"
38.246.33.22 - - [21/Sep/2026:04:29:48 +0700] "GET /zu-tun-haben-effectuer-spiele-moderner-datenschutz-ehrliche-werbebanner/ HTTP/1.1" 200 61055 "-" "Mozilla/5.0 (Macintosh; Intel Mac OS X 10_15_7) AppleWebKit/537.36"
51.81.110.26 - - [21/Sep/2026:04:29:49 +0700] "GET /wir-inoffizieller-mitarbeiter-casombie-spielcasino-verhoren-erst-einmal-unter-grundlegenden-unterlagen-weiters-herbeifuhren-nachher-kontrollen-von/ HTTP/1.1" 200 61478 "-" "Mozilla/5.0 (compatible; AhrefsBot/7.0; +http://ahrefs.com/robot/)"
38.246.32.227 - - [21/Sep/2026:04:29:35 +0700] "POST /xmlrpc.php HTTP/1.1" 200 181 "-" "Mozilla/5.0 (Windows NT 10.0; Win64; x64) AppleWebKit/537.36 (KHTML, like Gecko) Chrome/148.0.0.0 Safari/537.36"
38.246.33.22 - - [21/Sep/2026:04:29:39 +0700] "POST /xmlrpc.php HTTP/1.1" 200 181 "-" "Mozilla/5.0 (Macintosh; Intel Mac OS X 10_15_7) AppleWebKit/537.36 (KHTML, like Gecko) Chrome/122.0.0.0 Safari/537.36"
38.246.33.22 - - [21/Sep/2026:04:29:48 +0700] "GET /in-den-verbunden-casinos-beherrschen-die-kunden-einen-bekanntesten-slot-klassiker-book-for-the-ra-within-zwei-varianten-aufstobern/ HTTP/1.1" 200 62490 "-" "Mozilla/5.0 (Windows NT 10.0; Win64; x64; rv:138.0) Gecko/20100101 Firefox/138.0"
38.246.33.22 - - [21/Sep/2026:04:29:51 +0700] "POST /xmlrpc.php HTTP/1.1" 200 13769 "-" "Mozilla/5.0 (Macintosh; Intel Mac OS X 10_15_7) AppleWebKit/537.36 (KHTML, like Gecko) Chrome/146.0.0.0 Safari/537.36"
38.246.32.227 - - [21/Sep/2026:04:29:51 +0700] "POST /xmlrpc.php HTTP/1.1" 200 12212 "-" "Mozilla/5.0 (X11; Linux x86_64) AppleWebKit/537.36 (KHTML, like Gecko) Chrome/131.0.0.0 Safari/537.36"
38.246.33.22 - - [21/Sep/2026:04:29:52 +0700] "GET /willkommensboni-freispiele-ferner-cashback-aktionen-offerte-alternative-gewinnchancen-und-arbeiten-dies-testen-aktueller-spiele-speziell-liebreizend/ HTTP/1.1" 200 64091 "-" "Mozilla/5.0 (Macintosh; Intel Mac OS X 10_15_7) AppleWebKit/605.1.15 (KHTML, like Gecko) Version/18.2 Safari/605.1.15"
104.248.25.191 - - [21/Sep/2026:04:29:53 +0700] "POST /xmlrpc.php HTTP/1.1" 200 12230 "-" "Mozilla/5.0 (Macintosh; Intel Mac OS X 10.15; rv:150.0) Gecko/20100101 Firefox/150.0"
38.246.32.227 - - [21/Sep/2026:04:29:53 +0700] "GET /sei-ist-und-bleibt-die-ein-vertrauenswurdigsten-sicheren-zahlungsplattformen-bei-deutschen-erreichbar-casinos/ HTTP/1.1" 200 61918 "-" "Mozilla/5.0 (Windows NT 10.0; Win64; x64) AppleWebKit/537.36 (KHTML, like Gecko) Chrome/133.0.0.0 Safari/537.36"
38.246.32.227 - - [21/Sep/2026:04:29:44 +0700] "POST /xmlrpc.php HTTP/1.1" 200 181 "-" "Mozilla/5.0 (X11; Ubuntu; Linux x86_64; rv:137.0) Gecko/20100101 Firefox/137.0"
104.248.25.191 - - [21/Sep/2026:04:29:55 +0700] "GET /prior-to-plunge-for-the-field-of-juwa-games-its-required-to-comprehend-the-concepts/ HTTP/1.1" 200 61505 "-" "Mozilla/5.0 (Macintosh; Intel Mac OS X 10_15_7) AppleWebKit/537.36 (KHTML, like Gecko) obsidian/1.8.10 Chrome/132.0.6834.196 Electron/34.2.0 Safari/537.36"
38.246.33.22 - - [21/Sep/2026:04:29:57 +0700] "POST /xmlrpc.php HTTP/1.1" 200 10558 "-" "Mozilla/5.0 (Macintosh; Intel Mac OS X 10_15_7) AppleWebKit/537.36 (KHTML, like Gecko) obsidian/1.8.10 Chrome/132.0.6834.196 Electron/34.2.0 Safari/537.36"
38.246.32.227 - - [21/Sep/2026:04:29:57 +0700] "POST /xmlrpc.php HTTP/1.1" 200 11400 "-" "Mozilla/5.0 (Windows NT 10.0; Win64; x64) AppleWebKit/537.36 (KHTML, like Gecko) Chrome/132.0.0.0 Safari/537.36"
38.246.33.22 - - [21/Sep/2026:04:29:49 +0700] "POST /xmlrpc.php HTTP/1.1" 200 181 "-" "Mozilla/5.0 (Macintosh; Intel Mac OS X 10_15_7) AppleWebKit/537.36 (KHTML, like Gecko) Chrome/132.0.0.0 Safari/537.36"
38.246.33.22 - - [21/Sep/2026:04:29:59 +0700] "GET /konntet-ihr-unser-beste-moglich-kasino-2026-bis-dato-jedoch-nicht-fundig-werden/ HTTP/1.1" 200 59852 "-" "Mozilla/5.0 (Windows NT 10.0; Win64; x64) AppleWebKit/537.36 (KHTML, like Gecko) Chrome/136.0.0.0 Safari/537.36"
38.246.32.227 - - [21/Sep/2026:04:30:01 +0700] "GET /jedweder-erwahnten-teilaspekte-gultig-sein-pro-diese-desktop-meinung-ebenso-wie-pro-nachfolgende-software-package-bzw/ HTTP/1.1" 200 61232 "-" "Mozilla/5.0 (X11; Linux x86_64) AppleWebKit/537.36 (KHTML, like Gecko) Chrome/134.0.0.0 Safari/537.36"
38.246.32.227 - - [21/Sep/2026:04:30:03 +0700] "POST /xmlrpc.php HTTP/1.1" 200 12418 "-" "Mozilla/5.0 (X11; Linux x86_64; rv:128.0) Gecko/20100101 Firefox/128.0"
38.246.32.227 - - [21/Sep/2026:04:29:54 +0700] "POST /xmlrpc.php HTTP/1.1" 200 181 "-" "Mozilla/5.0 (X11; Linux x86_64) AppleWebKit/537.36 (KHTML, like Gecko) Chrome/148.0.0.0 Safari/537.36"
38.246.33.22 - - [21/Sep/2026:04:30:06 +0700] "POST /xmlrpc.php HTTP/1.1" 200 9770 "-" "Mozilla/5.0 (Macintosh; Intel Mac OS X 10_15_7) AppleWebKit/537.36 (KHTML, like Gecko) Chrome/129.0.0.0 Safari/537.36"
38.246.32.227 - - [21/Sep/2026:04:30:05 +0700] "GET /beliebte-bezeichnung-wie-report-towards-ra-sight-for-the-horus-und-gonzos-objective-werden-periodisch-zuganglich/ HTTP/1.1" 200 62204 "-" "Mozilla/5.0 (Macintosh; Intel Mac OS X 10_15_7) AppleWebKit/537.36 (KHTML, like Gecko) obsidian/1.8.9 Chrome/132.0.6834.210 Electron/34.3.0 Safari/537.36"
38.246.33.22 - - [21/Sep/2026:04:30:08 +0700] "GET /angrenzend-klassischen-walzen-aufstobern-sich-aktuelle-properties-entsprechend-freispiele-oder-bonusspiele/ HTTP/1.1" 200 59434 "-" "Mozilla/5.0 (Macintosh; Intel Mac OS X 10_15_7) AppleWebKit/605.1.15 (KHTML, like Gecko) Version/17.4.1 Safari/605.1.15"
51.81.103.244 - - [21/Sep/2026:04:30:09 +0700] "GET /these-ports-have-numerous-incentive-series-in-addition-to-wilds-multipliers-and-free-revolves/ HTTP/1.1" 200 61332 "-" "Mozilla/5.0 (compatible; AhrefsBot/7.0; +http://ahrefs.com/robot/)"
38.246.33.22 - - [21/Sep/2026:04:29:58 +0700] "POST /xmlrpc.php HTTP/1.1" 200 181 "-" "Mozilla/5.0 (Windows NT 10.0; Win64; x64; rv:136.0) Gecko/20100101 Firefox/136.0"
38.246.32.227 - - [21/Sep/2026:04:30:11 +0700] "POST /xmlrpc.php HTTP/1.1" 200 13118 "-" "Mozilla/5.0 (Windows NT 10.0; Win64; x64) AppleWebKit/537.36 (KHTML, like Gecko) Chrome/132.0.0.0 Safari/537.36"
198.252.107.178 - - [21/Sep/2026:04:30:13 +0700] "POST /wp-cron.php?doing_wp_cron=1789939813.6043078899383544921875 HTTP/1.1" 200 - "-" "WordPress/7.1.1; https://veewin24hr.com"
38.246.32.227 - - [21/Sep/2026:04:30:04 +0700] "POST /xmlrpc.php HTTP/1.1" 200 181 "-" "Mozilla/5.0 (X11; Linux x86_64) AppleWebKit/537.36 (KHTML, like Gecko) Chrome/134.0.0.0 Safari/537.36"
198.252.107.178 - - [21/Sep/2026:04:30:14 +0700] "POST /wp-cron.php?doing_wp_cron=1789939814.0693590641021728515625 HTTP/1.1" 200 - "-" "WordPress/7.1.1; https://veewin24hr.com"
38.246.33.22 - - [21/Sep/2026:04:30:05 +0700] "POST /xmlrpc.php HTTP/1.1" 200 181 "-" "Mozilla/5.0 (Windows NT 10.0; Win64; x64) AppleWebKit/537.36 (KHTML, like Gecko) Chrome/58.0.3029.110 Safari/537.3"
38.246.33.22 - - [21/Sep/2026:04:30:18 +0700] "POST /xmlrpc.php HTTP/1.1" 200 9260 "-" "Mozilla/5.0 (Windows NT 10.0; Win64; x64; rv:138.0) Gecko/20100101 Firefox/138.0"
198.252.107.178 - - [21/Sep/2026:04:30:20 +0700] "POST /wp-cron.php?doing_wp_cron=1789939820.1469259262084960937500 HTTP/1.1" 200 - "-" "WordPress/7.1.1; https://veewin24hr.com"
38.246.32.227 - - [21/Sep/2026:04:30:15 +0700] "GET /aus-sicherheitsgrunden-sollten-eltern-diesseitigen-kode-leer-ihrer-paysafecard-nicht-einfach-an-alternative-leute-abgeben/ HTTP/1.1" 200 63047 "-" "Mozilla/5.0 (Windows NT 10.0; Win64; x64) AppleWebKit/537.36 (KHTML, like Gecko) Chrome/132.0.0.0 Safari/537.36 OPR/117.0.0.0"
198.252.107.178 - - [21/Sep/2026:04:30:20 +0700] "POST /wp-cron.php?doing_wp_cron=1789939820.5450930595397949218750 HTTP/1.1" 200 - "-" "WordPress/7.1.1; https://veewin24hr.com"
104.248.25.191 - - [21/Sep/2026:04:30:08 +0700] "POST /xmlrpc.php HTTP/1.1" 200 181 "-" "Mozilla/5.0 (Windows NT 10.0; Win64; x64) AppleWebKit/537.36 (KHTML, like Gecko) Chrome/120.0.0.0 Safari/537.36"
38.246.32.227 - - [21/Sep/2026:04:30:13 +0700] "POST /xmlrpc.php HTTP/1.1" 200 181 "-" "Mozilla/5.0 (Macintosh; Intel Mac OS X 10_15_7) AppleWebKit/605.1.15 (KHTML, like Gecko) Version/26.4 Safari/605.1.15"
38.246.33.22 - - [21/Sep/2026:04:30:23 +0700] "GET /das-datenschutz-und-das-schutz-das-privaten-datensammlung-unserer-gamer-seien-je-united-nations-gro-essentiell/ HTTP/1.1" 200 59063 "-" "Mozilla/5.0 (Windows NT 10.0; Win64; x64) AppleWebKit/537.36 (KHTML, like Gecko) Chrome/119.0.0.0 Safari/537.36"
38.246.33.22 - - [21/Sep/2026:04:30:13 +0700] "POST /xmlrpc.php HTTP/1.1" 200 181 "-" "Mozilla/5.0 (X11; Ubuntu; Linux x86_64; rv:137.0) Gecko/20100101 Firefox/137.0"
38.246.32.227 - - [21/Sep/2026:04:30:27 +0700] "POST /xmlrpc.php HTTP/1.1" 200 12313 "-" "Mozilla/5.0 (X11; Linux x86_64) AppleWebKit/537.36 (KHTML, like Gecko) Chrome/124.0.0.0 Safari/537.36"
198.252.107.178 - - [21/Sep/2026:04:30:27 +0700] "POST /wp-cron.php?doing_wp_cron=1789939827.8473560810089111328125 HTTP/1.1" 200 - "-" "WordPress/7.1.1; https://veewin24hr.com"
38.246.33.22 - - [21/Sep/2026:04:30:27 +0700] "POST /xmlrpc.php HTTP/1.1" 200 13926 "-" "Mozilla/5.0 (X11; Linux x86_64) AppleWebKit/537.36 (KHTML, like Gecko) Chrome/131.0.0.0 Safari/537.36"
198.252.107.178 - - [21/Sep/2026:04:30:28 +0700] "POST /wp-cron.php?doing_wp_cron=1789939828.5111610889434814453125 HTTP/1.1" 200 - "-" "WordPress/7.1.1; https://veewin24hr.com"
38.246.32.227 - - [21/Sep/2026:04:30:21 +0700] "POST /xmlrpc.php HTTP/1.1" 200 181 "-" "Mozilla/5.0 (Macintosh; Intel Mac OS X 10_15_7) AppleWebKit/605.1.15 (KHTML, like Gecko) Version/17.5 Safari/605.1.15"
38.246.32.227 - - [21/Sep/2026:04:30:33 +0700] "GET /sera-wird-grundlegend-verantwortungsbewusst-nachdem-vortragen-weiters-sicherzustellen-auf-diese-weise-es-umherwandern-umeinen-seriosen-provider-handelt/ HTTP/1.1" 200 62738 "-" "Mozilla/5.0 (X11; Ubuntu; Linux x86_64; rv:136.0) Gecko/20100101 Firefox/136.0"
38.246.32.227 - - [21/Sep/2026:04:30:35 +0700] "POST /xmlrpc.php HTTP/1.1" 200 12655 "-" "Mozilla/5.0 (Macintosh; Intel Mac OS X 10_15_7) AppleWebKit/537.36 (KHTML, like Gecko) Chrome/133.0.0.0 Safari/537.36"
38.246.33.22 - - [21/Sep/2026:04:30:33 +0700] "GET /paypal-oder-apple-inc-invest-stehen-alabama-schnelle-zahlungsmethoden-zur-verordnung/ HTTP/1.1" 200 63221 "-" "Mozilla/5.0 (Windows NT 10.0; Win64; x64; rv:137.0) Gecko/20100101 Firefox/137.0"
51.81.110.28 - - [21/Sep/2026:04:30:36 +0700] "GET /there-are-several-gambling-enterprises-offering-video-game-based-on-cleopatra-by-herself-otherwise-on-her-point-in-time-when-you-look-at-the-old-egypt/ HTTP/1.1" 200 61219 "-" "Mozilla/5.0 (compatible; AhrefsBot/7.0; +http://ahrefs.com/robot/)"
104.248.25.191 - - [21/Sep/2026:04:30:37 +0700] "POST /xmlrpc.php HTTP/1.1" 200 10282 "-" "Mozilla/5.0 (Macintosh; Intel Mac OS X 10_15_7) AppleWebKit/537.36 (KHTML, like Gecko) Chrome/136.0.0.0 Safari/537.36 Edg/136.0.0.0"
38.246.33.22 - - [21/Sep/2026:04:30:21 +0700] "POST /xmlrpc.php HTTP/1.1" 200 181 "-" "Mozilla/5.0 (Windows NT 10.0; Win64; x64) AppleWebKit/537.36 (KHTML, like Gecko) Chrome/145.0.0.0 Safari/537.36"
38.246.32.227 - - [21/Sep/2026:04:30:38 +0700] "GET /es-existireren-berichte-so-glucksspieler-verleiten-obwohl-des-bestehenden-spielverbots-nach-erreichbar-casinoangebote-zuzugreifen/ HTTP/1.1" 200 62691 "-" "Mozilla/5.0 (X11; Linux x86_64) AppleWebKit/537.36 (KHTML, like Gecko) Chrome/130.0.0.0 Safari/537.36"
38.246.33.22 - - [21/Sep/2026:04:30:38 +0700] "POST /xmlrpc.php HTTP/1.1" 200 12178 "-" "Mozilla/5.0 (Windows NT 10.0; Win64; x64) AppleWebKit/537.36 (KHTML, like Gecko) Chrome/132.0.0.0 Safari/537.36"
38.246.32.227 - - [21/Sep/2026:04:30:40 +0700] "POST /xmlrpc.php HTTP/1.1" 200 12256 "-" "Mozilla/5.0 (X11; Linux x86_64) AppleWebKit/537.36 (KHTML, like Gecko) Chrome/124.0.0.0 Safari/537.36"
38.246.32.227 - - [21/Sep/2026:04:30:29 +0700] "POST /xmlrpc.php HTTP/1.1" 200 181 "-" "Mozilla/5.0 (Macintosh; Intel Mac OS X 10_15_7) AppleWebKit/605.1.15 (KHTML, like Gecko) Version/18.2 Safari/605.1.15"
104.248.25.191 - - [21/Sep/2026:04:30:42 +0700] "GET /betmgm-currently-offers-a-great-25-no-deposit-extra-so-youre-able-to-the-clients/ HTTP/1.1" 200 59569 "-" "Mozilla/5.0 (X11; Linux x86_64) AppleWebKit/537.36 (KHTML, like Gecko) Chrome/148.0.0.0 Safari/537.36"
38.246.33.22 - - [21/Sep/2026:04:30:44 +0700] "GET /einsatz-oder-einzahlungslimits-seien-fester-glied-des-glustv-2021/ HTTP/1.1" 200 61217 "-" "Mozilla/5.0 (X11; Linux x86_64) AppleWebKit/537.36 (KHTML, like Gecko) Chrome/131.0.0.0 Safari/537.36"
38.246.33.22 - - [21/Sep/2026:04:30:32 +0700] "POST /xmlrpc.php HTTP/1.1" 200 181 "-" "Mozilla/5.0 (X11; Linux x86_64) AppleWebKit/537.36 (KHTML, like Gecko) Chrome/124.0.0.0 Safari/537.36"
38.246.32.227 - - [21/Sep/2026:04:30:37 +0700] "POST /xmlrpc.php HTTP/1.1" 200 181 "-" "Mozilla/5.0 (X11; Linux x86_64) AppleWebKit/537.36 Chrome/124.0"
38.246.33.22 - - [21/Sep/2026:04:30:37 +0700] "POST /xmlrpc.php HTTP/1.1" 200 181 "-" "Mozilla/5.0 (Macintosh; Intel Mac OS X 10_15_7) AppleWebKit/537.36 (KHTML, like Gecko) Chrome/131.0.0.0 Safari/537.36"
38.246.33.22 - - [21/Sep/2026:04:30:47 +0700] "POST /xmlrpc.php HTTP/1.1" 200 9194 "-" "Mozilla/5.0 (Macintosh; Intel Mac OS X 10_15_7) AppleWebKit/537.36 (KHTML, like Gecko) obsidian/1.6.5 Chrome/124.0.6367.243 Electron/30.1.2 Safari/537.36"
38.246.32.227 - - [21/Sep/2026:04:30:45 +0700] "GET /in-das-blog-bei-paysafecard-existireren-dies-selbst-diesseitigen-praktischen-verkaufsstellen-finder/ HTTP/1.1" 200 61833 "-" "Mozilla/5.0 (Macintosh; Intel Mac OS X 10_15_7) AppleWebKit/605.1.15 (KHTML, like Gecko) Version/18.4 Safari/605.1.15"
38.246.32.227 - - [21/Sep/2026:04:30:54 +0700] "POST /xmlrpc.php HTTP/1.1" 200 9254 "-" "Mozilla/5.0 (Windows NT 10.0; Win64; x64; rv:138.0) Gecko/20100101 Firefox/138.0"
104.248.25.191 - - [21/Sep/2026:04:30:43 +0700] "POST /xmlrpc.php HTTP/1.1" 200 181 "-" "Mozilla/5.0 (X11; Linux x86_64) AppleWebKit/537.36 (KHTML, like Gecko) Chrome/124.0.0.0 Safari/537.36"
51.81.111.65 - - [21/Sep/2026:04:30:56 +0700] "GET /talking-about-prime-while-having-fun-with-lower-limits-and-you-may-get-together-a-good-amount-of-100-free-coin-also-provides/ HTTP/1.1" 200 61860 "-" "Mozilla/5.0 (compatible; AhrefsBot/7.0; +http://ahrefs.com/robot/)"
38.246.33.22 - - [21/Sep/2026:04:30:45 +0700] "POST /xmlrpc.php HTTP/1.1" 200 181 "-" "Mozilla/5.0 (Windows NT 10.0; Win64; x64) AppleWebKit/537.36 (KHTML, like Gecko) Chrome/133.0.0.0 Safari/537.36"
38.246.33.22 - - [21/Sep/2026:04:30:56 +0700] "GET /beim-onlineblackjack-stampfen-eltern-hinein-einen-direkten-rivalitat-zwischen-jedem-unter-anderem-unserem-rauschgifthandler-der/ HTTP/1.1" 200 59256 "-" "Mozilla/5.0 (Windows NT 10.0; Win64; x64; rv:128.0) Gecko/20100101 Firefox/128.0"
38.246.33.22 - - [21/Sep/2026:04:30:58 +0700] "POST /xmlrpc.php HTTP/1.1" 200 9724 "-" "Mozilla/5.0 (X11; Linux x86_64) AppleWebKit/537.36 (KHTML, like Gecko) Chrome/124.0.0.0 Safari/537.36"
38.246.32.227 - - [21/Sep/2026:04:30:58 +0700] "GET /ganz-selbige-schon-three-einzahlungen-aufwarts-unserer-s-vorgenommen-innehaben-im-stande-sein-immer-mittwochs-freiwetten-nutzlichkeit/ HTTP/1.1" 200 59462 "-" "Mozilla/5.0 (X11; Ubuntu; Linux x86_64; rv:138.0) Gecko/20100101 Firefox/138.0"
38.246.32.227 - - [21/Sep/2026:04:30:44 +0700] "POST /xmlrpc.php HTTP/1.1" 200 181 "-" "Mozilla/5.0 (Macintosh; Intel Mac OS X 10.15; rv:137.0) Gecko/20100101 Firefox/137.0"
38.246.33.22 - - [21/Sep/2026:04:31:01 +0700] "POST /xmlrpc.php HTTP/1.1" 200 9511 "-" "Mozilla/5.0 (Macintosh; Intel Mac OS X 10_15_7) AppleWebKit/605.1.15 (KHTML, like Gecko) Version/26.4 Safari/605.1.15"
38.246.32.227 - - [21/Sep/2026:04:31:00 +0700] "POST /xmlrpc.php HTTP/1.1" 200 12509 "-" "Mozilla/5.0 (Macintosh; Intel Mac OS X 10_15_7) AppleWebKit/537.36 (KHTML, like Gecko) Chrome/135.0.0.0 Safari/537.36 Edg/135.0.0.0"
38.246.32.227 - - [21/Sep/2026:04:30:54 +0700] "POST /xmlrpc.php HTTP/1.1" 200 181 "-" "Mozilla/5.0 (Macintosh; Intel Mac OS X 10_15_7) AppleWebKit/537.36 (KHTML, like Gecko) Chrome/135.0.0.0 Safari/537.36"
38.246.33.22 - - [21/Sep/2026:04:30:54 +0700] "POST /xmlrpc.php HTTP/1.1" 200 181 "-" "Mozilla/5.0 (Macintosh; Intel Mac OS X 10_15_7) AppleWebKit/605.1.15 (KHTML, like Gecko) Version/17.6 Safari/605.1.15"
104.248.25.191 - - [21/Sep/2026:04:31:07 +0700] "POST /xmlrpc.php HTTP/1.1" 200 10858 "-" "Mozilla/5.0 (Windows NT 10.0; Win64; x64) AppleWebKit/537.36 (KHTML, like Gecko) Chrome/126.0.0.0 Safari/537.36"
38.246.33.22 - - [21/Sep/2026:04:31:08 +0700] "GET /wir-beurteilen-in-wie-weit-die-eine-erlaubniskarte-ein-gemeinsamen-glucksspielbehorde-der-lander-ggl-oder-die-anerkannte-eu-erlaubnisschein-z/ HTTP/1.1" 200 59905 "-" "Mozilla/5.0 (Windows NT 10.0; Win64; x64; rv:135.0) Gecko/20100101 Firefox/135.0"
38.246.32.227 - - [21/Sep/2026:04:31:08 +0700] "GET /beliebte-titel-entsprechend-book-of-ra-eyes-of-horus-weiters-gonzos-pursuit-sind-wiederholend-zuganglich/ HTTP/1.1" 200 62167 "-" "Mozilla/5.0 (X11; Linux x86_64) AppleWebKit/537.36 (KHTML, like Gecko) Chrome/132.0.0.0 Safari/537.36"
38.246.33.22 - - [21/Sep/2026:04:31:09 +0700] "GET /casinos-mit-cashback-vorschlag-auch-einige-varianten-eines-cashbacks-aktiv-bei-denen-zocker-profitieren-im-stande-sein/ HTTP/1.1" 200 59661 "-" "Mozilla/5.0 (X11; Linux x86_64) AppleWebKit/537.36 (KHTML, like Gecko) Chrome/133.0.0.0 Safari/537.36"
38.246.33.22 - - [21/Sep/2026:04:31:07 +0700] "POST /xmlrpc.php HTTP/1.1" 200 181 "-" "Mozilla/5.0 (Windows NT 10.0; Win64; x64) AppleWebKit/537.36 (KHTML, like Gecko) obsidian/1.6.5 Chrome/124.0.6367.243 Electron/30.1.2 Safari/537.36"
38.246.32.227 - - [21/Sep/2026:04:31:00 +0700] "POST /xmlrpc.php HTTP/1.1" 200 181 "-" "Mozilla/5.0 (Windows NT 10.0; Win64; x64; rv:128.0) Gecko/20100101 Firefox/128.0"
38.246.33.22 - - [21/Sep/2026:04:31:10 +0700] "POST /xmlrpc.php HTTP/1.1" 200 11201 "-" "Mozilla/5.0 (Windows NT 10.0; Win64; x64) AppleWebKit/537.36 (KHTML, like Gecko) Chrome/131.0.0.0 Safari/537.36 Edg/131.0.0.0"
104.248.25.191 - - [21/Sep/2026:04:31:10 +0700] "GET /of-the-taking-a-look-at-the-newest-transparency-and-you-can-equity-out-of-bonuses-we-help-participants-create-advised-ing-experience/ HTTP/1.1" 200 60938 "-" "Mozilla/5.0 (Macintosh; Intel Mac OS X 10.15; rv:137.0) Gecko/20100101 Firefox/137.0"
38.246.32.227 - - [21/Sep/2026:04:31:15 +0700] "POST /xmlrpc.php HTTP/1.1" 200 11214 "-" "Mozilla/5.0 (Windows NT 10.0; Win64; x64) AppleWebKit/537.36 (KHTML, like Gecko) Chrome/147.0.0.0 Safari/537.36"
38.246.32.227 - - [21/Sep/2026:04:31:12 +0700] "POST /xmlrpc.php HTTP/1.1" 200 10486 "-" "Mozilla/5.0 (Macintosh; Intel Mac OS X 10_15_7) AppleWebKit/605.1.15 (KHTML, like Gecko) Version/17.6 Safari/605.1.15"
38.246.33.22 - - [21/Sep/2026:04:31:17 +0700] "POST /xmlrpc.php HTTP/1.1" 200 9514 "-" "Mozilla/5.0 (Windows NT 10.0; Win64; x64) AppleWebKit/537.36 (KHTML, like Gecko) obsidian/1.6.5 Chrome/124.0.6367.243 Electron/30.1.2 Safari/537.36"
38.246.32.227 - - [21/Sep/2026:04:31:08 +0700] "POST /xmlrpc.php HTTP/1.1" 200 181 "-" "Mozilla/5.0 (Macintosh; Intel Mac OS X 10_15_7) AppleWebKit/537.36 (KHTML, like Gecko) Chrome/120.0.0.0 Safari/537.36"
51.81.110.85 - - [21/Sep/2026:04:31:17 +0700] "GET /slots-hammer-magic-love-slot-online-casino-kasino-ingen-indbetalingsbonus-vederlagsfri-spins-og-kampagnekoder-capture-one-cultural-heritage-manual/ HTTP/1.1" 200 63506 "-" "Mozilla/5.0 (compatible; AhrefsBot/7.0; +http://ahrefs.com/robot/)"
38.246.33.22 - - [21/Sep/2026:04:31:09 +0700] "POST /xmlrpc.php HTTP/1.1" 200 181 "-" "Mozilla/5.0 (X11; Linux x86_64) AppleWebKit/537.36 (KHTML, like Gecko) Chrome/148.0.0.0 Safari/537.36"
104.248.25.191 - - [21/Sep/2026:04:31:09 +0700] "POST /xmlrpc.php HTTP/1.1" 200 181 "-" "Mozilla/5.0 (Macintosh; Intel Mac OS X 10_15_7) AppleWebKit/537.36"
38.246.32.227 - - [21/Sep/2026:04:31:25 +0700] "GET /bei-dem-kasino-provision-qua-paysafecard-durch-die-bank-die-umsatzbedingungen-abwagen/ HTTP/1.1" 200 59835 "-" "Mozilla/5.0 (Windows NT 10.0; Win64; x64) AppleWebKit/537.36 (KHTML, like Gecko) Chrome/137.0.0.0 Safari/537.36"
38.246.32.227 - - [21/Sep/2026:04:31:24 +0700] "GET /fur-jedes-ganz-nachfolgende-gar-kein-eigenes-bares-einzahlen-wolle-sei-der-maklercourtage-blo-einzahlung-richtig-welches-interessante/ HTTP/1.1" 200 61312 "-" "Mozilla/5.0 (Macintosh; Intel Mac OS X 10_15_7) AppleWebKit/537.36 (KHTML, like Gecko) Chrome/130.0.0.0 Safari/537.36"
38.246.33.22 - - [21/Sep/2026:04:31:23 +0700] "GET /die-eine-leistungsstarke-suchfunktion-finden-sie-auf-sera-spezifisch-uff-bestimmten-titeln-nachdem-forschen/ HTTP/1.1" 200 60938 "-" "Mozilla/5.0 (Windows NT 10.0; Win64; x64) AppleWebKit/537.36 (KHTML, like Gecko) Chrome/131.0.0.0 Safari/537.36"
38.246.33.22 - - [21/Sep/2026:04:31:25 +0700] "POST /xmlrpc.php HTTP/1.1" 200 10508 "-" "Mozilla/5.0 (Windows NT 10.0; Win64; x64) AppleWebKit/537.36 (KHTML, like Gecko) Chrome/109.0.0.0 Safari/537.36"
38.246.33.22 - - [21/Sep/2026:04:31:25 +0700] "GET /fragen-gab-es-jedoch-je-lieferant-unser-beilaufig-regelmaige-reload-boni-cashback-unter-anderem-beruhmte-personlichkeit-pluspunkte-bereithalten/ HTTP/1.1" 200 59884 "-" "Mozilla/5.0 (Macintosh; Intel Mac OS X 10_15_7) AppleWebKit/605.1.15 (KHTML, like Gecko) Version/18.5 Safari/605.1.15"
38.246.32.227 - - [21/Sep/2026:04:31:27 +0700] "POST /xmlrpc.php HTTP/1.1" 200 13266 "-" "Mozilla/5.0 (Macintosh; Intel Mac OS X 10_15_7) AppleWebKit/605.1.15 (KHTML, like Gecko) Version/18.1 Safari/605.1.15"
198.252.107.178 - - [21/Sep/2026:04:31:29 +0700] "POST /wp-cron.php?doing_wp_cron=1789939889.0888590812683105468750 HTTP/1.1" 200 - "-" "WordPress/7.1.1; https://veewin24hr.com"
38.246.33.22 - - [21/Sep/2026:04:31:29 +0700] "GET /du-kannst-dich-denn-schlichtweg-unter-anderem-einfach-immatrikulieren-anschlieend-sofortig-losspielen/ HTTP/1.1" 200 60181 "-" "Mozilla/5.0 (Windows NT 10.0; Win64; x64) AppleWebKit/537.36 (KHTML, like Gecko) Chrome/147.0.0.0 Safari/537.36"
38.246.33.22 - - [21/Sep/2026:04:31:31 +0700] "POST /xmlrpc.php HTTP/1.1" 200 13555 "-" "Mozilla/5.0 (Windows NT 10.0; Win64; x64) AppleWebKit/537.36 (KHTML, like Gecko) obsidian/1.6.5 Chrome/124.0.6367.243 Electron/30.1.2 Safari/537.36"
38.246.32.227 - - [21/Sep/2026:04:31:18 +0700] "POST /xmlrpc.php HTTP/1.1" 200 181 "-" "Mozilla/5.0 (Windows NT 10.0; Win64; x64) AppleWebKit/537.36 (KHTML, like Gecko) obsidian/1.6.5 Chrome/124.0.6367.243 Electron/30.1.2 Safari/537.36"
38.246.33.22 - - [21/Sep/2026:04:31:20 +0700] "POST /xmlrpc.php HTTP/1.1" 200 181 "-" "Mozilla/5.0 (Macintosh; Intel Mac OS X 10_15_7) AppleWebKit/537.36 (KHTML, like Gecko) Chrome/145.0.0.0 Safari/537.36 OPR/129.0.0.0"
38.246.32.227 - - [21/Sep/2026:04:31:32 +0700] "POST /xmlrpc.php HTTP/1.1" 200 13963 "-" "Mozilla/5.0 (Windows NT 10.0; Win64; x64) AppleWebKit/537.36 (KHTML, like Gecko) Chrome/122.0.0.0 Safari/537.36"
38.246.32.227 - - [21/Sep/2026:04:31:32 +0700] "GET /alternativ-im-stande-sein-gewinne-haufig-uber-bankuberweisung-skrill-neteller-ferner-folgenden-verfugbaren-zahlungsmethoden-ausgezahlt-man-sagt-sie-seien/ HTTP/1.1" 200 63727 "-" "Mozilla/5.0 (Windows NT 10.0; Win64; x64) AppleWebKit/537.36 (KHTML, like Gecko) Chrome/134.0.0.0 YaBrowser/25.4.0.0 Safari/537.36"
104.248.25.191 - - [21/Sep/2026:04:31:33 +0700] "POST /xmlrpc.php HTTP/1.1" 200 10195 "-" "Mozilla/5.0 (X11; Linux x86_64) AppleWebKit/537.36 (KHTML, like Gecko) Chrome/130.0.0.0 Safari/537.36"
38.246.32.227 - - [21/Sep/2026:04:31:25 +0700] "POST /xmlrpc.php HTTP/1.1" 200 181 "-" "Mozilla/5.0 (X11; Linux x86_64) AppleWebKit/537.36 (KHTML, like Gecko) Chrome/130.0.0.0 Safari/537.36"
51.81.105.16 - - [21/Sep/2026:04:31:35 +0700] "GET /provides-you-with-of-many-paylines-to-utilize-round-the-several-groups-of-reels/ HTTP/1.1" 200 57780 "-" "Mozilla/5.0 (compatible; AhrefsBot/7.0; +http://ahrefs.com/robot/)"
198.252.107.178 - - [21/Sep/2026:04:31:39 +0700] "POST /wp-cron.php?doing_wp_cron=1789939899.4276499748229980468750 HTTP/1.1" 200 - "-" "WordPress/7.1.1; https://veewin24hr.com"
198.252.107.178 - - [21/Sep/2026:04:31:39 +0700] "POST /wp-cron.php?doing_wp_cron=1789939899.7117409706115722656250 HTTP/1.1" 200 - "-" "WordPress/7.1.1; https://veewin24hr.com"
38.246.33.22 - - [21/Sep/2026:04:31:26 +0700] "POST /xmlrpc.php HTTP/1.1" 200 181 "-" "Mozilla/5.0 (Windows NT 10.0; Win64; x64) AppleWebKit/537.36 (KHTML, like Gecko) Chrome/145.0.0.0 Safari/537.36"
38.246.33.22 - - [21/Sep/2026:04:31:41 +0700] "GET /gunstgewerblerin-kostenlose-ersteinschatzung-erhalten-eltern-noch-mittlerweile-sekundar-bei-spezialisierten-erreichbar-kanzleien-hinsichtlich-zwerk/ HTTP/1.1" 200 63908 "-" "Mozilla/5.0 (X11; Linux x86_64) AppleWebKit/537.36 (KHTML, like Gecko) Chrome/136.0.0.0 Safari/537.36"
38.246.32.227 - - [21/Sep/2026:04:31:34 +0700] "POST /xmlrpc.php HTTP/1.1" 200 181 "-" "Mozilla/5.0 (Windows NT 10.0; Win64; x64) AppleWebKit/537.36 (KHTML, like Gecko) Chrome/117.0.5938.132 Safari/537.36"
198.252.107.178 - - [21/Sep/2026:04:31:42 +0700] "POST /wp-cron.php?doing_wp_cron=1789939902.8574678897857666015625 HTTP/1.1" 200 - "-" "WordPress/7.1.1; https://veewin24hr.com"
38.246.33.22 - - [21/Sep/2026:04:31:33 +0700] "POST /xmlrpc.php HTTP/1.1" 200 181 "-" "Mozilla/5.0 (Windows NT 10.0; Win64; x64; rv:151.0) Gecko/20100101 Firefox/151.0"
38.246.32.227 - - [21/Sep/2026:04:31:43 +0700] "GET /von-diesseitigen-anwendung-von-paysafecard-ist-und-bleibt-das-noch-summa-summarum-anonym-namlich-der-musst-keine-bankdaten-eindruck-schinden/ HTTP/1.1" 200 64195 "-" "Mozilla/5.0 (Windows NT 10.0; Win64; x64) AppleWebKit/537.36 (KHTML, like Gecko) Chrome/148.0.0.0 Safari/537.36 Edg/148.0.0.0"
198.252.107.178 - - [21/Sep/2026:04:31:44 +0700] "POST /wp-cron.php?doing_wp_cron=1789939904.4918479919433593750000 HTTP/1.1" 200 - "-" "WordPress/7.1.1; https://veewin24hr.com"
38.246.32.227 - - [21/Sep/2026:04:31:40 +0700] "POST /xmlrpc.php HTTP/1.1" 200 181 "-" "Mozilla/5.0 (Macintosh; Intel Mac OS X 10_15_7) AppleWebKit/537.36 (KHTML, like Gecko) Chrome/146.0.0.0 Safari/537.36"
104.248.25.191 - - [21/Sep/2026:04:31:36 +0700] "POST /xmlrpc.php HTTP/1.1" 200 181 "-" "Mozilla/5.0 (Macintosh; Intel Mac OS X 10_15_7) AppleWebKit/605.1.15 (KHTML, like Gecko) Version/16.6 Safari/605.1.15"
104.248.25.191 - - [21/Sep/2026:04:31:43 +0700] "GET /you-could-potentially-lay-their-limitations-and-care-about-prohibit-having-one-week-if-you-dont-6-months/ HTTP/1.1" 200 59825 "-" "Mozilla/5.0 (X11; Linux x86_64) AppleWebKit/537.36 (KHTML, like Gecko) Chrome/124.0.0.0 Safari/537.36"
38.246.33.22 - - [21/Sep/2026:04:31:47 +0700] "POST /xmlrpc.php HTTP/1.1" 200 13838 "-" "Mozilla/5.0 (Windows NT 10.0; Win64; x64) AppleWebKit/537.36 (KHTML, like Gecko) Chrome/132.0.0.0 Safari/537.36 OPR/117.0.0.0"
38.246.32.227 - - [21/Sep/2026:04:31:47 +0700] "POST /xmlrpc.php HTTP/1.1" 200 12943 "-" "Mozilla/5.0 (X11; Linux x86_64) AppleWebKit/537.36 (KHTML, like Gecko) Chrome/136.0.0.0 Safari/537.36"
38.246.32.227 - - [21/Sep/2026:04:31:49 +0700] "POST /xmlrpc.php HTTP/1.1" 200 12210 "-" "Mozilla/5.0 (Macintosh; Intel Mac OS X 10_15_7) AppleWebKit/605.1.15 (KHTML, like Gecko) Version/17.4.1 Safari/605.1.15"
38.246.33.22 - - [21/Sep/2026:04:31:51 +0700] "POST /xmlrpc.php HTTP/1.1" 200 10818 "-" "Mozilla/5.0 (Macintosh; Intel Mac OS X 10_15_7) AppleWebKit/605.1.15 (KHTML, like Gecko) Version/18.3.1 Safari/605.1.15"
198.252.107.178 - - [21/Sep/2026:04:31:52 +0700] "POST /wp-cron.php?doing_wp_cron=1789939912.1676480770111083984375 HTTP/1.1" 200 - "-" "WordPress/7.1.1; https://veewin24hr.com"
142.91.109.154 - - [21/Sep/2026:04:31:51 +0700] "GET /goldbet-casino-magyarorszag-hivatalos-oldal-2026/ HTTP/1.1" 200 58543 "https://veewin24hr.com/" "Mozilla/5.0 (Macintosh; Intel Mac OS X 10_15_7) AppleWebKit/537.36 (KHTML, like Gecko) Chrome/120.0.0.0 Safari/537.36"
51.81.110.83 - - [21/Sep/2026:04:31:52 +0700] "GET /our-program-now-offers-an-impressive-selection-from-position-video-game-anywhere-between-classic-about-three-reel-ports-so-youre-able-to-progressive-five-reel-clips-harbors/ HTTP/1.1" 200 60543 "-" "Mozilla/5.0 (compatible; AhrefsBot/7.0; +http://ahrefs.com/robot/)"
38.246.33.22 - - [21/Sep/2026:04:31:42 +0700] "POST /xmlrpc.php HTTP/1.1" 200 181 "-" "Mozilla/5.0 (Windows NT 10.0; Win64; x64) AppleWebKit/537.36 (KHTML, like Gecko) Chrome/148.0.0.0 Safari/537.36"
38.246.32.227 - - [21/Sep/2026:04:31:56 +0700] "GET /amplitudenmodulation-ziel-missen-wirkliche-qualitatskriterien-abzahlen-und-gar-nicht-das-marketingversprechen/ HTTP/1.1" 200 62609 "-" "Mozilla/5.0 (Windows NT 10.0; Win64; x64) AppleWebKit/537.36 (KHTML, like Gecko) obsidian/1.8.3 Chrome/130.0.6723.191 Electron/33.3.2 Safari/537.36"
38.246.33.22 - - [21/Sep/2026:04:31:56 +0700] "GET /gewinn-durchgang-ferner-kassenschlager-bezeichnet-welches-zutzeln-einer-weiteren-plan/ HTTP/1.1" 200 63128 "-" "Mozilla/5.0 (X11; Linux x86_64) AppleWebKit/537.36 (KHTML, like Gecko) Chrome/134.0.0.0 Safari/537.36"
38.246.32.227 - - [21/Sep/2026:04:31:57 +0700] "GET /bekanntlich-nachfolgende-hauptgehalt-zahlung-ist-einfach-inwendig-durch-paypal-abgewickelt/ HTTP/1.1" 200 61610 "-" "Mozilla/5.0 (Macintosh; Intel Mac OS X 10_15_7) AppleWebKit/537.36 (KHTML, like Gecko) obsidian/1.6.5 Chrome/124.0.6367.243 Electron/30.1.2 Safari/537.36"
38.246.33.22 - - [21/Sep/2026:04:31:49 +0700] "POST /xmlrpc.php HTTP/1.1" 200 181 "-" "Mozilla/5.0 (Macintosh; Intel Mac OS X 10_15_7) AppleWebKit/537.36 (KHTML, like Gecko) Chrome/147.0.0.0 Safari/537.36"
38.246.32.227 - - [21/Sep/2026:04:31:58 +0700] "POST /xmlrpc.php HTTP/1.1" 200 9308 "-" "Mozilla/5.0 (Macintosh; Intel Mac OS X 10_15_7) AppleWebKit/605.1.15 (KHTML, like Gecko) Version/17.5 Safari/605.1.15"
38.246.33.22 - - [21/Sep/2026:04:31:58 +0700] "GET /wir-geben-ganz-willkommensbonusangebote-angeschaltet-unterdessen-parece-selbige-topf-zulasst/ HTTP/1.1" 200 60289 "-" "Mozilla/5.0 (Macintosh; Intel Mac OS X 10_15_7) AppleWebKit/537.36 (KHTML, like Gecko) Chrome/136.0.0.0 Safari/537.36"
38.246.33.22 - - [21/Sep/2026:04:32:00 +0700] "POST /xmlrpc.php HTTP/1.1" 200 10108 "-" "Mozilla/5.0 (Macintosh; Intel Mac OS X 10_15_7) AppleWebKit/605.1.15 (KHTML, like Gecko) Version/16.6 Safari/605.1.15"
104.248.25.191 - - [21/Sep/2026:04:32:01 +0700] "POST /xmlrpc.php HTTP/1.1" 200 8467 "-" "Mozilla/5.0 (Macintosh; Intel Mac OS X 10_15_7) AppleWebKit/605.1.15 (KHTML, like Gecko) Version/18.3 Safari/605.1.15"
198.252.107.178 - - [21/Sep/2026:04:32:02 +0700] "POST /wp-cron.php?doing_wp_cron=1789939921.9775280952453613281250 HTTP/1.1" 200 - "-" "WordPress/7.1.1; https://veewin24hr.com"
38.246.32.227 - - [21/Sep/2026:04:32:01 +0700] "POST /xmlrpc.php HTTP/1.1" 200 14171 "-" "Mozilla/5.0 (Windows NT 10.0; Win64; x64; rv:151.0) Gecko/20100101 Firefox/151.0"
38.246.32.227 - - [21/Sep/2026:04:31:47 +0700] "POST /xmlrpc.php HTTP/1.1" 200 181 "-" "Mozilla/5.0 (Windows NT 10.0; Win64; x64) AppleWebKit/537.36 (KHTML, like Gecko) Chrome/130.0.0.0 Safari/537.36"
142.91.109.154 - - [21/Sep/2026:04:32:02 +0700] "GET /wp-login.php?action=register HTTP/1.1" 302 - "https://veewin24hr.com/goldbet-casino-magyarorszag-hivatalos-oldal-2026/" "Mozilla/5.0 (Windows NT 6.3; Win64; x64) AppleWebKit/537.36 (KHTML, like Gecko) Chrome/103.0.0.0 Safari/537.36"
154.196.88.58 - - [21/Sep/2026:04:32:02 +0700] "GET /goldbet-casino-magyarorszag-hivatalos-oldal-2026/ HTTP/1.1" 200 58543 "https://veewin24hr.com/" "Mozilla/5.0 (X11; Linux x86_64) AppleWebKit/537.36 (KHTML, like Gecko) Chrome/135.0.0.0 Safari/537.36"
38.246.32.227 - - [21/Sep/2026:04:31:55 +0700] "POST /xmlrpc.php HTTP/1.1" 200 181 "-" "Mozilla/5.0 (X11; Linux x86_64) AppleWebKit/537.36 (KHTML, like Gecko) Chrome/134.0.0.0 Safari/537.36"
38.246.32.227 - - [21/Sep/2026:04:32:06 +0700] "GET /achtet-zudem-uff-zwei-faktor-freigaben-indem-nur-minimal-implementation-ohne-eure-ratifizierung-durchgeht/ HTTP/1.1" 200 59006 "-" "Mozilla/5.0 (X11; Linux x86_64) AppleWebKit/537.36 Chrome/124.0"
38.246.33.22 - - [21/Sep/2026:04:31:57 +0700] "POST /xmlrpc.php HTTP/1.1" 200 181 "-" "Mozilla/5.0 (Windows NT 10.0; Win64; x64) AppleWebKit/537.36 (KHTML, like Gecko) obsidian/1.8.10 Chrome/132.0.6834.196 Electron/34.2.0 Safari/537.36"
38.246.32.227 - - [21/Sep/2026:04:32:08 +0700] "GET /rocketplay-spielsaal-verfolgt-samtliche-die-finanztransaktionen-damit-diese-haben-beherrschen-welches-die-kunden-getan-hatten/ HTTP/1.1" 200 64139 "-" "Mozilla/5.0 (Windows NT 10.0; Win64; x64) AppleWebKit/537.36 (KHTML, like Gecko) Chrome/134.0.0.0 Safari/537.36"
51.81.111.138 - - [21/Sep/2026:04:32:08 +0700] "GET /opt-inside-the-and-you-can-play-contained-in-this-1-week-regarding-subscription/ HTTP/1.1" 200 60599 "-" "Mozilla/5.0 (compatible; AhrefsBot/7.0; +http://ahrefs.com/robot/)"
38.246.33.22 - - [21/Sep/2026:04:32:09 +0700] "POST /xmlrpc.php HTTP/1.1" 200 9716 "-" "Mozilla/5.0 (X11; Linux x86_64) AppleWebKit/537.36 (KHTML, like Gecko) Chrome/134.0.0.0 Safari/537.36"
104.248.25.191 - - [21/Sep/2026:04:32:09 +0700] "GET /which-have-constant-incentives-and-you-may-a-user-friendly-platform-fortunejack-continues-to-be-a-professional-choice-for-2025/ HTTP/1.1" 200 58469 "-" "Mozilla/5.0 (X11; Linux x86_64) AppleWebKit/537.36 (KHTML, like Gecko) Chrome/135.0.0.0 Safari/537.36"
38.246.32.227 - - [21/Sep/2026:04:32:02 +0700] "POST /xmlrpc.php HTTP/1.1" 200 181 "-" "Mozilla/5.0 (Windows NT 10.0; Win64; x64) AppleWebKit/537.36 (KHTML, like Gecko) Chrome/122.0.0.0 Safari/537.36"
104.248.25.191 - - [21/Sep/2026:04:32:05 +0700] "POST /xmlrpc.php HTTP/1.1" 200 181 "-" "Mozilla/5.0 (X11; Linux x86_64) AppleWebKit/537.36 (KHTML, like Gecko) Chrome/129.0.0.0 Safari/537.36"
142.91.109.154 - - [21/Sep/2026:04:32:09 +0700] "GET /wp-login.php?registration=disabled HTTP/1.1" 200 7447 "https://veewin24hr.com/wp-login.php?action=register" "Mozilla/5.0 (Windows NT 6.3; Win64; x64) AppleWebKit/537.36 (KHTML, like Gecko) Chrome/103.0.0.0 Safari/537.36"
38.246.33.22 - - [21/Sep/2026:04:32:11 +0700] "POST /xmlrpc.php HTTP/1.1" 200 10219 "-" "Mozilla/5.0 (Macintosh; Intel Mac OS X 10_15_7) AppleWebKit/537.36 (KHTML, like Gecko) Chrome/128.0.0.0 Safari/537.36"
38.246.33.22 - - [21/Sep/2026:04:32:09 +0700] "GET /diese-alternative-kontrollfunktion-der-nationalen-finanzaufsicht-sorgt-zu-handen-einen-weiteren-sicherheitsfaktor/ HTTP/1.1" 200 59953 "-" "Mozilla/5.0 (Windows NT 10.0; Win64; x64; rv:150.0) Gecko/20100101 Firefox/150.0"
198.252.107.178 - - [21/Sep/2026:04:32:14 +0700] "POST /wp-cron.php?doing_wp_cron=1789939934.7359130382537841796875 HTTP/1.1" 200 - "-" "WordPress/7.1.1; https://veewin24hr.com"
38.246.32.227 - - [21/Sep/2026:04:32:14 +0700] "POST /xmlrpc.php HTTP/1.1" 200 13353 "-" "Mozilla/5.0 (Macintosh; Intel Mac OS X 10_15_7) AppleWebKit/605.1.15 (KHTML, like Gecko) Version/17.6 Safari/605.1.15"
154.196.88.58 - - [21/Sep/2026:04:32:15 +0700] "GET /wp-login.php?action=register HTTP/1.1" 302 - "https://veewin24hr.com/goldbet-casino-magyarorszag-hivatalos-oldal-2026/" "Mozilla/5.0 (Windows NT 6.3; Win64; x64) AppleWebKit/537.36 (KHTML, like Gecko) Chrome/103.0.0.0 Safari/537.36"
38.246.32.227 - - [21/Sep/2026:04:32:18 +0700] "POST /xmlrpc.php HTTP/1.1" 200 10371 "-" "Mozilla/5.0 (Windows NT 10.0; Win64; x64) AppleWebKit/537.36 (KHTML, like Gecko) Chrome/132.0.0.0 Safari/537.36"
38.246.33.22 - - [21/Sep/2026:04:32:06 +0700] "POST /xmlrpc.php HTTP/1.1" 200 181 "-" "Mozilla/5.0 (Windows NT 10.0; Win64; x64) AppleWebKit/537.36 (KHTML, like Gecko) obsidian/1.8.4 Chrome/130.0.6723.191 Electron/33.3.2 Safari/537.36"
85.208.96.202 - - [21/Sep/2026:04:32:18 +0700] "GET /5-walzen-slot-rtp-9631-reel-time-gaming/ HTTP/1.1" 200 59529 "-" "Mozilla/5.0 (compatible; SemrushBot/7~bl; +http://www.semrush.com/bot.html)"
38.246.33.22 - - [21/Sep/2026:04:32:20 +0700] "GET /diese-implementation-bei-zwei-faktor-authentifizierung-2fa-ermoglicht-die-zusatzliche-schutz-ebene-zu-handen-die-konten-ihr-glucksspieler/ HTTP/1.1" 200 59980 "-" "Mozilla/5.0 (Macintosh; Intel Mac OS X 10_15_7) AppleWebKit/537.36 (KHTML, like Gecko) Chrome/146.0.0.0 Safari/537.36"
38.246.33.22 - - [21/Sep/2026:04:32:22 +0700] "GET /pro-gamer-unser-kontrolle-ferner-regelwerk-dm-reinen-zufallsmechanismus-lieber-wollen-offerte-tischspiele-die-berechenbarere-spielerfahrung/ HTTP/1.1" 200 60514 "-" "Mozilla/5.0 (Windows NT 10.0; Win64; x64; rv:128.0) Gecko/20100101 Firefox/128.0"
38.246.33.22 - - [21/Sep/2026:04:32:22 +0700] "POST /xmlrpc.php HTTP/1.1" 200 10144 "-" "Mozilla/5.0 (Windows NT 10.0; Win64; x64) AppleWebKit/537.36 (KHTML, like Gecko) Chrome/58.0.3029.110 Safari/537.3"
51.81.111.6 - - [21/Sep/2026:04:32:23 +0700] "GET /fruit-spend-and-you-can-yahoo-shell-out-need-product-being-compatible-but-processes-quickly/ HTTP/1.1" 200 57976 "-" "Mozilla/5.0 (compatible; AhrefsBot/7.0; +http://ahrefs.com/robot/)"
154.196.88.58 - - [21/Sep/2026:04:32:23 +0700] "GET /wp-login.php?registration=disabled HTTP/1.1" 200 7447 "https://veewin24hr.com/wp-login.php?action=register" "Mozilla/5.0 (Windows NT 6.3; Win64; x64) AppleWebKit/537.36 (KHTML, like Gecko) Chrome/103.0.0.0 Safari/537.36"
38.246.32.227 - - [21/Sep/2026:04:32:10 +0700] "POST /xmlrpc.php HTTP/1.1" 200 181 "-" "Mozilla/5.0 (Windows NT 10.0; Win64; x64) AppleWebKit/537.36 (KHTML, like Gecko) Chrome/133.0.0.0 Safari/537.36 OPR/118.0.0.0"
38.246.32.227 - - [21/Sep/2026:04:32:25 +0700] "GET /entsprechend-ihr-seht-ist-und-bleibt-das-verbunden-spielsaal-inside-teutonia-neoterisch-gleichwohl-pro-zocker-within-bayern-verfugbar/ HTTP/1.1" 200 60530 "-" "Mozilla/5.0 (Windows NT 10.0; Win64; x64) AppleWebKit/537.36 (KHTML, like Gecko) Chrome/126.0.0.0 Safari/537.36"
38.246.32.227 - - [21/Sep/2026:04:32:23 +0700] "GET /z-hd-hohere-betrage-sonstige-sicherheitsprufungen-unter-anderem-auszahlungen-ist-und-bleibt-jedoch-aber-und-abermal-ihr-verifiziertes-mypaysafe-konto-obligatorisch/ HTTP/1.1" 200 63987 "-" "Mozilla/5.0 (Windows NT 10.0; Win64; x64) AppleWebKit/537.36 (KHTML, like Gecko) Chrome/91.0.4472.124 Safari/537.36"
38.246.33.22 - - [21/Sep/2026:04:32:21 +0700] "POST /xmlrpc.php HTTP/1.1" 200 181 "-" "Mozilla/5.0 (Macintosh; Intel Mac OS X 10_15_7) AppleWebKit/537.36 (KHTML, like Gecko) Chrome/148.0.0.0 Safari/537.36"
38.246.32.227 - - [21/Sep/2026:04:32:19 +0700] "POST /xmlrpc.php HTTP/1.1" 200 181 "-" "Mozilla/5.0 (Windows NT 10.0; Win64; x64; rv:136.0) Gecko/20100101 Firefox/136.0"
38.246.33.22 - - [21/Sep/2026:04:32:13 +0700] "POST /xmlrpc.php HTTP/1.1" 200 181 "-" "Mozilla/5.0 (Macintosh; Intel Mac OS X 10_15_7) AppleWebKit/537.36 (KHTML, like Gecko) Chrome/132.0.0.0 Safari/537.36"
104.248.25.191 - - [21/Sep/2026:04:32:27 +0700] "POST /xmlrpc.php HTTP/1.1" 200 8441 "-" "Mozilla/5.0 (Macintosh; Intel Mac OS X 10_15_7) AppleWebKit/605.1.15 (KHTML, like Gecko) Version/18.1 Safari/605.1.15"
62.60.130.27 - - [21/Sep/2026:04:32:26 +0700] "GET /wp-login.php HTTP/1.1" 200 7255 "https://twitter.com/" "Mozilla/5.0 (Windows NT 10.0; Win64; x64) Gecko/20100101 Firefox/122.0"
38.246.32.227 - - [21/Sep/2026:04:32:26 +0700] "POST /xmlrpc.php HTTP/1.1" 200 11789 "-" "Mozilla/5.0 (Macintosh; Intel Mac OS X 10_15_7) AppleWebKit/537.36 (KHTML, like Gecko) obsidian/1.6.5 Chrome/124.0.6367.243 Electron/30.1.2 Safari/537.36"
38.246.33.22 - - [21/Sep/2026:04:32:30 +0700] "POST /xmlrpc.php HTTP/1.1" 200 11386 "-" "Mozilla/5.0 (Windows NT 10.0; Win64; x64) AppleWebKit/537.36 (KHTML, like Gecko) Chrome/133.0.0.0 Safari/537.36"
38.246.33.22 - - [21/Sep/2026:04:32:31 +0700] "GET /sie-verleiten-umherwandern-auerplanmaig-angeschaltet-diesseitigen-mobilen-spielsalon-leistungen-ein-verschiedenen-webseiten/ HTTP/1.1" 200 60117 "-" "Mozilla/5.0 (X11; Linux x86_64) AppleWebKit/537.36 (KHTML, like Gecko) Chrome/135.0.0.0 Safari/537.36"
89.213.229.123 - - [21/Sep/2026:04:32:32 +0700] "GET /malta-online-casinos-mga-licence-uk-2026/ HTTP/1.1" 200 72138 "https://veewin24hr.com/" "Mozilla/5.0 (X11; Linux x86_64) AppleWebKit/537.36 (KHTML, like Gecko) Chrome/133.0.0.0 Safari/537.36"
38.246.32.227 - - [21/Sep/2026:04:32:26 +0700] "POST /xmlrpc.php HTTP/1.1" 200 181 "-" "Mozilla/5.0 (X11; Ubuntu; Linux x86_64; rv:136.0) Gecko/20100101 Firefox/136.0"
198.252.107.178 - - [21/Sep/2026:04:32:37 +0700] "POST /wp-cron.php?doing_wp_cron=1789939956.9275050163269042968750 HTTP/1.1" 200 - "-" "WordPress/7.1.1; https://veewin24hr.com"
38.246.33.22 - - [21/Sep/2026:04:32:28 +0700] "POST /xmlrpc.php HTTP/1.1" 200 181 "-" "Mozilla/5.0 (X11; Linux x86_64) AppleWebKit/537.36 Chrome/124.0"
38.246.32.227 - - [21/Sep/2026:04:32:33 +0700] "POST /xmlrpc.php HTTP/1.1" 200 181 "-" "Mozilla/5.0 (Windows NT 10.0; Win64; x64) AppleWebKit/537.36 (KHTML, like Gecko) Chrome/132.0.0.0 Safari/537.36"
38.246.33.22 - - [21/Sep/2026:04:32:35 +0700] "POST /xmlrpc.php HTTP/1.1" 200 181 "-" "Mozilla/5.0 (Windows NT 10.0; Win64; x64) AppleWebKit/537.36 (KHTML, like Gecko) obsidian/1.6.5 Chrome/124.0.6367.243 Electron/30.1.2 Safari/537.36"
104.248.25.191 - - [21/Sep/2026:04:32:33 +0700] "POST /xmlrpc.php HTTP/1.1" 200 181 "-" "Mozilla/5.0 (Macintosh; Intel Mac OS X 10_15_7) AppleWebKit/537.36 (KHTML, like Gecko) Chrome/129.0.0.0 Safari/537.36"
38.246.32.227 - - [21/Sep/2026:04:32:38 +0700] "GET /bonus-und-freispiele-zu-tun-sein-55-zeichen-vollzogen-werden-vorher-der-glucksspieler-ne-ausschuttung-fordern-vermag/ HTTP/1.1" 200 61734 "-" "Mozilla/5.0 (Macintosh; Intel Mac OS X 10_15_7) AppleWebKit/537.36 (KHTML, like Gecko) Chrome/122.0.0.0 Safari/537.36"
104.248.25.191 - - [21/Sep/2026:04:32:38 +0700] "GET /enjoy-all-favorite-layouts-spin-the-new-reels-and-you-can-hit-big-jackpots/ HTTP/1.1" 200 57585 "-" "Mozilla/5.0 (Windows NT 10.0; Win64; x64) AppleWebKit/537.36 (KHTML, like Gecko) Chrome/135.0.0.0 Safari/537.36"
38.246.32.227 - - [21/Sep/2026:04:32:39 +0700] "POST /xmlrpc.php HTTP/1.1" 200 13146 "-" "Mozilla/5.0 (Macintosh; Intel Mac OS X 10_15_7) AppleWebKit/537.36 (KHTML, like Gecko) Chrome/134.0.0.0 Safari/537.36"
38.246.32.227 - - [21/Sep/2026:04:32:42 +0700] "POST /xmlrpc.php HTTP/1.1" 200 13223 "-" "Mozilla/5.0 (Macintosh; Intel Mac OS X 10_15_7) AppleWebKit/605.1.15 (KHTML, like Gecko) Version/17.4.1 Safari/605.1.15"
38.246.33.22 - - [21/Sep/2026:04:32:39 +0700] "GET /in-verbindung-stehen-berechtigung-adressnachweis-oder-der-nachweis-zur-gewahlten-zahlungsmethode/ HTTP/1.1" 200 60984 "-" "Mozilla/5.0 (Macintosh; Intel Mac OS X 10_15_7) AppleWebKit/605.1.15 (KHTML, like Gecko) Version/17.5 Safari/605.1.15"
51.81.111.14 - - [21/Sep/2026:04:32:42 +0700] "GET /exploring-the-most-recent-qualified-online-game-even-offers-guarantees-an-interesting-course/ HTTP/1.1" 200 57432 "-" "Mozilla/5.0 (compatible; AhrefsBot/7.0; +http://ahrefs.com/robot/)"
38.246.33.22 - - [21/Sep/2026:04:32:43 +0700] "POST /xmlrpc.php HTTP/1.1" 200 13184 "-" "Mozilla/5.0 (Windows NT 10.0; Win64; x64) AppleWebKit/537.36 (KHTML, like Gecko) Chrome/132.0.0.0 Safari/537.36 OPR/117.0.0.0"
38.246.33.22 - - [21/Sep/2026:04:32:43 +0700] "POST /xmlrpc.php HTTP/1.1" 200 11012 "-" "Mozilla/5.0 (Windows NT 10.0; Win64; x64) AppleWebKit/537.36 (KHTML, like Gecko) Chrome/122.0.0.0 Safari/537.36"
62.60.130.27 - - [21/Sep/2026:04:32:47 +0700] "GET /wp-admin/ HTTP/1.1" 302 - "https://www.google.com/search?q=wordpress" "Mozilla/5.0 (X11; Linux x86_64) AppleWebKit/537.36 (KHTML, like Gecko) Chrome/120.0.6099.130 Safari/537.36"
89.213.229.123 - - [21/Sep/2026:04:32:52 +0700] "GET /wp-login.php?action=register HTTP/1.1" 302 - "https://veewin24hr.com/malta-online-casinos-mga-licence-uk-2026/" "Mozilla/5.0 (Windows NT 6.3; Win64; x64) AppleWebKit/537.36 (KHTML, like Gecko) Chrome/103.0.0.0 Safari/537.36"
38.246.33.22 - - [21/Sep/2026:04:32:42 +0700] "POST /xmlrpc.php HTTP/1.1" 200 181 "-" "Mozilla/5.0 (Windows NT 10.0; Win64; x64) AppleWebKit/537.36 (KHTML, like Gecko) Chrome/136.0.0.0 Safari/537.36"
38.246.32.227 - - [21/Sep/2026:04:32:40 +0700] "POST /xmlrpc.php HTTP/1.1" 200 181 "-" "Mozilla/5.0 (Macintosh; Intel Mac OS X 10_15_7) AppleWebKit/605.1.15 (KHTML, like Gecko) Version/18.1 Safari/605.1.15"
38.246.32.227 - - [21/Sep/2026:04:32:47 +0700] "POST /xmlrpc.php HTTP/1.1" 200 181 "-" "Mozilla/5.0 (Windows NT 10.0; Win64; x64) AppleWebKit/537.36 (KHTML, like Gecko) Chrome/134.0.0.0 Safari/537.36"
38.246.33.22 - - [21/Sep/2026:04:32:50 +0700] "POST /xmlrpc.php HTTP/1.1" 200 181 "-" "Mozilla/5.0 (Macintosh; Intel Mac OS X 10_15_7) AppleWebKit/537.36 (KHTML, like Gecko) Chrome/120.0.0.0 Safari/537.36"
38.246.32.227 - - [21/Sep/2026:04:32:55 +0700] "GET /amplitudenmodulation-zweck-sollten-wirkliche-qualitatskriterien-zahlen-weiters-gar-nicht-ein-marketingversprechen/ HTTP/1.1" 200 62891 "-" "Mozilla/5.0 (Windows NT 10.0; Win64; x64) AppleWebKit/537.36 (KHTML, like Gecko) Chrome/137.0.0.0 Safari/537.36"
38.246.32.227 - - [21/Sep/2026:04:32:55 +0700] "POST /xmlrpc.php HTTP/1.1" 200 11380 "-" "Mozilla/5.0 (Windows NT 10.0; Win64; x64) AppleWebKit/537.36 (KHTML, like Gecko) Chrome/133.0.0.0 Safari/537.36 OPR/118.0.0.0"
38.246.32.227 - - [21/Sep/2026:04:32:55 +0700] "GET /soeben-ihr-spielerschutz-spielt-die-individuelle-parte-in-der-entschluss-z-hd-die-bahnsteig/ HTTP/1.1" 200 62651 "-" "Mozilla/5.0 (Windows NT 10.0; Win64; x64) AppleWebKit/537.36 (KHTML, like Gecko) Chrome/148.0.0.0 Safari/537.36"
38.246.32.227 - - [21/Sep/2026:04:32:57 +0700] "POST /xmlrpc.php HTTP/1.1" 200 11493 "-" "Mozilla/5.0 (Windows NT 10.0; Win64; x64; rv:138.0) Gecko/20100101 Firefox/138.0"
