38.246.32.227 - - [21/Sep/2026:07:34:10 +0700] "POST /xmlrpc.php HTTP/1.1" 200 181 "-" "Mozilla/5.0 (Windows NT 10.0; Win64; x64) AppleWebKit/537.36 (KHTML, like Gecko) Chrome/58.0.3029.110 Safari/537.3"
38.246.33.22 - - [21/Sep/2026:07:34:20 +0700] "POST /xmlrpc.php HTTP/1.1" 500 602 "-" "Mozilla/5.0 (Windows NT 10.0; Win64; x64) AppleWebKit/537.36 (KHTML, like Gecko) Chrome/133.0.0.0 Safari/537.36 OPR/118.0.0.0"
38.246.33.22 - - [21/Sep/2026:07:34:20 +0700] "POST /xmlrpc.php HTTP/1.1" 200 9866 "-" "Mozilla/5.0 (Windows NT 10.0; Win64; x64) AppleWebKit/537.36 (KHTML, like Gecko) Chrome/124.0 Safari/537.36"
198.252.107.178 - - [21/Sep/2026:07:34:21 +0700] "POST /wp-cron.php?doing_wp_cron=1789950781.6879460811614990234375 HTTP/1.1" 200 - "-" "WordPress/7.1.1; https://veewin24hr.com"
38.246.32.227 - - [21/Sep/2026:07:34:22 +0700] "POST /xmlrpc.php HTTP/1.1" 500 602 "-" "Mozilla/5.0 (Windows NT 10.0; Win64; x64) AppleWebKit/537.36 (KHTML, like Gecko) Chrome/120.0.0.0 Safari/537.36"
38.246.32.227 - - [21/Sep/2026:07:34:12 +0700] "POST /xmlrpc.php HTTP/1.1" 200 181 "-" "Mozilla/5.0 (Windows NT 10.0; Win64; x64) AppleWebKit/537.36 (KHTML, like Gecko) Chrome/131.0.0.0 Safari/537.36"
38.246.33.22 - - [21/Sep/2026:07:34:16 +0700] "POST /xmlrpc.php HTTP/1.1" 200 181 "-" "Mozilla/5.0 (Macintosh; Intel Mac OS X 10_15_7) AppleWebKit/537.36 (KHTML, like Gecko) Chrome/145.0.0.0 Safari/537.36 OPR/129.0.0.0"
38.246.32.227 - - [21/Sep/2026:07:34:19 +0700] "POST /xmlrpc.php HTTP/1.1" 200 181 "-" "Mozilla/5.0 (X11; Linux x86_64) AppleWebKit/537.36 (KHTML, like Gecko) Chrome/133.0.0.0 Safari/537.36"
38.246.33.22 - - [21/Sep/2026:07:34:20 +0700] "POST /xmlrpc.php HTTP/1.1" 200 181 "-" "Mozilla/5.0 (X11; Linux x86_64) AppleWebKit/537.36 (KHTML, like Gecko) Chrome/135.0.0.0 Safari/537.36"
38.246.32.227 - - [21/Sep/2026:07:34:29 +0700] "POST /xmlrpc.php HTTP/1.1" 200 9044 "-" "Mozilla/5.0 (Windows NT 10.0; Win64; x64) AppleWebKit/537.36 (KHTML, like Gecko) Chrome/131.0.0.0 Safari/537.36 Edg/131.0.0.0"
38.246.33.22 - - [21/Sep/2026:07:34:30 +0700] "POST /xmlrpc.php HTTP/1.1" 500 602 "-" "Mozilla/5.0 (Macintosh; Intel Mac OS X 10_15_7) AppleWebKit/537.36 (KHTML, like Gecko) Chrome/129.0.0.0 Safari/537.36"
38.246.32.227 - - [21/Sep/2026:07:34:31 +0700] "POST /xmlrpc.php HTTP/1.1" 500 602 "-" "Mozilla/5.0 (Macintosh; Intel Mac OS X 10_15_7) AppleWebKit/537.36 (KHTML, like Gecko) obsidian/1.6.5 Chrome/124.0.6367.243 Electron/30.1.2 Safari/537.36"
38.246.32.227 - - [21/Sep/2026:07:34:22 +0700] "POST /xmlrpc.php HTTP/1.1" 200 181 "-" "Mozilla/5.0 (Macintosh; Intel Mac OS X 10_15_7) AppleWebKit/537.36 (KHTML, like Gecko) Chrome/122.0.0.0 Safari/537.36"
38.246.33.22 - - [21/Sep/2026:07:34:22 +0700] "POST /xmlrpc.php HTTP/1.1" 200 181 "-" "Mozilla/5.0 (Windows NT 10.0; Win64; x64) AppleWebKit/537.36 (KHTML, like Gecko) Chrome/145.0.0.0 Safari/537.36"
38.246.32.227 - - [21/Sep/2026:07:34:32 +0700] "POST /xmlrpc.php HTTP/1.1" 200 181 "-" "Mozilla/5.0 (X11; Linux x86_64) AppleWebKit/537.36 (KHTML, like Gecko) Chrome/130.0.0.0 Safari/537.36"
38.246.32.227 - - [21/Sep/2026:07:34:23 +0700] "POST /xmlrpc.php HTTP/1.1" 200 181 "-" "Mozilla/5.0 (X11; Linux x86_64) AppleWebKit/537.36 (KHTML, like Gecko) Chrome/124.0.0.0 Safari/537.36"
38.246.33.22 - - [21/Sep/2026:07:34:30 +0700] "POST /xmlrpc.php HTTP/1.1" 200 181 "-" "Mozilla/5.0 (Macintosh; Intel Mac OS X 10_15_7) AppleWebKit/605.1.15 (KHTML, like Gecko) Version/16.6 Safari/605.1.15"
38.246.33.22 - - [21/Sep/2026:07:34:36 +0700] "POST /xmlrpc.php HTTP/1.1" 500 602 "-" "Mozilla/5.0 (Windows NT 10.0; Win64; x64; rv:138.0) Gecko/20100101 Firefox/138.0"
38.246.32.227 - - [21/Sep/2026:07:34:39 +0700] "POST /xmlrpc.php HTTP/1.1" 500 602 "-" "Mozilla/5.0 (Macintosh; Intel Mac OS X 10_15_7) AppleWebKit/537.36 (KHTML, like Gecko) Chrome/129.0.0.0 Safari/537.36"
38.246.33.22 - - [21/Sep/2026:07:34:39 +0700] "POST /xmlrpc.php HTTP/1.1" 200 178 "-" "Mozilla/5.0 (Windows NT 10.0; Win64; x64) AppleWebKit/537.36 (KHTML, like Gecko) obsidian/1.8.10 Chrome/132.0.6834.196 Electron/34.2.0 Safari/537.36"
38.246.33.22 - - [21/Sep/2026:07:34:40 +0700] "POST /xmlrpc.php HTTP/1.1" 500 602 "-" "Mozilla/5.0 (Windows NT 10.0; Win64; x64) AppleWebKit/537.36 (KHTML, like Gecko) Chrome/119.0.0.0 Safari/537.36"
38.246.32.227 - - [21/Sep/2026:07:34:41 +0700] "POST /xmlrpc.php HTTP/1.1" 500 602 "-" "Mozilla/5.0 (Windows NT 10.0; Win64; x64) AppleWebKit/537.36 (KHTML, like Gecko) Chrome/132.0.0.0 Safari/537.36 OPR/117.0.0.0"
38.246.33.22 - - [21/Sep/2026:07:34:32 +0700] "POST /xmlrpc.php HTTP/1.1" 200 181 "-" "Mozilla/5.0 (Windows NT 10.0; Win64; x64) AppleWebKit/537.36 (KHTML, like Gecko) obsidian/1.6.5 Chrome/124.0.6367.243 Electron/30.1.2 Safari/537.36"
38.246.32.227 - - [21/Sep/2026:07:34:38 +0700] "POST /xmlrpc.php HTTP/1.1" 200 181 "-" "Mozilla/5.0 (Windows NT 10.0; Win64; x64) AppleWebKit/537.36 (KHTML, like Gecko) Chrome/136.0.0.0 Safari/537.36"
38.246.33.22 - - [21/Sep/2026:07:34:42 +0700] "POST /xmlrpc.php HTTP/1.1" 200 10963 "-" "Mozilla/5.0 (Windows NT 10.0; Win64; x64; rv:128.0) Gecko/20100101 Firefox/128.0"
38.246.32.227 - - [21/Sep/2026:07:34:43 +0700] "POST /xmlrpc.php HTTP/1.1" 500 602 "-" "Mozilla/5.0 (Macintosh; Intel Mac OS X 10_15_7) AppleWebKit/537.36"
38.246.33.22 - - [21/Sep/2026:07:34:40 +0700] "POST /xmlrpc.php HTTP/1.1" 200 181 "-" "Mozilla/5.0 (Windows NT 10.0; Win64; x64) AppleWebKit/537.36 (KHTML, like Gecko) Chrome/148.0.0.0 Safari/537.36"
38.246.32.227 - - [21/Sep/2026:07:34:40 +0700] "POST /xmlrpc.php HTTP/1.1" 200 181 "-" "Mozilla/5.0 (Macintosh; Intel Mac OS X 10_15_7) AppleWebKit/537.36 (KHTML, like Gecko) Chrome/129.0.0.0 Safari/537.36"
38.246.33.22 - - [21/Sep/2026:07:34:50 +0700] "GET /?p=215034 HTTP/1.1" 301 - "-" "Mozilla/5.0 (Windows NT 10.0; Win64; x64; rv:136.0) Gecko/20100101 Firefox/136.0"
38.246.32.227 - - [21/Sep/2026:07:34:42 +0700] "POST /xmlrpc.php HTTP/1.1" 200 181 "-" "Mozilla/5.0 (Macintosh; Intel Mac OS X 10_15_7) AppleWebKit/537.36 (KHTML, like Gecko) obsidian/1.6.5 Chrome/124.0.6367.243 Electron/30.1.2 Safari/537.36"
38.246.33.22 - - [21/Sep/2026:07:34:42 +0700] "POST /xmlrpc.php HTTP/1.1" 200 181 "-" "Mozilla/5.0 (X11; Linux x86_64) AppleWebKit/537.36 (KHTML, like Gecko) Chrome/132.0.0.0 Safari/537.36"
38.246.33.22 - - [21/Sep/2026:07:34:51 +0700] "POST /xmlrpc.php HTTP/1.1" 500 602 "-" "Mozilla/5.0 (X11; Linux x86_64) AppleWebKit/537.36 (KHTML, like Gecko) Chrome/132.0.0.0 Safari/537.36"
38.246.32.227 - - [21/Sep/2026:07:34:53 +0700] "POST /xmlrpc.php HTTP/1.1" 500 602 "-" "Mozilla/5.0 (Macintosh; Intel Mac OS X 10_15_7) AppleWebKit/537.36 (KHTML, like Gecko) Chrome/122.0.0.0 Safari/537.36"
38.246.32.227 - - [21/Sep/2026:07:34:54 +0700] "POST /xmlrpc.php HTTP/1.1" 200 11542 "-" "Mozilla/5.0 (Macintosh; Intel Mac OS X 10_15_7) AppleWebKit/537.36 (KHTML, like Gecko) Chrome/130.0.0.0 Safari/537.36"
38.246.33.22 - - [21/Sep/2026:07:34:55 +0700] "POST /xmlrpc.php HTTP/1.1" 500 602 "-" "Mozilla/5.0 (X11; Linux x86_64) AppleWebKit/537.36 (KHTML, like Gecko) Chrome/131.0.0.0 Safari/537.36"
38.246.32.227 - - [21/Sep/2026:07:34:43 +0700] "POST /xmlrpc.php HTTP/1.1" 200 181 "-" "Mozilla/5.0 (Windows NT 10.0; Win64; x64) AppleWebKit/537.36 (KHTML, like Gecko) Chrome/136.0.0.0 Safari/537.36"
38.246.32.227 - - [21/Sep/2026:07:34:56 +0700] "POST /xmlrpc.php HTTP/1.1" 500 602 "-" "Mozilla/5.0 (Windows NT 10.0; Win64; x64) AppleWebKit/537.36 (KHTML, like Gecko) obsidian/1.8.9 Chrome/132.0.6834.210 Electron/34.3.0 Safari/537.36"
38.246.33.22 - - [21/Sep/2026:07:34:57 +0700] "POST /xmlrpc.php HTTP/1.1" 500 602 "-" "Mozilla/5.0 (Macintosh; Intel Mac OS X 10_15_7) AppleWebKit/537.36 (KHTML, like Gecko) Chrome/136.0.0.0 Safari/537.36 Edg/136.0.0.0"
38.246.33.22 - - [21/Sep/2026:07:34:57 +0700] "POST /xmlrpc.php HTTP/1.1" 500 602 "-" "Mozilla/5.0 (Macintosh; Intel Mac OS X 10_15_7) AppleWebKit/537.36 (KHTML, like Gecko) Chrome/116.0.0.0 Safari/537.36"
38.246.33.22 - - [21/Sep/2026:07:34:48 +0700] "POST /xmlrpc.php HTTP/1.1" 200 181 "-" "Mozilla/5.0 (Macintosh; Intel Mac OS X 10_15_7) AppleWebKit/537.36 (KHTML, like Gecko) Chrome/122.0.0.0 Safari/537.36"
38.246.33.22 - - [21/Sep/2026:07:35:00 +0700] "POST /xmlrpc.php HTTP/1.1" 500 602 "-" "Mozilla/5.0 (Windows NT 10.0; Win64; x64) AppleWebKit/537.36 (KHTML, like Gecko) Chrome/134.0.0.0 Safari/537.36"
38.246.33.22 - - [21/Sep/2026:07:35:01 +0700] "POST /xmlrpc.php HTTP/1.1" 500 602 "-" "Mozilla/5.0 (Macintosh; Intel Mac OS X 10_15_7) AppleWebKit/537.36"
38.246.33.22 - - [21/Sep/2026:07:35:03 +0700] "POST /xmlrpc.php HTTP/1.1" 500 602 "-" "Mozilla/5.0 (Windows NT 10.0; Win64; x64; rv:128.0) Gecko/20100101 Firefox/128.0"
38.246.33.22 - - [21/Sep/2026:07:35:04 +0700] "POST /xmlrpc.php HTTP/1.1" 500 602 "-" "Mozilla/5.0 (Windows NT 10.0; Win64; x64) AppleWebKit/537.36 (KHTML, like Gecko) Chrome/135.0.0.0 Safari/537.36 Edg/135.0.0.0"
38.246.32.227 - - [21/Sep/2026:07:35:03 +0700] "POST /xmlrpc.php HTTP/1.1" 500 602 "-" "Mozilla/5.0 (Macintosh; Intel Mac OS X 10_15_7) AppleWebKit/605.1.15 (KHTML, like Gecko) Version/18.3 Safari/605.1.15"
38.246.32.227 - - [21/Sep/2026:07:35:04 +0700] "POST /xmlrpc.php HTTP/1.1" 500 602 "-" "Mozilla/5.0 (Macintosh; Intel Mac OS X 10_15_7) AppleWebKit/537.36 (KHTML, like Gecko) Chrome/131.0.0.0 Safari/537.36"
38.246.33.22 - - [21/Sep/2026:07:35:04 +0700] "POST /xmlrpc.php HTTP/1.1" 500 602 "-" "Mozilla/5.0 (Windows NT 10.0; Win64; x64) AppleWebKit/537.36 (KHTML, like Gecko) Chrome/124.0.0.0 Safari/537.36"
38.246.33.22 - - [21/Sep/2026:07:35:07 +0700] "POST /xmlrpc.php HTTP/1.1" 500 602 "-" "Mozilla/5.0 (X11; Linux x86_64) AppleWebKit/537.36 (KHTML, like Gecko) Chrome/134.0.0.0 Safari/537.36"
198.252.107.178 - - [21/Sep/2026:07:35:07 +0700] "POST /wp-cron.php?doing_wp_cron=1789950842.2077078819274902343750 HTTP/1.1" 200 - "-" "WordPress/7.1.1; https://veewin24hr.com"
38.246.32.227 - - [21/Sep/2026:07:35:06 +0700] "GET /?p=215007 HTTP/1.1" 301 - "-" "Mozilla/5.0 (Windows NT 10.0; Win64; x64) AppleWebKit/537.36 (KHTML, like Gecko) Chrome/137.0.0.0 Safari/537.36"
198.252.107.178 - - [21/Sep/2026:07:35:08 +0700] "POST /wp-cron.php?doing_wp_cron=1789950843.0918529033660888671875 HTTP/1.1" 200 - "-" "WordPress/7.1.1; https://veewin24hr.com"
38.246.32.227 - - [21/Sep/2026:07:35:05 +0700] "GET /?p=215004 HTTP/1.1" 301 - "-" "Mozilla/5.0 (Windows NT 10.0; Win64; x64) AppleWebKit/537.36 (KHTML, like Gecko) Chrome/134.0.0.0 Safari/537.36"
198.252.107.178 - - [21/Sep/2026:07:35:08 +0700] "POST /wp-cron.php?doing_wp_cron=1789950844.9232289791107177734375 HTTP/1.1" 200 - "-" "WordPress/7.1.1; https://veewin24hr.com"
38.246.33.22 - - [21/Sep/2026:07:35:12 +0700] "GET /?p=215005 HTTP/1.1" 301 - "-" "Mozilla/5.0 (Windows NT 10.0; Win64; x64) AppleWebKit/537.36 (KHTML, like Gecko) Chrome/120.0.0.0 Safari/537.36"
38.246.33.22 - - [21/Sep/2026:07:34:52 +0700] "POST /xmlrpc.php HTTP/1.1" 200 181 "-" "Mozilla/5.0 (Windows NT 10.0; Win64; x64) AppleWebKit/537.36 (KHTML, like Gecko) obsidian/1.8.4 Chrome/130.0.6723.191 Electron/33.3.2 Safari/537.36"
38.246.32.227 - - [21/Sep/2026:07:35:11 +0700] "POST /xmlrpc.php HTTP/1.1" 500 602 "-" "Mozilla/5.0 (Windows NT 10.0; Win64; x64) AppleWebKit/537.36 (KHTML, like Gecko) Chrome/109.0.0.0 Safari/537.36"
38.246.32.227 - - [21/Sep/2026:07:35:11 +0700] "POST /xmlrpc.php HTTP/1.1" 500 602 "-" "Mozilla/5.0 (Macintosh; Intel Mac OS X 10_15_7) AppleWebKit/537.36 (KHTML, like Gecko) Chrome/135.0.0.0 Safari/537.36"
38.246.32.227 - - [21/Sep/2026:07:35:13 +0700] "GET /?p=215000 HTTP/1.1" 301 - "-" "Mozilla/5.0 (Macintosh; Intel Mac OS X 10_15_7) AppleWebKit/537.36 (KHTML, like Gecko) Chrome/130.0.0.0 Safari/537.36"
38.246.32.227 - - [21/Sep/2026:07:35:14 +0700] "POST /xmlrpc.php HTTP/1.1" 500 602 "-" "Mozilla/5.0 (Macintosh; Intel Mac OS X 10_15_7) AppleWebKit/537.36 (KHTML, like Gecko) Chrome/120.0.0.0 Safari/537.36"
38.246.33.22 - - [21/Sep/2026:07:35:13 +0700] "GET /?p=215010 HTTP/1.1" 301 - "-" "Mozilla/5.0 (Macintosh; Intel Mac OS X 10_15_7) AppleWebKit/537.36 (KHTML, like Gecko) Chrome/128.0.0.0 Safari/537.36"
38.246.32.227 - - [21/Sep/2026:07:35:14 +0700] "POST /xmlrpc.php HTTP/1.1" 500 602 "-" "Mozilla/5.0 (Macintosh; Intel Mac OS X 10_15_7) AppleWebKit/537.36 (KHTML, like Gecko) Chrome/131.0.0.0 Safari/537.36"
51.89.69.42 - - [21/Sep/2026:07:34:53 +0700] "GET /robots.txt HTTP/1.1" 200 172 "-" "Mozilla/5.0 (compatible; AhrefsBot/7.0; +http://ahrefs.com/robot/)"
38.246.33.22 - - [21/Sep/2026:07:35:15 +0700] "POST /xmlrpc.php HTTP/1.1" 500 602 "-" "Mozilla/5.0 (Windows NT 10.0; Win64; x64; rv:137.0) Gecko/20100101 Firefox/137.0"
38.246.33.22 - - [21/Sep/2026:07:35:21 +0700] "POST /xmlrpc.php HTTP/1.1" 500 602 "-" "Mozilla/5.0 (Macintosh; Intel Mac OS X 10_15_7) AppleWebKit/537.36 (KHTML, like Gecko) Chrome/136.0.0.0 Safari/537.36"
38.246.32.227 - - [21/Sep/2026:07:35:20 +0700] "POST /xmlrpc.php HTTP/1.1" 500 602 "-" "Mozilla/5.0 (Macintosh; Intel Mac OS X 10_15_7) AppleWebKit/537.36 (KHTML, like Gecko) obsidian/1.8.9 Chrome/132.0.6834.210 Electron/34.3.0 Safari/537.36"
38.246.32.227 - - [21/Sep/2026:07:35:25 +0700] "GET /?p=215020 HTTP/1.1" 301 - "-" "Mozilla/5.0 (Macintosh; Intel Mac OS X 10_15_7) AppleWebKit/605.1.15 (KHTML, like Gecko) Version/17.5 Safari/605.1.15"
38.246.32.227 - - [21/Sep/2026:07:35:21 +0700] "POST /xmlrpc.php HTTP/1.1" 500 602 "-" "Mozilla/5.0 (X11; Linux x86_64) AppleWebKit/537.36 (KHTML, like Gecko) Chrome/133.0.0.0 Safari/537.36"
38.246.32.227 - - [21/Sep/2026:07:35:23 +0700] "POST /xmlrpc.php HTTP/1.1" 500 602 "-" "Mozilla/5.0 (Windows NT 10.0; Win64; x64; rv:128.0) Gecko/20100101 Firefox/128.0"
38.246.33.22 - - [21/Sep/2026:07:35:28 +0700] "GET /?p=215024 HTTP/1.1" 301 - "-" "Mozilla/5.0 (Windows NT 10.0; Win64; x64; rv:137.0) Gecko/20100101 Firefox/137.0"
38.246.33.22 - - [21/Sep/2026:07:35:25 +0700] "POST /xmlrpc.php HTTP/1.1" 500 602 "-" "Mozilla/5.0 (Windows NT 10.0; Win64; x64) AppleWebKit/537.36 (KHTML, like Gecko) Chrome/137.0.0.0 Safari/537.36"
38.246.32.227 - - [21/Sep/2026:07:35:30 +0700] "POST /xmlrpc.php HTTP/1.1" 500 602 "-" "Mozilla/5.0 (Windows NT 10.0; Win64; x64) AppleWebKit/537.36 (KHTML, like Gecko) obsidian/1.8.3 Chrome/130.0.6723.191 Electron/33.3.2 Safari/537.36"
38.246.33.22 - - [21/Sep/2026:07:35:30 +0700] "POST /xmlrpc.php HTTP/1.1" 500 602 "-" "Mozilla/5.0 (Windows NT 10.0; Win64; x64) AppleWebKit/537.36 (KHTML, like Gecko) obsidian/1.8.3 Chrome/130.0.6723.191 Electron/33.3.2 Safari/537.36"
38.246.32.227 - - [21/Sep/2026:07:35:30 +0700] "POST /xmlrpc.php HTTP/1.1" 500 602 "-" "Mozilla/5.0 (Windows NT 10.0; Win64; x64) AppleWebKit/537.36 (KHTML, like Gecko) Chrome/135.0.0.0 Safari/537.36"
38.246.32.227 - - [21/Sep/2026:07:35:35 +0700] "POST /xmlrpc.php HTTP/1.1" 500 602 "-" "Mozilla/5.0 (Macintosh; Intel Mac OS X 10_15_7) AppleWebKit/605.1.15 (KHTML, like Gecko) Version/18.4 Safari/605.1.15"
38.246.32.227 - - [21/Sep/2026:07:35:35 +0700] "POST /xmlrpc.php HTTP/1.1" 500 602 "-" "Mozilla/5.0 (Windows NT 10.0; Win64; x64) AppleWebKit/537.36 (KHTML, like Gecko) Chrome/148.0.0.0 Safari/537.36 Edg/148.0.0.0"
38.246.33.22 - - [21/Sep/2026:07:35:35 +0700] "POST /xmlrpc.php HTTP/1.1" 500 602 "-" "Mozilla/5.0 (Windows NT 10.0; Win64; x64) AppleWebKit/537.36 (KHTML, like Gecko) Chrome/122.0.0.0 Safari/537.36"
38.246.33.22 - - [21/Sep/2026:07:35:38 +0700] "POST /xmlrpc.php HTTP/1.1" 500 602 "-" "Mozilla/5.0 (Windows NT 10.0; Win64; x64; rv:128.0) Gecko/20100101 Firefox/128.0"
38.246.32.227 - - [21/Sep/2026:07:35:38 +0700] "POST /xmlrpc.php HTTP/1.1" 500 602 "-" "Mozilla/5.0 (Windows NT 10.0; Win64; x64) AppleWebKit/537.36 (KHTML, like Gecko) Chrome/131.0.0.0 Safari/537.36"
38.246.33.22 - - [21/Sep/2026:07:35:41 +0700] "POST /xmlrpc.php HTTP/1.1" 500 602 "-" "Mozilla/5.0 (X11; Linux x86_64) AppleWebKit/537.36 (KHTML, like Gecko) Chrome/135.0.0.0 Safari/537.36"
38.246.32.227 - - [21/Sep/2026:07:35:50 +0700] "POST /xmlrpc.php HTTP/1.1" 504 - "-" "Mozilla/5.0 (Macintosh; Intel Mac OS X 10_15_7) AppleWebKit/537.36 (KHTML, like Gecko) Chrome/122.0.0.0 Safari/537.36"
38.246.32.227 - - [21/Sep/2026:07:35:55 +0700] "POST /xmlrpc.php HTTP/1.1" 504 - "-" "Mozilla/5.0 (Windows NT 10.0; Win64; x64) AppleWebKit/537.36 (KHTML, like Gecko) Chrome/145.0.0.0 Safari/537.36"
38.246.33.22 - - [21/Sep/2026:07:35:46 +0700] "POST /xmlrpc.php HTTP/1.1" 504 - "-" "Mozilla/5.0 (Windows NT 10.0; Win64; x64) AppleWebKit/537.36 (KHTML, like Gecko) Chrome/145.0.0.0 Safari/537.36"
38.246.32.227 - - [21/Sep/2026:07:35:47 +0700] "POST /xmlrpc.php HTTP/1.1" 504 - "-" "Mozilla/5.0 (Windows NT 10.0; Win64; x64) AppleWebKit/537.36 (KHTML, like Gecko) obsidian/1.8.4 Chrome/130.0.6723.191 Electron/33.3.2 Safari/537.36"
38.246.32.227 - - [21/Sep/2026:07:35:47 +0700] "POST /xmlrpc.php HTTP/1.1" 504 - "-" "Mozilla/5.0 (X11; Linux x86_64) AppleWebKit/537.36 (KHTML, like Gecko) Chrome/124.0.0.0 Safari/537.36"
38.246.32.227 - - [21/Sep/2026:07:35:47 +0700] "POST /xmlrpc.php HTTP/1.1" 504 - "-" "Mozilla/5.0 (Windows NT 10.0; Win64; x64) AppleWebKit/537.36 (KHTML, like Gecko) Chrome/136.0.0.0 Safari/537.36"
38.246.32.227 - - [21/Sep/2026:07:35:43 +0700] "POST /xmlrpc.php HTTP/1.1" 504 - "-" "Mozilla/5.0 (X11; Linux x86_64) AppleWebKit/537.36 (KHTML, like Gecko) Chrome/133.0.0.0 Safari/537.36"
198.252.107.178 - - [21/Sep/2026:07:36:04 +0700] "POST /wp-cron.php?doing_wp_cron=1789950904.9298110008239746093750 HTTP/1.1" 504 - "-" "WordPress/7.1.1; https://veewin24hr.com"
158.173.74.236 - - [21/Sep/2026:07:35:44 +0700] "GET /malta-online-casinos-mga-licence-uk-2026/ HTTP/1.1" 504 - "https://veewin24hr.com/" "Mozilla/5.0 (Macintosh; Intel Mac OS X 10_15_7) AppleWebKit/537.36 (KHTML, like Gecko) Chrome/135.0.0.0 Safari/537.36 Edg/135.0.0.0"
38.246.32.227 - - [21/Sep/2026:07:36:36 +0700] "POST /xmlrpc.php HTTP/1.1" 504 - "-" "Mozilla/5.0 (Macintosh; Intel Mac OS X 10.15; rv:150.0) Gecko/20100101 Firefox/150.0"
38.246.32.227 - - [21/Sep/2026:07:35:49 +0700] "POST /xmlrpc.php HTTP/1.1" 504 - "-" "Mozilla/5.0 (X11; Linux x86_64) AppleWebKit/537.36 (KHTML, like Gecko) Chrome/129.0.0.0 Safari/537.36"
38.246.32.227 - - [21/Sep/2026:07:35:49 +0700] "POST /xmlrpc.php HTTP/1.1" 504 - "-" "Mozilla/5.0 (Macintosh; Intel Mac OS X 10_15_7) AppleWebKit/537.36 (KHTML, like Gecko) Chrome/129.0.0.0 Safari/537.36"
38.246.32.227 - - [21/Sep/2026:07:36:32 +0700] "POST /xmlrpc.php HTTP/1.1" 504 - "-" "Mozilla/5.0 (Macintosh; Intel Mac OS X 10_15_7) AppleWebKit/537.36 (KHTML, like Gecko) Chrome/148.0.0.0 Safari/537.36"
198.252.107.178 - - [21/Sep/2026:07:36:16 +0700] "POST /wp-cron.php?doing_wp_cron=1789950913.5471160411834716796875 HTTP/1.1" 504 - "-" "WordPress/7.1.1; https://veewin24hr.com"
198.252.107.178 - - [21/Sep/2026:07:37:55 +0700] "POST /wp-cron.php?doing_wp_cron=1789951052.1378970146179199218750 HTTP/1.1" 504 - "-" "WordPress/7.1.1; https://veewin24hr.com"
38.246.32.227 - - [21/Sep/2026:07:36:18 +0700] "GET /?p=215042 HTTP/1.1" 504 - "-" "Mozilla/5.0 (Macintosh; Intel Mac OS X 10_15_7) AppleWebKit/537.36 (KHTML, like Gecko) Chrome/133.0.0.0 Safari/537.36"
38.246.33.22 - - [21/Sep/2026:07:36:21 +0700] "POST /xmlrpc.php HTTP/1.1" 504 - "-" "Mozilla/5.0 (Windows NT 10.0; Win64; x64) AppleWebKit/537.36 (KHTML, like Gecko) obsidian/1.8.10 Chrome/132.0.6834.196 Electron/34.2.0 Safari/537.36"
38.246.32.227 - - [21/Sep/2026:07:35:52 +0700] "POST /xmlrpc.php HTTP/1.1" 504 - "-" "Mozilla/5.0 (Windows NT 10.0; Win64; x64) AppleWebKit/537.36 (KHTML, like Gecko) Chrome/122.0.0.0 Safari/537.36"
198.252.107.178 - - [21/Sep/2026:07:36:16 +0700] "POST /wp-cron.php?doing_wp_cron=1789950907.2759020328521728515625 HTTP/1.1" 504 - "-" "WordPress/7.1.1; https://veewin24hr.com"
38.246.33.22 - - [21/Sep/2026:07:35:45 +0700] "GET /?p=215030 HTTP/1.1" 504 - "-" "Mozilla/5.0 (Windows NT 10.0; Win64; x64) AppleWebKit/537.36 (KHTML, like Gecko) Chrome/120.0.0.0 Safari/537.36"
38.246.33.22 - - [21/Sep/2026:07:37:02 +0700] "POST /xmlrpc.php HTTP/1.1" 504 - "-" "Mozilla/5.0 (Macintosh; Intel Mac OS X 10_15_7) AppleWebKit/605.1.15 (KHTML, like Gecko) Version/17.5 Safari/605.1.15"
38.246.33.22 - - [21/Sep/2026:07:35:36 +0700] "POST /xmlrpc.php HTTP/1.1" 504 - "-" "Mozilla/5.0 (Windows NT 10.0; Win64; x64) AppleWebKit/537.36 (KHTML, like Gecko) Chrome/117.0.5938.132 Safari/537.36"
38.246.32.227 - - [21/Sep/2026:07:36:32 +0700] "POST /xmlrpc.php HTTP/1.1" 504 - "-" "Mozilla/5.0 (X11; Ubuntu; Linux x86_64; rv:136.0) Gecko/20100101 Firefox/136.0"
38.246.32.227 - - [21/Sep/2026:07:35:49 +0700] "GET /?p=215033 HTTP/1.1" 504 - "-" "Mozilla/5.0 (Macintosh; Intel Mac OS X 10_15_7) AppleWebKit/537.36 (KHTML, like Gecko) Chrome/134.0.0.0 Safari/537.36"
38.246.33.22 - - [21/Sep/2026:07:35:51 +0700] "POST /xmlrpc.php HTTP/1.1" 504 - "-" "Mozilla/5.0 (Windows NT 10.0; Win64; x64) AppleWebKit/537.36 (KHTML, like Gecko) obsidian/1.6.5 Chrome/124.0.6367.243 Electron/30.1.2 Safari/537.36"
38.246.32.227 - - [21/Sep/2026:07:35:56 +0700] "POST /xmlrpc.php HTTP/1.1" 504 - "-" "Mozilla/5.0 (Macintosh; Intel Mac OS X 10_15_7) AppleWebKit/537.36 (KHTML, like Gecko) obsidian/1.6.5 Chrome/124.0.6367.243 Electron/30.1.2 Safari/537.36"
198.252.107.178 - - [21/Sep/2026:07:36:54 +0700] "POST /wp-cron.php?doing_wp_cron=1789950974.3384089469909667968750 HTTP/1.1" 504 - "-" "WordPress/7.1.1; https://veewin24hr.com"
38.246.32.227 - - [21/Sep/2026:07:36:01 +0700] "POST /xmlrpc.php HTTP/1.1" 504 - "-" "Mozilla/5.0 (Windows NT 10.0; Win64; x64; rv:138.0) Gecko/20100101 Firefox/138.0"
38.246.32.227 - - [21/Sep/2026:07:35:48 +0700] "POST /xmlrpc.php HTTP/1.1" 504 - "-" "Mozilla/5.0 (X11; Linux x86_64) AppleWebKit/537.36 (KHTML, like Gecko) Chrome/135.0.0.0 Safari/537.36"
38.246.33.22 - - [21/Sep/2026:07:37:13 +0700] "POST /xmlrpc.php HTTP/1.1" 504 - "-" "Mozilla/5.0 (X11; Ubuntu; Linux x86_64; rv:137.0) Gecko/20100101 Firefox/137.0"
194.126.177.134 - - [21/Sep/2026:07:37:17 +0700] "GET /malta-online-casinos-mga-licence-uk-2026/ HTTP/1.1" 504 - "https://veewin24hr.com/" "Mozilla/5.0 (Macintosh; Intel Mac OS X 10_15_7) AppleWebKit/605.1.15 (KHTML, like Gecko) Version/18.4 Safari/605.1.15"
198.252.107.178 - - [21/Sep/2026:07:37:04 +0700] "POST /wp-cron.php?doing_wp_cron=1789950986.3206689357757568359375 HTTP/1.1" 504 - "-" "WordPress/7.1.1; https://veewin24hr.com"
38.246.33.22 - - [21/Sep/2026:07:35:48 +0700] "POST /xmlrpc.php HTTP/1.1" 504 - "-" "Mozilla/5.0 (Windows NT 10.0; Win64; x64) AppleWebKit/537.36 (KHTML, like Gecko) Chrome/109.0.0.0 Safari/537.36"
38.246.33.22 - - [21/Sep/2026:07:35:58 +0700] "GET /?p=215038 HTTP/1.1" 504 - "-" "Mozilla/5.0 (Macintosh; Intel Mac OS X 10_15_7) AppleWebKit/605.1.15 (KHTML, like Gecko) Version/16.6 Safari/605.1.15"
38.246.33.22 - - [21/Sep/2026:07:36:19 +0700] "POST /xmlrpc.php HTTP/1.1" 504 - "-" "Mozilla/5.0 (Windows NT 10.0; Win64; x64) AppleWebKit/537.36 (KHTML, like Gecko) obsidian/1.8.4 Chrome/130.0.6723.191 Electron/33.3.2 Safari/537.36"
194.126.177.134 - - [21/Sep/2026:07:36:58 +0700] "GET /malta-online-casinos-mga-licence-uk-2026/ HTTP/1.1" 504 - "https://veewin24hr.com/" "Mozilla/5.0 (Macintosh; Intel Mac OS X 10_15_7) AppleWebKit/605.1.15 (KHTML, like Gecko) Version/18.4 Safari/605.1.15"
38.246.32.227 - - [21/Sep/2026:07:36:44 +0700] "POST /xmlrpc.php HTTP/1.1" 504 - "-" "Mozilla/5.0 (X11; Linux x86_64; rv:128.0) Gecko/20100101 Firefox/128.0"
198.252.107.178 - - [21/Sep/2026:07:37:00 +0700] "POST /wp-cron.php?doing_wp_cron=1789950979.5166370868682861328125 HTTP/1.1" 504 - "-" "WordPress/7.1.1; https://veewin24hr.com"
38.246.32.227 - - [21/Sep/2026:07:36:06 +0700] "POST /xmlrpc.php HTTP/1.1" 504 - "-" "Mozilla/5.0 (Windows NT 10.0; Win64; x64) AppleWebKit/537.36 (KHTML, like Gecko) Chrome/136.0.0.0 Safari/537.36"
38.246.33.22 - - [21/Sep/2026:07:36:32 +0700] "POST /xmlrpc.php HTTP/1.1" 504 - "-" "Mozilla/5.0 (Macintosh; Intel Mac OS X 10_15_7) AppleWebKit/537.36 (KHTML, like Gecko) Chrome/136.0.0.0 Safari/537.36 Edg/136.0.0.0"
185.191.171.2 - - [21/Sep/2026:07:39:34 +0700] "GET /for-the-2024-brand-new-countrys-low-latina-white-inhabitants-decrease-so-you-can-forty-two/ HTTP/1.1" 504 - "-" "Mozilla/5.0 (compatible; SemrushBot/7~bl; +http://www.semrush.com/bot.html)"
138.84.92.108 - - [21/Sep/2026:07:36:35 +0700] "POST /xmlrpc.php HTTP/1.1" 504 - "-" "Mozilla/5.0 (Windows NT 10.0; Win64; x64) AppleWebKit/537.36 (KHTML, like Gecko) obsidian/1.6.5 Chrome/124.0.6367.243 Electron/30.1.2 Safari/537.36"
38.246.32.227 - - [21/Sep/2026:07:36:26 +0700] "POST /xmlrpc.php HTTP/1.1" 504 - "-" "Mozilla/5.0 (Windows NT 10.0; Win64; x64; rv:150.0) Gecko/20100101 Firefox/150.0"
38.246.32.227 - - [21/Sep/2026:07:37:16 +0700] "POST /xmlrpc.php HTTP/1.1" 504 - "-" "Mozilla/5.0 (Windows NT 10.0; Win64; x64) AppleWebKit/537.36 (KHTML, like Gecko) Chrome/147.0.0.0 Safari/537.36"
38.246.33.22 - - [21/Sep/2026:07:36:02 +0700] "POST /xmlrpc.php HTTP/1.1" 504 - "-" "Mozilla/5.0 (Macintosh; Intel Mac OS X 10_15_7) AppleWebKit/537.36 (KHTML, like Gecko) Chrome/122.0.0.0 Safari/537.36"
198.252.107.178 - - [21/Sep/2026:07:37:56 +0700] "POST /wp-cron.php?doing_wp_cron=1789951052.1521029472351074218750 HTTP/1.1" 504 - "-" "WordPress/7.1.1; https://veewin24hr.com"
38.246.33.22 - - [21/Sep/2026:07:36:04 +0700] "POST /xmlrpc.php HTTP/1.1" 504 - "-" "Mozilla/5.0 (Windows NT 10.0; Win64; x64) AppleWebKit/537.36 (KHTML, like Gecko) Chrome/148.0.0.0 Safari/537.36"
38.246.32.227 - - [21/Sep/2026:07:36:15 +0700] "GET /?p=215044 HTTP/1.1" 504 - "-" "Mozilla/5.0 (Windows NT 10.0; Win64; x64) AppleWebKit/537.36 (KHTML, like Gecko) Chrome/120.0.0.0 Safari/537.36"
38.246.33.22 - - [21/Sep/2026:07:36:50 +0700] "POST /xmlrpc.php HTTP/1.1" 504 - "-" "Mozilla/5.0 (X11; Linux x86_64) AppleWebKit/537.36 (KHTML, like Gecko) Chrome/131.0.0.0 Safari/537.36"
220.93.109.116 - - [21/Sep/2026:07:37:37 +0700] "GET /malta-online-casinos-mga-licence-uk-2026/ HTTP/1.1" 504 - "https://veewin24hr.com/" "Mozilla/5.0 (Macintosh; Intel Mac OS X 10_15_7) AppleWebKit/605.1.15 (KHTML, like Gecko) Version/17.6 Safari/605.1.15"
38.246.32.227 - - [21/Sep/2026:07:35:39 +0700] "POST /xmlrpc.php HTTP/1.1" 504 - "-" "Mozilla/5.0 (Windows NT 10.0; Win64; x64) AppleWebKit/537.36 (KHTML, like Gecko) Chrome/58.0.3029.110 Safari/537.3"
38.246.33.22 - - [21/Sep/2026:07:36:10 +0700] "POST /xmlrpc.php HTTP/1.1" 504 - "-" "Mozilla/5.0 (Windows NT 10.0; Win64; x64) AppleWebKit/537.36 (KHTML, like Gecko) Chrome/148.0.0.0 Safari/537.36 Edg/148.0.0.0"
194.126.177.134 - - [21/Sep/2026:07:36:39 +0700] "GET /malta-online-casinos-mga-licence-uk-2026/ HTTP/1.1" 504 - "https://veewin24hr.com/" "Mozilla/5.0 (Macintosh; Intel Mac OS X 10_15_7) AppleWebKit/605.1.15 (KHTML, like Gecko) Version/18.4 Safari/605.1.15"
193.27.208.194 - - [21/Sep/2026:07:37:27 +0700] "POST /xmlrpc.php HTTP/1.1" 504 - "-" "Mozilla/5.0 (X11; Linux x86_64) AppleWebKit/537.36 (KHTML, like Gecko) Chrome/131.0.0.0 Safari/537.36"
38.246.32.227 - - [21/Sep/2026:07:37:20 +0700] "POST /xmlrpc.php HTTP/1.1" 504 - "-" "Mozilla/5.0 (Windows NT 10.0; Win64; x64) AppleWebKit/537.36 (KHTML, like Gecko) Chrome/122.0.0.0 Safari/537.36"
198.252.107.178 - - [21/Sep/2026:07:37:50 +0700] "POST /wp-cron.php?doing_wp_cron=1789951046.5818231105804443359375 HTTP/1.1" 504 - "-" "WordPress/7.1.1; https://veewin24hr.com"
220.93.109.116 - - [21/Sep/2026:07:37:16 +0700] "GET /malta-online-casinos-mga-licence-uk-2026/ HTTP/1.1" 504 - "https://veewin24hr.com/" "Mozilla/5.0 (Macintosh; Intel Mac OS X 10_15_7) AppleWebKit/605.1.15 (KHTML, like Gecko) Version/17.6 Safari/605.1.15"
66.249.66.40 - - [21/Sep/2026:07:36:51 +0700] "GET /utvecklingen-av-live-casino-spel-9/ HTTP/1.1" 504 - "-" "Mozilla/5.0 (Linux; Android 6.0.1; Nexus 5X Build/MMB29P) AppleWebKit/537.36 (KHTML, like Gecko) Chrome/153.0.8010.47 Mobile Safari/537.36 (compatible; Googlebot/2.1; +http://www.google.com/bot.html)"
198.252.107.178 - - [21/Sep/2026:07:36:55 +0700] "POST /wp-cron.php?doing_wp_cron=1789950974.6117830276489257812500 HTTP/1.1" 504 - "-" "WordPress/7.1.1; https://veewin24hr.com"
198.252.107.178 - - [21/Sep/2026:07:37:55 +0700] "POST /wp-cron.php?doing_wp_cron=1789951052.1838080883026123046875 HTTP/1.1" 504 - "-" "WordPress/7.1.1; https://veewin24hr.com"
198.252.107.178 - - [21/Sep/2026:07:37:56 +0700] "POST /wp-cron.php?doing_wp_cron=1789951052.1524310111999511718750 HTTP/1.1" 504 - "-" "WordPress/7.1.1; https://veewin24hr.com"
220.93.109.116 - - [21/Sep/2026:07:36:55 +0700] "GET /malta-online-casinos-mga-licence-uk-2026/ HTTP/1.1" 504 - "https://veewin24hr.com/" "Mozilla/5.0 (Macintosh; Intel Mac OS X 10_15_7) AppleWebKit/605.1.15 (KHTML, like Gecko) Version/17.6 Safari/605.1.15"
198.252.107.178 - - [21/Sep/2026:07:37:00 +0700] "POST /wp-cron.php?doing_wp_cron=1789950978.4046010971069335937500 HTTP/1.1" 504 - "-" "WordPress/7.1.1; https://veewin24hr.com"
98.159.234.214 - - [21/Sep/2026:07:39:51 +0700] "GET /non-ukgc-licensed-casinos-2026/ HTTP/1.1" 504 - "https://veewin24hr.com/" "Mozilla/5.0 (Windows NT 10.0; Win64; x64) AppleWebKit/537.36 (KHTML, like Gecko) Chrome/147.0.0.0 Safari/537.36"
14.191.109.1 - - [21/Sep/2026:07:38:25 +0700] "POST /xmlrpc.php HTTP/1.1" 504 - "-" "Mozilla/5.0 (Macintosh; Intel Mac OS X 10_15_7) AppleWebKit/605.1.15 (KHTML, like Gecko) Version/17.5 Safari/605.1.15"
198.252.107.178 - - [21/Sep/2026:07:39:11 +0700] "POST /wp-cron.php?doing_wp_cron=1789951150.9590070247650146484375 HTTP/1.1" 504 - "-" "WordPress/7.1.1; https://veewin24hr.com"
198.252.107.178 - - [21/Sep/2026:07:38:49 +0700] "POST /wp-cron.php?doing_wp_cron=1789951126.1838710308074951171875 HTTP/1.1" 504 - "-" "WordPress/7.1.1; https://veewin24hr.com"
38.246.32.227 - - [21/Sep/2026:07:37:03 +0700] "POST /xmlrpc.php HTTP/1.1" 504 - "-" "Mozilla/5.0 (X11; Linux x86_64) AppleWebKit/537.36 (KHTML, like Gecko) Chrome/148.0.0.0 Safari/537.36"
38.246.33.22 - - [21/Sep/2026:07:36:48 +0700] "POST /xmlrpc.php HTTP/1.1" 504 - "-" "Mozilla/5.0 (Macintosh; Intel Mac OS X 10_15_7) AppleWebKit/537.36 (KHTML, like Gecko) Chrome/136.0.0.0 Safari/537.36 Edg/136.0.0.0"
51.81.110.90 - - [21/Sep/2026:07:39:51 +0700] "GET /lower-than-discover-our-selection-of-the-big-app-firms-that-is-actually-hitched-having-reputable-uk-gambling-establishment-web-sites/ HTTP/1.1" 504 - "-" "Mozilla/5.0 (compatible; AhrefsBot/7.0; +http://ahrefs.com/robot/)"
185.191.171.5 - - [21/Sep/2026:07:37:55 +0700] "GET /understanding-the-differences-when-considering-these-types-of-bonuses-can-boost-your-internet-gaming-experience/ HTTP/1.1" 504 - "-" "Mozilla/5.0 (compatible; SemrushBot/7~bl; +http://www.semrush.com/bot.html)"
185.191.171.5 - - [21/Sep/2026:07:38:32 +0700] "GET /understanding-the-differences-when-considering-these-types-of-bonuses-can-boost-your-internet-gaming-experience/ HTTP/1.1" 504 - "-" "Mozilla/5.0 (compatible; SemrushBot/7~bl; +http://www.semrush.com/bot.html)"
198.252.107.178 - - [21/Sep/2026:07:38:42 +0700] "POST /wp-cron.php?doing_wp_cron=1789951115.6696999073028564453125 HTTP/1.1" 504 - "-" "WordPress/7.1.1; https://veewin24hr.com"
38.246.32.227 - - [21/Sep/2026:07:37:07 +0700] "POST /xmlrpc.php HTTP/1.1" 504 - "-" "Mozilla/5.0 (Macintosh; Intel Mac OS X 10_15_7) AppleWebKit/605.1.15 (KHTML, like Gecko) Version/18.3.1 Safari/605.1.15"
198.252.107.178 - - [21/Sep/2026:07:39:16 +0700] "POST /wp-cron.php?doing_wp_cron=1789951156.7242450714111328125000 HTTP/1.1" 500 2482 "-" "WordPress/7.1.1; https://veewin24hr.com"
188.251.125.206 - - [21/Sep/2026:07:54:28 +0700] "POST /xmlrpc.php HTTP/1.1" 200 - "-" "Mozilla/5.0 (Macintosh; Intel Mac OS X 10_15_7) AppleWebKit/537.36 (KHTML, like Gecko) obsidian/1.8.10 Chrome/132.0.6834.196 Electron/34.2.0 Safari/537.36"
198.252.107.178 - - [21/Sep/2026:07:56:41 +0700] "POST /wp-cron.php?doing_wp_cron=1789952201.6949501037597656250000 HTTP/1.1" 200 - "-" "WordPress/7.1.1; https://veewin24hr.com"
200.83.153.147 - - [21/Sep/2026:07:56:34 +0700] "POST /xmlrpc.php HTTP/1.1" 200 181 "-" "Mozilla/5.0 (X11; Linux x86_64) AppleWebKit/537.36 (KHTML, like Gecko) Chrome/134.0.0.0 Safari/537.36"
185.191.171.8 - - [21/Sep/2026:07:56:44 +0700] "GET /h1-the-impact-of-artificial-intelligence-on-752/ HTTP/1.1" 200 54447 "-" "Mozilla/5.0 (compatible; SemrushBot/7~bl; +http://www.semrush.com/bot.html)"
77.29.20.102 - - [21/Sep/2026:07:56:41 +0700] "POST /xmlrpc.php HTTP/1.1" 200 181 "-" "Mozilla/5.0 (Macintosh; Intel Mac OS X 10_15_7) AppleWebKit/537.36 (KHTML, like Gecko) Chrome/131.0.0.0 Safari/537.36"
200.83.153.147 - - [21/Sep/2026:07:56:46 +0700] "POST /xmlrpc.php HTTP/1.1" 200 11625 "-" "Mozilla/5.0 (X11; Linux x86_64) AppleWebKit/537.36 (KHTML, like Gecko) Chrome/148.0.0.0 Safari/537.36"
77.29.20.102 - - [21/Sep/2026:07:56:51 +0700] "POST /xmlrpc.php HTTP/1.1" 200 13813 "-" "Mozilla/5.0 (Windows NT 10.0; Win64; x64) AppleWebKit/537.36 (KHTML, like Gecko) Chrome/136.0.0.0 Safari/537.36"
162.241.2.179 - - [21/Sep/2026:07:56:51 +0700] "GET /wp-login.php HTTP/1.1" 200 7255 "-" "Mozilla/5.0 (X11; Linux x86_64) AppleWebKit/537.36 (KHTML, like Gecko) Chrome/149.0.0.0 Safari/537.36"
200.83.153.147 - - [21/Sep/2026:07:56:50 +0700] "GET /mi-is-valojaban-az-1x2-fogadas-az-1x2-solitary-well-wagers-tajekoztatott-engem/ HTTP/1.1" 200 61730 "-" "Mozilla/5.0 (Windows NT 10.0; Win64; x64) AppleWebKit/537.36 (KHTML, like Gecko) Chrome/132.0.0.0 Safari/537.36"
162.241.2.179 - - [21/Sep/2026:07:56:52 +0700] "POST /wp-login.php HTTP/1.1" 200 7676 "https://veewin24hr.com/wp-login.php" "Mozilla/5.0 (X11; Linux x86_64) AppleWebKit/537.36 (KHTML, like Gecko) Chrome/149.0.0.0 Safari/537.36"
162.241.2.179 - - [21/Sep/2026:07:56:53 +0700] "GET /wp-json/wp/v2/users/me HTTP/1.1" 401 96 "-" "Mozilla/5.0 (X11; Linux x86_64) AppleWebKit/537.36 (KHTML, like Gecko) Chrome/149.0.0.0 Safari/537.36"
77.29.20.102 - - [21/Sep/2026:07:56:54 +0700] "GET /parimad-online-kasiinod-indias-2026-aastal-parisrahaga-kohalikud-verde-casino-sissemakseboonus-kasiinosaidid/ HTTP/1.1" 200 64429 "-" "Mozilla/5.0 (X11; Linux x86_64) AppleWebKit/537.36 (KHTML, like Gecko) Chrome/148.0.0.0 Safari/537.36"
110.93.92.60 - - [21/Sep/2026:07:57:21 +0700] "POST /xmlrpc.php HTTP/1.1" 200 403 "-" "Mozilla/5.0 (Windows NT 10.0; Win64; x64) AppleWebKit/537.36 (KHTML, like Gecko) Chrome/148.0.0.0 Safari/537.36 Edg/148.0.0.0"
191.102.165.173 - - [21/Sep/2026:07:58:09 +0700] "GET /goldbet-casino-magyarorszag-hivatalos-oldal-2026/ HTTP/1.1" 200 58543 "https://veewin24hr.com/" "Mozilla/5.0 (Macintosh; Intel Mac OS X 10_15_7) AppleWebKit/537.36 (KHTML, like Gecko) Chrome/147.0.0.0 Safari/537.36"
191.102.165.173 - - [21/Sep/2026:07:58:12 +0700] "GET /wp-login.php?action=register HTTP/1.1" 302 - "https://veewin24hr.com/goldbet-casino-magyarorszag-hivatalos-oldal-2026/" "Mozilla/5.0 (Windows NT 6.3; Win64; x64) AppleWebKit/537.36 (KHTML, like Gecko) Chrome/103.0.0.0 Safari/537.36"
191.102.165.173 - - [21/Sep/2026:07:58:14 +0700] "GET /wp-login.php?registration=disabled HTTP/1.1" 200 7447 "https://veewin24hr.com/wp-login.php?action=register" "Mozilla/5.0 (Windows NT 6.3; Win64; x64) AppleWebKit/537.36 (KHTML, like Gecko) Chrome/103.0.0.0 Safari/537.36"
51.81.111.12 - - [21/Sep/2026:07:58:20 +0700] "GET /while-you-are-to-your-android-constantly-install-the-fresh-new-app-on-specialized-site-to-possess-protection/ HTTP/1.1" 200 61638 "-" "Mozilla/5.0 (compatible; AhrefsBot/7.0; +http://ahrefs.com/robot/)"
218.56.246.156 - - [21/Sep/2026:07:59:51 +0700] "GET / HTTP/1.1" 200 80256 "-" "Mozilla/5.0 (Windows NT 10.0; Win64; x64) Chrome/120.0.0.0"
51.81.111.1 - - [21/Sep/2026:07:59:53 +0700] "GET /the-platform-stresses-activities-basic-%EF%BF%BD-in-control-choice-and-work-out-assures-the-action-stays-positive/ HTTP/1.1" 200 62615 "-" "Mozilla/5.0 (compatible; AhrefsBot/7.0; +http://ahrefs.com/robot/)"
218.56.246.156 - - [21/Sep/2026:07:59:54 +0700] "GET /favicon.ico HTTP/1.1" 302 - "-" "Mozilla/5.0 (Windows NT 10.0; Win64; x64) Chrome/120.0.0.0"
85.208.96.205 - - [21/Sep/2026:08:00:00 +0700] "GET /best-no-deposit-bonus-casinos-australia-the-useful-8/ HTTP/1.1" 200 65999 "-" "Mozilla/5.0 (compatible; SemrushBot/7~bl; +http://www.semrush.com/bot.html)"
171.108.182.230 - - [21/Sep/2026:08:00:09 +0700] "GET /favicon.ico HTTP/1.1" 302 - "-" "Mozilla/5.0 (Windows NT 10.0; Win64; x64) Chrome/120.0.0.0"
220.202.112.151 - - [21/Sep/2026:08:00:43 +0700] "GET / HTTP/1.1" 200 80256 "-" "Mozilla/5.0 (Windows NT 10.0; Win64; x64) Chrome/120.0.0.0"
121.29.85.13 - - [21/Sep/2026:08:00:33 +0700] "GET / HTTP/1.1" 200 80256 "-" "Mozilla/5.0 (Windows NT 10.0; Win64; x64) Chrome/120.0.0.0"
220.202.112.151 - - [21/Sep/2026:08:00:46 +0700] "GET / HTTP/1.1" 200 80256 "-" "Mozilla/5.0 (Windows NT 10.0; Win64; x64) Chrome/120.0.0.0"
185.191.171.13 - - [21/Sep/2026:08:00:48 +0700] "GET /h1-top-10-beste-paysafecard-casinos-online-2023/ HTTP/1.1" 200 60680 "-" "Mozilla/5.0 (compatible; SemrushBot/7~bl; +http://www.semrush.com/bot.html)"
220.202.112.151 - - [21/Sep/2026:08:00:49 +0700] "GET /Alvin9999/https/fanfan1.net/daohang/ HTTP/1.1" 301 - "-" "Mozilla/5.0 (Windows NT 10.0; Win64; x64) Chrome/120.0.0.0"
220.202.112.151 - - [21/Sep/2026:08:00:53 +0700] "GET / HTTP/1.1" 200 80256 "-" "Mozilla/5.0 (Windows NT 10.0; Win64; x64) Chrome/120.0.0.0"
220.202.112.151 - - [21/Sep/2026:08:01:01 +0700] "GET /officialsite HTTP/1.1" 301 - "-" "Mozilla/5.0 (Windows NT 10.0; Win64; x64) Chrome/120.0.0.0"
220.202.112.151 - - [21/Sep/2026:08:01:02 +0700] "GET / HTTP/1.1" 200 80256 "-" "Mozilla/5.0 (Windows NT 10.0; Win64; x64) Chrome/120.0.0.0"
220.202.112.151 - - [21/Sep/2026:08:01:07 +0700] "GET / HTTP/1.1" 200 80256 "-" "Mozilla/5.0 (Windows NT 10.0; Win64; x64) Chrome/120.0.0.0"
220.202.112.151 - - [21/Sep/2026:08:01:12 +0700] "GET /assets/fire_admin/images/logo.png HTTP/1.1" 301 - "-" "Mozilla/5.0 (Windows NT 10.0; Win64; x64) Chrome/120.0.0.0"
220.202.112.151 - - [21/Sep/2026:08:01:14 +0700] "GET / HTTP/1.1" 200 80256 "-" "Mozilla/5.0 (Windows NT 10.0; Win64; x64) Chrome/120.0.0.0"
220.202.112.151 - - [21/Sep/2026:08:01:18 +0700] "GET /assets/images/logo-cn-vpnweb.png HTTP/1.1" 301 - "-" "Mozilla/5.0 (Windows NT 10.0; Win64; x64) Chrome/120.0.0.0"
209.50.176.81 - - [21/Sep/2026:08:01:18 +0700] "GET /goldbet-casino-magyarorszag-hivatalos-oldal-2026/ HTTP/1.1" 200 58543 "https://veewin24hr.com/" "Mozilla/5.0 (iPhone; CPU iPhone OS 18_7 like Mac OS X) AppleWebKit/605.1.15 (KHTML, like Gecko) Version/26.4 Mobile/15E148 Safari/604.1"
220.202.112.151 - - [21/Sep/2026:08:01:20 +0700] "GET / HTTP/1.1" 200 80256 "-" "Mozilla/5.0 (Windows NT 10.0; Win64; x64) Chrome/120.0.0.0"
209.50.176.81 - - [21/Sep/2026:08:01:21 +0700] "GET /?p=27652 HTTP/1.1" 301 - "https://veewin24hr.com/goldbet-casino-magyarorszag-hivatalos-oldal-2026/" "Mozilla/5.0 (iPhone; CPU iPhone OS 18_7 like Mac OS X) AppleWebKit/605.1.15 (KHTML, like Gecko) Version/26.4 Mobile/15E148 Safari/604.1"
51.81.111.131 - - [21/Sep/2026:08:01:22 +0700] "GET /the-latest-immersive-nature-away-from-gambling-establishment-world-encourages-participants-to-construct-its-empire-and-create-whatever-the-friendships/ HTTP/1.1" 200 59513 "-" "Mozilla/5.0 (compatible; AhrefsBot/7.0; +http://ahrefs.com/robot/)"
209.50.176.81 - - [21/Sep/2026:08:01:24 +0700] "GET /online-casino-tournaments-uk-2026/ HTTP/1.1" 200 67360 "https://veewin24hr.com/?p=27652" "Mozilla/5.0 (iPhone; CPU iPhone OS 18_7 like Mac OS X) AppleWebKit/605.1.15 (KHTML, like Gecko) Version/26.4 Mobile/15E148 Safari/604.1"
122.163.242.31 - - [21/Sep/2026:08:01:39 +0700] "POST /xmlrpc.php HTTP/1.1" 200 403 "-" "Mozilla/5.0 (Windows NT 10.0; Win64; x64; rv:137.0) Gecko/20100101 Firefox/137.0"
175.30.48.122 - - [21/Sep/2026:08:01:38 +0700] "GET /assets/index/kuailian/image/favicon.ico HTTP/1.1" 301 - "-" "Mozilla/5.0 (Windows NT 10.0; Win64; x64) Chrome/120.0.0.0"
175.30.48.122 - - [21/Sep/2026:08:01:42 +0700] "GET / HTTP/1.1" 200 80256 "-" "Mozilla/5.0 (Windows NT 10.0; Win64; x64) Chrome/120.0.0.0"
175.30.48.122 - - [21/Sep/2026:08:01:46 +0700] "GET /details/images/favicon.ico HTTP/1.1" 301 - "-" "Mozilla/5.0 (Windows NT 10.0; Win64; x64) Chrome/120.0.0.0"
175.30.48.122 - - [21/Sep/2026:08:01:52 +0700] "GET / HTTP/1.1" 200 80256 "-" "Mozilla/5.0 (Windows NT 10.0; Win64; x64) Chrome/120.0.0.0"
175.30.48.122 - - [21/Sep/2026:08:01:55 +0700] "GET /favicon.ico HTTP/1.1" 302 - "-" "Mozilla/5.0 (Windows NT 10.0; Win64; x64) Chrome/120.0.0.0"
38.246.33.20 - - [21/Sep/2026:08:01:57 +0700] "POST /xmlrpc.php HTTP/1.1" 200 403 "-" "Mozilla/5.0 (Windows NT 10.0; Win64; x64) AppleWebKit/537.36 (KHTML, like Gecko) Chrome/148.0.0.0 Safari/537.36 Edg/148.0.0.0"
38.246.33.20 - - [21/Sep/2026:08:01:58 +0700] "POST /xmlrpc.php HTTP/1.1" 200 403 "-" "Mozilla/5.0 (Windows NT 10.0; Win64; x64) AppleWebKit/537.36 (KHTML, like Gecko) Chrome/148.0.0.0 Safari/537.36 Edg/148.0.0.0"
175.30.48.122 - - [21/Sep/2026:08:02:04 +0700] "GET /wp-content/uploads/2026/02/cropped-icon512-Veewin-32x32.webp HTTP/1.1" 304 - "-" "Mozilla/5.0 (Windows NT 10.0; Win64; x64) Chrome/120.0.0.0"
185.191.171.18 - - [21/Sep/2026:08:02:05 +0700] "GET /category/updates/ HTTP/1.1" 200 49634 "-" "Mozilla/5.0 (compatible; SemrushBot/7~bl; +http://www.semrush.com/bot.html)"
85.203.46.61 - - [21/Sep/2026:08:02:09 +0700] "GET /malta-online-casinos-mga-licence-uk-2026/ HTTP/1.1" 200 72138 "https://veewin24hr.com/" "Mozilla/5.0 (X11; Linux x86_64) AppleWebKit/537.36 (KHTML, like Gecko) Chrome/129.0.0.0 Safari/537.36"
123.160.174.178 - - [21/Sep/2026:08:02:12 +0700] "GET /images/favicon-196x196.png HTTP/1.1" 301 - "-" "Mozilla/5.0 (Windows NT 10.0; Win64; x64) Chrome/120.0.0.0"
123.160.174.178 - - [21/Sep/2026:08:02:14 +0700] "GET / HTTP/1.1" 200 80256 "-" "Mozilla/5.0 (Windows NT 10.0; Win64; x64) Chrome/120.0.0.0"
198.252.107.178 - - [21/Sep/2026:08:02:18 +0700] "POST /wp-cron.php?doing_wp_cron=1789952538.0721230506896972656250 HTTP/1.1" 200 - "-" "WordPress/7.1.1; https://veewin24hr.com"
181.230.23.6 - - [21/Sep/2026:08:02:12 +0700] "POST /xmlrpc.php HTTP/1.1" 200 181 "-" "Mozilla/5.0 (X11; Ubuntu; Linux x86_64; rv:138.0) Gecko/20100101 Firefox/138.0"
123.160.174.178 - - [21/Sep/2026:08:02:18 +0700] "GET /img/logo_512.png HTTP/1.1" 301 - "-" "Mozilla/5.0 (Windows NT 10.0; Win64; x64) Chrome/120.0.0.0"
123.160.174.178 - - [21/Sep/2026:08:02:19 +0700] "GET / HTTP/1.1" 200 80256 "-" "Mozilla/5.0 (Windows NT 10.0; Win64; x64) Chrome/120.0.0.0"
123.160.174.178 - - [21/Sep/2026:08:02:22 +0700] "GET /imgs/logox.png HTTP/1.1" 301 - "-" "Mozilla/5.0 (Windows NT 10.0; Win64; x64) Chrome/120.0.0.0"
123.160.174.178 - - [21/Sep/2026:08:02:23 +0700] "GET / HTTP/1.1" 200 80256 "-" "Mozilla/5.0 (Windows NT 10.0; Win64; x64) Chrome/120.0.0.0"
181.230.23.6 - - [21/Sep/2026:08:02:24 +0700] "POST /xmlrpc.php HTTP/1.1" 200 12319 "-" "Mozilla/5.0 (Windows NT 10.0; Win64; x64) AppleWebKit/537.36 (KHTML, like Gecko) obsidian/1.8.4 Chrome/130.0.6723.191 Electron/33.3.2 Safari/537.36"
123.160.174.178 - - [21/Sep/2026:08:02:26 +0700] "GET /static/icon/bjch.png HTTP/1.1" 301 - "-" "Mozilla/5.0 (Windows NT 10.0; Win64; x64) Chrome/120.0.0.0"
123.160.174.178 - - [21/Sep/2026:08:02:28 +0700] "GET / HTTP/1.1" 200 80256 "-" "Mozilla/5.0 (Windows NT 10.0; Win64; x64) Chrome/120.0.0.0"
181.230.23.6 - - [21/Sep/2026:08:02:29 +0700] "GET /maja-kasiino-sissemakseta-hitnspin-2026/ HTTP/1.1" 200 62156 "-" "Mozilla/5.0 (Windows NT 10.0; Win64; x64) AppleWebKit/537.36 (KHTML, like Gecko) Chrome/117.0.5938.132 Safari/537.36"
123.160.174.178 - - [21/Sep/2026:08:02:31 +0700] "GET /theme/Bob-Theme-Argon/favicon.ico HTTP/1.1" 301 - "-" "Mozilla/5.0 (Windows NT 10.0; Win64; x64) Chrome/120.0.0.0"
123.160.174.178 - - [21/Sep/2026:08:02:35 +0700] "GET / HTTP/1.1" 200 80256 "-" "Mozilla/5.0 (Windows NT 10.0; Win64; x64) Chrome/120.0.0.0"
123.160.174.178 - - [21/Sep/2026:08:02:38 +0700] "GET /themes/custom/ahaspeed/favicon.ico HTTP/1.1" 301 - "-" "Mozilla/5.0 (Windows NT 10.0; Win64; x64) Chrome/120.0.0.0"
123.160.174.178 - - [21/Sep/2026:08:02:41 +0700] "GET / HTTP/1.1" 200 80256 "-" "Mozilla/5.0 (Windows NT 10.0; Win64; x64) Chrome/120.0.0.0"
123.160.174.178 - - [21/Sep/2026:08:02:43 +0700] "GET /favicon.png HTTP/1.1" 301 - "-" "Mozilla/5.0 (Windows NT 10.0; Win64; x64) Chrome/120.0.0.0"
123.160.174.178 - - [21/Sep/2026:08:02:44 +0700] "GET / HTTP/1.1" 200 80256 "-" "Mozilla/5.0 (Windows NT 10.0; Win64; x64) Chrome/120.0.0.0"
123.160.174.178 - - [21/Sep/2026:08:02:47 +0700] "GET /favicon.ico.png HTTP/1.1" 301 - "-" "Mozilla/5.0 (Windows NT 10.0; Win64; x64) Chrome/120.0.0.0"
51.81.111.73 - - [21/Sep/2026:08:02:48 +0700] "GET /the-amount-of-money-try-paid-because-bonus-currency-otherwise-within-certain-casinos-because-the-withdrawable-dollars/ HTTP/1.1" 200 58729 "-" "Mozilla/5.0 (compatible; AhrefsBot/7.0; +http://ahrefs.com/robot/)"
123.160.174.178 - - [21/Sep/2026:08:02:48 +0700] "GET / HTTP/1.1" 200 80256 "-" "Mozilla/5.0 (Windows NT 10.0; Win64; x64) Chrome/120.0.0.0"
198.252.107.178 - - [21/Sep/2026:08:03:16 +0700] "POST /wp-cron.php?doing_wp_cron=1789952596.4633018970489501953125 HTTP/1.1" 200 - "-" "WordPress/7.1.1; https://veewin24hr.com"
38.246.33.20 - - [21/Sep/2026:08:03:11 +0700] "POST /xmlrpc.php HTTP/1.1" 200 181 "-" "Mozilla/5.0 (Macintosh; Intel Mac OS X 10_15_7) AppleWebKit/537.36 (KHTML, like Gecko) Chrome/116.0.0.0 Safari/537.36"
190.105.108.206 - - [21/Sep/2026:08:03:13 +0700] "POST /xmlrpc.php HTTP/1.1" 200 181 "-" "Mozilla/5.0 (Windows NT 10.0; Win64; x64) AppleWebKit/537.36 (KHTML, like Gecko) Chrome/134.0.0.0 Safari/537.36"
123.232.134.58 - - [21/Sep/2026:08:03:16 +0700] "GET / HTTP/1.1" 200 80256 "-" "Mozilla/5.0 (Windows NT 10.0; Win64; x64) Chrome/120.0.0.0"
123.232.134.58 - - [21/Sep/2026:08:03:22 +0700] "GET /wp-content/uploads/2026/02/cropped-icon512-Veewin-32x32.webp HTTP/1.1" 304 - "-" "Mozilla/5.0 (Windows NT 10.0; Win64; x64) Chrome/120.0.0.0"
38.246.33.20 - - [21/Sep/2026:08:03:22 +0700] "POST /xmlrpc.php HTTP/1.1" 200 9047 "-" "Mozilla/5.0 (X11; Linux x86_64; rv:128.0) Gecko/20100101 Firefox/128.0"
38.246.33.20 - - [21/Sep/2026:08:03:23 +0700] "GET /persoanele-dvs-multe-dintre-acestea-oferte-acum-specifica-o-anumita-suma-sumei-minima-din-depunere-necesara-la-incasarea-rotirilor-gratis/ HTTP/1.1" 200 59131 "-" "Mozilla/5.0 (Windows NT 10.0; Win64; x64) AppleWebKit/537.36 (KHTML, like Gecko) obsidian/1.8.3 Chrome/130.0.6723.191 Electron/33.3.2 Safari/537.36"
123.232.134.58 - - [21/Sep/2026:08:03:25 +0700] "GET / HTTP/1.1" 200 80256 "-" "Mozilla/5.0 (Windows NT 10.0; Win64; x64) Chrome/120.0.0.0"
190.105.108.206 - - [21/Sep/2026:08:03:26 +0700] "POST /xmlrpc.php HTTP/1.1" 200 11246 "-" "Mozilla/5.0 (Windows NT 10.0; Win64; x64) AppleWebKit/537.36 (KHTML, like Gecko) Chrome/58.0.3029.110 Safari/537.3"
123.232.134.58 - - [21/Sep/2026:08:03:29 +0700] "GET / HTTP/1.1" 200 80256 "-" "Mozilla/5.0 (Windows NT 10.0; Win64; x64) Chrome/120.0.0.0"
190.105.108.206 - - [21/Sep/2026:08:03:32 +0700] "GET /washingtoni-fogadasi-forum-2024-better-az-sportfogadasi-weboldalak/ HTTP/1.1" 200 61054 "-" "Mozilla/5.0 (Macintosh; Intel Mac OS X 10_15_7) AppleWebKit/605.1.15 (KHTML, like Gecko) Version/18.3.1 Safari/605.1.15"
51.81.111.78 - - [21/Sep/2026:08:04:12 +0700] "GET /rtp-is-important-in-slot-online-game-since-it-reveals-the-fresh-enough-time-identity-commission-prospective/ HTTP/1.1" 200 60911 "-" "Mozilla/5.0 (compatible; AhrefsBot/7.0; +http://ahrefs.com/robot/)"
52.167.144.159 - - [21/Sep/2026:08:04:41 +0700] "GET /theonlinecasino-also-offers-over-100-alive-agent-online-game-it-is-therefore-a-powerful-choice-when-youre-shortly-after-high-roller-casinos/ HTTP/1.1" 200 58912 "-" "Mozilla/5.0 AppleWebKit/537.36 (KHTML, like Gecko; compatible; bingbot/2.0; +http://www.bing.com/bingbot.htm) Chrome/116.0.1938.76 Safari/537.36"
171.104.83.128 - - [21/Sep/2026:08:04:53 +0700] "GET / HTTP/1.1" 200 80256 "-" "Mozilla/5.0 (Windows NT 10.0; Win64; x64) Chrome/120.0.0.0"
198.252.107.178 - - [21/Sep/2026:08:05:03 +0700] "POST /wp-cron.php?doing_wp_cron=1789952703.5537030696868896484375 HTTP/1.1" 200 - "-" "WordPress/7.1.1; https://veewin24hr.com"
193.142.159.86 - - [21/Sep/2026:08:04:58 +0700] "POST /xmlrpc.php HTTP/1.1" 200 181 "-" "Mozilla/5.0 (Windows NT 10.0; Win64; x64) AppleWebKit/537.36 (KHTML, like Gecko) Chrome/133.0.0.0 Safari/537.36 OPR/118.0.0.0"
193.142.159.86 - - [21/Sep/2026:08:05:08 +0700] "POST /xmlrpc.php HTTP/1.1" 200 12499 "-" "Mozilla/5.0 (Macintosh; Intel Mac OS X 10_15_7) AppleWebKit/537.36 (KHTML, like Gecko) Chrome/116.0.0.0 Safari/537.36"
85.208.96.199 - - [21/Sep/2026:08:05:15 +0700] "GET /we-simply-function-casinos-and-bookies-which-might-be-totally-licenced-and-you-can-courtroom-to-operate-in-britain/ HTTP/1.1" 200 60660 "-" "Mozilla/5.0 (compatible; SemrushBot/7~bl; +http://www.semrush.com/bot.html)"
176.118.241.64 - - [21/Sep/2026:08:05:17 +0700] "GET /online-casino-reload-bonus-uk-2026/ HTTP/1.1" 200 74393 "-" "Mozilla/5.0 (Android 16; Mobile; rv:153.0) Gecko/153.0 Firefox/153.0"
193.142.159.86 - - [21/Sep/2026:08:05:21 +0700] "GET /tasuta-kasiinomangud-internetis-parimad-goldbet-eesti-boonus-tasuta-mangud-2026-aastal/ HTTP/1.1" 200 62702 "-" "Mozilla/5.0 (Windows NT 10.0; Win64; x64) AppleWebKit/537.36 (KHTML, like Gecko) Chrome/131.0.0.0 Safari/537.36"
198.252.107.178 - - [21/Sep/2026:08:05:26 +0700] "POST /wp-cron.php?doing_wp_cron=1789952726.5387148857116699218750 HTTP/1.1" 200 - "-" "WordPress/7.1.1; https://veewin24hr.com"
38.246.33.20 - - [21/Sep/2026:08:05:18 +0700] "POST /xmlrpc.php HTTP/1.1" 200 181 "-" "Mozilla/5.0 (X11; Linux x86_64; rv:138.0) Gecko/20100101 Firefox/138.0"
38.246.33.20 - - [21/Sep/2026:08:05:32 +0700] "POST /xmlrpc.php HTTP/1.1" 200 7995 "-" "Mozilla/5.0 (Windows NT 10.0; Win64; x64) AppleWebKit/537.36 (KHTML, like Gecko) Chrome/148.0.0.0 Safari/537.36"
38.246.33.20 - - [21/Sep/2026:08:05:33 +0700] "GET /valoarea-bonusului-care-au-tambur-gratuite-fara-depunere-se-bazeaza-pe-toate-cele-casino-telecomanda/ HTTP/1.1" 200 57546 "-" "Mozilla/5.0 (Macintosh; Intel Mac OS X 10_15_7) AppleWebKit/605.1.15 (KHTML, like Gecko) Version/17.5 Safari/605.1.15"
