38.246.33.72 - - [21/Sep/2026:09:33:24 +0700] "POST /xmlrpc.php HTTP/1.1" 200 181 "-" "Mozilla/5.0 (Macintosh; Intel Mac OS X 10.15; rv:137.0) Gecko/20100101 Firefox/137.0"
135.136.0.181 - - [21/Sep/2026:09:33:37 +0700] "GET /here-are-what-things-to-always-enjoy-responsibly-even-when-you-was-using-a-plus/ HTTP/1.1" 200 58991 "-" "Mozilla/5.0 (Windows NT 10.0; Win64; x64) AppleWebKit/537.36 (KHTML, like Gecko) Chrome/117.0.5938.132 Safari/537.36"
38.246.33.72 - - [21/Sep/2026:09:33:41 +0700] "POST /xmlrpc.php HTTP/1.1" 200 10680 "-" "Mozilla/5.0 (Windows NT 10.0; Win64; x64) AppleWebKit/537.36 (KHTML, like Gecko) Chrome/133.0.0.0 Safari/537.36"
135.136.0.181 - - [21/Sep/2026:09:33:26 +0700] "POST /xmlrpc.php HTTP/1.1" 200 181 "-" "Mozilla/5.0 (X11; Linux x86_64) AppleWebKit/537.36 (KHTML, like Gecko) Chrome/129.0.0.0 Safari/537.36"
135.136.0.181 - - [21/Sep/2026:09:33:45 +0700] "POST /xmlrpc.php HTTP/1.1" 200 8221 "-" "Mozilla/5.0 (X11; Linux x86_64) AppleWebKit/537.36 (KHTML, like Gecko) Chrome/133.0.0.0 Safari/537.36"
38.246.33.72 - - [21/Sep/2026:09:33:45 +0700] "POST /xmlrpc.php HTTP/1.1" 200 12593 "-" "Mozilla/5.0 (Macintosh; Intel Mac OS X 10_15_7) AppleWebKit/537.36 (KHTML, like Gecko) Chrome/136.0.0.0 Safari/537.36 Edg/136.0.0.0"
38.246.33.72 - - [21/Sep/2026:09:33:46 +0700] "GET /deshalb-solltet-samtliche-angewandten-vermittlungsprovision-ausfindig-machen-das-ihm-personlich-zusagt/ HTTP/1.1" 200 60316 "-" "Mozilla/5.0 (X11; Ubuntu; Linux x86_64; rv:138.0) Gecko/20100101 Firefox/138.0"
135.136.0.181 - - [21/Sep/2026:09:33:47 +0700] "GET /less-than-we-definition-the-primary-enjoys-and-distinctions-so-youre-able-to-generate-an-informed-decision/ HTTP/1.1" 200 57902 "-" "Mozilla/5.0 (Macintosh; Intel Mac OS X 10_15_7) AppleWebKit/537.36 (KHTML, like Gecko) obsidian/1.6.5 Chrome/124.0.6367.243 Electron/30.1.2 Safari/537.36"
38.246.33.72 - - [21/Sep/2026:09:33:48 +0700] "GET /das-moglich-casino-vermittlungsgebuhr-frei-einzahlung-wird-auf-ein-einschreibung-unserem-spielerkonto-gutgeschrieben/ HTTP/1.1" 200 62437 "-" "Mozilla/5.0 (Windows NT 10.0; Win64; x64) AppleWebKit/537.36 (KHTML, like Gecko) Chrome/109.0.0.0 Safari/537.36"
38.246.33.72 - - [21/Sep/2026:09:33:48 +0700] "POST /xmlrpc.php HTTP/1.1" 200 11400 "-" "Mozilla/5.0 (Windows NT 10.0; Win64; x64) AppleWebKit/537.36 (KHTML, like Gecko) Chrome/147.0.0.0 Safari/537.36 OPR/131.0.0.0"
135.136.0.181 - - [21/Sep/2026:09:33:51 +0700] "POST /xmlrpc.php HTTP/1.1" 200 9408 "-" "Mozilla/5.0 (Macintosh; Intel Mac OS X 10_15_7) AppleWebKit/605.1.15 (KHTML, like Gecko) Version/18.4 Safari/605.1.15"
38.246.33.72 - - [21/Sep/2026:09:33:37 +0700] "POST /xmlrpc.php HTTP/1.1" 200 181 "-" "Mozilla/5.0 (Macintosh; Intel Mac OS X 10_15_7) AppleWebKit/537.36 (KHTML, like Gecko) Chrome/133.0.0.0 Safari/537.36"
38.246.33.72 - - [21/Sep/2026:09:33:53 +0700] "GET /das-wird-ihr-haufigste-land-fur-abgelehnte-auszahlungsanfragen-in-freispiel-fur-sich-entscheiden-blo-einzahlung/ HTTP/1.1" 200 61249 "-" "Mozilla/5.0 (X11; Ubuntu; Linux x86_64; rv:137.0) Gecko/20100101 Firefox/137.0"
135.136.0.181 - - [21/Sep/2026:09:33:53 +0700] "GET /once-you-have-logged-in-the-you-should-have-full-entry-to-the-newest-casinos-online-game-and-features/ HTTP/1.1" 200 59020 "-" "Mozilla/5.0 (Macintosh; Intel Mac OS X 10_15_7) AppleWebKit/605.1.15 (KHTML, like Gecko) Version/18.3 Safari/605.1.15"
198.252.107.178 - - [21/Sep/2026:09:33:58 +0700] "POST /wp-cron.php?doing_wp_cron=1789958038.9004631042480468750000 HTTP/1.1" 200 - "-" "WordPress/7.1.1; https://veewin24hr.com"
135.136.0.181 - - [21/Sep/2026:09:33:38 +0700] "POST /xmlrpc.php HTTP/1.1" 200 181 "-" "Mozilla/5.0 (Windows NT 10.0; Win64; x64) AppleWebKit/537.36 (KHTML, like Gecko) Chrome/137.0.0.0 Safari/537.36"
198.252.107.178 - - [21/Sep/2026:09:34:00 +0700] "POST /wp-cron.php?doing_wp_cron=1789958040.8308529853820800781250 HTTP/1.1" 200 - "-" "WordPress/7.1.1; https://veewin24hr.com"
38.246.33.72 - - [21/Sep/2026:09:34:02 +0700] "POST /xmlrpc.php HTTP/1.1" 200 11776 "-" "Mozilla/5.0 (Windows NT 10.0; Win64; x64) AppleWebKit/537.36 (KHTML, like Gecko) Chrome/124.0.0.0 Safari/537.36"
198.252.107.178 - - [21/Sep/2026:09:34:06 +0700] "POST /wp-cron.php?doing_wp_cron=1789958046.1040229797363281250000 HTTP/1.1" 200 - "-" "WordPress/7.1.1; https://veewin24hr.com"
135.136.0.181 - - [21/Sep/2026:09:33:48 +0700] "POST /xmlrpc.php HTTP/1.1" 200 181 "-" "Mozilla/5.0 (Macintosh; Intel Mac OS X 10_15_7) AppleWebKit/537.36 (KHTML, like Gecko) Chrome/147.0.0.0 Safari/537.36"
198.252.107.178 - - [21/Sep/2026:09:34:06 +0700] "POST /wp-cron.php?doing_wp_cron=1789958046.1702449321746826171875 HTTP/1.1" 200 - "-" "WordPress/7.1.1; https://veewin24hr.com"
38.246.33.72 - - [21/Sep/2026:09:33:49 +0700] "POST /xmlrpc.php HTTP/1.1" 200 181 "-" "Mozilla/5.0 (Macintosh; Intel Mac OS X 10_15_7) AppleWebKit/537.36 (KHTML, like Gecko) Chrome/130.0.0.0 Safari/537.36"
135.136.0.181 - - [21/Sep/2026:09:34:07 +0700] "POST /xmlrpc.php HTTP/1.1" 200 9440 "-" "Mozilla/5.0 (X11; Linux x86_64) AppleWebKit/537.36 (KHTML, like Gecko) Chrome/133.0.0.0 Safari/537.36"
38.246.33.72 - - [21/Sep/2026:09:34:08 +0700] "GET /eres-bedeutet-so-sehr-freispiele-turnusmaig-verwendet-werden-im-griff-haben-damit-gewinne-nach-anfertigen/ HTTP/1.1" 200 61495 "-" "Mozilla/5.0 (Windows NT 10.0; Win64; x64) AppleWebKit/537.36 (KHTML, like Gecko) Chrome/129.0.0.0 Safari/537.36"
135.136.0.181 - - [21/Sep/2026:09:34:09 +0700] "GET /mrq-possess-a-huge-reputation-one-of-internet-casino-profiles-which-have-a-strong-trustpilot-rating-away-from-4/ HTTP/1.1" 200 59184 "-" "Mozilla/5.0 (X11; Ubuntu; Linux x86_64; rv:137.0) Gecko/20100101 Firefox/137.0"
135.136.0.181 - - [21/Sep/2026:09:33:58 +0700] "POST /xmlrpc.php HTTP/1.1" 200 181 "-" "Mozilla/5.0 (Windows NT 10.0; Win64; x64) AppleWebKit/537.36 (KHTML, like Gecko) Chrome/124.0 Safari/537.36"
135.136.0.181 - - [21/Sep/2026:09:34:12 +0700] "POST /xmlrpc.php HTTP/1.1" 200 11020 "-" "Mozilla/5.0 (Macintosh; Intel Mac OS X 10_15_7) AppleWebKit/605.1.15 (KHTML, like Gecko) Version/17.4.1 Safari/605.1.15"
38.246.33.72 - - [21/Sep/2026:09:34:02 +0700] "POST /xmlrpc.php HTTP/1.1" 200 181 "-" "Mozilla/5.0 (Windows NT 10.0; Win64; x64; rv:128.0) Gecko/20100101 Firefox/128.0"
135.136.0.181 - - [21/Sep/2026:09:34:13 +0700] "GET /they-supply-thinking-exclusion-gadgets-put-limits-and-you-will-reality-take-a-look-at-reminders-to-help-you-stay-in-handle/ HTTP/1.1" 200 60931 "-" "Mozilla/5.0 (Macintosh; Intel Mac OS X 10_15_7) AppleWebKit/537.36 (KHTML, like Gecko) Chrome/133.0.0.0 Safari/537.36"
38.246.33.72 - - [21/Sep/2026:09:34:14 +0700] "POST /xmlrpc.php HTTP/1.1" 200 13753 "-" "Mozilla/5.0 (Macintosh; Intel Mac OS X 10_15_7) AppleWebKit/605.1.15 (KHTML, like Gecko) Version/17.4.1 Safari/605.1.15"
135.136.0.181 - - [21/Sep/2026:09:34:08 +0700] "POST /xmlrpc.php HTTP/1.1" 200 181 "-" "Mozilla/5.0 (Windows NT 10.0; Win64; x64; rv:138.0) Gecko/20100101 Firefox/138.0"
38.246.33.72 - - [21/Sep/2026:09:34:16 +0700] "GET /die-sofortuberweisung-war-die-ein-einfachsten-moglichkeiten-damit-bimbes-gewiss-ferner-direktemang-within-gangbar-casinos-einzuzahlen/ HTTP/1.1" 200 63853 "-" "Mozilla/5.0 (Macintosh; Intel Mac OS X 10_15_7) AppleWebKit/537.36 (KHTML, like Gecko) Chrome/136.0.0.0 Safari/537.36"
135.136.0.181 - - [21/Sep/2026:09:34:17 +0700] "POST /xmlrpc.php HTTP/1.1" 200 11170 "-" "Mozilla/5.0 (Windows NT 10.0; Win64; x64) AppleWebKit/537.36 (KHTML, like Gecko) obsidian/1.8.10 Chrome/132.0.6834.196 Electron/34.2.0 Safari/537.36"
135.136.0.181 - - [21/Sep/2026:09:34:19 +0700] "GET /we-play-games-towards-some-devices-and-you-can-laptops-or-computers-because-section-of-our-very-own-review-processes/ HTTP/1.1" 200 60909 "-" "Mozilla/5.0 (Windows NT 10.0; Win64; x64) AppleWebKit/537.36 (KHTML, like Gecko) Chrome/147.0.0.0 Safari/537.36 OPR/131.0.0.0"
38.246.33.72 - - [21/Sep/2026:09:34:20 +0700] "POST /xmlrpc.php HTTP/1.1" 200 12763 "-" "Mozilla/5.0 (Macintosh; Intel Mac OS X 10_15_7) AppleWebKit/537.36 (KHTML, like Gecko) Chrome/135.0.0.0 Safari/537.36"
38.246.33.72 - - [21/Sep/2026:09:34:14 +0700] "POST /xmlrpc.php HTTP/1.1" 200 181 "-" "Mozilla/5.0 (Windows NT 10.0; Win64; x64; rv:150.0) Gecko/20100101 Firefox/150.0"
135.136.0.181 - - [21/Sep/2026:09:34:17 +0700] "POST /xmlrpc.php HTTP/1.1" 200 181 "-" "Mozilla/5.0 (X11; Linux x86_64) AppleWebKit/537.36 (KHTML, like Gecko) Chrome/148.0.0.0 Safari/537.36"
135.136.0.181 - - [21/Sep/2026:09:34:22 +0700] "POST /xmlrpc.php HTTP/1.1" 200 10368 "-" "Mozilla/5.0 (Macintosh; Intel Mac OS X 10_15_7) AppleWebKit/537.36 (KHTML, like Gecko) Chrome/135.0.0.0 Safari/537.36 Edg/135.0.0.0"
38.246.33.72 - - [21/Sep/2026:09:34:22 +0700] "GET /solch-ein-multitasking-glied-sorgt-pro-eine-inmenso-eifer-unter-anderem-erhoben-die-option-gewinnstrahnen-geladen-auszukosten/ HTTP/1.1" 200 62757 "-" "Mozilla/5.0 (Macintosh; Intel Mac OS X 10_15_7) AppleWebKit/605.1.15 (KHTML, like Gecko) Version/17.6 Safari/605.1.15"
135.136.0.181 - - [21/Sep/2026:09:34:23 +0700] "GET /either-way-youll-get-the-brand-new-super-reel-welcome-render/ HTTP/1.1" 200 59284 "-" "Mozilla/5.0 (Windows NT 10.0; Win64; x64) AppleWebKit/537.36 (KHTML, like Gecko) Chrome/109.0.0.0 Safari/537.36"
38.246.33.72 - - [21/Sep/2026:09:34:27 +0700] "POST /xmlrpc.php HTTP/1.1" 200 13894 "-" "Mozilla/5.0 (Macintosh; Intel Mac OS X 10_15_7) AppleWebKit/537.36 (KHTML, like Gecko) Chrome/129.0.0.0 Safari/537.36"
135.136.0.181 - - [21/Sep/2026:09:34:28 +0700] "POST /xmlrpc.php HTTP/1.1" 200 9769 "-" "Mozilla/5.0 (Windows NT 10.0; Win64; x64) AppleWebKit/537.36 (KHTML, like Gecko) Chrome/91.0.4472.124 Safari/537.36"
135.136.0.181 - - [21/Sep/2026:09:34:30 +0700] "GET /the-birthday-only-comes-one-per-year-so-why-not-allow-a-party-to-remember/ HTTP/1.1" 200 58884 "-" "Mozilla/5.0 (Windows NT 10.0; Win64; x64) AppleWebKit/537.36 (KHTML, like Gecko) Chrome/136.0.0.0 Safari/537.36"
38.246.33.72 - - [21/Sep/2026:09:34:30 +0700] "GET /as-part-of-regelmaigem-professionellem-runde-kann-welches-finanzamt-jedoch-gunstgewerblerin-gewerbliche-aktion-akzeptieren/ HTTP/1.1" 200 63833 "-" "Mozilla/5.0 (Windows NT 10.0; Win64; x64) AppleWebKit/537.36 (KHTML, like Gecko) Chrome/130.0.0.0 Safari/537.36"
38.246.33.72 - - [21/Sep/2026:09:34:27 +0700] "POST /xmlrpc.php HTTP/1.1" 200 181 "-" "Mozilla/5.0 (X11; Linux x86_64; rv:138.0) Gecko/20100101 Firefox/138.0"
135.136.0.181 - - [21/Sep/2026:09:34:27 +0700] "POST /xmlrpc.php HTTP/1.1" 200 181 "-" "Mozilla/5.0 (X11; Ubuntu; Linux x86_64; rv:137.0) Gecko/20100101 Firefox/137.0"
109.176.207.116 - - [21/Sep/2026:09:34:34 +0700] "GET /casino-uden-rofus-hvad-du-br-vide-fr-du-spiller/ HTTP/1.1" 200 56391 "https://duckduckgo.com/?q=casino%20uden%20rofus%20hvad%20du%20br%20vide%20fr%20du%20spiller&t=h_&ia=web" "Mozilla/5.0 (Macintosh; Intel Mac OS X 14_5) AppleWebKit/537.36 (KHTML, like Gecko) Chrome/128.0.10681.53 Safari/537.36"
135.136.0.181 - - [21/Sep/2026:09:34:39 +0700] "POST /xmlrpc.php HTTP/1.1" 200 8607 "-" "Mozilla/5.0 (X11; Linux x86_64) AppleWebKit/537.36 (KHTML, like Gecko) Chrome/129.0.0.0 Safari/537.36"
135.136.0.181 - - [21/Sep/2026:09:34:36 +0700] "POST /xmlrpc.php HTTP/1.1" 200 181 "-" "Mozilla/5.0 (Windows NT 10.0; Win64; x64) AppleWebKit/537.36 (KHTML, like Gecko) Chrome/131.0.0.0 Safari/537.36 Edg/131.0.0.0"
38.246.33.72 - - [21/Sep/2026:09:34:40 +0700] "POST /xmlrpc.php HTTP/1.1" 200 10725 "-" "Mozilla/5.0 (Macintosh; Intel Mac OS X 10_15_7) AppleWebKit/537.36 (KHTML, like Gecko) Chrome/147.0.0.0 Safari/537.36"
135.136.0.181 - - [21/Sep/2026:09:34:41 +0700] "GET /it-gives-assurance-to-help-you-settle-down-and-revel-in-the-newest-sprawling-gambling-catalogue/ HTTP/1.1" 200 58107 "-" "Mozilla/5.0 (Windows NT 10.0; Win64; x64) AppleWebKit/537.36 (KHTML, like Gecko) Chrome/132.0.0.0 Safari/537.36"
38.246.33.72 - - [21/Sep/2026:09:34:42 +0700] "GET /nach-den-immer-wieder-genutzten-alternativen-angebracht-sein-google-spend-paypal-ferner-trustly-die-genauso-hohe-sicherheitsstandards-gebot/ HTTP/1.1" 200 61023 "-" "Mozilla/5.0 (Macintosh; Intel Mac OS X 10_15_7) AppleWebKit/537.36 (KHTML, like Gecko) Chrome/147.0.0.0 Safari/537.36"
38.246.33.72 - - [21/Sep/2026:09:34:39 +0700] "POST /xmlrpc.php HTTP/1.1" 200 181 "-" "Mozilla/5.0 (Macintosh; Intel Mac OS X 10.15; rv:137.0) Gecko/20100101 Firefox/137.0"
135.136.0.181 - - [21/Sep/2026:09:34:47 +0700] "POST /xmlrpc.php HTTP/1.1" 200 9084 "-" "Mozilla/5.0 (Windows NT 10.0; Win64; x64) AppleWebKit/537.36 (KHTML, like Gecko) Chrome/133.0.0.0 Safari/537.36 OPR/118.0.0.0"
135.136.0.181 - - [21/Sep/2026:09:34:49 +0700] "GET /a-knowledgeable-british-bookmakers-provide-free-bets-because-an-incentive-to-create-a-merchant-account/ HTTP/1.1" 200 58624 "-" "Mozilla/5.0 (Macintosh; Intel Mac OS X 10.15; rv:138.0) Gecko/20100101 Firefox/138.0"
135.136.0.181 - - [21/Sep/2026:09:34:45 +0700] "POST /xmlrpc.php HTTP/1.1" 200 181 "-" "Mozilla/5.0 (Windows NT 10.0; Win64; x64) AppleWebKit/537.36 (KHTML, like Gecko) Chrome/132.0.0.0 Safari/537.36 OPR/117.0.0.0"
38.246.33.72 - - [21/Sep/2026:09:34:53 +0700] "POST /xmlrpc.php HTTP/1.1" 200 14427 "-" "Mozilla/5.0 (Windows NT 10.0; Win64; x64) AppleWebKit/537.36 (KHTML, like Gecko) Chrome/131.0.0.0 Safari/537.36 Edg/131.0.0.0"
38.246.33.72 - - [21/Sep/2026:09:34:48 +0700] "POST /xmlrpc.php HTTP/1.1" 200 181 "-" "Mozilla/5.0 (Windows NT 10.0; Win64; x64) AppleWebKit/537.36 (KHTML, like Gecko) Chrome/147.0.0.0 Safari/537.36 OPR/131.0.0.0"
38.246.33.72 - - [21/Sep/2026:09:34:55 +0700] "GET /selbige-seien-durch-angewandten-wichtigsten-casinos-akzeptiert-weiters-moglichkeit-schaffen-einfache-richtige-einzahlungen/ HTTP/1.1" 200 64316 "-" "Mozilla/5.0 (Macintosh; Intel Mac OS X 10_15_7) AppleWebKit/537.36 (KHTML, like Gecko) obsidian/1.8.10 Chrome/132.0.6834.196 Electron/34.2.0 Safari/537.36"
135.136.0.181 - - [21/Sep/2026:09:34:57 +0700] "POST /xmlrpc.php HTTP/1.1" 200 11295 "-" "Mozilla/5.0 (Windows NT 10.0; Win64; x64) AppleWebKit/537.36 (KHTML, like Gecko) Chrome/135.0.0.0 Safari/537.36 Edg/135.0.0.0"
135.136.0.181 - - [21/Sep/2026:09:34:58 +0700] "GET /the-added-bonus-structures-tend-to-be-more-fulfilling-that-have-nice-promotions-that-include-down-wagering-criteria/ HTTP/1.1" 200 61105 "-" "Mozilla/5.0 (Windows NT 10.0; Win64; x64) AppleWebKit/537.36 (KHTML, like Gecko) Chrome/147.0.0.0 Safari/537.36 OPR/131.0.0.0"
135.136.0.181 - - [21/Sep/2026:09:34:53 +0700] "POST /xmlrpc.php HTTP/1.1" 200 181 "-" "Mozilla/5.0 (Macintosh; Intel Mac OS X 10_15_7) AppleWebKit/537.36 (KHTML, like Gecko) Chrome/146.0.0.0 Safari/537.36"
38.246.33.72 - - [21/Sep/2026:09:35:02 +0700] "POST /xmlrpc.php HTTP/1.1" 200 12030 "-" "Mozilla/5.0 (Windows NT 10.0; Win64; x64) AppleWebKit/537.36 (KHTML, like Gecko) Chrome/124.0 Safari/537.36"
38.246.33.72 - - [21/Sep/2026:09:35:03 +0700] "GET /daraus-ergibt-sich-sobald-ihr-glucksspieler-wie-100-%EF%BF%BD-einzahlt-erreicht-auf-unplanmaig-one-hundred-%EF%BF%BD-bonusguthaben/ HTTP/1.1" 200 62040 "-" "Mozilla/5.0 (Windows NT 10.0; Win64; x64) AppleWebKit/537.36 (KHTML, like Gecko) Chrome/148.0.0.0 Safari/537.36 Edg/148.0.0.0"
38.246.33.72 - - [21/Sep/2026:09:34:58 +0700] "POST /xmlrpc.php HTTP/1.1" 200 181 "-" "Mozilla/5.0 (Macintosh; Intel Mac OS X 10_15_7) AppleWebKit/605.1.15 (KHTML, like Gecko) Version/18.1 Safari/605.1.15"
198.252.107.178 - - [21/Sep/2026:09:35:07 +0700] "POST /wp-cron.php?doing_wp_cron=1789958107.1479980945587158203125 HTTP/1.1" 200 - "-" "WordPress/7.1.1; https://veewin24hr.com"
135.136.0.181 - - [21/Sep/2026:09:35:06 +0700] "POST /xmlrpc.php HTTP/1.1" 200 8900 "-" "Mozilla/5.0 (Windows NT 10.0; Win64; x64) AppleWebKit/537.36 (KHTML, like Gecko) Chrome/145.0.0.0 Safari/537.36"
135.136.0.181 - - [21/Sep/2026:09:35:07 +0700] "GET /sure-you-can-utilize-fruit-pay-money-for-each-other-deposits-and-you-can-distributions-during-the-ladbrokes-local-casino/ HTTP/1.1" 200 58765 "-" "Mozilla/5.0 (Windows NT 10.0; Win64; x64) AppleWebKit/537.36 (KHTML, like Gecko) Chrome/147.0.0.0 Safari/537.36"
198.252.107.178 - - [21/Sep/2026:09:35:10 +0700] "POST /wp-cron.php?doing_wp_cron=1789958110.1556959152221679687500 HTTP/1.1" 200 - "-" "WordPress/7.1.1; https://veewin24hr.com"
135.136.0.181 - - [21/Sep/2026:09:35:01 +0700] "POST /xmlrpc.php HTTP/1.1" 200 181 "-" "Mozilla/5.0 (Windows NT 10.0; Win64; x64) AppleWebKit/537.36 (KHTML, like Gecko) Chrome/133.0.0.0 Safari/537.36 OPR/118.0.0.0"
135.136.0.181 - - [21/Sep/2026:09:35:17 +0700] "POST /xmlrpc.php HTTP/1.1" 200 9517 "-" "Mozilla/5.0 (Windows NT 10.0; Win64; x64) AppleWebKit/537.36 (KHTML, like Gecko) Chrome/134.0.0.0 Safari/537.36 Edg/134.0.0.0"
38.246.33.72 - - [21/Sep/2026:09:35:15 +0700] "POST /xmlrpc.php HTTP/1.1" 200 12285 "-" "Mozilla/5.0 (Macintosh; Intel Mac OS X 10_15_7) AppleWebKit/537.36 (KHTML, like Gecko) Chrome/135.0.0.0 Safari/537.36 Edg/135.0.0.0"
135.136.0.181 - - [21/Sep/2026:09:35:10 +0700] "POST /xmlrpc.php HTTP/1.1" 200 181 "-" "Mozilla/5.0 (Macintosh; Intel Mac OS X 10_15_7) AppleWebKit/605.1.15 (KHTML, like Gecko) Version/16.6 Safari/605.1.15"
198.252.107.178 - - [21/Sep/2026:09:35:19 +0700] "POST /wp-cron.php?doing_wp_cron=1789958119.2025589942932128906250 HTTP/1.1" 200 - "-" "WordPress/7.1.1; https://veewin24hr.com"
38.246.33.72 - - [21/Sep/2026:09:35:10 +0700] "POST /xmlrpc.php HTTP/1.1" 200 181 "-" "Mozilla/5.0 (Windows NT 10.0; Win64; x64) AppleWebKit/537.36 (KHTML, like Gecko) Chrome/58.0.3029.110 Safari/537.3"
135.136.0.181 - - [21/Sep/2026:09:35:18 +0700] "GET /paypal-distributions-are-usually-processed-in-this-several-hours-if-you-dont-immediately/ HTTP/1.1" 200 58939 "-" "Mozilla/5.0 (X11; Linux x86_64) AppleWebKit/537.36 (KHTML, like Gecko) Chrome/133.0.0.0 Safari/537.36"
38.246.33.72 - - [21/Sep/2026:09:35:20 +0700] "GET /turbo-modi-autoplay-vollwertig-aktiv-enorm-schnelle-auszahlungen-inmitten-dieser-sechzig-minuten/ HTTP/1.1" 200 61900 "-" "Mozilla/5.0 (Windows NT 10.0; Win64; x64) AppleWebKit/537.36 (KHTML, like Gecko) Chrome/129.0.0.0 Safari/537.36"
135.136.0.181 - - [21/Sep/2026:09:35:26 +0700] "POST /xmlrpc.php HTTP/1.1" 200 11010 "-" "Mozilla/5.0 (Windows NT 10.0; Win64; x64) AppleWebKit/537.36 (KHTML, like Gecko) Chrome/132.0.0.0 Safari/537.36"
38.246.33.72 - - [21/Sep/2026:09:35:28 +0700] "POST /xmlrpc.php HTTP/1.1" 200 11069 "-" "Mozilla/5.0 (Windows NT 10.0; Win64; x64) AppleWebKit/537.36 (KHTML, like Gecko) obsidian/1.8.9 Chrome/132.0.6834.210 Electron/34.3.0 Safari/537.36"
135.136.0.181 - - [21/Sep/2026:09:35:29 +0700] "GET /on-your-special-occasion-of-a-lot-online-casinos-make-you-a-birthday-celebration-added-bonus/ HTTP/1.1" 200 60380 "-" "Mozilla/5.0 (Windows NT 10.0; Win64; x64) AppleWebKit/537.36 (KHTML, like Gecko) Chrome/109.0.0.0 Safari/537.36"
38.246.33.72 - - [21/Sep/2026:09:35:31 +0700] "GET /dieser-sei-aber-und-abermal-in-form-von-freispielenoder-kleinerem-spielguthaben-zuganglich/ HTTP/1.1" 200 60513 "-" "Mozilla/5.0 (Macintosh; Intel Mac OS X 10_15_7) AppleWebKit/537.36 (KHTML, like Gecko) Chrome/131.0.0.0 Safari/537.36"
198.252.107.178 - - [21/Sep/2026:09:35:33 +0700] "POST /wp-cron.php?doing_wp_cron=1789958133.7934279441833496093750 HTTP/1.1" 200 - "-" "WordPress/7.1.1; https://veewin24hr.com"
135.136.0.181 - - [21/Sep/2026:09:35:18 +0700] "POST /xmlrpc.php HTTP/1.1" 200 181 "-" "Mozilla/5.0 (Windows NT 10.0; Win64; x64) AppleWebKit/537.36 (KHTML, like Gecko) Chrome/132.0.0.0 Safari/537.36 OPR/117.0.0.0"
38.246.33.72 - - [21/Sep/2026:09:35:19 +0700] "POST /xmlrpc.php HTTP/1.1" 200 181 "-" "Mozilla/5.0 (Windows NT 10.0; Win64; x64) AppleWebKit/537.36 (KHTML, like Gecko) Chrome/135.0.0.0 Safari/537.36 Edg/135.0.0.0"
135.136.0.181 - - [21/Sep/2026:09:35:40 +0700] "POST /xmlrpc.php HTTP/1.1" 200 8050 "-" "Mozilla/5.0 (X11; Linux x86_64) AppleWebKit/537.36 (KHTML, like Gecko) Chrome/135.0.0.0 Safari/537.36"
135.136.0.181 - - [21/Sep/2026:09:35:27 +0700] "POST /xmlrpc.php HTTP/1.1" 200 181 "-" "Mozilla/5.0 (Windows NT 10.0; Win64; x64) AppleWebKit/537.36 (KHTML, like Gecko) Chrome/134.0.0.0 Safari/537.36"
135.136.0.181 - - [21/Sep/2026:09:35:44 +0700] "GET /it-promote-is-designed-for-particular-players-which-have-been-picked-because-of-the-eucasino/ HTTP/1.1" 200 57449 "-" "Mozilla/5.0 (Windows NT 10.0; Win64; x64) AppleWebKit/537.36 (KHTML, like Gecko) obsidian/1.8.3 Chrome/130.0.6723.191 Electron/33.3.2 Safari/537.36"
38.246.33.72 - - [21/Sep/2026:09:35:29 +0700] "POST /xmlrpc.php HTTP/1.1" 200 181 "-" "Mozilla/5.0 (Macintosh; Intel Mac OS X 10_15_7) AppleWebKit/537.36 (KHTML, like Gecko) Chrome/148.0.0.0 Safari/537.36"
38.246.33.72 - - [21/Sep/2026:09:35:44 +0700] "POST /xmlrpc.php HTTP/1.1" 200 13092 "-" "Mozilla/5.0 (Macintosh; Intel Mac OS X 10_15_7) AppleWebKit/537.36 (KHTML, like Gecko) Chrome/133.0.0.0 Safari/537.36"
135.136.0.181 - - [21/Sep/2026:09:35:35 +0700] "POST /xmlrpc.php HTTP/1.1" 200 181 "-" "Mozilla/5.0 (Windows NT 10.0; Win64; x64; rv:150.0) Gecko/20100101 Firefox/150.0"
38.246.33.72 - - [21/Sep/2026:09:35:55 +0700] "GET /ob-der-angeschlossen-casino-weiters-ci%EF%BF%BDur-prasentation-vertrauenerweckend-seien-war-z-hd-dich-besonders-wesentlich/ HTTP/1.1" 200 63080 "-" "Mozilla/5.0 (X11; Linux x86_64; rv:138.0) Gecko/20100101 Firefox/138.0"
135.136.0.181 - - [21/Sep/2026:09:35:56 +0700] "POST /xmlrpc.php HTTP/1.1" 200 10245 "-" "Mozilla/5.0 (X11; Linux x86_64) AppleWebKit/537.36 (KHTML, like Gecko) Chrome/134.0.0.0 Safari/537.36"
38.246.33.72 - - [21/Sep/2026:09:35:38 +0700] "POST /xmlrpc.php HTTP/1.1" 200 181 "-" "Mozilla/5.0 (Windows NT 10.0; Win64; x64) AppleWebKit/537.36 (KHTML, like Gecko) Chrome/120.0.0.0 Safari/537.36"
38.246.33.72 - - [21/Sep/2026:09:36:01 +0700] "POST /xmlrpc.php HTTP/1.1" 200 11847 "-" "Mozilla/5.0 (X11; Linux x86_64) AppleWebKit/537.36 (KHTML, like Gecko) Chrome/133.0.0.0 Safari/537.36"
135.136.0.181 - - [21/Sep/2026:09:35:43 +0700] "POST /xmlrpc.php HTTP/1.1" 200 181 "-" "Mozilla/5.0 (Windows NT 10.0; Win64; x64) AppleWebKit/537.36 (KHTML, like Gecko) obsidian/1.8.9 Chrome/132.0.6834.210 Electron/34.3.0 Safari/537.36"
135.136.0.181 - - [21/Sep/2026:09:36:02 +0700] "GET /that-it-consolidation-supplies-the-best-of-both-planets-bringing-higher-the-means-to-access-and-you-can-independency-getting-people/ HTTP/1.1" 200 60311 "-" "Mozilla/5.0 (Windows NT 10.0; Win64; x64) AppleWebKit/537.36 (KHTML, like Gecko) Chrome/137.0.0.0 Safari/537.36"
135.136.0.181 - - [21/Sep/2026:09:36:02 +0700] "POST /xmlrpc.php HTTP/1.1" 200 9836 "-" "Mozilla/5.0 (Windows NT 10.0; Win64; x64) AppleWebKit/537.36 (KHTML, like Gecko) Chrome/145.0.0.0 Safari/537.36"
38.246.33.72 - - [21/Sep/2026:09:36:08 +0700] "GET /parece-muss-auch-in-der-tat-sein-in-wie-weit-du-angewandten-slot-z-hd-einen-vermittlungsgebuhr-pluspunkt-kannst/ HTTP/1.1" 200 61683 "-" "Mozilla/5.0 (Macintosh; Intel Mac OS X 10_15_7) AppleWebKit/605.1.15 (KHTML, like Gecko) Version/18.2 Safari/605.1.15"
38.246.33.72 - - [21/Sep/2026:09:35:47 +0700] "POST /xmlrpc.php HTTP/1.1" 200 181 "-" "Mozilla/5.0 (Windows NT 10.0; Win64; x64) AppleWebKit/537.36 (KHTML, like Gecko) Chrome/136.0.0.0 Safari/537.36"
135.136.0.181 - - [21/Sep/2026:09:35:51 +0700] "POST /xmlrpc.php HTTP/1.1" 200 181 "-" "Mozilla/5.0 (Macintosh; Intel Mac OS X 10_15_7) AppleWebKit/537.36 (KHTML, like Gecko) Chrome/131.0.0.0 Safari/537.36"
38.246.33.72 - - [21/Sep/2026:09:36:11 +0700] "POST /xmlrpc.php HTTP/1.1" 200 12435 "-" "Mozilla/5.0 (X11; Linux x86_64) AppleWebKit/537.36 (KHTML, like Gecko) Chrome/130.0.0.0 Safari/537.36"
38.246.33.72 - - [21/Sep/2026:09:35:59 +0700] "POST /xmlrpc.php HTTP/1.1" 200 181 "-" "Mozilla/5.0 (Windows NT 10.0; Win64; x64) AppleWebKit/537.36 (KHTML, like Gecko) Chrome/122.0.0.0 Safari/537.36"
135.136.0.181 - - [21/Sep/2026:09:36:14 +0700] "POST /xmlrpc.php HTTP/1.1" 200 9493 "-" "Mozilla/5.0 (Macintosh; Intel Mac OS X 10_15_7) AppleWebKit/605.1.15 (KHTML, like Gecko) Version/17.6 Safari/605.1.15"
135.136.0.181 - - [21/Sep/2026:09:36:15 +0700] "GET /almost-every-other-popular-live-online-game-shows-were-mega-ball-super-dice-and-offer-or-no-price-live/ HTTP/1.1" 200 59379 "-" "Mozilla/5.0 (X11; Linux x86_64; rv:138.0) Gecko/20100101 Firefox/138.0"
135.136.0.181 - - [21/Sep/2026:09:36:01 +0700] "POST /xmlrpc.php HTTP/1.1" 200 181 "-" "Mozilla/5.0 (X11; Linux x86_64) AppleWebKit/537.36 (KHTML, like Gecko) Chrome/131.0.0.0 Safari/537.36"
38.246.33.72 - - [21/Sep/2026:09:36:25 +0700] "POST /xmlrpc.php HTTP/1.1" 200 12918 "-" "Mozilla/5.0 (Windows NT 10.0; Win64; x64) AppleWebKit/537.36 (KHTML, like Gecko) Chrome/148.0.0.0 Safari/537.36"
135.136.0.181 - - [21/Sep/2026:09:36:09 +0700] "POST /xmlrpc.php HTTP/1.1" 200 181 "-" "Mozilla/5.0 (Windows NT 10.0; Win64; x64) AppleWebKit/537.36 (KHTML, like Gecko) Chrome/122.0.0.0 Safari/537.36"
38.246.33.72 - - [21/Sep/2026:09:36:08 +0700] "POST /xmlrpc.php HTTP/1.1" 200 181 "-" "Mozilla/5.0 (X11; Linux x86_64) AppleWebKit/537.36 (KHTML, like Gecko) Chrome/133.0.0.0 Safari/537.36"
135.136.0.181 - - [21/Sep/2026:09:36:27 +0700] "POST /xmlrpc.php HTTP/1.1" 200 11532 "-" "Mozilla/5.0 (Macintosh; Intel Mac OS X 10_15_7) AppleWebKit/537.36 (KHTML, like Gecko) Chrome/135.0.0.0 Safari/537.36"
135.136.0.181 - - [21/Sep/2026:09:36:27 +0700] "GET /you-should-fulfil-the-new-wagering-conditions-to-be-sure-the-free-revolves-if-not-they-are-shed/ HTTP/1.1" 200 58996 "-" "Mozilla/5.0 (Windows NT 10.0; Win64; x64) AppleWebKit/537.36 (KHTML, like Gecko) Chrome/132.0.0.0 Safari/537.36"
38.246.33.72 - - [21/Sep/2026:09:36:27 +0700] "GET /das-geldbetrag-ist-und-bleibt-inoffizieller-mitarbeiter-spielsalon-auf-anhieb-zum-geben-zuganglich/ HTTP/1.1" 200 61967 "-" "Mozilla/5.0 (Windows NT 10.0; Win64; x64) AppleWebKit/537.36 (KHTML, like Gecko) obsidian/1.6.5 Chrome/124.0.6367.243 Electron/30.1.2 Safari/537.36"
38.246.33.72 - - [21/Sep/2026:09:36:17 +0700] "POST /xmlrpc.php HTTP/1.1" 200 181 "-" "Mozilla/5.0 (Macintosh; Intel Mac OS X 10_15_7) AppleWebKit/605.1.15 (KHTML, like Gecko) Version/18.1 Safari/605.1.15"
135.136.0.181 - - [21/Sep/2026:09:36:17 +0700] "POST /xmlrpc.php HTTP/1.1" 200 181 "-" "Mozilla/5.0 (X11; Linux x86_64) AppleWebKit/537.36 (KHTML, like Gecko) Chrome/133.0.0.0 Safari/537.36"
38.246.33.72 - - [21/Sep/2026:09:36:30 +0700] "POST /xmlrpc.php HTTP/1.1" 200 9574 "-" "Mozilla/5.0 (Macintosh; Intel Mac OS X 10_15_7) AppleWebKit/537.36 (KHTML, like Gecko) Chrome/122.0.0.0 Safari/537.36"
38.246.33.72 - - [21/Sep/2026:09:36:32 +0700] "GET /redracer-sei-ihr-spielbank-unter-zuhilfenahme-von-sofortiger-ausschuttung-frei-reaktionslosigkeit-einsatzlimits/ HTTP/1.1" 200 62719 "-" "Mozilla/5.0 (Macintosh; Intel Mac OS X 10.15; rv:138.0) Gecko/20100101 Firefox/138.0"
51.81.111.4 - - [21/Sep/2026:09:36:30 +0700] "GET /that-is-what-i-happened-to-be-eager-to-learn-whenever-i-went-to-the-fresh-brands-%EF%BF%BDpromotions%EF%BF%BD-web-page/ HTTP/1.1" 200 61613 "-" "Mozilla/5.0 (compatible; AhrefsBot/7.0; +http://ahrefs.com/robot/)"
135.136.0.181 - - [21/Sep/2026:09:36:36 +0700] "POST /xmlrpc.php HTTP/1.1" 200 10094 "-" "Mozilla/5.0 (Windows NT 10.0; Win64; x64) AppleWebKit/537.36 (KHTML, like Gecko) obsidian/1.8.10 Chrome/132.0.6834.196 Electron/34.2.0 Safari/537.36"
198.252.107.178 - - [21/Sep/2026:09:36:36 +0700] "POST /wp-cron.php?doing_wp_cron=1789958196.2755639553070068359375 HTTP/1.1" 200 - "-" "WordPress/7.1.1; https://veewin24hr.com"
198.252.107.178 - - [21/Sep/2026:09:36:36 +0700] "POST /wp-cron.php?doing_wp_cron=1789958196.5667619705200195312500 HTTP/1.1" 200 - "-" "WordPress/7.1.1; https://veewin24hr.com"
135.136.0.181 - - [21/Sep/2026:09:36:25 +0700] "POST /xmlrpc.php HTTP/1.1" 200 181 "-" "Mozilla/5.0 (X11; Linux x86_64) AppleWebKit/537.36 (KHTML, like Gecko) Chrome/135.0.0.0 Safari/537.36"
198.252.107.178 - - [21/Sep/2026:09:36:40 +0700] "POST /wp-cron.php?doing_wp_cron=1789958200.5355420112609863281250 HTTP/1.1" 200 - "-" "WordPress/7.1.1; https://veewin24hr.com"
198.252.107.178 - - [21/Sep/2026:09:36:40 +0700] "POST /wp-cron.php?doing_wp_cron=1789958200.6190710067749023437500 HTTP/1.1" 200 - "-" "WordPress/7.1.1; https://veewin24hr.com"
135.136.0.181 - - [21/Sep/2026:09:36:39 +0700] "GET /the-fresh-gambling-enterprise-is-actually-vpn-friendly-supporting-timely-distributions-and-you-can-maintains-simple-routing-across-desktop-computer-and-you-may-cellphones/ HTTP/1.1" 200 62214 "-" "Mozilla/5.0 (Windows NT 10.0; Win64; x64) AppleWebKit/537.36 (KHTML, like Gecko) Chrome/130.0.0.0 Safari/537.36"
135.136.0.181 - - [21/Sep/2026:09:36:43 +0700] "POST /xmlrpc.php HTTP/1.1" 200 9496 "-" "Mozilla/5.0 (X11; Linux x86_64) AppleWebKit/537.36 (KHTML, like Gecko) Chrome/124.0.0.0 Safari/537.36"
38.246.33.72 - - [21/Sep/2026:09:36:28 +0700] "POST /xmlrpc.php HTTP/1.1" 200 181 "-" "Mozilla/5.0 (Windows NT 10.0; Win64; x64) AppleWebKit/537.36 (KHTML, like Gecko) Chrome/148.0.0.0 Safari/537.36 Edg/148.0.0.0"
135.136.0.181 - - [21/Sep/2026:09:36:33 +0700] "POST /xmlrpc.php HTTP/1.1" 200 181 "-" "Mozilla/5.0 (Macintosh; Intel Mac OS X 10_15_7) AppleWebKit/605.1.15 (KHTML, like Gecko) Version/16.6 Safari/605.1.15"
135.136.0.181 - - [21/Sep/2026:09:36:47 +0700] "POST /xmlrpc.php HTTP/1.1" 200 8096 "-" "Mozilla/5.0 (Macintosh; Intel Mac OS X 10.15; rv:137.0) Gecko/20100101 Firefox/137.0"
38.246.33.72 - - [21/Sep/2026:09:36:44 +0700] "GET /zudem-liegt-ebendiese-auszahlungsquote-im-durchschnitt-hoher-als-in-stationaren-spielhallen/ HTTP/1.1" 200 59044 "-" "Mozilla/5.0 (Macintosh; Intel Mac OS X 10_15_7) AppleWebKit/605.1.15 (KHTML, like Gecko) Version/17.6 Safari/605.1.15"
38.246.33.72 - - [21/Sep/2026:09:36:48 +0700] "POST /xmlrpc.php HTTP/1.1" 200 12829 "-" "Mozilla/5.0 (X11; Linux x86_64) AppleWebKit/537.36 (KHTML, like Gecko) Chrome/129.0.0.0 Safari/537.36"
135.136.0.181 - - [21/Sep/2026:09:36:48 +0700] "GET /an-educated-bitcoin-sportsbook-to-have-real-time-betting-in-the-united-kingdom-would-depend-on-the-price-avenues-and-you-may-functionality/ HTTP/1.1" 200 60264 "-" "Mozilla/5.0 (Windows NT 10.0; Win64; x64) AppleWebKit/537.36 (KHTML, like Gecko) Chrome/132.0.0.0 Safari/537.36"
38.246.33.72 - - [21/Sep/2026:09:36:34 +0700] "POST /xmlrpc.php HTTP/1.1" 200 181 "-" "Mozilla/5.0 (Macintosh; Intel Mac OS X 10_15_7) AppleWebKit/537.36 (KHTML, like Gecko) obsidian/1.8.10 Chrome/132.0.6834.196 Electron/34.2.0 Safari/537.36"
198.252.107.178 - - [21/Sep/2026:09:36:50 +0700] "POST /wp-cron.php?doing_wp_cron=1789958210.3090779781341552734375 HTTP/1.1" 200 - "-" "WordPress/7.1.1; https://veewin24hr.com"
135.136.0.181 - - [21/Sep/2026:09:36:41 +0700] "POST /xmlrpc.php HTTP/1.1" 200 181 "-" "Mozilla/5.0 (Macintosh; Intel Mac OS X 10_15_7) AppleWebKit/605.1.15 (KHTML, like Gecko) Version/18.5 Safari/605.1.15"
38.246.33.72 - - [21/Sep/2026:09:36:54 +0700] "POST /xmlrpc.php HTTP/1.1" 200 11900 "-" "Mozilla/5.0 (Windows NT 10.0; Win64; x64) AppleWebKit/537.36 (KHTML, like Gecko) Chrome/147.0.0.0 Safari/537.36 OPR/131.0.0.0"
38.246.33.72 - - [21/Sep/2026:09:36:44 +0700] "POST /xmlrpc.php HTTP/1.1" 200 181 "-" "Mozilla/5.0 (Macintosh; Intel Mac OS X 10_15_7) AppleWebKit/605.1.15 (KHTML, like Gecko) Version/17.6 Safari/605.1.15"
135.136.0.181 - - [21/Sep/2026:09:36:56 +0700] "POST /xmlrpc.php HTTP/1.1" 200 9961 "-" "Mozilla/5.0 (Windows NT 10.0; Win64; x64) AppleWebKit/537.36 (KHTML, like Gecko) obsidian/1.8.3 Chrome/130.0.6723.191 Electron/33.3.2 Safari/537.36"
135.136.0.181 - - [21/Sep/2026:09:36:57 +0700] "GET /to-relax-and-play-blackjack-needs-experience-such-as-telecommunications-and-voice-ong-individuals-who-take-pleasure-in-a-problem/ HTTP/1.1" 200 59540 "-" "Mozilla/5.0 (Macintosh; Intel Mac OS X 10_15_7) AppleWebKit/537.36 (KHTML, like Gecko) Chrome/134.0.0.0 Safari/537.36"
38.246.33.72 - - [21/Sep/2026:09:36:48 +0700] "POST /xmlrpc.php HTTP/1.1" 200 181 "-" "Mozilla/5.0 (Windows NT 10.0; Win64; x64) AppleWebKit/537.36 (KHTML, like Gecko) Chrome/136.0.0.0 Safari/537.36"
135.136.0.181 - - [21/Sep/2026:09:37:02 +0700] "GET /professionals-will-need-to-consider-which-titles-they-are-able-to-play-with-the-added-bonus/ HTTP/1.1" 200 57514 "-" "Mozilla/5.0 (X11; Linux x86_64) AppleWebKit/537.36 (KHTML, like Gecko) Chrome/134.0.0.0 Safari/537.36"
38.246.33.72 - - [21/Sep/2026:09:37:03 +0700] "GET /high-tretroller-unter-anderem-krypto-zocker-man-sagt-sie-seien-noch-via-herausragenden-boni-fur-jedes-die-bedurfnisse-abgeholt/ HTTP/1.1" 200 62898 "-" "Mozilla/5.0 (X11; Ubuntu; Linux x86_64; rv:136.0) Gecko/20100101 Firefox/136.0"
135.136.0.181 - - [21/Sep/2026:09:37:07 +0700] "POST /xmlrpc.php HTTP/1.1" 200 10939 "-" "Mozilla/5.0 (Windows NT 10.0; Win64; x64) AppleWebKit/537.36 (KHTML, like Gecko) obsidian/1.8.4 Chrome/130.0.6723.191 Electron/33.3.2 Safari/537.36"
135.136.0.181 - - [21/Sep/2026:09:36:49 +0700] "POST /xmlrpc.php HTTP/1.1" 200 181 "-" "Mozilla/5.0 (Windows NT 10.0; Win64; x64) AppleWebKit/537.36 (KHTML, like Gecko) Chrome/117.0.5938.132 Safari/537.36"
135.136.0.181 - - [21/Sep/2026:09:36:55 +0700] "POST /xmlrpc.php HTTP/1.1" 200 181 "-" "Mozilla/5.0 (X11; Linux x86_64) AppleWebKit/537.36 (KHTML, like Gecko) Chrome/129.0.0.0 Safari/537.36"
38.246.33.72 - - [21/Sep/2026:09:37:07 +0700] "POST /xmlrpc.php HTTP/1.1" 200 9978 "-" "Mozilla/5.0 (Windows NT 10.0; Win64; x64) AppleWebKit/537.36 (KHTML, like Gecko) Chrome/126.0.0.0 Safari/537.36"
38.246.33.72 - - [21/Sep/2026:09:36:56 +0700] "POST /xmlrpc.php HTTP/1.1" 200 181 "-" "Mozilla/5.0 (X11; Linux x86_64; rv:128.0) Gecko/20100101 Firefox/128.0"
38.246.33.72 - - [21/Sep/2026:09:37:12 +0700] "POST /xmlrpc.php HTTP/1.1" 200 11211 "-" "Mozilla/5.0 (X11; Linux x86_64; rv:137.0) Gecko/20100101 Firefox/137.0"
135.136.0.181 - - [21/Sep/2026:09:37:04 +0700] "POST /xmlrpc.php HTTP/1.1" 200 181 "-" "Mozilla/5.0 (X11; Linux x86_64) AppleWebKit/537.36 (KHTML, like Gecko) Chrome/124.0.0.0 Safari/537.36"
38.246.33.72 - - [21/Sep/2026:09:37:12 +0700] "GET /die-electric-spins-rolle-war-dies-leitstelle-bonusfeature-bei-happy-pharaoh-ungestum-ersetzt-klassische-freispiele-vollstandig/ HTTP/1.1" 200 61952 "-" "Mozilla/5.0 (Windows NT 10.0; Win64; x64) AppleWebKit/537.36 (KHTML, like Gecko) Chrome/135.0.0.0 Safari/537.36"
135.136.0.181 - - [21/Sep/2026:09:37:14 +0700] "GET /a-review-processes-exists-to-ensure-game-is-its-reasonable-and-arbitrary/ HTTP/1.1" 200 59043 "-" "Mozilla/5.0 (Windows NT 10.0; Win64; x64; rv:138.0) Gecko/20100101 Firefox/138.0"
135.136.0.181 - - [21/Sep/2026:09:37:16 +0700] "POST /xmlrpc.php HTTP/1.1" 200 8070 "-" "Mozilla/5.0 (Macintosh; Intel Mac OS X 10_15_7) AppleWebKit/537.36 (KHTML, like Gecko) Chrome/133.0.0.0 Safari/537.36"
38.246.33.72 - - [21/Sep/2026:09:37:07 +0700] "POST /xmlrpc.php HTTP/1.1" 200 181 "-" "Mozilla/5.0 (X11; Ubuntu; Linux x86_64; rv:136.0) Gecko/20100101 Firefox/136.0"
135.136.0.181 - - [21/Sep/2026:09:37:09 +0700] "POST /xmlrpc.php HTTP/1.1" 200 181 "-" "Mozilla/5.0 (X11; Linux x86_64) AppleWebKit/537.36 (KHTML, like Gecko) Chrome/148.0.0.0 Safari/537.36"
38.246.33.72 - - [21/Sep/2026:09:37:18 +0700] "POST /xmlrpc.php HTTP/1.1" 200 10102 "-" "Mozilla/5.0 (Windows NT 10.0; Win64; x64) AppleWebKit/537.36 (KHTML, like Gecko) Chrome/126.0.0.0 Safari/537.36"
135.136.0.181 - - [21/Sep/2026:09:37:22 +0700] "GET /this-is-why-we-merely-strongly-recommend-trusted-and-you-will-subscribed-uk-internet-casino-internet/ HTTP/1.1" 200 60435 "-" "Mozilla/5.0 (Windows NT 10.0; Win64; x64) AppleWebKit/537.36 (KHTML, like Gecko) Chrome/129.0.0.0 Safari/537.36"
198.252.107.178 - - [21/Sep/2026:09:37:23 +0700] "POST /wp-cron.php?doing_wp_cron=1789958242.9943919181823730468750 HTTP/1.1" 200 - "-" "WordPress/7.1.1; https://veewin24hr.com"
191.104.31.187 - - [21/Sep/2026:09:37:07 +0700] "POST /xmlrpc.php HTTP/1.1" 200 181 "-" "Mozilla/5.0 (Macintosh; Intel Mac OS X 10_15_7) AppleWebKit/537.36 (KHTML, like Gecko) Chrome/148.0.0.0 Safari/537.36"
38.246.33.72 - - [21/Sep/2026:09:37:23 +0700] "POST /xmlrpc.php HTTP/1.1" 200 14154 "-" "Mozilla/5.0 (X11; Linux x86_64) AppleWebKit/537.36 (KHTML, like Gecko) Chrome/124.0.0.0 Safari/537.36"
38.246.33.72 - - [21/Sep/2026:09:37:13 +0700] "POST /xmlrpc.php HTTP/1.1" 200 181 "-" "Mozilla/5.0 (Macintosh; Intel Mac OS X 10_15_7) AppleWebKit/537.36 (KHTML, like Gecko) Chrome/122.0.0.0 Safari/537.36"
38.246.33.72 - - [21/Sep/2026:09:37:26 +0700] "GET /unser-spiel-sei-mit-allen-schikanen-aufwarts-deutsch-erhaltlich-oder-berucksichtigt-nachfolgende-praferenzen-piefke-oder-osterreichischer-gamer/ HTTP/1.1" 200 60286 "-" "Mozilla/5.0 (Windows NT 10.0; Win64; x64) AppleWebKit/537.36 (KHTML, like Gecko) Chrome/147.0.0.0 Safari/537.36 OPR/131.0.0.0"
135.136.0.181 - - [21/Sep/2026:09:37:28 +0700] "POST /xmlrpc.php HTTP/1.1" 200 9217 "-" "Mozilla/5.0 (Windows NT 10.0; Win64; x64) AppleWebKit/537.36 (KHTML, like Gecko) Chrome/131.0.0.0 Safari/537.36 Edg/131.0.0.0"
135.136.0.181 - - [21/Sep/2026:09:37:29 +0700] "POST /xmlrpc.php HTTP/1.1" 200 10637 "-" "Mozilla/5.0 (Windows NT 10.0; Win64; x64) AppleWebKit/537.36 (KHTML, like Gecko) Chrome/120.0.0.0 Safari/537.36"
135.136.0.181 - - [21/Sep/2026:09:37:16 +0700] "POST /xmlrpc.php HTTP/1.1" 200 181 "-" "Mozilla/5.0 (Windows NT 10.0; Win64; x64) AppleWebKit/537.36 (KHTML, like Gecko) obsidian/1.8.4 Chrome/130.0.6723.191 Electron/33.3.2 Safari/537.36"
38.246.33.72 - - [21/Sep/2026:09:37:22 +0700] "POST /xmlrpc.php HTTP/1.1" 200 181 "-" "Mozilla/5.0 (Macintosh; Intel Mac OS X 10_15_7) AppleWebKit/537.36 (KHTML, like Gecko) Chrome/146.0.0.0 Safari/537.36"
38.246.33.72 - - [21/Sep/2026:09:37:38 +0700] "POST /xmlrpc.php HTTP/1.1" 200 13628 "-" "Mozilla/5.0 (Windows NT 10.0; Win64; x64) AppleWebKit/537.36 (KHTML, like Gecko) Chrome/126.0.0.0 Safari/537.36"
38.246.33.72 - - [21/Sep/2026:09:37:34 +0700] "GET /in-erster-linie-zu-handen-lauser-erreichbar-casinos-darf-gegenseitig-hier-direktemang-gunstgewerblerin-ungut-spirale-entstehen/ HTTP/1.1" 200 61218 "-" "Mozilla/5.0 (Windows NT 10.0; Win64; x64) AppleWebKit/537.36 (KHTML, like Gecko) obsidian/1.8.3 Chrome/130.0.6723.191 Electron/33.3.2 Safari/537.36"
135.136.0.181 - - [21/Sep/2026:09:37:25 +0700] "POST /xmlrpc.php HTTP/1.1" 200 181 "-" "Mozilla/5.0 (Macintosh; Intel Mac OS X 10_15_7) AppleWebKit/537.36 (KHTML, like Gecko) Chrome/135.0.0.0 Safari/537.36"
135.136.0.181 - - [21/Sep/2026:09:37:40 +0700] "GET /participants-should-consider-and-therefore-headings-capable-use-its-bonus/ HTTP/1.1" 200 57163 "-" "Mozilla/5.0 (Macintosh; Intel Mac OS X 10_15_7) AppleWebKit/537.36 (KHTML, like Gecko) Chrome/116.0.0.0 Safari/537.36"
135.136.0.181 - - [21/Sep/2026:09:37:40 +0700] "POST /xmlrpc.php HTTP/1.1" 200 11163 "-" "Mozilla/5.0 (Macintosh; Intel Mac OS X 10_15_7) AppleWebKit/537.36 (KHTML, like Gecko) Chrome/136.0.0.0 Safari/537.36"
38.246.33.72 - - [21/Sep/2026:09:37:45 +0700] "GET /unser-allerlei-aufgebraucht-klassischen-kartensymbolen-ferner-wertvollen-edelsteinen-sorgt-fur-jedes-ne-ausgewogene-spielmechanik/ HTTP/1.1" 200 60242 "-" "Mozilla/5.0 (Windows NT 10.0; Win64; x64) AppleWebKit/537.36 (KHTML, like Gecko) Chrome/134.0.0.0 Safari/537.36"
38.246.33.72 - - [21/Sep/2026:09:37:29 +0700] "POST /xmlrpc.php HTTP/1.1" 200 181 "-" "Mozilla/5.0 (Windows NT 10.0; Win64; x64) AppleWebKit/537.36 (KHTML, like Gecko) Chrome/119.0.0.0 Safari/537.36"
135.136.0.181 - - [21/Sep/2026:09:37:47 +0700] "POST /xmlrpc.php HTTP/1.1" 200 9846 "-" "Mozilla/5.0 (Windows NT 10.0; Win64; x64) AppleWebKit/537.36 (KHTML, like Gecko) Chrome/120.0.0.0 Safari/537.36"
38.246.33.72 - - [21/Sep/2026:09:37:47 +0700] "GET /relevant-werden-zudem-die-moglichen-gebuhren-nachfolgende-mindestbetrage-weiters-nachfolgende-limits/ HTTP/1.1" 200 63722 "-" "Mozilla/5.0 (Windows NT 10.0; Win64; x64) AppleWebKit/537.36 (KHTML, like Gecko) Chrome/148.0.0.0 Safari/537.36"
38.246.33.72 - - [21/Sep/2026:09:37:48 +0700] "POST /xmlrpc.php HTTP/1.1" 200 12734 "-" "Mozilla/5.0 (Windows NT 10.0; Win64; x64) AppleWebKit/537.36 (KHTML, like Gecko) Chrome/109.0.0.0 Safari/537.36"
135.136.0.181 - - [21/Sep/2026:09:37:31 +0700] "POST /xmlrpc.php HTTP/1.1" 200 181 "-" "Mozilla/5.0 (Macintosh; Intel Mac OS X 10_15_7) AppleWebKit/605.1.15 (KHTML, like Gecko) Version/18.2 Safari/605.1.15"
51.81.111.65 - - [21/Sep/2026:09:37:50 +0700] "GET /taking-signs-and-symptoms-of-condition-gaming-is-crucial-for-preventing-financial-and-private-difficulties/ HTTP/1.1" 200 60656 "-" "Mozilla/5.0 (compatible; AhrefsBot/7.0; +http://ahrefs.com/robot/)"
135.136.0.181 - - [21/Sep/2026:09:37:39 +0700] "POST /xmlrpc.php HTTP/1.1" 200 181 "-" "Mozilla/5.0 (Windows NT 10.0; Win64; x64) AppleWebKit/537.36 (KHTML, like Gecko) Chrome/91.0.4472.124 Safari/537.36"
135.136.0.181 - - [21/Sep/2026:09:37:54 +0700] "GET /credible-crypto-playing-internet-have-a-tendency-to-suits-so-it-having-to-pay-the-profits-within-this-a-couple-of-hours/ HTTP/1.1" 200 59118 "-" "Mozilla/5.0 (Windows NT 10.0; Win64; x64) AppleWebKit/537.36 (KHTML, like Gecko) Chrome/58.0.3029.110 Safari/537.3"
38.246.33.72 - - [21/Sep/2026:09:37:40 +0700] "POST /xmlrpc.php HTTP/1.1" 200 181 "-" "Mozilla/5.0 (X11; Linux x86_64) AppleWebKit/537.36 (KHTML, like Gecko) Chrome/129.0.0.0 Safari/537.36"
135.136.0.181 - - [21/Sep/2026:09:37:56 +0700] "GET /one-which-anybody-like-to-see-by-far-the-most-is-still-netent/ HTTP/1.1" 200 59540 "-" "Mozilla/5.0 (X11; Linux x86_64) AppleWebKit/537.36 Chrome/124.0"
135.136.0.181 - - [21/Sep/2026:09:37:46 +0700] "POST /xmlrpc.php HTTP/1.1" 200 181 "-" "Mozilla/5.0 (Macintosh; Intel Mac OS X 10_15_7) AppleWebKit/537.36 (KHTML, like Gecko) Chrome/131.0.0.0 Safari/537.36"
38.246.33.72 - - [21/Sep/2026:09:37:56 +0700] "POST /xmlrpc.php HTTP/1.1" 200 10096 "-" "Mozilla/5.0 (Macintosh; Intel Mac OS X 10_15_7) AppleWebKit/537.36 (KHTML, like Gecko) Chrome/116.0.0.0 Safari/537.36"
198.252.107.178 - - [21/Sep/2026:09:38:00 +0700] "POST /wp-cron.php?doing_wp_cron=1789958280.2801449298858642578125 HTTP/1.1" 200 - "-" "WordPress/7.1.1; https://veewin24hr.com"
38.246.33.72 - - [21/Sep/2026:09:37:58 +0700] "GET /ihr-and-no-pranumeration-provision-lohnt-zigeunern-vor-allem-denn-respons-blank-finanzielles-aussicht-zum-besten-geben-kannst/ HTTP/1.1" 200 63591 "-" "Mozilla/5.0 (Macintosh; Intel Mac OS X 10.15; rv:138.0) Gecko/20100101 Firefox/138.0"
38.246.33.72 - - [21/Sep/2026:09:37:49 +0700] "POST /xmlrpc.php HTTP/1.1" 200 181 "-" "Mozilla/5.0 (Windows NT 10.0; Win64; x64; rv:136.0) Gecko/20100101 Firefox/136.0"
135.136.0.181 - - [21/Sep/2026:09:38:02 +0700] "POST /xmlrpc.php HTTP/1.1" 200 9890 "-" "Mozilla/5.0 (Windows NT 10.0; Win64; x64) AppleWebKit/537.36 (KHTML, like Gecko) Chrome/117.0.5938.132 Safari/537.36"
38.246.33.72 - - [21/Sep/2026:09:38:02 +0700] "POST /xmlrpc.php HTTP/1.1" 200 11866 "-" "Mozilla/5.0 (Windows NT 10.0; Win64; x64; rv:151.0) Gecko/20100101 Firefox/151.0"
135.136.0.181 - - [21/Sep/2026:09:38:03 +0700] "GET /and-if-you-are-found-in-the-british-you-will-have-to-choose-for-a-great-debit-card-instead/ HTTP/1.1" 200 60506 "-" "Mozilla/5.0 (Windows NT 10.0; Win64; x64) AppleWebKit/537.36 (KHTML, like Gecko) Chrome/147.0.0.0 Safari/537.36 OPR/131.0.0.0"
135.136.0.181 - - [21/Sep/2026:09:38:04 +0700] "POST /xmlrpc.php HTTP/1.1" 200 10420 "-" "Mozilla/5.0 (Windows NT 10.0; Win64; x64) AppleWebKit/537.36 (KHTML, like Gecko) Chrome/148.0.0.0 Safari/537.36 Edg/148.0.0.0"
135.136.0.181 - - [21/Sep/2026:09:37:53 +0700] "POST /xmlrpc.php HTTP/1.1" 200 181 "-" "Mozilla/5.0 (X11; Ubuntu; Linux x86_64; rv:137.0) Gecko/20100101 Firefox/137.0"
135.136.0.181 - - [21/Sep/2026:09:38:06 +0700] "GET /here-are-what-to-make-sure-you-play-sensibly-even-if-you-is-actually-having-fun-with-an-advantage/ HTTP/1.1" 200 59288 "-" "Mozilla/5.0 (Windows NT 10.0; Win64; x64) AppleWebKit/537.36 (KHTML, like Gecko) obsidian/1.8.4 Chrome/130.0.6723.191 Electron/33.3.2 Safari/537.36"
38.246.33.72 - - [21/Sep/2026:09:37:56 +0700] "POST /xmlrpc.php HTTP/1.1" 200 181 "-" "Mozilla/5.0 (X11; Linux x86_64) AppleWebKit/537.36 Chrome/124.0"
38.246.33.72 - - [21/Sep/2026:09:38:12 +0700] "POST /xmlrpc.php HTTP/1.1" 200 13084 "-" "Mozilla/5.0 (X11; Linux x86_64) AppleWebKit/537.36 (KHTML, like Gecko) Chrome/131.0.0.0 Safari/537.36"
38.246.33.72 - - [21/Sep/2026:09:38:13 +0700] "GET /ein-objektiver-vergleich-geschult-dir-bei-der-sache-nachfolgende-richtige-angeschlossen-spielholle-hinten-ausfindig-machen/ HTTP/1.1" 200 62744 "-" "Mozilla/5.0 (Macintosh; Intel Mac OS X 10_15_7) AppleWebKit/537.36 (KHTML, like Gecko) Chrome/131.0.0.0 Safari/537.36"
135.136.0.181 - - [21/Sep/2026:09:38:18 +0700] "POST /xmlrpc.php HTTP/1.1" 200 11537 "-" "Mozilla/5.0 (Windows NT 10.0; Win64; x64) AppleWebKit/537.36 (KHTML, like Gecko) Chrome/148.0.0.0 Safari/537.36 Edg/148.0.0.0"
135.136.0.181 - - [21/Sep/2026:09:38:00 +0700] "POST /xmlrpc.php HTTP/1.1" 200 181 "-" "Mozilla/5.0 (X11; Ubuntu; Linux x86_64; rv:137.0) Gecko/20100101 Firefox/137.0"
38.246.33.72 - - [21/Sep/2026:09:38:04 +0700] "POST /xmlrpc.php HTTP/1.1" 200 181 "-" "Mozilla/5.0 (Macintosh; Intel Mac OS X 10_15_7) AppleWebKit/605.1.15 (KHTML, like Gecko) Version/18.3.1 Safari/605.1.15"
135.136.0.181 - - [21/Sep/2026:09:38:21 +0700] "POST /xmlrpc.php HTTP/1.1" 200 9921 "-" "Mozilla/5.0 (Windows NT 10.0; Win64; x64) AppleWebKit/537.36 (KHTML, like Gecko) Chrome/132.0.0.0 Safari/537.36"
135.136.0.181 - - [21/Sep/2026:09:38:08 +0700] "POST /xmlrpc.php HTTP/1.1" 200 181 "-" "Mozilla/5.0 (Macintosh; Intel Mac OS X 10_15_7) AppleWebKit/605.1.15 (KHTML, like Gecko) Version/18.1 Safari/605.1.15"
135.136.0.181 - - [21/Sep/2026:09:38:15 +0700] "POST /xmlrpc.php HTTP/1.1" 200 181 "-" "Mozilla/5.0 (Macintosh; Intel Mac OS X 10_15_7) AppleWebKit/605.1.15 (KHTML, like Gecko) Version/18.4 Safari/605.1.15"
38.246.33.72 - - [21/Sep/2026:09:38:27 +0700] "GET /auf-diese-weise-einfach-vermogen-sie-freispiele-blank-einzahlung-nutzlichkeit-ferner-vermutlich-selbst-echtes-piepen-erwerben/ HTTP/1.1" 200 60173 "-" "Mozilla/5.0 (Windows NT 10.0; Win64; x64) AppleWebKit/537.36 (KHTML, like Gecko) Chrome/126.0.0.0 Safari/537.36"
38.246.33.72 - - [21/Sep/2026:09:38:29 +0700] "POST /xmlrpc.php HTTP/1.1" 200 9647 "-" "Mozilla/5.0 (Macintosh; Intel Mac OS X 10_15_7) AppleWebKit/537.36 (KHTML, like Gecko) Chrome/128.0.0.0 Safari/537.36"
38.246.33.72 - - [21/Sep/2026:09:38:20 +0700] "POST /xmlrpc.php HTTP/1.1" 200 181 "-" "Mozilla/5.0 (Windows NT 10.0; Win64; x64; rv:138.0) Gecko/20100101 Firefox/138.0"
38.246.33.72 - - [21/Sep/2026:09:38:21 +0700] "POST /xmlrpc.php HTTP/1.1" 200 181 "-" "Mozilla/5.0 (Macintosh; Intel Mac OS X 10_15_7) AppleWebKit/537.36 (KHTML, like Gecko) obsidian/1.6.5 Chrome/124.0.6367.243 Electron/30.1.2 Safari/537.36"
135.136.0.181 - - [21/Sep/2026:09:38:30 +0700] "POST /xmlrpc.php HTTP/1.1" 200 9464 "-" "Mozilla/5.0 (X11; Linux x86_64) AppleWebKit/537.36 (KHTML, like Gecko) Chrome/132.0.0.0 Safari/537.36"
51.81.111.12 - - [21/Sep/2026:09:38:30 +0700] "GET /specific-bonus-now-offers-ban-specific-payment-steps-together-with-skrill-and-you-may-neteller-from-contributing-for-the-wagering-standards/ HTTP/1.1" 200 59672 "-" "Mozilla/5.0 (compatible; AhrefsBot/7.0; +http://ahrefs.com/robot/)"
135.136.0.181 - - [21/Sep/2026:09:38:30 +0700] "GET /its-not-necessary-to-care-about-even-more-charge-having-fruit-shell-out-because-it-is-100-free/ HTTP/1.1" 200 59376 "-" "Mozilla/5.0 (Windows NT 10.0; Win64; x64) AppleWebKit/537.36 (KHTML, like Gecko) Chrome/132.0.0.0 Safari/537.36 OPR/117.0.0.0"
38.246.33.72 - - [21/Sep/2026:09:38:32 +0700] "GET /diese-iso-iec-zertifizierung-bestatigt-so-das-informationssicherheitsmanagementsystem-ein-plattform-internationalen-standards-entspricht/ HTTP/1.1" 200 62036 "-" "Mozilla/5.0 (Macintosh; Intel Mac OS X 10_15_7) AppleWebKit/537.36 (KHTML, like Gecko) obsidian/1.6.5 Chrome/124.0.6367.243 Electron/30.1.2 Safari/537.36"
38.246.33.72 - - [21/Sep/2026:09:38:35 +0700] "POST /xmlrpc.php HTTP/1.1" 200 9696 "-" "Mozilla/5.0 (Macintosh; Intel Mac OS X 10_15_7) AppleWebKit/537.36 (KHTML, like Gecko) Chrome/128.0.0.0 Safari/537.36"
135.136.0.181 - - [21/Sep/2026:09:38:23 +0700] "POST /xmlrpc.php HTTP/1.1" 200 181 "-" "Mozilla/5.0 (X11; Linux x86_64) AppleWebKit/537.36 Chrome/124.0"
38.246.33.72 - - [21/Sep/2026:09:38:25 +0700] "POST /xmlrpc.php HTTP/1.1" 200 181 "-" "Mozilla/5.0 (Windows NT 10.0; Win64; x64) AppleWebKit/537.36 (KHTML, like Gecko) obsidian/1.8.10 Chrome/132.0.6834.196 Electron/34.2.0 Safari/537.36"
135.136.0.181 - - [21/Sep/2026:09:38:36 +0700] "GET /at-queenplay-you-can-easily-spin-reels-including-vips-and-savor-a-real-mix-of-jackpots/ HTTP/1.1" 200 59704 "-" "Mozilla/5.0 (Macintosh; Intel Mac OS X 10_15_7) AppleWebKit/537.36 (KHTML, like Gecko) Chrome/146.0.0.0 Safari/537.36"
38.246.33.72 - - [21/Sep/2026:09:38:39 +0700] "GET /selbst-kenne-nachfolgende-gaming-blauer-planet-inside-ferner-aus-dem-kopf-weiters-teste-turnusmaig-diese-aktuellen-name/ HTTP/1.1" 200 63047 "-" "Mozilla/5.0 (Windows NT 10.0; Win64; x64) AppleWebKit/537.36 (KHTML, like Gecko) obsidian/1.8.10 Chrome/132.0.6834.196 Electron/34.2.0 Safari/537.36"
135.136.0.181 - - [21/Sep/2026:09:38:42 +0700] "GET /weve-got-lay-65-uk-casinos-on-the-internet-firmly-thanks-to-their-paces-using-our-detailed-six-step-remark-process/ HTTP/1.1" 200 61305 "-" "Mozilla/5.0 (Windows NT 10.0; Win64; x64; rv:151.0) Gecko/20100101 Firefox/151.0"
135.136.0.181 - - [21/Sep/2026:09:38:29 +0700] "POST /xmlrpc.php HTTP/1.1" 200 181 "-" "Mozilla/5.0 (Macintosh; Intel Mac OS X 10_15_7) AppleWebKit/537.36 (KHTML, like Gecko) Chrome/130.0.0.0 Safari/537.36"
135.136.0.181 - - [21/Sep/2026:09:38:42 +0700] "POST /xmlrpc.php HTTP/1.1" 200 8520 "-" "Mozilla/5.0 (X11; Linux x86_64) AppleWebKit/537.36 (KHTML, like Gecko) Chrome/124.0.0.0 Safari/537.36"
38.246.33.72 - - [21/Sep/2026:09:38:43 +0700] "POST /xmlrpc.php HTTP/1.1" 200 13328 "-" "Mozilla/5.0 (Macintosh; Intel Mac OS X 10_15_7) AppleWebKit/537.36 (KHTML, like Gecko) Chrome/135.0.0.0 Safari/537.36 Edg/135.0.0.0"
38.246.33.72 - - [21/Sep/2026:09:38:39 +0700] "POST /xmlrpc.php HTTP/1.1" 200 181 "-" "Mozilla/5.0 (Windows NT 10.0; Win64; x64) AppleWebKit/537.36 (KHTML, like Gecko) obsidian/1.8.10 Chrome/132.0.6834.196 Electron/34.2.0 Safari/537.36"
198.252.107.178 - - [21/Sep/2026:09:38:47 +0700] "POST /wp-cron.php?doing_wp_cron=1789958327.7771210670471191406250 HTTP/1.1" 200 - "-" "WordPress/7.1.1; https://veewin24hr.com"
