38.246.32.227 - - [21/Sep/2026:06:51:10 +0700] "POST /xmlrpc.php HTTP/1.1" 200 181 "-" "Mozilla/5.0 (Windows NT 10.0; Win64; x64) AppleWebKit/537.36 (KHTML, like Gecko) Chrome/147.0.0.0 Safari/537.36"
38.246.32.227 - - [21/Sep/2026:06:51:08 +0700] "POST /xmlrpc.php HTTP/1.1" 200 181 "-" "Mozilla/5.0 (X11; Ubuntu; Linux x86_64; rv:138.0) Gecko/20100101 Firefox/138.0"
38.246.32.227 - - [21/Sep/2026:06:51:18 +0700] "POST /xmlrpc.php HTTP/1.1" 500 602 "-" "Mozilla/5.0 (Macintosh; Intel Mac OS X 10_15_7) AppleWebKit/605.1.15 (KHTML, like Gecko) Version/17.6 Safari/605.1.15"
38.246.32.227 - - [21/Sep/2026:06:51:19 +0700] "POST /xmlrpc.php HTTP/1.1" 200 8400 "-" "Mozilla/5.0 (Windows NT 10.0; Win64; x64) AppleWebKit/537.36 (KHTML, like Gecko) Chrome/134.0.0.0 YaBrowser/25.4.0.0 Safari/537.36"
38.246.32.227 - - [21/Sep/2026:06:51:18 +0700] "POST /xmlrpc.php HTTP/1.1" 200 181 "-" "Mozilla/5.0 (Macintosh; Intel Mac OS X 10.15; rv:150.0) Gecko/20100101 Firefox/150.0"
38.246.33.20 - - [21/Sep/2026:06:51:24 +0700] "POST /xmlrpc.php HTTP/1.1" 500 602 "-" "Mozilla/5.0 (Windows NT 10.0; Win64; x64) AppleWebKit/537.36 (KHTML, like Gecko) Chrome/135.0.0.0 Safari/537.36"
38.246.32.227 - - [21/Sep/2026:06:51:24 +0700] "POST /xmlrpc.php HTTP/1.1" 500 602 "-" "Mozilla/5.0 (Macintosh; Intel Mac OS X 10_15_7) AppleWebKit/605.1.15 (KHTML, like Gecko) Version/17.6 Safari/605.1.15"
38.246.33.22 - - [21/Sep/2026:06:51:18 +0700] "POST /xmlrpc.php HTTP/1.1" 200 181 "-" "Mozilla/5.0 (Windows NT 10.0; Win64; x64; rv:138.0) Gecko/20100101 Firefox/138.0"
38.246.32.227 - - [21/Sep/2026:06:51:18 +0700] "POST /xmlrpc.php HTTP/1.1" 200 181 "-" "Mozilla/5.0 (X11; Linux x86_64; rv:137.0) Gecko/20100101 Firefox/137.0"
38.246.32.227 - - [21/Sep/2026:06:51:19 +0700] "POST /xmlrpc.php HTTP/1.1" 200 181 "-" "Mozilla/5.0 (Windows NT 10.0; Win64; x64; rv:150.0) Gecko/20100101 Firefox/150.0"
38.246.32.227 - - [21/Sep/2026:06:51:30 +0700] "POST /xmlrpc.php HTTP/1.1" 500 602 "-" "Mozilla/5.0 (X11; Linux x86_64) AppleWebKit/537.36 (KHTML, like Gecko) Chrome/132.0.0.0 Safari/537.36"
38.246.33.20 - - [21/Sep/2026:06:51:21 +0700] "POST /xmlrpc.php HTTP/1.1" 200 181 "-" "Mozilla/5.0 (Macintosh; Intel Mac OS X 10_15_7) AppleWebKit/537.36 (KHTML, like Gecko) Chrome/136.0.0.0 Safari/537.36"
38.246.32.227 - - [21/Sep/2026:06:51:30 +0700] "POST /xmlrpc.php HTTP/1.1" 200 178 "-" "Mozilla/5.0 (Macintosh; Intel Mac OS X 10_15_7) AppleWebKit/537.36 (KHTML, like Gecko) Chrome/131.0.0.0 Safari/537.36"
38.246.33.22 - - [21/Sep/2026:06:51:32 +0700] "POST /xmlrpc.php HTTP/1.1" 500 602 "-" "Mozilla/5.0 (Windows NT 10.0; Win64; x64) AppleWebKit/537.36 (KHTML, like Gecko) Chrome/130.0.0.0 Safari/537.36"
38.246.32.227 - - [21/Sep/2026:06:51:34 +0700] "POST /xmlrpc.php HTTP/1.1" 500 602 "-" "Mozilla/5.0 (Macintosh; Intel Mac OS X 10_15_7) AppleWebKit/605.1.15 (KHTML, like Gecko) Version/16.6 Safari/605.1.15"
38.246.32.227 - - [21/Sep/2026:06:51:31 +0700] "POST /xmlrpc.php HTTP/1.1" 200 181 "-" "Mozilla/5.0 (Windows NT 10.0; Win64; x64) AppleWebKit/537.36 (KHTML, like Gecko) Chrome/132.0.0.0 Safari/537.36 OPR/117.0.0.0"
38.246.32.227 - - [21/Sep/2026:06:51:27 +0700] "POST /xmlrpc.php HTTP/1.1" 200 181 "-" "Mozilla/5.0 (Windows NT 10.0; Win64; x64) AppleWebKit/537.36 (KHTML, like Gecko) Chrome/120.0.0.0 Safari/537.36"
38.246.32.227 - - [21/Sep/2026:06:51:25 +0700] "POST /xmlrpc.php HTTP/1.1" 200 181 "-" "Mozilla/5.0 (Windows NT 10.0; Win64; x64) AppleWebKit/537.36 (KHTML, like Gecko) Chrome/135.0.0.0 Safari/537.36"
38.246.33.20 - - [21/Sep/2026:06:51:35 +0700] "POST /xmlrpc.php HTTP/1.1" 200 9233 "-" "Mozilla/5.0 (Windows NT 10.0; Win64; x64) AppleWebKit/537.36 (KHTML, like Gecko) Chrome/119.0.0.0 Safari/537.36"
38.246.32.227 - - [21/Sep/2026:06:51:35 +0700] "POST /xmlrpc.php HTTP/1.1" 200 9017 "-" "Mozilla/5.0 (Windows NT 10.0; Win64; x64) AppleWebKit/537.36 (KHTML, like Gecko) Chrome/148.0.0.0 Safari/537.36"
38.246.32.227 - - [21/Sep/2026:06:51:37 +0700] "POST /xmlrpc.php HTTP/1.1" 500 602 "-" "Mozilla/5.0 (Windows NT 10.0; Win64; x64) AppleWebKit/537.36 (KHTML, like Gecko) Chrome/136.0.0.0 Safari/537.36 Edg/136.0.0.0"
38.246.33.22 - - [21/Sep/2026:06:51:38 +0700] "POST /xmlrpc.php HTTP/1.1" 200 12771 "-" "Mozilla/5.0 (Macintosh; Intel Mac OS X 10_15_7) AppleWebKit/537.36 (KHTML, like Gecko) Chrome/146.0.0.0 Safari/537.36"
38.246.32.227 - - [21/Sep/2026:06:51:35 +0700] "POST /xmlrpc.php HTTP/1.1" 200 178 "-" "Mozilla/5.0 (Windows NT 10.0; Win64; x64) AppleWebKit/537.36 (KHTML, like Gecko) Chrome/119.0.0.0 Safari/537.36"
38.246.33.20 - - [21/Sep/2026:06:51:40 +0700] "POST /xmlrpc.php HTTP/1.1" 500 602 "-" "Mozilla/5.0 (Macintosh; Intel Mac OS X 10_15_7) AppleWebKit/537.36 (KHTML, like Gecko) Chrome/136.0.0.0 Safari/537.36 Edg/136.0.0.0"
38.246.32.227 - - [21/Sep/2026:06:51:36 +0700] "POST /xmlrpc.php HTTP/1.1" 200 178 "-" "Mozilla/5.0 (Windows NT 10.0; Win64; x64; rv:138.0) Gecko/20100101 Firefox/138.0"
38.246.33.72 - - [21/Sep/2026:06:51:42 +0700] "POST /xmlrpc.php HTTP/1.1" 500 602 "-" "Mozilla/5.0 (Macintosh; Intel Mac OS X 10_15_7) AppleWebKit/537.36 (KHTML, like Gecko) Chrome/132.0.0.0 Safari/537.36"
38.246.32.227 - - [21/Sep/2026:06:51:42 +0700] "POST /xmlrpc.php HTTP/1.1" 500 602 "-" "Mozilla/5.0 (Macintosh; Intel Mac OS X 10_15_7) AppleWebKit/537.36 (KHTML, like Gecko) Chrome/129.0.0.0 Safari/537.36"
38.246.32.227 - - [21/Sep/2026:06:51:43 +0700] "POST /xmlrpc.php HTTP/1.1" 500 602 "-" "Mozilla/5.0 (Windows NT 10.0; Win64; x64) AppleWebKit/537.36 (KHTML, like Gecko) Chrome/91.0.4472.124 Safari/537.36"
38.246.32.227 - - [21/Sep/2026:06:51:49 +0700] "POST /xmlrpc.php HTTP/1.1" 500 602 "-" "Mozilla/5.0 (X11; Linux x86_64) AppleWebKit/537.36 (KHTML, like Gecko) Chrome/136.0.0.0 Safari/537.36"
38.246.33.20 - - [21/Sep/2026:06:51:38 +0700] "POST /xmlrpc.php HTTP/1.1" 200 178 "-" "Mozilla/5.0 (Windows NT 10.0; Win64; x64) AppleWebKit/537.36 (KHTML, like Gecko) Chrome/132.0.0.0 Safari/537.36 OPR/117.0.0.0"
38.246.32.227 - - [21/Sep/2026:06:51:34 +0700] "POST /xmlrpc.php HTTP/1.1" 200 181 "-" "Mozilla/5.0 (Windows NT 10.0; Win64; x64; rv:150.0) Gecko/20100101 Firefox/150.0"
38.246.33.22 - - [21/Sep/2026:06:51:50 +0700] "POST /xmlrpc.php HTTP/1.1" 500 602 "-" "Mozilla/5.0 (X11; Linux x86_64) AppleWebKit/537.36 (KHTML, like Gecko) Chrome/129.0.0.0 Safari/537.36"
38.246.32.227 - - [21/Sep/2026:06:51:49 +0700] "POST /xmlrpc.php HTTP/1.1" 500 602 "-" "Mozilla/5.0 (Macintosh; Intel Mac OS X 10_15_7) AppleWebKit/605.1.15 (KHTML, like Gecko) Version/16.6 Safari/605.1.15"
38.246.32.227 - - [21/Sep/2026:06:51:51 +0700] "POST /xmlrpc.php HTTP/1.1" 500 602 "-" "Mozilla/5.0 (Windows NT 10.0; Win64; x64) AppleWebKit/537.36 (KHTML, like Gecko) Chrome/129.0.0.0 Safari/537.36"
38.246.33.22 - - [21/Sep/2026:06:51:51 +0700] "GET /?p=214232 HTTP/1.1" 301 - "-" "Mozilla/5.0 (Windows NT 10.0; Win64; x64) AppleWebKit/537.36 (KHTML, like Gecko) Chrome/124.0.0.0 Safari/537.36"
38.246.32.227 - - [21/Sep/2026:06:51:51 +0700] "POST /xmlrpc.php HTTP/1.1" 500 602 "-" "Mozilla/5.0 (Macintosh; Intel Mac OS X 10_15_7) AppleWebKit/537.36 (KHTML, like Gecko) Chrome/132.0.0.0 Safari/537.36"
38.246.33.22 - - [21/Sep/2026:06:51:53 +0700] "POST /xmlrpc.php HTTP/1.1" 500 602 "-" "Mozilla/5.0 (Windows NT 10.0; Win64; x64) AppleWebKit/537.36 (KHTML, like Gecko) Chrome/135.0.0.0 Safari/537.36 Edg/135.0.0.0"
38.246.33.20 - - [21/Sep/2026:06:51:35 +0700] "POST /xmlrpc.php HTTP/1.1" 200 181 "-" "Mozilla/5.0 (Macintosh; Intel Mac OS X 10_15_7) AppleWebKit/605.1.15 (KHTML, like Gecko) Version/18.2 Safari/605.1.15"
38.246.33.20 - - [21/Sep/2026:06:51:53 +0700] "POST /xmlrpc.php HTTP/1.1" 500 602 "-" "Mozilla/5.0 (X11; Ubuntu; Linux x86_64; rv:138.0) Gecko/20100101 Firefox/138.0"
38.246.32.227 - - [21/Sep/2026:06:51:54 +0700] "POST /xmlrpc.php HTTP/1.1" 500 602 "-" "Mozilla/5.0 (X11; Linux x86_64) AppleWebKit/537.36 (KHTML, like Gecko) Chrome/136.0.0.0 Safari/537.36"
38.246.32.227 - - [21/Sep/2026:06:51:55 +0700] "POST /xmlrpc.php HTTP/1.1" 500 602 "-" "Mozilla/5.0 (X11; Linux x86_64) AppleWebKit/537.36 (KHTML, like Gecko) Chrome/148.0.0.0 Safari/537.36"
38.246.32.227 - - [21/Sep/2026:06:51:58 +0700] "GET /?p=214236 HTTP/1.1" 301 - "-" "Mozilla/5.0 (X11; Linux x86_64) AppleWebKit/537.36 (KHTML, like Gecko) Chrome/129.0.0.0 Safari/537.36"
38.246.32.227 - - [21/Sep/2026:06:52:02 +0700] "POST /xmlrpc.php HTTP/1.1" 500 602 "-" "Mozilla/5.0 (Macintosh; Intel Mac OS X 10_15_7) AppleWebKit/537.36 (KHTML, like Gecko) Chrome/131.0.0.0 Safari/537.36"
51.81.103.253 - - [21/Sep/2026:06:52:02 +0700] "GET /off-deposit-fits-so-youre-able-to-100-free-revolves-and-cashback-purchases-the-customized-bonuses-incorporate-an-exciting-border-towards-the-position-adventure/ HTTP/1.1" 200 57007 "-" "Mozilla/5.0 (compatible; AhrefsBot/7.0; +http://ahrefs.com/robot/)"
38.246.32.227 - - [21/Sep/2026:06:52:04 +0700] "POST /xmlrpc.php HTTP/1.1" 500 602 "-" "Mozilla/5.0 (Windows NT 10.0; Win64; x64; rv:138.0) Gecko/20100101 Firefox/138.0"
198.252.107.178 - - [21/Sep/2026:06:52:05 +0700] "POST /wp-cron.php?doing_wp_cron=1789948258.7205491065979003906250 HTTP/1.1" 200 - "-" "WordPress/7.1.1; https://veewin24hr.com"
38.246.32.227 - - [21/Sep/2026:06:52:03 +0700] "POST /xmlrpc.php HTTP/1.1" 500 602 "-" "Mozilla/5.0 (Windows NT 10.0; Win64; x64) AppleWebKit/537.36 (KHTML, like Gecko) Chrome/130.0.0.0 Safari/537.36"
198.252.107.178 - - [21/Sep/2026:06:52:06 +0700] "POST /wp-cron.php?doing_wp_cron=1789948258.7200169563293457031250 HTTP/1.1" 200 - "-" "WordPress/7.1.1; https://veewin24hr.com"
38.246.32.227 - - [21/Sep/2026:06:52:05 +0700] "POST /xmlrpc.php HTTP/1.1" 500 602 "-" "Mozilla/5.0 (Macintosh; Intel Mac OS X 10_15_7) AppleWebKit/537.36 (KHTML, like Gecko) obsidian/1.8.10 Chrome/132.0.6834.196 Electron/34.2.0 Safari/537.36"
38.246.32.227 - - [21/Sep/2026:06:52:06 +0700] "GET /?p=214237 HTTP/1.1" 301 - "-" "Mozilla/5.0 (Windows NT 10.0; Win64; x64) AppleWebKit/537.36 (KHTML, like Gecko) Chrome/133.0.0.0 Safari/537.36"
38.246.32.227 - - [21/Sep/2026:06:52:12 +0700] "POST /xmlrpc.php HTTP/1.1" 500 602 "-" "Mozilla/5.0 (Macintosh; Intel Mac OS X 10_15_7) AppleWebKit/537.36 (KHTML, like Gecko) obsidian/1.8.9 Chrome/132.0.6834.210 Electron/34.3.0 Safari/537.36"
38.246.33.20 - - [21/Sep/2026:06:52:09 +0700] "POST /xmlrpc.php HTTP/1.1" 500 602 "-" "Mozilla/5.0 (X11; Linux x86_64) AppleWebKit/537.36 (KHTML, like Gecko) Chrome/124.0.0.0 Safari/537.36"
38.246.32.227 - - [21/Sep/2026:06:52:08 +0700] "POST /xmlrpc.php HTTP/1.1" 500 602 "-" "Mozilla/5.0 (Windows NT 10.0; Win64; x64) AppleWebKit/537.36 (KHTML, like Gecko) Chrome/147.0.0.0 Safari/537.36"
198.252.107.178 - - [21/Sep/2026:06:52:14 +0700] "POST /wp-cron.php?doing_wp_cron=1789948262.8769121170043945312500 HTTP/1.1" 200 - "-" "WordPress/7.1.1; https://veewin24hr.com"
38.246.32.227 - - [21/Sep/2026:06:52:12 +0700] "GET /?p=214240 HTTP/1.1" 301 - "-" "Mozilla/5.0 (Windows NT 10.0; Win64; x64) AppleWebKit/537.36 (KHTML, like Gecko) Chrome/133.0.0.0 Safari/537.36 OPR/118.0.0.0"
198.252.107.178 - - [21/Sep/2026:06:52:19 +0700] "POST /wp-cron.php?doing_wp_cron=1789948263.8104660511016845703125 HTTP/1.1" 200 - "-" "WordPress/7.1.1; https://veewin24hr.com"
38.246.32.227 - - [21/Sep/2026:06:52:14 +0700] "POST /xmlrpc.php HTTP/1.1" 500 602 "-" "Mozilla/5.0 (Windows NT 10.0; Win64; x64) AppleWebKit/537.36 (KHTML, like Gecko) Chrome/91.0.4472.124 Safari/537.36"
38.246.32.227 - - [21/Sep/2026:06:52:20 +0700] "POST /xmlrpc.php HTTP/1.1" 500 602 "-" "Mozilla/5.0 (Windows NT 10.0; Win64; x64) AppleWebKit/537.36 (KHTML, like Gecko) obsidian/1.8.3 Chrome/130.0.6723.191 Electron/33.3.2 Safari/537.36"
198.252.107.178 - - [21/Sep/2026:06:52:23 +0700] "POST /wp-cron.php?doing_wp_cron=1789948265.9858999252319335937500 HTTP/1.1" 200 - "-" "WordPress/7.1.1; https://veewin24hr.com"
85.208.96.210 - - [21/Sep/2026:06:52:14 +0700] "GET /therefore-you-will-additionally-see-100-free-video-poker-100-free-roulette-totally-free-blackjack-and-here-at-temple-from-games/ HTTP/1.1" 200 40643 "-" "Mozilla/5.0 (compatible; SemrushBot/7~bl; +http://www.semrush.com/bot.html)"
38.246.33.22 - - [21/Sep/2026:06:51:50 +0700] "POST /xmlrpc.php HTTP/1.1" 200 181 "-" "Mozilla/5.0 (Windows NT 10.0; Win64; x64) AppleWebKit/537.36 (KHTML, like Gecko) Chrome/148.0.0.0 Safari/537.36 Edg/148.0.0.0"
38.246.32.227 - - [21/Sep/2026:06:52:21 +0700] "POST /xmlrpc.php HTTP/1.1" 500 602 "-" "Mozilla/5.0 (Windows NT 10.0; Win64; x64) AppleWebKit/537.36 (KHTML, like Gecko) Chrome/132.0.0.0 Safari/537.36 OPR/117.0.0.0"
38.246.33.72 - - [21/Sep/2026:06:51:51 +0700] "POST /xmlrpc.php HTTP/1.1" 200 181 "-" "Mozilla/5.0 (Macintosh; Intel Mac OS X 10_15_7) AppleWebKit/605.1.15 (KHTML, like Gecko) Version/18.1 Safari/605.1.15"
38.246.32.227 - - [21/Sep/2026:06:52:24 +0700] "POST /xmlrpc.php HTTP/1.1" 500 602 "-" "Mozilla/5.0 (Macintosh; Intel Mac OS X 10_15_7) AppleWebKit/537.36 (KHTML, like Gecko) Chrome/132.0.0.0 Safari/537.36"
38.246.33.72 - - [21/Sep/2026:06:52:27 +0700] "GET /?p=214241 HTTP/1.1" 301 - "-" "Mozilla/5.0 (Windows NT 10.0; Win64; x64; rv:137.0) Gecko/20100101 Firefox/137.0"
38.246.33.20 - - [21/Sep/2026:06:52:29 +0700] "GET /?p=214244 HTTP/1.1" 301 - "-" "Mozilla/5.0 (Macintosh; Intel Mac OS X 10.15; rv:137.0) Gecko/20100101 Firefox/137.0"
38.246.33.20 - - [21/Sep/2026:06:52:31 +0700] "POST /xmlrpc.php HTTP/1.1" 500 602 "-" "Mozilla/5.0 (Windows NT 10.0; Win64; x64) AppleWebKit/537.36 (KHTML, like Gecko) Chrome/117.0.5938.132 Safari/537.36"
38.246.32.227 - - [21/Sep/2026:06:52:28 +0700] "POST /xmlrpc.php HTTP/1.1" 500 602 "-" "Mozilla/5.0 (Macintosh; Intel Mac OS X 10_15_7) AppleWebKit/537.36 (KHTML, like Gecko) Chrome/133.0.0.0 Safari/537.36"
38.246.33.22 - - [21/Sep/2026:06:52:28 +0700] "POST /xmlrpc.php HTTP/1.1" 500 602 "-" "Mozilla/5.0 (Windows NT 10.0; Win64; x64) AppleWebKit/537.36 (KHTML, like Gecko) Chrome/129.0.0.0 Safari/537.36"
38.246.32.227 - - [21/Sep/2026:06:52:31 +0700] "GET /?p=214242 HTTP/1.1" 301 - "-" "Mozilla/5.0 (Macintosh; Intel Mac OS X 10_15_7) AppleWebKit/537.36 (KHTML, like Gecko) Chrome/130.0.0.0 Safari/537.36"
38.246.32.227 - - [21/Sep/2026:06:52:36 +0700] "POST /xmlrpc.php HTTP/1.1" 500 602 "-" "Mozilla/5.0 (Windows NT 10.0; Win64; x64) AppleWebKit/537.36 (KHTML, like Gecko) Chrome/91.0.4472.124 Safari/537.36"
38.246.32.227 - - [21/Sep/2026:06:52:35 +0700] "POST /xmlrpc.php HTTP/1.1" 500 602 "-" "Mozilla/5.0 (Macintosh; Intel Mac OS X 10_15_7) AppleWebKit/605.1.15 (KHTML, like Gecko) Version/17.6 Safari/605.1.15"
38.246.32.227 - - [21/Sep/2026:06:52:37 +0700] "POST /xmlrpc.php HTTP/1.1" 500 602 "-" "Mozilla/5.0 (Windows NT 10.0; Win64; x64) AppleWebKit/537.36 (KHTML, like Gecko) Chrome/147.0.0.0 Safari/537.36 OPR/131.0.0.0"
38.246.32.227 - - [21/Sep/2026:06:52:34 +0700] "POST /xmlrpc.php HTTP/1.1" 500 602 "-" "Mozilla/5.0 (Windows NT 10.0; Win64; x64; rv:151.0) Gecko/20100101 Firefox/151.0"
38.246.32.227 - - [21/Sep/2026:06:52:38 +0700] "POST /xmlrpc.php HTTP/1.1" 500 602 "-" "Mozilla/5.0 (Macintosh; Intel Mac OS X 10_15_7) AppleWebKit/537.36 (KHTML, like Gecko) Chrome/131.0.0.0 Safari/537.36"
38.246.32.227 - - [21/Sep/2026:06:52:40 +0700] "POST /xmlrpc.php HTTP/1.1" 500 602 "-" "Mozilla/5.0 (X11; Linux x86_64; rv:137.0) Gecko/20100101 Firefox/137.0"
38.246.32.227 - - [21/Sep/2026:06:52:41 +0700] "POST /xmlrpc.php HTTP/1.1" 500 602 "-" "Mozilla/5.0 (X11; Linux x86_64) AppleWebKit/537.36 Chrome/124.0"
38.246.32.227 - - [21/Sep/2026:06:52:40 +0700] "POST /xmlrpc.php HTTP/1.1" 500 602 "-" "Mozilla/5.0 (Macintosh; Intel Mac OS X 10_15_7) AppleWebKit/537.36 (KHTML, like Gecko) Chrome/146.0.0.0 Safari/537.36"
38.246.32.227 - - [21/Sep/2026:06:52:44 +0700] "POST /xmlrpc.php HTTP/1.1" 500 602 "-" "Mozilla/5.0 (Windows NT 10.0; Win64; x64) AppleWebKit/537.36 (KHTML, like Gecko) Chrome/119.0.0.0 Safari/537.36"
38.246.33.20 - - [21/Sep/2026:06:52:46 +0700] "GET /?p=214254 HTTP/1.1" 301 - "-" "Mozilla/5.0 (X11; Linux x86_64; rv:137.0) Gecko/20100101 Firefox/137.0"
38.246.32.227 - - [21/Sep/2026:06:52:49 +0700] "POST /xmlrpc.php HTTP/1.1" 500 602 "-" "Mozilla/5.0 (Macintosh; Intel Mac OS X 10_15_7) AppleWebKit/537.36 (KHTML, like Gecko) Chrome/122.0.0.0 Safari/537.36"
38.246.33.20 - - [21/Sep/2026:06:52:45 +0700] "POST /xmlrpc.php HTTP/1.1" 500 602 "-" "Mozilla/5.0 (Windows NT 10.0; Win64; x64) AppleWebKit/537.36 (KHTML, like Gecko) Chrome/131.0.0.0 Safari/537.36 Edg/131.0.0.0"
38.246.32.227 - - [21/Sep/2026:06:52:52 +0700] "POST /xmlrpc.php HTTP/1.1" 500 602 "-" "Mozilla/5.0 (Windows NT 10.0; Win64; x64) AppleWebKit/537.36 (KHTML, like Gecko) Chrome/58.0.3029.110 Safari/537.3"
38.246.32.227 - - [21/Sep/2026:06:52:52 +0700] "POST /xmlrpc.php HTTP/1.1" 500 602 "-" "Mozilla/5.0 (Windows NT 10.0; Win64; x64) AppleWebKit/537.36 (KHTML, like Gecko) Chrome/120.0.0.0 Safari/537.36"
38.246.33.20 - - [21/Sep/2026:06:52:53 +0700] "POST /xmlrpc.php HTTP/1.1" 500 602 "-" "Mozilla/5.0 (Windows NT 10.0; Win64; x64; rv:136.0) Gecko/20100101 Firefox/136.0"
38.246.32.227 - - [21/Sep/2026:06:52:54 +0700] "POST /xmlrpc.php HTTP/1.1" 500 602 "-" "Mozilla/5.0 (Windows NT 10.0; Win64; x64) AppleWebKit/537.36 (KHTML, like Gecko) Chrome/135.0.0.0 Safari/537.36 Edg/135.0.0.0"
38.246.33.22 - - [21/Sep/2026:06:52:54 +0700] "POST /xmlrpc.php HTTP/1.1" 500 602 "-" "Mozilla/5.0 (Macintosh; Intel Mac OS X 10_15_7) AppleWebKit/537.36 (KHTML, like Gecko) obsidian/1.6.5 Chrome/124.0.6367.243 Electron/30.1.2 Safari/537.36"
38.246.32.227 - - [21/Sep/2026:06:52:54 +0700] "POST /xmlrpc.php HTTP/1.1" 500 602 "-" "Mozilla/5.0 (Macintosh; Intel Mac OS X 10_15_7) AppleWebKit/537.36 (KHTML, like Gecko) Chrome/135.0.0.0 Safari/537.36 Edg/135.0.0.0"
38.246.32.227 - - [21/Sep/2026:06:53:05 +0700] "POST /xmlrpc.php HTTP/1.1" 500 602 "-" "Mozilla/5.0 (X11; Ubuntu; Linux x86_64; rv:137.0) Gecko/20100101 Firefox/137.0"
38.246.33.20 - - [21/Sep/2026:06:52:55 +0700] "POST /xmlrpc.php HTTP/1.1" 500 602 "-" "Mozilla/5.0 (X11; Linux x86_64) AppleWebKit/537.36 (KHTML, like Gecko) Chrome/133.0.0.0 Safari/537.36"
38.246.32.227 - - [21/Sep/2026:06:52:56 +0700] "POST /xmlrpc.php HTTP/1.1" 500 602 "-" "Mozilla/5.0 (X11; Linux x86_64; rv:128.0) Gecko/20100101 Firefox/128.0"
38.246.32.227 - - [21/Sep/2026:06:53:05 +0700] "POST /xmlrpc.php HTTP/1.1" 500 602 "-" "Mozilla/5.0 (Windows NT 10.0; Win64; x64) AppleWebKit/537.36 (KHTML, like Gecko) Chrome/109.0.0.0 Safari/537.36"
38.246.32.227 - - [21/Sep/2026:06:53:05 +0700] "POST /xmlrpc.php HTTP/1.1" 500 602 "-" "Mozilla/5.0 (Macintosh; Intel Mac OS X 10_15_7) AppleWebKit/605.1.15 (KHTML, like Gecko) Version/16.6 Safari/605.1.15"
38.246.32.227 - - [21/Sep/2026:06:53:05 +0700] "GET /?p=214258 HTTP/1.1" 301 - "-" "Mozilla/5.0 (Windows NT 10.0; Win64; x64) AppleWebKit/537.36 (KHTML, like Gecko) obsidian/1.6.5 Chrome/124.0.6367.243 Electron/30.1.2 Safari/537.36"
38.246.32.227 - - [21/Sep/2026:06:53:05 +0700] "POST /xmlrpc.php HTTP/1.1" 500 602 "-" "Mozilla/5.0 (Macintosh; Intel Mac OS X 10_15_7) AppleWebKit/605.1.15 (KHTML, like Gecko) Version/18.4 Safari/605.1.15"
38.246.33.72 - - [21/Sep/2026:06:53:05 +0700] "POST /xmlrpc.php HTTP/1.1" 500 602 "-" "Mozilla/5.0 (Windows NT 10.0; Win64; x64) AppleWebKit/537.36 (KHTML, like Gecko) Chrome/131.0.0.0 Safari/537.36 Edg/131.0.0.0"
38.246.32.227 - - [21/Sep/2026:06:53:05 +0700] "GET /?p=214259 HTTP/1.1" 301 - "-" "Mozilla/5.0 (Macintosh; Intel Mac OS X 10_15_7) AppleWebKit/537.36 (KHTML, like Gecko) Chrome/136.0.0.0 Safari/537.36 Edg/136.0.0.0"
38.246.33.20 - - [21/Sep/2026:06:53:05 +0700] "POST /xmlrpc.php HTTP/1.1" 500 602 "-" "Mozilla/5.0 (Windows NT 10.0; Win64; x64) AppleWebKit/537.36 (KHTML, like Gecko) Chrome/136.0.0.0 Safari/537.36 Edg/136.0.0.0"
38.246.33.22 - - [21/Sep/2026:06:53:07 +0700] "POST /xmlrpc.php HTTP/1.1" 500 602 "-" "Mozilla/5.0 (Windows NT 10.0; Win64; x64) AppleWebKit/537.36 (KHTML, like Gecko) Chrome/136.0.0.0 Safari/537.36"
38.246.32.227 - - [21/Sep/2026:06:53:10 +0700] "POST /xmlrpc.php HTTP/1.1" 500 602 "-" "Mozilla/5.0 (Windows NT 10.0; Win64; x64) AppleWebKit/537.36 (KHTML, like Gecko) Chrome/147.0.0.0 Safari/537.36 OPR/131.0.0.0"
38.246.32.227 - - [21/Sep/2026:06:53:15 +0700] "POST /xmlrpc.php HTTP/1.1" 500 602 "-" "Mozilla/5.0 (Windows NT 10.0; Win64; x64) AppleWebKit/537.36 (KHTML, like Gecko) obsidian/1.6.5 Chrome/124.0.6367.243 Electron/30.1.2 Safari/537.36"
38.246.32.227 - - [21/Sep/2026:06:53:18 +0700] "POST /xmlrpc.php HTTP/1.1" 500 602 "-" "Mozilla/5.0 (Macintosh; Intel Mac OS X 10_15_7) AppleWebKit/537.36 (KHTML, like Gecko) Chrome/128.0.0.0 Safari/537.36"
38.246.32.227 - - [21/Sep/2026:06:53:16 +0700] "GET /?p=214263 HTTP/1.1" 301 - "-" "Mozilla/5.0 (Windows NT 10.0; Win64; x64) AppleWebKit/537.36 (KHTML, like Gecko) Chrome/147.0.0.0 Safari/537.36"
38.246.32.227 - - [21/Sep/2026:06:53:19 +0700] "POST /xmlrpc.php HTTP/1.1" 500 602 "-" "Mozilla/5.0 (Windows NT 10.0; Win64; x64) AppleWebKit/537.36 (KHTML, like Gecko) Chrome/135.0.0.0 Safari/537.36"
38.246.32.227 - - [21/Sep/2026:06:53:20 +0700] "POST /xmlrpc.php HTTP/1.1" 500 602 "-" "Mozilla/5.0 (X11; Ubuntu; Linux x86_64; rv:138.0) Gecko/20100101 Firefox/138.0"
85.208.96.209 - - [21/Sep/2026:06:53:20 +0700] "GET /the-newest-slight-variations-in-such-elements-influence-whether-or-not-a-bonus-try-well-worth-saying-or-otherwise-not/ HTTP/1.1" 200 57011 "-" "Mozilla/5.0 (compatible; SemrushBot/7~bl; +http://www.semrush.com/bot.html)"
38.246.32.227 - - [21/Sep/2026:06:53:00 +0700] "POST /xmlrpc.php HTTP/1.1" 200 178 "-" "Mozilla/5.0 (Windows NT 10.0; Win64; x64) AppleWebKit/537.36 (KHTML, like Gecko) obsidian/1.8.10 Chrome/132.0.6834.196 Electron/34.2.0 Safari/537.36"
38.246.32.227 - - [21/Sep/2026:06:53:20 +0700] "POST /xmlrpc.php HTTP/1.1" 500 602 "-" "Mozilla/5.0 (X11; Linux x86_64) AppleWebKit/537.36 (KHTML, like Gecko) Chrome/148.0.0.0 Safari/537.36"
198.252.107.178 - - [21/Sep/2026:06:53:29 +0700] "POST /wp-cron.php?doing_wp_cron=1789948327.7894480228424072265625 HTTP/1.1" 200 - "-" "WordPress/7.1.1; https://veewin24hr.com"
38.246.32.227 - - [21/Sep/2026:06:53:21 +0700] "POST /xmlrpc.php HTTP/1.1" 500 602 "-" "Mozilla/5.0 (X11; Linux x86_64; rv:137.0) Gecko/20100101 Firefox/137.0"
198.252.107.178 - - [21/Sep/2026:06:53:29 +0700] "POST /wp-cron.php?doing_wp_cron=1789948330.6113650798797607421875 HTTP/1.1" 200 - "-" "WordPress/7.1.1; https://veewin24hr.com"
38.246.32.227 - - [21/Sep/2026:06:53:27 +0700] "POST /xmlrpc.php HTTP/1.1" 500 602 "-" "Mozilla/5.0 (Windows NT 10.0; Win64; x64) AppleWebKit/537.36 (KHTML, like Gecko) Chrome/147.0.0.0 Safari/537.36"
198.252.107.178 - - [21/Sep/2026:06:53:33 +0700] "POST /wp-cron.php?doing_wp_cron=1789948330.7486550807952880859375 HTTP/1.1" 200 - "-" "WordPress/7.1.1; https://veewin24hr.com"
38.246.32.227 - - [21/Sep/2026:06:53:29 +0700] "POST /xmlrpc.php HTTP/1.1" 500 602 "-" "Mozilla/5.0 (Windows NT 10.0; Win64; x64) AppleWebKit/537.36 (KHTML, like Gecko) Chrome/120.0.0.0 Safari/537.36"
38.246.32.227 - - [21/Sep/2026:06:53:34 +0700] "POST /xmlrpc.php HTTP/1.1" 500 602 "-" "Mozilla/5.0 (Windows NT 10.0; Win64; x64; rv:150.0) Gecko/20100101 Firefox/150.0"
198.252.107.178 - - [21/Sep/2026:06:53:37 +0700] "POST /wp-cron.php?doing_wp_cron=1789948333.6203100681304931640625 HTTP/1.1" 200 - "-" "WordPress/7.1.1; https://veewin24hr.com"
38.246.32.227 - - [21/Sep/2026:06:53:36 +0700] "POST /xmlrpc.php HTTP/1.1" 500 602 "-" "Mozilla/5.0 (Windows NT 10.0; Win64; x64) AppleWebKit/537.36 (KHTML, like Gecko) Chrome/132.0.0.0 Safari/537.36 OPR/117.0.0.0"
38.246.32.227 - - [21/Sep/2026:06:53:40 +0700] "GET /?p=214270 HTTP/1.1" 301 - "-" "Mozilla/5.0 (Macintosh; Intel Mac OS X 10_15_7) AppleWebKit/605.1.15 (KHTML, like Gecko) Version/18.3 Safari/605.1.15"
38.246.32.227 - - [21/Sep/2026:06:53:20 +0700] "POST /xmlrpc.php HTTP/1.1" 200 178 "-" "Mozilla/5.0 (X11; Linux x86_64) AppleWebKit/537.36 (KHTML, like Gecko) Chrome/124.0.0.0 Safari/537.36"
38.246.33.22 - - [21/Sep/2026:06:53:40 +0700] "GET /?p=214269 HTTP/1.1" 301 - "-" "Mozilla/5.0 (Windows NT 10.0; Win64; x64) AppleWebKit/537.36 (KHTML, like Gecko) Chrome/134.0.0.0 Safari/537.36 Edg/134.0.0.0"
38.246.33.72 - - [21/Sep/2026:06:52:46 +0700] "POST /xmlrpc.php HTTP/1.1" 200 181 "-" "Mozilla/5.0 (Macintosh; Intel Mac OS X 10_15_7) AppleWebKit/537.36 (KHTML, like Gecko) Chrome/129.0.0.0 Safari/537.36"
38.246.33.20 - - [21/Sep/2026:06:53:42 +0700] "GET /?p=214268 HTTP/1.1" 301 - "-" "Mozilla/5.0 (Windows NT 10.0; Win64; x64) AppleWebKit/537.36 (KHTML, like Gecko) Chrome/148.0.0.0 Safari/537.36"
38.246.33.22 - - [21/Sep/2026:06:53:48 +0700] "POST /xmlrpc.php HTTP/1.1" 500 602 "-" "Mozilla/5.0 (Windows NT 10.0; Win64; x64) AppleWebKit/537.36 (KHTML, like Gecko) Chrome/148.0.0.0 Safari/537.36 Edg/148.0.0.0"
38.246.33.72 - - [21/Sep/2026:06:53:43 +0700] "POST /xmlrpc.php HTTP/1.1" 500 602 "-" "Mozilla/5.0 (Macintosh; Intel Mac OS X 10_15_7) AppleWebKit/605.1.15 (KHTML, like Gecko) Version/18.1 Safari/605.1.15"
38.246.33.22 - - [21/Sep/2026:06:53:48 +0700] "POST /xmlrpc.php HTTP/1.1" 200 178 "-" "Mozilla/5.0 (Macintosh; Intel Mac OS X 10_15_7) AppleWebKit/605.1.15 (KHTML, like Gecko) Version/18.5 Safari/605.1.15"
38.246.32.227 - - [21/Sep/2026:06:53:45 +0700] "POST /xmlrpc.php HTTP/1.1" 200 178 "-" "Mozilla/5.0 (Macintosh; Intel Mac OS X 10_15_7) AppleWebKit/537.36"
38.246.32.227 - - [21/Sep/2026:06:53:51 +0700] "POST /xmlrpc.php HTTP/1.1" 200 178 "-" "Mozilla/5.0 (Macintosh; Intel Mac OS X 10_15_7) AppleWebKit/605.1.15 (KHTML, like Gecko) Version/18.2 Safari/605.1.15"
38.246.32.227 - - [21/Sep/2026:06:53:54 +0700] "POST /xmlrpc.php HTTP/1.1" 200 178 "-" "Mozilla/5.0 (Macintosh; Intel Mac OS X 10_15_7) AppleWebKit/537.36 (KHTML, like Gecko) Chrome/122.0.0.0 Safari/537.36"
85.208.96.209 - - [21/Sep/2026:06:53:59 +0700] "GET /the-newest-slight-variations-in-such-elements-influence-whether-or-not-a-bonus-try-well-worth-saying-or-otherwise-not/ HTTP/1.1" 200 40643 "-" "Mozilla/5.0 (compatible; SemrushBot/7~bl; +http://www.semrush.com/bot.html)"
38.246.33.72 - - [21/Sep/2026:06:53:36 +0700] "POST /xmlrpc.php HTTP/1.1" 200 181 "-" "Mozilla/5.0 (Windows NT 10.0; Win64; x64) AppleWebKit/537.36 (KHTML, like Gecko) Chrome/58.0.3029.110 Safari/537.3"
38.246.32.227 - - [21/Sep/2026:06:53:55 +0700] "POST /xmlrpc.php HTTP/1.1" 200 178 "-" "Mozilla/5.0 (X11; Ubuntu; Linux x86_64; rv:136.0) Gecko/20100101 Firefox/136.0"
38.246.33.72 - - [21/Sep/2026:06:53:58 +0700] "POST /xmlrpc.php HTTP/1.1" 200 178 "-" "Mozilla/5.0 (Macintosh; Intel Mac OS X 10_15_7) AppleWebKit/605.1.15 (KHTML, like Gecko) Version/18.2 Safari/605.1.15"
38.246.32.227 - - [21/Sep/2026:06:54:00 +0700] "POST /xmlrpc.php HTTP/1.1" 200 178 "-" "Mozilla/5.0 (Macintosh; Intel Mac OS X 10_15_7) AppleWebKit/605.1.15 (KHTML, like Gecko) Version/18.5 Safari/605.1.15"
38.246.33.20 - - [21/Sep/2026:06:54:00 +0700] "POST /xmlrpc.php HTTP/1.1" 200 178 "-" "Mozilla/5.0 (Macintosh; Intel Mac OS X 10_15_7) AppleWebKit/537.36 (KHTML, like Gecko) Chrome/129.0.0.0 Safari/537.36"
198.252.107.178 - - [21/Sep/2026:06:54:15 +0700] "POST /wp-cron.php?doing_wp_cron=1789948394.9999299049377441406250 HTTP/1.1" 200 - "-" "WordPress/7.1.1; https://veewin24hr.com"
198.252.107.178 - - [21/Sep/2026:06:54:16 +0700] "POST /wp-cron.php?doing_wp_cron=1789948395.8055760860443115234375 HTTP/1.1" 200 - "-" "WordPress/7.1.1; https://veewin24hr.com"
38.246.33.72 - - [21/Sep/2026:06:54:14 +0700] "POST /xmlrpc.php HTTP/1.1" 500 602 "-" "Mozilla/5.0 (Macintosh; Intel Mac OS X 10_15_7) AppleWebKit/537.36 (KHTML, like Gecko) Chrome/129.0.0.0 Safari/537.36"
198.252.107.178 - - [21/Sep/2026:06:54:16 +0700] "POST /wp-cron.php?doing_wp_cron=1789948395.8534700870513916015625 HTTP/1.1" 200 - "-" "WordPress/7.1.1; https://veewin24hr.com"
198.252.107.178 - - [21/Sep/2026:06:54:19 +0700] "POST /wp-cron.php?doing_wp_cron=1789948398.3997759819030761718750 HTTP/1.1" 200 - "-" "WordPress/7.1.1; https://veewin24hr.com"
198.252.107.178 - - [21/Sep/2026:06:54:21 +0700] "POST /wp-cron.php?doing_wp_cron=1789948399.0218899250030517578125 HTTP/1.1" 200 - "-" "WordPress/7.1.1; https://veewin24hr.com"
38.246.32.227 - - [21/Sep/2026:06:54:08 +0700] "POST /xmlrpc.php HTTP/1.1" 200 178 "-" "Mozilla/5.0 (Macintosh; Intel Mac OS X 10_15_7) AppleWebKit/537.36 (KHTML, like Gecko) Chrome/148.0.0.0 Safari/537.36"
38.246.32.227 - - [21/Sep/2026:06:54:02 +0700] "POST /xmlrpc.php HTTP/1.1" 200 178 "-" "Mozilla/5.0 (X11; Ubuntu; Linux x86_64; rv:136.0) Gecko/20100101 Firefox/136.0"
38.246.33.20 - - [21/Sep/2026:06:54:13 +0700] "POST /xmlrpc.php HTTP/1.1" 200 178 "-" "Mozilla/5.0 (Macintosh; Intel Mac OS X 10_15_7) AppleWebKit/537.36 (KHTML, like Gecko) Chrome/134.0.0.0 Safari/537.36"
185.191.171.19 - - [21/Sep/2026:06:54:35 +0700] "GET /queste-piattaforme-rappresentano-unalternativa-attraente-eppure-richiedono-cautela-nella-selezione-di-operatori-affidabili/ HTTP/1.1" 200 40643 "-" "Mozilla/5.0 (compatible; SemrushBot/7~bl; +http://www.semrush.com/bot.html)"
38.246.33.72 - - [21/Sep/2026:06:54:42 +0700] "POST /xmlrpc.php HTTP/1.1" 500 602 "-" "Mozilla/5.0 (Windows NT 10.0; Win64; x64) AppleWebKit/537.36 (KHTML, like Gecko) Chrome/58.0.3029.110 Safari/537.3"
38.246.32.227 - - [21/Sep/2026:06:54:24 +0700] "POST /xmlrpc.php HTTP/1.1" 200 178 "-" "Mozilla/5.0 (Macintosh; Intel Mac OS X 10_15_7) AppleWebKit/605.1.15 (KHTML, like Gecko) Version/17.4.1 Safari/605.1.15"
38.246.32.227 - - [21/Sep/2026:06:54:35 +0700] "POST /xmlrpc.php HTTP/1.1" 200 178 "-" "Mozilla/5.0 (Macintosh; Intel Mac OS X 10_15_7) AppleWebKit/537.36 (KHTML, like Gecko) Chrome/136.0.0.0 Safari/537.36"
198.252.107.178 - - [21/Sep/2026:06:55:00 +0700] "POST /wp-cron.php?doing_wp_cron=1789948462.0053079128265380859375 HTTP/1.1" 200 - "-" "WordPress/7.1.1; https://veewin24hr.com"
198.252.107.178 - - [21/Sep/2026:06:55:01 +0700] "POST /wp-cron.php?doing_wp_cron=1789948462.3716349601745605468750 HTTP/1.1" 200 - "-" "WordPress/7.1.1; https://veewin24hr.com"
38.246.32.227 - - [21/Sep/2026:06:54:38 +0700] "POST /xmlrpc.php HTTP/1.1" 200 178 "-" "Mozilla/5.0 (Windows NT 10.0; Win64; x64) AppleWebKit/537.36 (KHTML, like Gecko) obsidian/1.8.10 Chrome/132.0.6834.196 Electron/34.2.0 Safari/537.36"
198.252.107.178 - - [21/Sep/2026:06:55:02 +0700] "POST /wp-cron.php?doing_wp_cron=1789948462.7324569225311279296875 HTTP/1.1" 200 - "-" "WordPress/7.1.1; https://veewin24hr.com"
38.246.33.20 - - [21/Sep/2026:06:54:42 +0700] "POST /xmlrpc.php HTTP/1.1" 200 178 "-" "Mozilla/5.0 (Macintosh; Intel Mac OS X 10_15_7) AppleWebKit/605.1.15 (KHTML, like Gecko) Version/18.3.1 Safari/605.1.15"
198.252.107.178 - - [21/Sep/2026:06:55:05 +0700] "POST /wp-cron.php?doing_wp_cron=1789948469.7552158832550048828125 HTTP/1.1" 200 - "-" "WordPress/7.1.1; https://veewin24hr.com"
198.252.107.178 - - [21/Sep/2026:06:55:11 +0700] "POST /wp-cron.php?doing_wp_cron=1789948477.4865601062774658203125 HTTP/1.1" 200 - "-" "WordPress/7.1.1; https://veewin24hr.com"
185.191.171.19 - - [21/Sep/2026:06:55:09 +0700] "GET /queste-piattaforme-rappresentano-unalternativa-attraente-eppure-richiedono-cautela-nella-selezione-di-operatori-affidabili/ HTTP/1.1" 200 57011 "-" "Mozilla/5.0 (compatible; SemrushBot/7~bl; +http://www.semrush.com/bot.html)"
198.252.107.178 - - [21/Sep/2026:06:55:44 +0700] "POST /wp-cron.php?doing_wp_cron=1789948541.9559130668640136718750 HTTP/1.1" 200 - "-" "WordPress/7.1.1; https://veewin24hr.com"
82.25.62.125 - - [21/Sep/2026:06:55:38 +0700] "GET /goldbet-casino-magyarorszag-hivatalos-oldal-2026/ HTTP/1.1" 200 26097 "https://veewin24hr.com/" "Mozilla/5.0 (Windows NT 10.0; Win64; x64) AppleWebKit/537.36 (KHTML, like Gecko) Chrome/91.0.4472.124 Safari/537.36"
198.252.107.178 - - [21/Sep/2026:06:55:45 +0700] "POST /wp-cron.php?doing_wp_cron=1789948542.7263259887695312500000 HTTP/1.1" 200 - "-" "WordPress/7.1.1; https://veewin24hr.com"
85.208.96.208 - - [21/Sep/2026:06:55:44 +0700] "GET /sowie-eltern-der-regelmaiger-glucksspieler-bei-dem-gangbar-casino-sie-sind-sehen-sie-ebendiese-opportunitat-diesseitigen-exklusiven-beruhmte-personlichkeit-verein-zu-betreten/ HTTP/1.1" 200 40641 "-" "Mozilla/5.0 (compatible; SemrushBot/7~bl; +http://www.semrush.com/bot.html)"
198.252.107.178 - - [21/Sep/2026:06:56:47 +0700] "POST /wp-cron.php?doing_wp_cron=1789948607.3819499015808105468750 HTTP/1.1" 200 - "-" "WordPress/7.1.1; https://veewin24hr.com"
193.24.211.106 - - [21/Sep/2026:06:56:28 +0700] "POST / HTTP/1.1" 200 80339 "-" "Mozilla/5.0 (Macintosh; Intel Mac OS X 10_15_7) AppleWebKit/537.36 (KHTML, like Gecko) Chrome/136.0.0.0 Safari/537.36"
198.252.107.178 - - [21/Sep/2026:06:56:48 +0700] "POST /wp-cron.php?doing_wp_cron=1789948608.2170898914337158203125 HTTP/1.1" 200 - "-" "WordPress/7.1.1; https://veewin24hr.com"
38.246.33.22 - - [21/Sep/2026:06:54:43 +0700] "POST /xmlrpc.php HTTP/1.1" 200 178 "-" "Mozilla/5.0 (Windows NT 10.0; Win64; x64) AppleWebKit/537.36 (KHTML, like Gecko) Chrome/117.0.5938.132 Safari/537.36"
85.208.96.208 - - [21/Sep/2026:06:56:31 +0700] "GET /sowie-eltern-der-regelmaiger-glucksspieler-bei-dem-gangbar-casino-sie-sind-sehen-sie-ebendiese-opportunitat-diesseitigen-exklusiven-beruhmte-personlichkeit-verein-zu-betreten/ HTTP/1.1" 200 62788 "-" "Mozilla/5.0 (compatible; SemrushBot/7~bl; +http://www.semrush.com/bot.html)"
198.252.107.178 - - [21/Sep/2026:06:57:21 +0700] "POST /wp-cron.php?doing_wp_cron=1789948641.1109929084777832031250 HTTP/1.1" 200 - "-" "WordPress/7.1.1; https://veewin24hr.com"
198.252.107.178 - - [21/Sep/2026:06:57:21 +0700] "POST /wp-cron.php?doing_wp_cron=1789948641.4543519020080566406250 HTTP/1.1" 200 - "-" "WordPress/7.1.1; https://veewin24hr.com"
193.24.211.106 - - [21/Sep/2026:06:57:03 +0700] "POST / HTTP/1.1" 200 80339 "-" "Mozilla/5.0 (Macintosh; Intel Mac OS X 10_15_7) AppleWebKit/537.36 (KHTML, like Gecko) Chrome/136.0.0.0 Safari/537.36"
51.81.104.40 - - [21/Sep/2026:06:56:50 +0700] "GET /no-matter-if-that-is-a-stay-aside-offer-it-is-far-from-the-only-reasoning-duelz-local-casino-makes-all-of-our-ideal-uk-ports-list/ HTTP/1.1" 200 40639 "-" "Mozilla/5.0 (compatible; AhrefsBot/7.0; +http://ahrefs.com/robot/)"
198.252.107.178 - - [21/Sep/2026:06:58:13 +0700] "POST /wp-cron.php?doing_wp_cron=1789948693.4746520519256591796875 HTTP/1.1" 200 - "-" "WordPress/7.1.1; https://veewin24hr.com"
198.252.107.178 - - [21/Sep/2026:06:58:24 +0700] "POST /wp-cron.php?doing_wp_cron=1789948704.6872589588165283203125 HTTP/1.1" 200 - "-" "WordPress/7.1.1; https://veewin24hr.com"
82.25.62.125 - - [21/Sep/2026:06:57:43 +0700] "GET /goldbet-casino-magyarorszag-hivatalos-oldal-2026/ HTTP/1.1" 200 26097 "https://veewin24hr.com/" "Mozilla/5.0 (Windows NT 10.0; Win64; x64) AppleWebKit/537.36 (KHTML, like Gecko) Chrome/91.0.4472.124 Safari/537.36"
198.252.107.178 - - [21/Sep/2026:06:58:24 +0700] "POST /wp-cron.php?doing_wp_cron=1789948704.6580469608306884765625 HTTP/1.1" 200 - "-" "WordPress/7.1.1; https://veewin24hr.com"
185.191.171.14 - - [21/Sep/2026:06:57:44 +0700] "GET /casino-oyunlarnda-strateji-ve-baar-34/ HTTP/1.1" 200 54115 "-" "Mozilla/5.0 (compatible; SemrushBot/7~bl; +http://www.semrush.com/bot.html)"
66.249.66.64 - - [21/Sep/2026:06:58:34 +0700] "GET /%D1%81%D0%B0%D0%BC%D1%8B%D0%B5-%D0%B8%D0%BD%D1%82%D0%B5%D1%80%D0%B5%D1%81%D0%BD%D1%8B%D0%B5-%D0%BA%D0%BE%D0%BD%D1%86%D0%B5%D0%BF%D1%86%D0%B8%D0%B8-%D0%B4%D0%BB%D1%8F-%D1%85%D1%83%D0%B4%D0%BE%D0%B6/ HTTP/1.1" 200 67923 "-" "Mozilla/5.0 (Linux; Android 6.0.1; Nexus 5X Build/MMB29P) AppleWebKit/537.36 (KHTML, like Gecko) Chrome/153.0.8010.47 Mobile Safari/537.36 (compatible; Googlebot/2.1; +http://www.google.com/bot.html)"
38.246.32.227 - - [21/Sep/2026:06:54:44 +0700] "POST /xmlrpc.php HTTP/1.1" 200 178 "-" "Mozilla/5.0 (Windows NT 10.0; Win64; x64) AppleWebKit/537.36 (KHTML, like Gecko) Chrome/134.0.0.0 YaBrowser/25.4.0.0 Safari/537.36"
185.191.171.14 - - [21/Sep/2026:06:58:34 +0700] "GET /casino-oyunlarnda-strateji-ve-baar-34/ HTTP/1.1" 200 54115 "-" "Mozilla/5.0 (compatible; SemrushBot/7~bl; +http://www.semrush.com/bot.html)"
66.249.66.205 - - [21/Sep/2026:06:59:47 +0700] "GET /wp-includes/js/jquery/jquery-migrate.min.js?ver=3.4.1 HTTP/1.1" 304 - "https://veewin24hr.com/%D1%81%D0%B0%D0%BC%D1%8B%D0%B5-%D0%B8%D0%BD%D1%82%D0%B5%D1%80%D0%B5%D1%81%D0%BD%D1%8B%D0%B5-%D0%BA%D0%BE%D0%BD%D1%86%D0%B5%D0%BF%D1%86%D0%B8%D0%B8-%D0%B4%D0%BB%D1%8F-%D1%85%D1%83%D0%B4%D0%BE%D0%B6/" "Mozilla/5.0 (Linux; Android 6.0.1; Nexus 5X Build/MMB29P) AppleWebKit/537.36 (KHTML, like Gecko) Chrome/153.0.8010.47 Mobile Safari/537.36 (compatible; Googlebot/2.1; +http://www.google.com/bot.html)"
66.249.66.205 - - [21/Sep/2026:06:59:47 +0700] "GET /wp-content/plugins/elementor/assets/css/widget-image.min.css?ver=4.2.3 HTTP/1.1" 304 - "https://veewin24hr.com/%D1%81%D0%B0%D0%BC%D1%8B%D0%B5-%D0%B8%D0%BD%D1%82%D0%B5%D1%80%D0%B5%D1%81%D0%BD%D1%8B%D0%B5-%D0%BA%D0%BE%D0%BD%D1%86%D0%B5%D0%BF%D1%86%D0%B8%D0%B8-%D0%B4%D0%BB%D1%8F-%D1%85%D1%83%D0%B4%D0%BE%D0%B6/" "Mozilla/5.0 (Linux; Android 6.0.1; Nexus 5X Build/MMB29P) AppleWebKit/537.36 (KHTML, like Gecko) Chrome/153.0.8010.47 Mobile Safari/537.36 (compatible; Googlebot/2.1; +http://www.google.com/bot.html)"
15.220.65.205 - - [21/Sep/2026:07:01:26 +0700] "GET /goldbet-casino-magyarorszag-hivatalos-oldal-2026/ HTTP/1.1" 200 58543 "https://veewin24hr.com/" "Mozilla/5.0 (X11; Linux x86_64) AppleWebKit/537.36 (KHTML, like Gecko) Chrome/134.0.0.0 Safari/537.36"
15.220.65.205 - - [21/Sep/2026:07:01:29 +0700] "GET /?p=27652 HTTP/1.1" 301 - "https://veewin24hr.com/goldbet-casino-magyarorszag-hivatalos-oldal-2026/" "Mozilla/5.0 (X11; Linux x86_64) AppleWebKit/537.36 (KHTML, like Gecko) Chrome/134.0.0.0 Safari/537.36"
15.220.65.205 - - [21/Sep/2026:07:01:31 +0700] "GET /online-casino-tournaments-uk-2026/ HTTP/1.1" 200 67360 "https://veewin24hr.com/?p=27652" "Mozilla/5.0 (X11; Linux x86_64) AppleWebKit/537.36 (KHTML, like Gecko) Chrome/134.0.0.0 Safari/537.36"
198.252.107.178 - - [21/Sep/2026:07:01:32 +0700] "GET /wp-content/uploads/2026/09/discover-the-excitement-of-love-casino-no-deposit_2.jpg HTTP/1.1" 200 21048 "-" "WordPress/7.1.1; https://veewin24hr.com"
198.252.107.178 - - [21/Sep/2026:07:01:33 +0700] "GET /wp-content/uploads/2026/09/discover-the-excitement-of-love-casino-no-deposit_1.jpg HTTP/1.1" 200 10882 "-" "WordPress/7.1.1; https://veewin24hr.com"
198.252.107.178 - - [21/Sep/2026:07:01:33 +0700] "GET /wp-content/uploads/2026/09/discover-the-excitement-of-love-casino-no-deposit_1.jpeg HTTP/1.1" 200 66025 "-" "WordPress/7.1.1; https://veewin24hr.com"
156.241.253.26 - - [21/Sep/2026:07:01:37 +0700] "POST /xmlrpc.php HTTP/1.1" 200 1210 "-" "Mozilla/5.0 (Macintosh; Intel Mac OS X 10_15_7) AppleWebKit/605.1.15 (KHTML, like Gecko) Version/17.3.1 Safari/605.1.15"
64.31.4.68 - - [21/Sep/2026:07:01:38 +0700] "POST /xmlrpc.php HTTP/1.1" 200 403 "-" "Mozilla/5.0 (X11; Linux x86_64) AppleWebKit/537.36 (KHTML, like Gecko) Chrome/124.0.0.0 Safari/537.36"
5.253.204.66 - - [21/Sep/2026:07:02:40 +0700] "GET /wp-login.php HTTP/1.1" 200 7255 "https://veewin24hr.com/" "Mozilla/5.0 (Windows NT 10.0; Win64; x64) AppleWebKit/537.36 (KHTML, like Gecko) Chrome/148.0.0.0 Safari/537.36"
5.253.204.66 - - [21/Sep/2026:07:02:45 +0700] "POST /wp-login.php HTTP/1.1" 200 7680 "https://veewin24hr.com/wp-login.php" "Mozilla/5.0 (Windows NT 10.0; Win64; x64) AppleWebKit/537.36 (KHTML, like Gecko) Chrome/148.0.0.0 Safari/537.36"
5.253.204.66 - - [21/Sep/2026:07:02:49 +0700] "POST /xmlrpc.php HTTP/1.1" 200 403 "https://veewin24hr.com/" "Mozilla/5.0 (Windows NT 10.0; Win64; x64) AppleWebKit/537.36 (KHTML, like Gecko) Chrome/122.0.0.0 Safari/537.36"
51.81.105.25 - - [21/Sep/2026:07:03:23 +0700] "GET /mega-moolah-is-actually-an-epic-progressive-jackpot-position-known-for-its-life-changing-winnings/ HTTP/1.1" 200 60441 "-" "Mozilla/5.0 (compatible; AhrefsBot/7.0; +http://ahrefs.com/robot/)"
66.249.66.45 - - [21/Sep/2026:07:03:25 +0700] "GET /framtiden-for-live-casinospel-2/ HTTP/1.1" 200 53701 "-" "Mozilla/5.0 (Linux; Android 6.0.1; Nexus 5X Build/MMB29P) AppleWebKit/537.36 (KHTML, like Gecko) Chrome/153.0.8010.47 Mobile Safari/537.36 (compatible; Googlebot/2.1; +http://www.google.com/bot.html)"
66.249.66.77 - - [21/Sep/2026:07:03:33 +0700] "GET /wp-includes/css/dashicons.min.css?ver=7.1.1 HTTP/1.1" 304 - "https://veewin24hr.com/framtiden-for-live-casinospel-2/" "Mozilla/5.0 (Linux; Android 6.0.1; Nexus 5X Build/MMB29P) AppleWebKit/537.36 (KHTML, like Gecko) Chrome/153.0.8010.47 Mobile Safari/537.36 (compatible; Googlebot/2.1; +http://www.google.com/bot.html)"
66.249.66.44 - - [21/Sep/2026:07:03:34 +0700] "GET /wp-content/plugins/elementor-pro/assets/lib/smartmenus/jquery.smartmenus.min.js?ver=1.2.1 HTTP/1.1" 304 - "https://veewin24hr.com/framtiden-for-live-casinospel-2/" "Mozilla/5.0 (Linux; Android 6.0.1; Nexus 5X Build/MMB29P) AppleWebKit/537.36 (KHTML, like Gecko) Chrome/153.0.8010.47 Mobile Safari/537.36 (compatible; Googlebot/2.1; +http://www.google.com/bot.html)"
66.249.66.44 - - [21/Sep/2026:07:03:35 +0700] "GET /wp-content/plugins/elementor/assets/js/section-frontend-handlers.d85ab872da118940910d.bundle.min.js HTTP/1.1" 304 - "https://veewin24hr.com/framtiden-for-live-casinospel-2/" "Mozilla/5.0 (Linux; Android 6.0.1; Nexus 5X Build/MMB29P) AppleWebKit/537.36 (KHTML, like Gecko) Chrome/153.0.8010.47 Mobile Safari/537.36 (compatible; Googlebot/2.1; +http://www.google.com/bot.html)"
107.152.32.177 - - [21/Sep/2026:07:03:54 +0700] "GET /european-roulette-online-casinos-uk-2026/ HTTP/1.1" 200 69825 "https://veewin24hr.com/" "Mozilla/5.0 (Windows NT 10.0; Win64; x64) AppleWebKit/537.36 (KHTML, like Gecko) obsidian/1.8.9 Chrome/132.0.6834.210 Electron/34.3.0 Safari/537.36"
107.152.32.177 - - [21/Sep/2026:07:03:56 +0700] "GET /?p=27652 HTTP/1.1" 301 - "https://veewin24hr.com/european-roulette-online-casinos-uk-2026/" "Mozilla/5.0 (Windows NT 10.0; Win64; x64) AppleWebKit/537.36 (KHTML, like Gecko) obsidian/1.8.9 Chrome/132.0.6834.210 Electron/34.3.0 Safari/537.36"
107.152.32.177 - - [21/Sep/2026:07:03:58 +0700] "GET /online-casino-tournaments-uk-2026/ HTTP/1.1" 200 67360 "https://veewin24hr.com/?p=27652" "Mozilla/5.0 (Windows NT 10.0; Win64; x64) AppleWebKit/537.36 (KHTML, like Gecko) obsidian/1.8.9 Chrome/132.0.6834.210 Electron/34.3.0 Safari/537.36"
113.190.202.138 - - [21/Sep/2026:07:04:03 +0700] "GET /goldbet-casino-magyarorszag-hivatalos-oldal-2026/ HTTP/1.1" 200 58543 "https://veewin24hr.com/" "Mozilla/5.0 (Macintosh; Intel Mac OS X 10_15_7) AppleWebKit/605.1.15 (KHTML, like Gecko) Version/18.1 Safari/605.1.15"
113.190.202.138 - - [21/Sep/2026:07:04:09 +0700] "GET /?p=27652 HTTP/1.1" 301 - "https://veewin24hr.com/goldbet-casino-magyarorszag-hivatalos-oldal-2026/" "Mozilla/5.0 (Macintosh; Intel Mac OS X 10_15_7) AppleWebKit/605.1.15 (KHTML, like Gecko) Version/18.1 Safari/605.1.15"
113.190.202.138 - - [21/Sep/2026:07:04:10 +0700] "GET /online-casino-tournaments-uk-2026/ HTTP/1.1" 200 67360 "https://veewin24hr.com/?p=27652" "Mozilla/5.0 (Macintosh; Intel Mac OS X 10_15_7) AppleWebKit/605.1.15 (KHTML, like Gecko) Version/18.1 Safari/605.1.15"
198.252.107.178 - - [21/Sep/2026:07:04:21 +0700] "POST /wp-cron.php?doing_wp_cron=1789949061.0841560363769531250000 HTTP/1.1" 200 - "-" "WordPress/7.1.1; https://veewin24hr.com"
38.246.32.227 - - [21/Sep/2026:07:04:09 +0700] "POST /xmlrpc.php HTTP/1.1" 200 181 "-" "Mozilla/5.0 (Windows NT 10.0; Win64; x64) AppleWebKit/537.36 (KHTML, like Gecko) obsidian/1.8.3 Chrome/130.0.6723.191 Electron/33.3.2 Safari/537.36"
38.246.32.227 - - [21/Sep/2026:07:04:27 +0700] "POST /xmlrpc.php HTTP/1.1" 200 11055 "-" "Mozilla/5.0 (Windows NT 10.0; Win64; x64; rv:136.0) Gecko/20100101 Firefox/136.0"
38.246.32.227 - - [21/Sep/2026:07:04:28 +0700] "GET /it-is-a-different-looks-one-ensures-all-the-playing-interest-takes-set-legally-rather-and-sensibly/ HTTP/1.1" 200 60635 "-" "Mozilla/5.0 (Macintosh; Intel Mac OS X 10_15_7) AppleWebKit/605.1.15 (KHTML, like Gecko) Version/17.4.1 Safari/605.1.15"
198.252.107.178 - - [21/Sep/2026:07:05:46 +0700] "POST /wp-cron.php?doing_wp_cron=1789949146.2156980037689208984375 HTTP/1.1" 200 - "-" "WordPress/7.1.1; https://veewin24hr.com"
38.246.32.227 - - [21/Sep/2026:07:05:42 +0700] "POST /xmlrpc.php HTTP/1.1" 200 181 "-" "Mozilla/5.0 (Macintosh; Intel Mac OS X 10_15_7) AppleWebKit/605.1.15 (KHTML, like Gecko) Version/18.4 Safari/605.1.15"
38.246.32.227 - - [21/Sep/2026:07:05:52 +0700] "POST /xmlrpc.php HTTP/1.1" 200 9684 "-" "Mozilla/5.0 (Windows NT 10.0; Win64; x64) AppleWebKit/537.36 (KHTML, like Gecko) Chrome/135.0.0.0 Safari/537.36"
38.246.32.227 - - [21/Sep/2026:07:05:54 +0700] "GET /but-on-joining-a-gambling-establishment-webpages-often-the-characteristics-arent-what-you-assume/ HTTP/1.1" 200 59182 "-" "Mozilla/5.0 (Macintosh; Intel Mac OS X 10_15_7) AppleWebKit/605.1.15 (KHTML, like Gecko) Version/18.1 Safari/605.1.15"
198.252.107.178 - - [21/Sep/2026:07:06:31 +0700] "POST /wp-cron.php?doing_wp_cron=1789949191.5295329093933105468750 HTTP/1.1" 200 - "-" "WordPress/7.1.1; https://veewin24hr.com"
38.246.32.227 - - [21/Sep/2026:07:06:27 +0700] "POST /xmlrpc.php HTTP/1.1" 200 181 "-" "Mozilla/5.0 (Macintosh; Intel Mac OS X 10.15; rv:150.0) Gecko/20100101 Firefox/150.0"
38.246.32.227 - - [21/Sep/2026:07:06:37 +0700] "POST /xmlrpc.php HTTP/1.1" 200 8530 "-" "Mozilla/5.0 (Windows NT 10.0; Win64; x64) AppleWebKit/537.36 (KHTML, like Gecko) obsidian/1.8.3 Chrome/130.0.6723.191 Electron/33.3.2 Safari/537.36"
38.246.32.227 - - [21/Sep/2026:07:06:38 +0700] "GET /that-it-regulating-muscles-ensures-that-operators-fulfill-strict-standards-for-equity-shelter-and-you-may-in-charge-gambling-practices/ HTTP/1.1" 200 58641 "-" "Mozilla/5.0 (X11; Linux x86_64) AppleWebKit/537.36 (KHTML, like Gecko) Chrome/132.0.0.0 Safari/537.36"
198.252.107.178 - - [21/Sep/2026:07:07:08 +0700] "POST /wp-cron.php?doing_wp_cron=1789949228.0264070034027099609375 HTTP/1.1" 200 - "-" "WordPress/7.1.1; https://veewin24hr.com"
38.246.32.227 - - [21/Sep/2026:07:07:03 +0700] "POST /xmlrpc.php HTTP/1.1" 200 181 "-" "Mozilla/5.0 (Windows NT 10.0; Win64; x64) AppleWebKit/537.36 (KHTML, like Gecko) Chrome/132.0.0.0 Safari/537.36 OPR/117.0.0.0"
38.246.32.227 - - [21/Sep/2026:07:07:13 +0700] "POST /xmlrpc.php HTTP/1.1" 200 8284 "-" "Mozilla/5.0 (Windows NT 10.0; Win64; x64; rv:151.0) Gecko/20100101 Firefox/151.0"
38.246.32.227 - - [21/Sep/2026:07:07:15 +0700] "GET /the-site-framework-is-actually-smooth-black-and-you-may-focuses-heavily-for-the-large-quality-slots-and-alive-agent-surroundings/ HTTP/1.1" 200 58308 "-" "Mozilla/5.0 (X11; Linux x86_64) AppleWebKit/537.36 (KHTML, like Gecko) Chrome/132.0.0.0 Safari/537.36"
198.252.107.178 - - [21/Sep/2026:07:07:45 +0700] "POST /wp-cron.php?doing_wp_cron=1789949265.1879050731658935546875 HTTP/1.1" 200 - "-" "WordPress/7.1.1; https://veewin24hr.com"
38.246.32.227 - - [21/Sep/2026:07:07:40 +0700] "POST /xmlrpc.php HTTP/1.1" 200 181 "-" "Mozilla/5.0 (Windows NT 10.0; Win64; x64; rv:128.0) Gecko/20100101 Firefox/128.0"
38.246.32.227 - - [21/Sep/2026:07:07:51 +0700] "POST /xmlrpc.php HTTP/1.1" 200 10532 "-" "Mozilla/5.0 (X11; Linux x86_64) AppleWebKit/537.36 (KHTML, like Gecko) Chrome/134.0.0.0 Safari/537.36"
38.246.32.227 - - [21/Sep/2026:07:07:52 +0700] "GET /to-begin-with-we-place-key-ideal-casino-associated-requirements-one-to-gambling-enterprises-have-to-satisfy-is-incorporated/ HTTP/1.1" 200 60439 "-" "Mozilla/5.0 (X11; Linux x86_64) AppleWebKit/537.36 (KHTML, like Gecko) Chrome/132.0.0.0 Safari/537.36"
85.208.96.194 - - [21/Sep/2026:07:07:52 +0700] "GET /the-newest-breadth-function-a-consultation-can-change-from-reduced-stake-milling-slots-to-feature-heavier-launches-from-the-absolute-comfort-of-the-new-annoyed-slots-lobby/ HTTP/1.1" 200 60138 "-" "Mozilla/5.0 (compatible; SemrushBot/7~bl; +http://www.semrush.com/bot.html)"
198.252.107.178 - - [21/Sep/2026:07:08:12 +0700] "POST /wp-cron.php?doing_wp_cron=1789949292.5171749591827392578125 HTTP/1.1" 200 - "-" "WordPress/7.1.1; https://veewin24hr.com"
38.246.32.227 - - [21/Sep/2026:07:08:08 +0700] "POST /xmlrpc.php HTTP/1.1" 200 181 "-" "Mozilla/5.0 (Macintosh; Intel Mac OS X 10_15_7) AppleWebKit/537.36 (KHTML, like Gecko) Chrome/136.0.0.0 Safari/537.36"
38.246.32.227 - - [21/Sep/2026:07:08:18 +0700] "POST /xmlrpc.php HTTP/1.1" 200 9815 "-" "Mozilla/5.0 (Macintosh; Intel Mac OS X 10_15_7) AppleWebKit/537.36 (KHTML, like Gecko) Chrome/136.0.0.0 Safari/537.36"
38.246.32.227 - - [21/Sep/2026:07:08:19 +0700] "GET /usability-takes-on-a-giant-character-in-the-manner-fun-a-casino-is-to-utilize/ HTTP/1.1" 200 58981 "-" "Mozilla/5.0 (Macintosh; Intel Mac OS X 10_15_7) AppleWebKit/605.1.15 (KHTML, like Gecko) Version/18.2 Safari/605.1.15"
185.191.171.3 - - [21/Sep/2026:07:08:34 +0700] "GET /ebendiese-moglich-casinos-prasentation-eine-dynamischere-weiters-interaktive-moglichkeit-klassische-tischspiele-genau-so-wie-blackjack-line-roulette-oder-baccarat-hinter-zum-besten-geben/ HTTP/1.1" 200 63549 "-" "Mozilla/5.0 (compatible; SemrushBot/7~bl; +http://www.semrush.com/bot.html)"
198.252.107.178 - - [21/Sep/2026:07:08:39 +0700] "POST /wp-cron.php?doing_wp_cron=1789949319.3772308826446533203125 HTTP/1.1" 200 - "-" "WordPress/7.1.1; https://veewin24hr.com"
38.246.32.227 - - [21/Sep/2026:07:08:31 +0700] "POST /xmlrpc.php HTTP/1.1" 200 181 "-" "Mozilla/5.0 (X11; Linux x86_64) AppleWebKit/537.36 (KHTML, like Gecko) Chrome/135.0.0.0 Safari/537.36"
38.246.32.227 - - [21/Sep/2026:07:08:45 +0700] "POST /xmlrpc.php HTTP/1.1" 200 8416 "-" "Mozilla/5.0 (Macintosh; Intel Mac OS X 10_15_7) AppleWebKit/537.36 (KHTML, like Gecko) Chrome/136.0.0.0 Safari/537.36 Edg/136.0.0.0"
38.246.32.227 - - [21/Sep/2026:07:08:46 +0700] "GET /while-doing-so-ukgc-licensed-gambling-enterprises-were-checked-out-to-your-individuals-points-like-safeguards-and-you-may-data-security/ HTTP/1.1" 200 58521 "-" "Mozilla/5.0 (Macintosh; Intel Mac OS X 10.15; rv:138.0) Gecko/20100101 Firefox/138.0"
51.81.111.65 - - [21/Sep/2026:07:09:01 +0700] "GET /mediocre-reply-moments-vary-by-channel-having-real-time-chat-offering-the-fastest-turnarounds-usually-around-a-few-minutes/ HTTP/1.1" 200 62999 "-" "Mozilla/5.0 (compatible; AhrefsBot/7.0; +http://ahrefs.com/robot/)"
