198.252.107.178 - - [21/Sep/2026:05:33:54 +0700] "POST /wp-cron.php?doing_wp_cron=1789943634.5051178932189941406250 HTTP/1.1" 200 - "-" "WordPress/7.1.1; https://veewin24hr.com"
38.246.33.22 - - [21/Sep/2026:05:33:45 +0700] "POST /xmlrpc.php HTTP/1.1" 200 181 "-" "Mozilla/5.0 (Macintosh; Intel Mac OS X 10_15_7) AppleWebKit/537.36 (KHTML, like Gecko) obsidian/1.6.5 Chrome/124.0.6367.243 Electron/30.1.2 Safari/537.36"
217.165.36.2 - - [21/Sep/2026:05:33:58 +0700] "POST /xmlrpc.php HTTP/1.1" 200 403 "-" "WordPress.com; https://wordpress.com"
198.252.107.178 - - [21/Sep/2026:05:33:59 +0700] "POST /wp-cron.php?doing_wp_cron=1789943639.2147550582885742187500 HTTP/1.1" 200 - "-" "WordPress/7.1.1; https://veewin24hr.com"
38.246.32.227 - - [21/Sep/2026:05:33:50 +0700] "POST /xmlrpc.php HTTP/1.1" 200 181 "-" "Mozilla/5.0 (Macintosh; Intel Mac OS X 10_15_7) AppleWebKit/537.36 (KHTML, like Gecko) Chrome/147.0.0.0 Safari/537.36"
38.246.33.22 - - [21/Sep/2026:05:34:00 +0700] "POST /xmlrpc.php HTTP/1.1" 200 12327 "-" "Mozilla/5.0 (Macintosh; Intel Mac OS X 10_15_7) AppleWebKit/537.36 (KHTML, like Gecko) obsidian/1.8.9 Chrome/132.0.6834.210 Electron/34.3.0 Safari/537.36"
92.99.176.73 - - [21/Sep/2026:05:34:02 +0700] "POST /xmlrpc.php HTTP/1.1" 200 403 "-" "WordPress.com; https://wordpress.com"
38.246.33.22 - - [21/Sep/2026:05:34:02 +0700] "GET /mochtest-du-in-einem-kasino-uber-echtgeld-an-man-sagt-sie-seien-brauchst-respons-haufig-nicht-die-bohne-reichhaltig-finanzplan/ HTTP/1.1" 200 62404 "-" "Mozilla/5.0 (X11; Linux x86_64) AppleWebKit/537.36 (KHTML, like Gecko) Chrome/124.0.0.0 Safari/537.36"
38.246.32.227 - - [21/Sep/2026:05:34:05 +0700] "POST /xmlrpc.php HTTP/1.1" 200 9525 "-" "Mozilla/5.0 (Macintosh; Intel Mac OS X 10_15_7) AppleWebKit/605.1.15 (KHTML, like Gecko) Version/18.4 Safari/605.1.15"
38.246.32.227 - - [21/Sep/2026:05:34:07 +0700] "GET /in-case-it-is-films-slots-you-might-be-shortly-after-and-who-isnt-really/ HTTP/1.1" 200 58668 "-" "Mozilla/5.0 (Macintosh; Intel Mac OS X 10_15_7) AppleWebKit/605.1.15 (KHTML, like Gecko) Version/18.5 Safari/605.1.15"
217.165.36.2 - - [21/Sep/2026:05:34:09 +0700] "POST /xmlrpc.php HTTP/1.1" 200 403 "-" "Jetpack/12.1; WordPress/6.4; http://site84005276.com"
198.252.107.178 - - [21/Sep/2026:05:34:12 +0700] "POST /wp-cron.php?doing_wp_cron=1789943652.3205370903015136718750 HTTP/1.1" 200 - "-" "WordPress/7.1.1; https://veewin24hr.com"
38.246.33.22 - - [21/Sep/2026:05:34:03 +0700] "POST /xmlrpc.php HTTP/1.1" 200 181 "-" "Mozilla/5.0 (Windows NT 10.0; Win64; x64; rv:135.0) Gecko/20100101 Firefox/135.0"
92.99.176.73 - - [21/Sep/2026:05:34:13 +0700] "POST /xmlrpc.php HTTP/1.1" 200 403 "-" "WordPress.com; https://wordpress.com"
198.252.107.178 - - [21/Sep/2026:05:34:13 +0700] "POST /wp-cron.php?doing_wp_cron=1789943653.8376491069793701171875 HTTP/1.1" 200 - "-" "WordPress/7.1.1; https://veewin24hr.com"
38.246.32.227 - - [21/Sep/2026:05:34:05 +0700] "POST /xmlrpc.php HTTP/1.1" 200 181 "-" "Mozilla/5.0 (Windows NT 10.0; Win64; x64) AppleWebKit/537.36 (KHTML, like Gecko) Chrome/147.0.0.0 Safari/537.36 OPR/131.0.0.0"
38.246.33.22 - - [21/Sep/2026:05:34:18 +0700] "POST /xmlrpc.php HTTP/1.1" 200 11807 "-" "Mozilla/5.0 (X11; Linux x86_64; rv:128.0) Gecko/20100101 Firefox/128.0"
217.165.36.2 - - [21/Sep/2026:05:34:19 +0700] "POST /xmlrpc.php HTTP/1.1" 200 403 "-" "WordPress.com; https://wordpress.com"
38.246.32.227 - - [21/Sep/2026:05:34:20 +0700] "POST /xmlrpc.php HTTP/1.1" 200 8417 "-" "Mozilla/5.0 (Windows NT 10.0; Win64; x64; rv:136.0) Gecko/20100101 Firefox/136.0"
38.246.33.22 - - [21/Sep/2026:05:34:19 +0700] "GET /achtung-as-part-of-echtgeld-casino-preloaded-apps-selbige-in-der-zusammenbau-enorm-zig-weiters-schier-irrelevante-zugriffsrechte-verlangen/ HTTP/1.1" 200 62060 "-" "Mozilla/5.0 (Windows NT 10.0; Win64; x64) AppleWebKit/537.36 (KHTML, like Gecko) Chrome/133.0.0.0 Safari/537.36"
38.246.32.227 - - [21/Sep/2026:05:34:21 +0700] "GET /massive-fireballs-are-certain-to-leave-you-chills-because-you-rack-in-the-wins/ HTTP/1.1" 200 57591 "-" "Mozilla/5.0 (X11; Linux x86_64) AppleWebKit/537.36 (KHTML, like Gecko) Chrome/133.0.0.0 Safari/537.36"
92.99.176.73 - - [21/Sep/2026:05:34:23 +0700] "POST /xmlrpc.php HTTP/1.1" 200 403 "-" "WordPress.com; https://wordpress.com"
198.252.107.178 - - [21/Sep/2026:05:34:27 +0700] "POST /wp-cron.php?doing_wp_cron=1789943667.6490778923034667968750 HTTP/1.1" 200 - "-" "WordPress/7.1.1; https://veewin24hr.com"
38.246.33.22 - - [21/Sep/2026:05:34:20 +0700] "POST /xmlrpc.php HTTP/1.1" 200 181 "-" "Mozilla/5.0 (Windows NT 10.0; Win64; x64) AppleWebKit/537.36 (KHTML, like Gecko) Chrome/133.0.0.0 Safari/537.36 OPR/118.0.0.0"
198.252.107.178 - - [21/Sep/2026:05:34:30 +0700] "POST /wp-cron.php?doing_wp_cron=1789943670.4044818878173828125000 HTTP/1.1" 200 - "-" "WordPress/7.1.1; https://veewin24hr.com"
38.246.32.227 - - [21/Sep/2026:05:34:22 +0700] "POST /xmlrpc.php HTTP/1.1" 200 181 "-" "Mozilla/5.0 (X11; Ubuntu; Linux x86_64; rv:136.0) Gecko/20100101 Firefox/136.0"
217.165.36.2 - - [21/Sep/2026:05:34:30 +0700] "POST /xmlrpc.php HTTP/1.1" 200 403 "-" "WordPress.com; https://wordpress.com"
38.246.33.22 - - [21/Sep/2026:05:34:33 +0700] "POST /xmlrpc.php HTTP/1.1" 200 10372 "-" "Mozilla/5.0 (Windows NT 10.0; Win64; x64) AppleWebKit/537.36 (KHTML, like Gecko) Chrome/58.0.3029.110 Safari/537.3"
92.99.176.73 - - [21/Sep/2026:05:34:34 +0700] "POST /xmlrpc.php HTTP/1.1" 200 403 "-" "Jetpack by WordPress.com"
38.246.32.227 - - [21/Sep/2026:05:34:36 +0700] "POST /xmlrpc.php HTTP/1.1" 200 8651 "-" "Mozilla/5.0 (Windows NT 10.0; Win64; x64) AppleWebKit/537.36 (KHTML, like Gecko) Chrome/135.0.0.0 Safari/537.36 Edg/135.0.0.0"
38.246.33.22 - - [21/Sep/2026:05:34:36 +0700] "GET /ein-nine-euroletten-startguthaben-blo-einzahlung-finden-sie-auf-einen-risikofreien-fahrtbeginn/ HTTP/1.1" 200 59860 "-" "Mozilla/5.0 (X11; Linux x86_64) AppleWebKit/537.36 (KHTML, like Gecko) Chrome/132.0.0.0 Safari/537.36"
38.246.32.227 - - [21/Sep/2026:05:34:38 +0700] "GET /charge-is-a-common-choice-for-those-who-like-to-pay-from-the-debit-credit/ HTTP/1.1" 200 57749 "-" "Mozilla/5.0 (Windows NT 10.0; Win64; x64; rv:136.0) Gecko/20100101 Firefox/136.0"
217.165.36.2 - - [21/Sep/2026:05:34:41 +0700] "POST /xmlrpc.php HTTP/1.1" 200 403 "-" "Jetpack/13.0; WordPress/6.1; http://site60294866.com"
92.99.176.73 - - [21/Sep/2026:05:34:45 +0700] "POST /xmlrpc.php HTTP/1.1" 200 403 "-" "Jetpack/12.0; WordPress/6.2; http://site83999215.com"
198.252.107.178 - - [21/Sep/2026:05:34:46 +0700] "POST /wp-cron.php?doing_wp_cron=1789943686.1858530044555664062500 HTTP/1.1" 200 - "-" "WordPress/7.1.1; https://veewin24hr.com"
38.246.32.227 - - [21/Sep/2026:05:34:36 +0700] "POST /xmlrpc.php HTTP/1.1" 200 181 "-" "Mozilla/5.0 (Windows NT 10.0; Win64; x64) AppleWebKit/537.36 (KHTML, like Gecko) Chrome/91.0.4472.124 Safari/537.36"
38.246.33.22 - - [21/Sep/2026:05:34:37 +0700] "POST /xmlrpc.php HTTP/1.1" 200 181 "-" "Mozilla/5.0 (Macintosh; Intel Mac OS X 10.15; rv:137.0) Gecko/20100101 Firefox/137.0"
198.252.107.178 - - [21/Sep/2026:05:34:52 +0700] "POST /wp-cron.php?doing_wp_cron=1789943692.7444369792938232421875 HTTP/1.1" 200 - "-" "WordPress/7.1.1; https://veewin24hr.com"
217.165.36.2 - - [21/Sep/2026:05:34:51 +0700] "POST /xmlrpc.php HTTP/1.1" 200 403 "-" "Jetpack by WordPress.com (Jetpack 12.5; WordPress 6.2)"
38.246.32.227 - - [21/Sep/2026:05:34:52 +0700] "POST /xmlrpc.php HTTP/1.1" 200 8846 "-" "Mozilla/5.0 (X11; Linux x86_64) AppleWebKit/537.36 (KHTML, like Gecko) Chrome/136.0.0.0 Safari/537.36"
38.246.33.22 - - [21/Sep/2026:05:34:53 +0700] "POST /xmlrpc.php HTTP/1.1" 200 14044 "-" "Mozilla/5.0 (Windows NT 10.0; Win64; x64) AppleWebKit/537.36 (KHTML, like Gecko) Chrome/137.0.0.0 Safari/537.36"
38.246.32.227 - - [21/Sep/2026:05:34:54 +0700] "GET /the-uk-is-one-of-the-prominent-on-line-casino-locations-in-the-world/ HTTP/1.1" 200 57865 "-" "Mozilla/5.0 (Windows NT 10.0; Win64; x64; rv:151.0) Gecko/20100101 Firefox/151.0"
38.246.33.22 - - [21/Sep/2026:05:34:55 +0700] "GET /beim-live-kasino-handelt-es-zigeunern-um-den-aufstrebenden-sonne-am-himmelsphare-ihr-moglich-casinos/ HTTP/1.1" 200 63560 "-" "Mozilla/5.0 (Windows NT 10.0; Win64; x64; rv:128.0) Gecko/20100101 Firefox/128.0"
92.99.176.73 - - [21/Sep/2026:05:34:55 +0700] "POST /xmlrpc.php HTTP/1.1" 200 403 "-" "Jetpack by WordPress.com"
198.252.107.178 - - [21/Sep/2026:05:35:03 +0700] "POST /wp-cron.php?doing_wp_cron=1789943703.2958729267120361328125 HTTP/1.1" 200 - "-" "WordPress/7.1.1; https://veewin24hr.com"
38.246.32.227 - - [21/Sep/2026:05:34:52 +0700] "POST /xmlrpc.php HTTP/1.1" 200 181 "-" "Mozilla/5.0 (X11; Linux x86_64) AppleWebKit/537.36 (KHTML, like Gecko) Chrome/134.0.0.0 Safari/537.36"
217.165.36.2 - - [21/Sep/2026:05:35:02 +0700] "POST /xmlrpc.php HTTP/1.1" 200 403 "-" "WordPress.com; https://wordpress.com"
38.246.33.22 - - [21/Sep/2026:05:34:53 +0700] "POST /xmlrpc.php HTTP/1.1" 200 181 "-" "Mozilla/5.0 (X11; Linux x86_64) AppleWebKit/537.36 Chrome/124.0"
92.99.176.73 - - [21/Sep/2026:05:35:08 +0700] "POST /xmlrpc.php HTTP/1.1" 200 403 "-" "WordPress.com; https://wordpress.com"
38.246.33.22 - - [21/Sep/2026:05:35:09 +0700] "POST /xmlrpc.php HTTP/1.1" 200 10676 "-" "Mozilla/5.0 (Windows NT 10.0; Win64; x64) AppleWebKit/537.36 (KHTML, like Gecko) Chrome/133.0.0.0 Safari/537.36 OPR/118.0.0.0"
38.246.32.227 - - [21/Sep/2026:05:35:09 +0700] "POST /xmlrpc.php HTTP/1.1" 200 8687 "-" "Mozilla/5.0 (Windows NT 10.0; Win64; x64) AppleWebKit/537.36 (KHTML, like Gecko) Chrome/119.0.0.0 Safari/537.36"
38.246.33.22 - - [21/Sep/2026:05:35:11 +0700] "GET /dort-siehst-du-sofortig-inwieweit-selbige-lizenz-allerdings-existireren-unter-anderem-jedoch-wo-behauptet-ist-und-bleibt/ HTTP/1.1" 200 60579 "-" "Mozilla/5.0 (Macintosh; Intel Mac OS X 10_15_7) AppleWebKit/537.36 (KHTML, like Gecko) obsidian/1.8.9 Chrome/132.0.6834.210 Electron/34.3.0 Safari/537.36"
38.246.32.227 - - [21/Sep/2026:05:35:11 +0700] "GET /visa-is-a-type-of-choice-for-people-who-want-to-shell-out-from-the-debit-credit/ HTTP/1.1" 200 57845 "-" "Mozilla/5.0 (Macintosh; Intel Mac OS X 10_15_7) AppleWebKit/537.36 (KHTML, like Gecko) Chrome/132.0.0.0 Safari/537.36"
217.165.36.2 - - [21/Sep/2026:05:35:13 +0700] "POST /xmlrpc.php HTTP/1.1" 200 403 "-" "WordPress.com; https://wordpress.com"
38.246.32.227 - - [21/Sep/2026:05:35:08 +0700] "POST /xmlrpc.php HTTP/1.1" 200 181 "-" "Mozilla/5.0 (Windows NT 10.0; Win64; x64) AppleWebKit/537.36 (KHTML, like Gecko) Chrome/131.0.0.0 Safari/537.36 Edg/131.0.0.0"
38.246.33.22 - - [21/Sep/2026:05:35:10 +0700] "POST /xmlrpc.php HTTP/1.1" 200 181 "-" "Mozilla/5.0 (Windows NT 10.0; Win64; x64) AppleWebKit/537.36 (KHTML, like Gecko) obsidian/1.8.3 Chrome/130.0.6723.191 Electron/33.3.2 Safari/537.36"
92.99.176.73 - - [21/Sep/2026:05:35:17 +0700] "POST /xmlrpc.php HTTP/1.1" 200 403 "-" "Jetpack/12.1; WordPress/6.1; http://site15685721.com"
38.246.32.227 - - [21/Sep/2026:05:35:20 +0700] "POST /xmlrpc.php HTTP/1.1" 200 8340 "-" "Mozilla/5.0 (X11; Linux x86_64; rv:138.0) Gecko/20100101 Firefox/138.0"
38.246.33.22 - - [21/Sep/2026:05:35:22 +0700] "POST /xmlrpc.php HTTP/1.1" 200 9991 "-" "Mozilla/5.0 (Macintosh; Intel Mac OS X 10_15_7) AppleWebKit/537.36 (KHTML, like Gecko) obsidian/1.8.9 Chrome/132.0.6834.210 Electron/34.3.0 Safari/537.36"
38.246.32.227 - - [21/Sep/2026:05:35:22 +0700] "GET /this-regulatory-body-ensures-that-operators-meet-rigorous-conditions-getting-equity-protection-and-you-may-in-charge-gaming-methods/ HTTP/1.1" 200 58423 "-" "Mozilla/5.0 (Windows NT 10.0; Win64; x64) AppleWebKit/537.36 (KHTML, like Gecko) Chrome/136.0.0.0 Safari/537.36"
38.246.33.22 - - [21/Sep/2026:05:35:24 +0700] "GET /denn-findest-du-zusammenfassend-unterlagen-hinten-deinem-bonusguthaben-ferner-diesseitigen-jedoch-offenen-umsatzbedingungen/ HTTP/1.1" 200 60041 "-" "Mozilla/5.0 (Macintosh; Intel Mac OS X 10_15_7) AppleWebKit/537.36"
92.99.176.73 - - [21/Sep/2026:05:35:27 +0700] "POST /xmlrpc.php HTTP/1.1" 200 403 "-" "Jetpack by WordPress.com (Jetpack 13.0; WordPress 6.4)"
38.246.32.227 - - [21/Sep/2026:05:35:23 +0700] "POST /xmlrpc.php HTTP/1.1" 200 181 "-" "Mozilla/5.0 (Macintosh; Intel Mac OS X 10_15_7) AppleWebKit/537.36 (KHTML, like Gecko) Chrome/148.0.0.0 Safari/537.36"
89.117.41.150 - - [21/Sep/2026:05:35:27 +0700] "POST /xmlrpc.php HTTP/1.1" 200 166028 "-" "Mozilla/5.0 (Windows NT 10.0; Win64; x64; Xbox; Xbox One) AppleWebKit/537.36 (KHTML, like Gecko) Chrome/114.0.0.0 Safari/537.36 Edge/44.18363.8131"
89.117.41.150 - - [21/Sep/2026:05:35:31 +0700] "POST /xmlrpc.php HTTP/1.1" 200 181 "-" "Mozilla/5.0 (Windows NT 10.0; Win64; x64; Xbox; Xbox One) AppleWebKit/537.36 (KHTML, like Gecko) Chrome/114.0.0.0 Safari/537.36 Edge/44.18363.8131"
38.246.33.22 - - [21/Sep/2026:05:35:27 +0700] "POST /xmlrpc.php HTTP/1.1" 200 181 "-" "Mozilla/5.0 (Macintosh; Intel Mac OS X 10_15_7) AppleWebKit/605.1.15 (KHTML, like Gecko) Version/18.5 Safari/605.1.15"
89.117.41.150 - - [21/Sep/2026:05:35:33 +0700] "POST /xmlrpc.php HTTP/1.1" 200 8886 "-" "Mozilla/5.0 (Windows NT 10.0; Win64; x64; Xbox; Xbox One) AppleWebKit/537.36 (KHTML, like Gecko) Chrome/114.0.0.0 Safari/537.36 Edge/44.18363.8131"
38.246.32.227 - - [21/Sep/2026:05:35:34 +0700] "POST /xmlrpc.php HTTP/1.1" 200 8787 "-" "Mozilla/5.0 (Windows NT 10.0; Win64; x64) AppleWebKit/537.36 (KHTML, like Gecko) Chrome/135.0.0.0 Safari/537.36 Edg/135.0.0.0"
38.246.32.227 - - [21/Sep/2026:05:35:36 +0700] "GET /that-being-said-if-you-are-intending-to-help-you-put-or-withdraw-lower-than-thirty-any-moment-minute/ HTTP/1.1" 200 58364 "-" "Mozilla/5.0 (Macintosh; Intel Mac OS X 10_15_7) AppleWebKit/605.1.15 (KHTML, like Gecko) Version/17.4.1 Safari/605.1.15"
38.246.33.22 - - [21/Sep/2026:05:35:38 +0700] "POST /xmlrpc.php HTTP/1.1" 200 14018 "-" "Mozilla/5.0 (Macintosh; Intel Mac OS X 10.15; rv:138.0) Gecko/20100101 Firefox/138.0"
92.99.176.73 - - [21/Sep/2026:05:35:38 +0700] "POST /xmlrpc.php HTTP/1.1" 200 403 "-" "Jetpack/13.0; WordPress/6.4; http://site48108260.com"
38.246.33.22 - - [21/Sep/2026:05:35:38 +0700] "GET /dies-wird-an-erster-stelle-essenziell-da-jedes-gangbar-kasino-dem-recht-entsprechend-die-gultige-spiellizenz-sein-eigen-nennen-mess/ HTTP/1.1" 200 64108 "-" "Mozilla/5.0 (X11; Linux x86_64) AppleWebKit/537.36 (KHTML, like Gecko) Chrome/131.0.0.0 Safari/537.36"
38.246.32.227 - - [21/Sep/2026:05:35:38 +0700] "POST /xmlrpc.php HTTP/1.1" 200 181 "-" "Mozilla/5.0 (Windows NT 10.0; Win64; x64) AppleWebKit/537.36 (KHTML, like Gecko) Chrome/119.0.0.0 Safari/537.36"
38.246.33.22 - - [21/Sep/2026:05:35:43 +0700] "POST /xmlrpc.php HTTP/1.1" 200 181 "-" "Mozilla/5.0 (Macintosh; Intel Mac OS X 10_15_7) AppleWebKit/605.1.15 (KHTML, like Gecko) Version/17.4.1 Safari/605.1.15"
38.246.32.227 - - [21/Sep/2026:05:35:48 +0700] "POST /xmlrpc.php HTTP/1.1" 200 9689 "-" "Mozilla/5.0 (Macintosh; Intel Mac OS X 10_15_7) AppleWebKit/537.36 (KHTML, like Gecko) Chrome/135.0.0.0 Safari/537.36 Edg/135.0.0.0"
92.99.176.73 - - [21/Sep/2026:05:35:49 +0700] "POST /xmlrpc.php HTTP/1.1" 200 403 "-" "Jetpack by WordPress.com (Jetpack 12.5; WordPress 6.4)"
38.246.32.227 - - [21/Sep/2026:05:35:50 +0700] "GET /one-particular-quick-transmits-and-you-will-crypto-provide-the-fastest-deposits-withdrawals/ HTTP/1.1" 200 59069 "-" "Mozilla/5.0 (Windows NT 10.0; Win64; x64) AppleWebKit/537.36 (KHTML, like Gecko) Chrome/137.0.0.0 Safari/537.36"
38.246.33.22 - - [21/Sep/2026:05:35:55 +0700] "POST /xmlrpc.php HTTP/1.1" 200 11969 "-" "Mozilla/5.0 (Windows NT 10.0; Win64; x64) AppleWebKit/537.36 (KHTML, like Gecko) Chrome/133.0.0.0 Safari/537.36"
38.246.32.227 - - [21/Sep/2026:05:35:54 +0700] "POST /xmlrpc.php HTTP/1.1" 200 181 "-" "Mozilla/5.0 (Windows NT 10.0; Win64; x64; rv:150.0) Gecko/20100101 Firefox/150.0"
38.246.33.22 - - [21/Sep/2026:05:35:57 +0700] "GET /eres-ist-demzufolge-gunstgewerblerin-success-win-sachverhalt-selbige-sowohl-einem-spielbank-denn-beilaufig-dir-positive-aspekte-ermoglicht/ HTTP/1.1" 200 62078 "-" "Mozilla/5.0 (Windows NT 10.0; Win64; x64) AppleWebKit/537.36 (KHTML, like Gecko) Chrome/124.0.0.0 Safari/537.36"
92.99.176.73 - - [21/Sep/2026:05:35:59 +0700] "POST /xmlrpc.php HTTP/1.1" 200 403 "-" "Jetpack by WordPress.com (Jetpack 12.1; WordPress 6.4)"
198.252.107.178 - - [21/Sep/2026:05:36:04 +0700] "POST /wp-cron.php?doing_wp_cron=1789943764.2216160297393798828125 HTTP/1.1" 200 - "-" "WordPress/7.1.1; https://veewin24hr.com"
38.246.33.22 - - [21/Sep/2026:05:36:00 +0700] "POST /xmlrpc.php HTTP/1.1" 200 181 "-" "Mozilla/5.0 (Macintosh; Intel Mac OS X 10_15_7) AppleWebKit/605.1.15 (KHTML, like Gecko) Version/17.6 Safari/605.1.15"
198.252.107.178 - - [21/Sep/2026:05:36:04 +0700] "POST /wp-cron.php?doing_wp_cron=1789943764.7900168895721435546875 HTTP/1.1" 200 - "-" "WordPress/7.1.1; https://veewin24hr.com"
38.246.32.227 - - [21/Sep/2026:05:36:04 +0700] "POST /xmlrpc.php HTTP/1.1" 200 9221 "-" "Mozilla/5.0 (Macintosh; Intel Mac OS X 10_15_7) AppleWebKit/537.36 (KHTML, like Gecko) Chrome/136.0.0.0 Safari/537.36"
38.246.32.227 - - [21/Sep/2026:05:36:05 +0700] "GET /playing-is-more-on-chance-than-simply-experience-plus-the-most-experienced-slot-players-is-remove/ HTTP/1.1" 200 58747 "-" "Mozilla/5.0 (X11; Linux x86_64) AppleWebKit/537.36 (KHTML, like Gecko) Chrome/135.0.0.0 Safari/537.36"
92.99.176.73 - - [21/Sep/2026:05:36:10 +0700] "POST /xmlrpc.php HTTP/1.1" 200 403 "-" "Jetpack by WordPress.com"
38.246.33.22 - - [21/Sep/2026:05:36:10 +0700] "POST /xmlrpc.php HTTP/1.1" 200 9581 "-" "Mozilla/5.0 (Windows NT 10.0; Win64; x64) AppleWebKit/537.36 (KHTML, like Gecko) Chrome/119.0.0.0 Safari/537.36"
38.246.32.227 - - [21/Sep/2026:05:36:08 +0700] "POST /xmlrpc.php HTTP/1.1" 200 181 "-" "Mozilla/5.0 (Windows NT 10.0; Win64; x64) AppleWebKit/537.36 (KHTML, like Gecko) obsidian/1.8.10 Chrome/132.0.6834.196 Electron/34.2.0 Safari/537.36"
38.246.33.22 - - [21/Sep/2026:05:36:11 +0700] "GET /in-diesem-fall-handelt-es-zigeunern-um-kriterien-die-einander-fur-jedes-angewandten-echtgeld-casino-kollation-sie-sind/ HTTP/1.1" 200 59578 "-" "Mozilla/5.0 (X11; Ubuntu; Linux x86_64; rv:136.0) Gecko/20100101 Firefox/136.0"
38.246.33.22 - - [21/Sep/2026:05:36:15 +0700] "POST /xmlrpc.php HTTP/1.1" 200 181 "-" "Mozilla/5.0 (Windows NT 10.0; Win64; x64) AppleWebKit/537.36 (KHTML, like Gecko) Chrome/133.0.0.0 Safari/537.36 OPR/118.0.0.0"
38.246.32.227 - - [21/Sep/2026:05:36:19 +0700] "POST /xmlrpc.php HTTP/1.1" 200 8260 "-" "Mozilla/5.0 (Macintosh; Intel Mac OS X 10_15_7) AppleWebKit/537.36 (KHTML, like Gecko) obsidian/1.8.9 Chrome/132.0.6834.210 Electron/34.3.0 Safari/537.36"
92.99.176.73 - - [21/Sep/2026:05:36:20 +0700] "POST /xmlrpc.php HTTP/1.1" 200 403 "-" "Jetpack by WordPress.com (Jetpack 12.1; WordPress 6.1)"
38.246.32.227 - - [21/Sep/2026:05:36:20 +0700] "GET /the-site-framework-is-sleek-dark-and-centers-greatly-into-the-higher-quality-ports-and-you-may-alive-specialist-surroundings/ HTTP/1.1" 200 58230 "-" "Mozilla/5.0 (Macintosh; Intel Mac OS X 10_15_7) AppleWebKit/537.36 (KHTML, like Gecko) Chrome/129.0.0.0 Safari/537.36"
38.246.33.22 - - [21/Sep/2026:05:36:24 +0700] "POST /xmlrpc.php HTTP/1.1" 200 12038 "-" "Mozilla/5.0 (Windows NT 10.0; Win64; x64) AppleWebKit/537.36 (KHTML, like Gecko) Chrome/124.0.0.0 Safari/537.36"
38.246.33.22 - - [21/Sep/2026:05:36:26 +0700] "GET /mochtest-du-atomar-spielsaal-uber-echtgeld-an-sind-brauchst-respons-oft-kein-bisschen-reich-haushaltsplan/ HTTP/1.1" 200 61547 "-" "Mozilla/5.0 (Windows NT 10.0; Win64; x64) AppleWebKit/537.36 (KHTML, like Gecko) Chrome/133.0.0.0 Safari/537.36"
38.246.32.227 - - [21/Sep/2026:05:36:24 +0700] "POST /xmlrpc.php HTTP/1.1" 200 181 "-" "Mozilla/5.0 (Windows NT 10.0; Win64; x64) AppleWebKit/537.36 (KHTML, like Gecko) Chrome/135.0.0.0 Safari/537.36 Edg/135.0.0.0"
38.246.32.227 - - [21/Sep/2026:05:36:33 +0700] "POST /xmlrpc.php HTTP/1.1" 200 10099 "-" "Mozilla/5.0 (X11; Linux x86_64) AppleWebKit/537.36 Chrome/124.0"
38.246.33.22 - - [21/Sep/2026:05:36:31 +0700] "POST /xmlrpc.php HTTP/1.1" 200 181 "-" "Mozilla/5.0 (Macintosh; Intel Mac OS X 10_15_7) AppleWebKit/605.1.15 (KHTML, like Gecko) Version/18.1 Safari/605.1.15"
38.246.32.227 - - [21/Sep/2026:05:36:34 +0700] "GET /he-thinks-they-ran-downhill-pursuing-the-assets-altered-hand-for-the-2018/ HTTP/1.1" 200 59334 "-" "Mozilla/5.0 (Macintosh; Intel Mac OS X 10_15_7) AppleWebKit/605.1.15 (KHTML, like Gecko) Version/26.4 Safari/605.1.15"
38.246.33.22 - - [21/Sep/2026:05:36:40 +0700] "POST /xmlrpc.php HTTP/1.1" 200 9389 "-" "Mozilla/5.0 (Macintosh; Intel Mac OS X 10_15_7) AppleWebKit/605.1.15 (KHTML, like Gecko) Version/18.5 Safari/605.1.15"
38.246.32.227 - - [21/Sep/2026:05:36:38 +0700] "POST /xmlrpc.php HTTP/1.1" 200 181 "-" "Mozilla/5.0 (X11; Linux x86_64) AppleWebKit/537.36 (KHTML, like Gecko) Chrome/148.0.0.0 Safari/537.36"
38.246.33.22 - - [21/Sep/2026:05:36:42 +0700] "GET /zumeist-einschatzen-gegenseitig-diese-boni-blank-einzahlung-uber-echtem-piepen-inoffizieller-mitarbeiter-der-und-zweistelligen-raum/ HTTP/1.1" 200 59532 "-" "Mozilla/5.0 (X11; Linux x86_64) AppleWebKit/537.36 (KHTML, like Gecko) Chrome/129.0.0.0 Safari/537.36"
38.246.33.22 - - [21/Sep/2026:05:36:46 +0700] "POST /xmlrpc.php HTTP/1.1" 200 181 "-" "Mozilla/5.0 (Macintosh; Intel Mac OS X 10_15_7) AppleWebKit/537.36 (KHTML, like Gecko) Chrome/136.0.0.0 Safari/537.36 Edg/136.0.0.0"
38.246.32.227 - - [21/Sep/2026:05:36:49 +0700] "POST /xmlrpc.php HTTP/1.1" 200 10584 "-" "Mozilla/5.0 (X11; Linux x86_64) AppleWebKit/537.36 (KHTML, like Gecko) Chrome/132.0.0.0 Safari/537.36"
38.246.32.227 - - [21/Sep/2026:05:36:51 +0700] "GET /abrasion-cards-was-a-popular-instant-winnings-casino-video-game-available-at-really-uk-online-casino-internet-sites/ HTTP/1.1" 200 60325 "-" "Mozilla/5.0 (Windows NT 10.0; Win64; x64) AppleWebKit/537.36 (KHTML, like Gecko) Chrome/109.0.0.0 Safari/537.36"
38.246.33.22 - - [21/Sep/2026:05:36:55 +0700] "POST /xmlrpc.php HTTP/1.1" 200 10486 "-" "Mozilla/5.0 (Windows NT 10.0; Win64; x64) AppleWebKit/537.36 (KHTML, like Gecko) Chrome/134.0.0.0 Safari/537.36"
38.246.32.227 - - [21/Sep/2026:05:36:53 +0700] "POST /xmlrpc.php HTTP/1.1" 200 181 "-" "Mozilla/5.0 (Windows NT 10.0; Win64; x64) AppleWebKit/537.36 (KHTML, like Gecko) Chrome/133.0.0.0 Safari/537.36"
38.246.33.22 - - [21/Sep/2026:05:36:57 +0700] "GET /dazu-geschrieben-stehen-dir-alles-in-allem-diese-unterschiedlichsten-bezahlwege-zur-vorschrift/ HTTP/1.1" 200 60035 "-" "Mozilla/5.0 (Macintosh; Intel Mac OS X 10_15_7) AppleWebKit/537.36 (KHTML, like Gecko) Chrome/130.0.0.0 Safari/537.36"
2001:4ca0:108:42::24 - - [21/Sep/2026:05:36:56 +0700] "GET /robots.txt HTTP/1.1" 200 172 "-" "Mozilla/5.0 (Windows NT 10.0; Win64; x64) AppleWebKit/537.36 (KHTML, like Gecko) Chrome/103.0.5060.134 Safari/537.36"
38.246.32.227 - - [21/Sep/2026:05:37:03 +0700] "POST /xmlrpc.php HTTP/1.1" 200 10699 "-" "Mozilla/5.0 (Macintosh; Intel Mac OS X 10_15_7) AppleWebKit/605.1.15 (KHTML, like Gecko) Version/17.6 Safari/605.1.15"
38.246.32.227 - - [21/Sep/2026:05:37:05 +0700] "GET /scrape-cards-was-a-well-known-instant-winnings-gambling-enterprise-game-available-at-really-united-kingdom-on-line-casino-web-sites/ HTTP/1.1" 200 60716 "-" "Mozilla/5.0 (Windows NT 10.0; Win64; x64; rv:138.0) Gecko/20100101 Firefox/138.0"
38.246.33.22 - - [21/Sep/2026:05:37:02 +0700] "POST /xmlrpc.php HTTP/1.1" 200 181 "-" "Mozilla/5.0 (X11; Linux x86_64) AppleWebKit/537.36 Chrome/124.0"
198.252.107.178 - - [21/Sep/2026:05:37:12 +0700] "POST /wp-cron.php?doing_wp_cron=1789943827.6998600959777832031250 HTTP/1.1" 200 - "-" "WordPress/7.1.1; https://veewin24hr.com"
198.252.107.178 - - [21/Sep/2026:05:37:13 +0700] "POST /wp-cron.php?doing_wp_cron=1789943830.9297149181365966796875 HTTP/1.1" 200 - "-" "WordPress/7.1.1; https://veewin24hr.com"
198.252.107.178 - - [21/Sep/2026:05:37:16 +0700] "POST /wp-cron.php?doing_wp_cron=1789943836.4211831092834472656250 HTTP/1.1" 200 - "-" "WordPress/7.1.1; https://veewin24hr.com"
38.246.32.227 - - [21/Sep/2026:05:37:06 +0700] "POST /xmlrpc.php HTTP/1.1" 200 181 "-" "Mozilla/5.0 (Macintosh; Intel Mac OS X 10_15_7) AppleWebKit/537.36 (KHTML, like Gecko) Chrome/122.0.0.0 Safari/537.36"
38.246.33.22 - - [21/Sep/2026:05:37:18 +0700] "POST /xmlrpc.php HTTP/1.1" 200 9257 "-" "Mozilla/5.0 (Macintosh; Intel Mac OS X 10_15_7) AppleWebKit/537.36 (KHTML, like Gecko) Chrome/134.0.0.0 Safari/537.36"
38.246.33.22 - - [21/Sep/2026:05:37:20 +0700] "GET /zweite-geige-selbige-oberflachlich-immens-auerordentlichen-einsatze-assistieren-ungesundes-spielverhalten/ HTTP/1.1" 200 58966 "-" "Mozilla/5.0 (Macintosh; Intel Mac OS X 10_15_7) AppleWebKit/537.36 (KHTML, like Gecko) Chrome/134.0.0.0 Safari/537.36"
38.246.32.227 - - [21/Sep/2026:05:37:15 +0700] "POST /xmlrpc.php HTTP/1.1" 200 181 "-" "Mozilla/5.0 (Macintosh; Intel Mac OS X 10_15_7) AppleWebKit/537.36 (KHTML, like Gecko) Chrome/148.0.0.0 Safari/537.36"
198.252.107.178 - - [21/Sep/2026:05:37:22 +0700] "POST /wp-cron.php?doing_wp_cron=1789943842.8251619338989257812500 HTTP/1.1" 200 - "-" "WordPress/7.1.1; https://veewin24hr.com"
38.246.32.227 - - [21/Sep/2026:05:37:22 +0700] "POST /xmlrpc.php HTTP/1.1" 200 11051 "-" "Mozilla/5.0 (Macintosh; Intel Mac OS X 10_15_7) AppleWebKit/605.1.15 (KHTML, like Gecko) Version/17.6 Safari/605.1.15"
38.246.33.22 - - [21/Sep/2026:05:37:16 +0700] "POST /xmlrpc.php HTTP/1.1" 200 181 "-" "Mozilla/5.0 (Windows NT 10.0; Win64; x64) AppleWebKit/537.36 (KHTML, like Gecko) Chrome/147.0.0.0 Safari/537.36 OPR/131.0.0.0"
38.246.32.227 - - [21/Sep/2026:05:37:23 +0700] "GET /abrasion-cards-are-a-greatest-instant-winnings-local-casino-video-game-offered-at-extremely-united-kingdom-internet-casino-web-sites/ HTTP/1.1" 200 61068 "-" "Mozilla/5.0 (Windows NT 10.0; Win64; x64) AppleWebKit/537.36 (KHTML, like Gecko) obsidian/1.8.3 Chrome/130.0.6723.191 Electron/33.3.2 Safari/537.36"
38.246.32.227 - - [21/Sep/2026:05:37:28 +0700] "POST /xmlrpc.php HTTP/1.1" 200 9063 "-" "Mozilla/5.0 (Macintosh; Intel Mac OS X 10_15_7) AppleWebKit/605.1.15 (KHTML, like Gecko) Version/18.1 Safari/605.1.15"
38.246.33.22 - - [21/Sep/2026:05:37:30 +0700] "POST /xmlrpc.php HTTP/1.1" 200 10062 "-" "Mozilla/5.0 (Macintosh; Intel Mac OS X 10_15_7) AppleWebKit/537.36 (KHTML, like Gecko) Chrome/145.0.0.0 Safari/537.36 OPR/129.0.0.0"
38.246.32.227 - - [21/Sep/2026:05:37:29 +0700] "GET /when-there-is-anything-strange-unjust-or-sneaky-during-the-good-casinos-tcs-i-banner-it/ HTTP/1.1" 200 58504 "-" "Mozilla/5.0 (Windows NT 10.0; Win64; x64) AppleWebKit/537.36 (KHTML, like Gecko) Chrome/124.0.0.0 Safari/537.36"
198.252.107.178 - - [21/Sep/2026:05:37:31 +0700] "POST /wp-cron.php?doing_wp_cron=1789943851.1195878982543945312500 HTTP/1.1" 200 - "-" "WordPress/7.1.1; https://veewin24hr.com"
38.246.32.227 - - [21/Sep/2026:05:37:26 +0700] "POST /xmlrpc.php HTTP/1.1" 200 181 "-" "Mozilla/5.0 (X11; Ubuntu; Linux x86_64; rv:137.0) Gecko/20100101 Firefox/137.0"
38.246.33.22 - - [21/Sep/2026:05:37:31 +0700] "GET /vor-wenigen-momenten-selbige-deutschen-moglich-casino-besuchern-den-vorzug-geben-nachfolgende-zahlungsart-je-ihre-echtgeldeinzahlungen/ HTTP/1.1" 200 60284 "-" "Mozilla/5.0 (Macintosh; Intel Mac OS X 10_15_7) AppleWebKit/537.36 (KHTML, like Gecko) Chrome/134.0.0.0 Safari/537.36"
198.252.107.178 - - [21/Sep/2026:05:37:35 +0700] "POST /wp-cron.php?doing_wp_cron=1789943855.8443219661712646484375 HTTP/1.1" 200 - "-" "WordPress/7.1.1; https://veewin24hr.com"
38.246.33.22 - - [21/Sep/2026:05:37:30 +0700] "POST /xmlrpc.php HTTP/1.1" 200 181 "-" "Mozilla/5.0 (X11; Linux x86_64) AppleWebKit/537.36 (KHTML, like Gecko) Chrome/148.0.0.0 Safari/537.36"
38.246.32.227 - - [21/Sep/2026:05:37:37 +0700] "POST /xmlrpc.php HTTP/1.1" 200 8241 "-" "Mozilla/5.0 (Macintosh; Intel Mac OS X 10_15_7) AppleWebKit/605.1.15 (KHTML, like Gecko) Version/17.5 Safari/605.1.15"
38.246.32.227 - - [21/Sep/2026:05:37:38 +0700] "GET /the-site-build-are-smooth-dark-and-centers-heavily-to-the-higher-high-quality-harbors-and-you-can-alive-specialist-surroundings/ HTTP/1.1" 200 58240 "-" "Mozilla/5.0 (Macintosh; Intel Mac OS X 10_15_7) AppleWebKit/537.36 (KHTML, like Gecko) obsidian/1.6.5 Chrome/124.0.6367.243 Electron/30.1.2 Safari/537.36"
38.246.32.227 - - [21/Sep/2026:05:37:37 +0700] "POST /xmlrpc.php HTTP/1.1" 200 181 "-" "Mozilla/5.0 (Macintosh; Intel Mac OS X 10_15_7) AppleWebKit/537.36 (KHTML, like Gecko) obsidian/1.6.5 Chrome/124.0.6367.243 Electron/30.1.2 Safari/537.36"
38.246.33.22 - - [21/Sep/2026:05:37:42 +0700] "POST /xmlrpc.php HTTP/1.1" 200 10311 "-" "Mozilla/5.0 (Macintosh; Intel Mac OS X 10_15_7) AppleWebKit/537.36 (KHTML, like Gecko) Chrome/135.0.0.0 Safari/537.36 Edg/135.0.0.0"
38.246.33.22 - - [21/Sep/2026:05:37:45 +0700] "GET /tischspiele-eignen-beispielsweise-keineswegs-angeboten-oder-untergeordnet-hartere-setzlimits-eintreffen-zum-indienstnahme/ HTTP/1.1" 200 60256 "-" "Mozilla/5.0 (Windows NT 10.0; Win64; x64; rv:128.0) Gecko/20100101 Firefox/128.0"
38.246.33.22 - - [21/Sep/2026:05:37:42 +0700] "POST /xmlrpc.php HTTP/1.1" 200 181 "-" "Mozilla/5.0 (Windows NT 10.0; Win64; x64) AppleWebKit/537.36 (KHTML, like Gecko) Chrome/135.0.0.0 Safari/537.36 Edg/135.0.0.0"
38.246.32.227 - - [21/Sep/2026:05:37:48 +0700] "POST /xmlrpc.php HTTP/1.1" 200 11444 "-" "Mozilla/5.0 (Windows NT 10.0; Win64; x64) AppleWebKit/537.36 (KHTML, like Gecko) Chrome/119.0.0.0 Safari/537.36"
38.246.32.227 - - [21/Sep/2026:05:37:49 +0700] "GET /each-bonus-really-works-differently-thus-understanding-the-rules-helps-you-choose-the-finest-also-provides/ HTTP/1.1" 200 61042 "-" "Mozilla/5.0 (Macintosh; Intel Mac OS X 10_15_7) AppleWebKit/605.1.15 (KHTML, like Gecko) Version/17.5 Safari/605.1.15"
38.246.32.227 - - [21/Sep/2026:05:37:48 +0700] "POST /xmlrpc.php HTTP/1.1" 200 181 "-" "Mozilla/5.0 (Windows NT 10.0; Win64; x64) AppleWebKit/537.36 (KHTML, like Gecko) Chrome/147.0.0.0 Safari/537.36 OPR/131.0.0.0"
38.246.33.22 - - [21/Sep/2026:05:37:52 +0700] "POST /xmlrpc.php HTTP/1.1" 200 13230 "-" "Mozilla/5.0 (Windows NT 10.0; Win64; x64) AppleWebKit/537.36 (KHTML, like Gecko) obsidian/1.8.3 Chrome/130.0.6723.191 Electron/33.3.2 Safari/537.36"
38.246.33.22 - - [21/Sep/2026:05:37:54 +0700] "GET /zum-direktive-in-besitz-sein-von-e-wallets-kreditkarten-instant-financial-institution-weiters-prepaidkarten/ HTTP/1.1" 200 62967 "-" "Mozilla/5.0 (Windows NT 10.0; Win64; x64; rv:128.0) Gecko/20100101 Firefox/128.0"
38.246.32.227 - - [21/Sep/2026:05:37:58 +0700] "POST /xmlrpc.php HTTP/1.1" 200 11241 "-" "Mozilla/5.0 (X11; Linux x86_64) AppleWebKit/537.36 Chrome/124.0"
38.246.33.22 - - [21/Sep/2026:05:37:55 +0700] "POST /xmlrpc.php HTTP/1.1" 200 181 "-" "Mozilla/5.0 (Windows NT 10.0; Win64; x64) AppleWebKit/537.36 (KHTML, like Gecko) Chrome/117.0.5938.132 Safari/537.36"
38.246.32.227 - - [21/Sep/2026:05:38:00 +0700] "GET /it-work-with-mobile-gaming-means-participants-can-take-advantage-of-their-favourite-casino-games-each-time-anyplace/ HTTP/1.1" 200 60957 "-" "Mozilla/5.0 (Windows NT 10.0; Win64; x64) AppleWebKit/537.36 (KHTML, like Gecko) Chrome/136.0.0.0 Safari/537.36"
38.246.32.227 - - [21/Sep/2026:05:37:58 +0700] "POST /xmlrpc.php HTTP/1.1" 200 181 "-" "Mozilla/5.0 (Windows NT 10.0; Win64; x64) AppleWebKit/537.36 (KHTML, like Gecko) Chrome/147.0.0.0 Safari/537.36"
38.246.33.22 - - [21/Sep/2026:05:38:05 +0700] "POST /xmlrpc.php HTTP/1.1" 200 10207 "-" "Mozilla/5.0 (Windows NT 10.0; Win64; x64) AppleWebKit/537.36 (KHTML, like Gecko) Chrome/58.0.3029.110 Safari/537.3"
38.246.33.22 - - [21/Sep/2026:05:38:07 +0700] "GET /so-sehr-findest-respons-direkt-heraus-wo-zigeunern-ein-einstieg-mit-vermittlungsprovision-durchaus-lohnt/ HTTP/1.1" 200 59923 "-" "Mozilla/5.0 (Macintosh; Intel Mac OS X 10_15_7) AppleWebKit/537.36 (KHTML, like Gecko) Chrome/131.0.0.0 Safari/537.36"
38.246.32.227 - - [21/Sep/2026:05:38:08 +0700] "POST /xmlrpc.php HTTP/1.1" 200 9340 "-" "Mozilla/5.0 (Windows NT 10.0; Win64; x64) AppleWebKit/537.36 (KHTML, like Gecko) Chrome/124.0 Safari/537.36"
38.246.32.227 - - [21/Sep/2026:05:38:10 +0700] "GET /most-other-providers-followed-and-then-visitors-can-decide-among-their-betting-destinations/ HTTP/1.1" 200 58712 "-" "Mozilla/5.0 (Windows NT 10.0; Win64; x64) AppleWebKit/537.36 (KHTML, like Gecko) Chrome/132.0.0.0 Safari/537.36 OPR/117.0.0.0"
38.246.32.227 - - [21/Sep/2026:05:38:08 +0700] "POST /xmlrpc.php HTTP/1.1" 200 181 "-" "Mozilla/5.0 (Macintosh; Intel Mac OS X 10_15_7) AppleWebKit/537.36 (KHTML, like Gecko) obsidian/1.8.10 Chrome/132.0.6834.196 Electron/34.2.0 Safari/537.36"
38.246.33.22 - - [21/Sep/2026:05:38:09 +0700] "POST /xmlrpc.php HTTP/1.1" 200 181 "-" "Mozilla/5.0 (Windows NT 10.0; Win64; x64) AppleWebKit/537.36 (KHTML, like Gecko) Chrome/135.0.0.0 Safari/537.36"
38.246.32.227 - - [21/Sep/2026:05:38:20 +0700] "POST /xmlrpc.php HTTP/1.1" 200 10053 "-" "Mozilla/5.0 (Windows NT 10.0; Win64; x64) AppleWebKit/537.36 (KHTML, like Gecko) Chrome/120.0.0.0 Safari/537.36"
38.246.33.22 - - [21/Sep/2026:05:38:21 +0700] "POST /xmlrpc.php HTTP/1.1" 200 9801 "-" "Mozilla/5.0 (Windows NT 10.0; Win64; x64; rv:136.0) Gecko/20100101 Firefox/136.0"
186.193.242.14 - - [21/Sep/2026:05:38:21 +0700] "POST /xmlrpc.php HTTP/1.1" 200 403 "-" "Mozilla/5.0 (Windows NT 10.0; Win64; x64) AppleWebKit/537.36 (KHTML, like Gecko) Chrome/134.0.0.0 Safari/537.36 Edg/134.0.0.0"
38.246.32.227 - - [21/Sep/2026:05:38:21 +0700] "GET /which-have-a-strong-dedication-to-ining-is-an-emerging-celebrity-in-the-the-fresh-casinos/ HTTP/1.1" 200 59395 "-" "Mozilla/5.0 (Windows NT 10.0; Win64; x64; rv:138.0) Gecko/20100101 Firefox/138.0"
38.246.32.227 - - [21/Sep/2026:05:38:18 +0700] "POST /xmlrpc.php HTTP/1.1" 200 181 "-" "Mozilla/5.0 (X11; Linux x86_64) AppleWebKit/537.36 (KHTML, like Gecko) Chrome/136.0.0.0 Safari/537.36"
38.246.33.22 - - [21/Sep/2026:05:38:22 +0700] "GET /potenzielle-nutzer-beherrschen-nachfolgende-hervorstehenden-besonderheiten-des-anbieters-herausfischen-um-so-sehr-unser-auswahl-nachdem-vereinfachen/ HTTP/1.1" 200 60188 "-" "Mozilla/5.0 (Macintosh; Intel Mac OS X 10_15_7) AppleWebKit/537.36 (KHTML, like Gecko) Chrome/146.0.0.0 Safari/537.36"
38.246.33.22 - - [21/Sep/2026:05:38:20 +0700] "POST /xmlrpc.php HTTP/1.1" 200 181 "-" "Mozilla/5.0 (Windows NT 10.0; Win64; x64; rv:151.0) Gecko/20100101 Firefox/151.0"
185.191.171.5 - - [21/Sep/2026:05:38:26 +0700] "GET /robots.txt HTTP/1.1" 200 172 "-" "Mozilla/5.0 (compatible; SemrushBot/7~bl; +http://www.semrush.com/bot.html)"
38.246.32.227 - - [21/Sep/2026:05:38:29 +0700] "POST /xmlrpc.php HTTP/1.1" 200 10571 "-" "Mozilla/5.0 (Macintosh; Intel Mac OS X 10_15_7) AppleWebKit/537.36 (KHTML, like Gecko) Chrome/133.0.0.0 Safari/537.36"
185.191.171.18 - - [21/Sep/2026:05:38:29 +0700] "GET /%D0%BA%D0%B0%D0%BA-%D0%BD%D0%B0%D1%87%D0%B0%D1%82%D1%8C-%D0%BF%D1%80%D0%B0%D0%BA%D1%82%D0%B8%D0%BA%D0%BE%D0%B2%D0%B0%D1%82%D1%8C-%D0%B9%D0%BE%D0%B3%D0%BE%D0%B9-%D0%B4%D0%BE%D0%BC%D0%B0/ HTTP/1.1" 200 67618 "-" "Mozilla/5.0 (compatible; SemrushBot/7~bl; +http://www.semrush.com/bot.html)"
38.246.32.227 - - [21/Sep/2026:05:38:27 +0700] "POST /xmlrpc.php HTTP/1.1" 200 181 "-" "Mozilla/5.0 (Macintosh; Intel Mac OS X 10_15_7) AppleWebKit/605.1.15 (KHTML, like Gecko) Version/16.6 Safari/605.1.15"
38.246.33.22 - - [21/Sep/2026:05:38:31 +0700] "POST /xmlrpc.php HTTP/1.1" 200 9913 "-" "Mozilla/5.0 (X11; Ubuntu; Linux x86_64; rv:138.0) Gecko/20100101 Firefox/138.0"
38.246.32.227 - - [21/Sep/2026:05:38:31 +0700] "GET /twist-and-victory-have-a-huge-number-of-on-the-web-position-game-create-only-and-you-can-beautifully/ HTTP/1.1" 200 60115 "-" "Mozilla/5.0 (Macintosh; Intel Mac OS X 10_15_7) AppleWebKit/537.36 (KHTML, like Gecko) obsidian/1.8.10 Chrome/132.0.6834.196 Electron/34.2.0 Safari/537.36"
85.208.96.212 - - [21/Sep/2026:05:38:33 +0700] "GET /in-order-to-praise-its-unbelievable-gambling-range-in-addition-it-has-one-of-many-largest-range-out-of-incentive-even-offers-getting-professionals/ HTTP/1.1" 200 58745 "-" "Mozilla/5.0 (compatible; SemrushBot/7~bl; +http://www.semrush.com/bot.html)"
38.246.33.22 - - [21/Sep/2026:05:38:33 +0700] "GET /commune-i%EF%BF%BD-tous-casinos-offerte-oft-hohere-rtp-informationen-weiters-geringer-einschrankungen-bei-dem-gameplay/ HTTP/1.1" 200 59735 "-" "Mozilla/5.0 (Macintosh; Intel Mac OS X 10_15_7) AppleWebKit/537.36 (KHTML, like Gecko) Chrome/128.0.0.0 Safari/537.36"
198.252.107.178 - - [21/Sep/2026:05:38:37 +0700] "POST /wp-cron.php?doing_wp_cron=1789943917.0691850185394287109375 HTTP/1.1" 200 - "-" "WordPress/7.1.1; https://veewin24hr.com"
38.246.33.22 - - [21/Sep/2026:05:38:31 +0700] "POST /xmlrpc.php HTTP/1.1" 200 181 "-" "Mozilla/5.0 (Macintosh; Intel Mac OS X 10_15_7) AppleWebKit/537.36 (KHTML, like Gecko) Chrome/120.0.0.0 Safari/537.36"
38.246.32.227 - - [21/Sep/2026:05:38:38 +0700] "POST /xmlrpc.php HTTP/1.1" 200 8291 "-" "Mozilla/5.0 (Macintosh; Intel Mac OS X 10_15_7) AppleWebKit/605.1.15 (KHTML, like Gecko) Version/18.1 Safari/605.1.15"
38.246.32.227 - - [21/Sep/2026:05:38:39 +0700] "GET /the-major-on-line-casino-web-sites-offer-of-a-lot-fulfilling-advertising-for-brand-new-and-you-can-present-people-to-love/ HTTP/1.1" 200 58208 "-" "Mozilla/5.0 (X11; Linux x86_64) AppleWebKit/537.36 Chrome/124.0"
38.246.32.227 - - [21/Sep/2026:05:38:37 +0700] "POST /xmlrpc.php HTTP/1.1" 200 181 "-" "Mozilla/5.0 (Macintosh; Intel Mac OS X 10_15_7) AppleWebKit/537.36 (KHTML, like Gecko) Chrome/116.0.0.0 Safari/537.36"
38.246.33.22 - - [21/Sep/2026:05:38:44 +0700] "POST /xmlrpc.php HTTP/1.1" 200 9233 "-" "Mozilla/5.0 (X11; Linux x86_64) AppleWebKit/537.36 (KHTML, like Gecko) Chrome/124.0.0.0 Safari/537.36"
198.252.107.178 - - [21/Sep/2026:05:38:45 +0700] "POST /wp-cron.php?doing_wp_cron=1789943925.6922960281372070312500 HTTP/1.1" 200 - "-" "WordPress/7.1.1; https://veewin24hr.com"
38.246.33.22 - - [21/Sep/2026:05:38:40 +0700] "POST /xmlrpc.php HTTP/1.1" 200 181 "-" "Mozilla/5.0 (Macintosh; Intel Mac OS X 10_15_7) AppleWebKit/605.1.15 (KHTML, like Gecko) Version/18.5 Safari/605.1.15"
38.246.33.22 - - [21/Sep/2026:05:38:46 +0700] "GET /within-brd-solltest-du-klar-unter-verbunden-casinos-oder-gangbar-spielotheken-differieren/ HTTP/1.1" 200 58683 "-" "Mozilla/5.0 (X11; Linux x86_64) AppleWebKit/537.36 (KHTML, like Gecko) Chrome/132.0.0.0 Safari/537.36"
38.246.32.227 - - [21/Sep/2026:05:38:49 +0700] "POST /xmlrpc.php HTTP/1.1" 200 8448 "-" "Mozilla/5.0 (X11; Linux x86_64; rv:137.0) Gecko/20100101 Firefox/137.0"
38.246.32.227 - - [21/Sep/2026:05:38:46 +0700] "POST /xmlrpc.php HTTP/1.1" 200 181 "-" "Mozilla/5.0 (Windows NT 10.0; Win64; x64) AppleWebKit/537.36 (KHTML, like Gecko) Chrome/119.0.0.0 Safari/537.36"
198.252.107.178 - - [21/Sep/2026:05:38:52 +0700] "POST /wp-cron.php?doing_wp_cron=1789943932.4696340560913085937500 HTTP/1.1" 200 - "-" "WordPress/7.1.1; https://veewin24hr.com"
38.246.33.22 - - [21/Sep/2026:05:38:51 +0700] "POST /xmlrpc.php HTTP/1.1" 200 13776 "-" "Mozilla/5.0 (Windows NT 10.0; Win64; x64) AppleWebKit/537.36 (KHTML, like Gecko) Chrome/132.0.0.0 Safari/537.36 OPR/117.0.0.0"
38.246.32.227 - - [21/Sep/2026:05:38:51 +0700] "GET /huge-fireballs-will-definitely-give-you-chills-because-you-rack-within-the-victories/ HTTP/1.1" 200 57734 "-" "Mozilla/5.0 (Windows NT 10.0; Win64; x64; rv:151.0) Gecko/20100101 Firefox/151.0"
38.246.33.22 - - [21/Sep/2026:05:38:53 +0700] "GET /welches-geht-beilaufig-via-dm-mobilfunktelefon-sofortig-weiters-dann-solltest-respons-den-kassenbereich-anfangen/ HTTP/1.1" 200 63542 "-" "Mozilla/5.0 (Macintosh; Intel Mac OS X 10_15_7) AppleWebKit/605.1.15 (KHTML, like Gecko) Version/18.3 Safari/605.1.15"
198.252.107.178 - - [21/Sep/2026:05:38:57 +0700] "POST /wp-cron.php?doing_wp_cron=1789943937.1092998981475830078125 HTTP/1.1" 200 - "-" "WordPress/7.1.1; https://veewin24hr.com"
38.246.33.22 - - [21/Sep/2026:05:38:51 +0700] "POST /xmlrpc.php HTTP/1.1" 200 181 "-" "Mozilla/5.0 (Windows NT 10.0; Win64; x64; rv:128.0) Gecko/20100101 Firefox/128.0"
38.246.32.227 - - [21/Sep/2026:05:38:56 +0700] "POST /xmlrpc.php HTTP/1.1" 200 8368 "-" "Mozilla/5.0 (X11; Linux x86_64) AppleWebKit/537.36 Chrome/124.0"
38.246.32.227 - - [21/Sep/2026:05:38:58 +0700] "GET /close-to-its-big-local-casino-it-has-a-wide-array-of-highest-stop-eating-reveals-and-you-may-looking-choice/ HTTP/1.1" 200 58047 "-" "Mozilla/5.0 (Macintosh; Intel Mac OS X 10_15_7) AppleWebKit/537.36 (KHTML, like Gecko) Chrome/116.0.0.0 Safari/537.36"
38.246.32.227 - - [21/Sep/2026:05:38:54 +0700] "POST /xmlrpc.php HTTP/1.1" 200 181 "-" "Mozilla/5.0 (Windows NT 10.0; Win64; x64) AppleWebKit/537.36 (KHTML, like Gecko) Chrome/119.0.0.0 Safari/537.36"
38.246.33.22 - - [21/Sep/2026:05:39:04 +0700] "POST /xmlrpc.php HTTP/1.1" 200 12245 "-" "Mozilla/5.0 (Windows NT 10.0; Win64; x64) AppleWebKit/537.36 (KHTML, like Gecko) Chrome/133.0.0.0 Safari/537.36"
38.246.32.227 - - [21/Sep/2026:05:39:05 +0700] "POST /xmlrpc.php HTTP/1.1" 200 8476 "-" "Mozilla/5.0 (Windows NT 10.0; Win64; x64) AppleWebKit/537.36 (KHTML, like Gecko) Chrome/132.0.0.0 Safari/537.36"
38.246.33.22 - - [21/Sep/2026:05:39:05 +0700] "GET /die-gesamtheit-wird-an-dieser-stelle-wie-geschmiert-zu-handen-hoher-ihr-rtp-umso-passender-unser-entwicklungsmoglichkeiten-aufwarts-den-jahresabschluss/ HTTP/1.1" 200 62729 "-" "Mozilla/5.0 (Macintosh; Intel Mac OS X 10_15_7) AppleWebKit/605.1.15 (KHTML, like Gecko) Version/18.2 Safari/605.1.15"
38.246.33.22 - - [21/Sep/2026:05:39:00 +0700] "POST /xmlrpc.php HTTP/1.1" 200 181 "-" "Mozilla/5.0 (Windows NT 10.0; Win64; x64; rv:138.0) Gecko/20100101 Firefox/138.0"
38.246.32.227 - - [21/Sep/2026:05:39:07 +0700] "GET /since-maxims-are-very-first-these-people-are-perhaps-not-simple/ HTTP/1.1" 200 57412 "-" "Mozilla/5.0 (Macintosh; Intel Mac OS X 10_15_7) AppleWebKit/537.36 (KHTML, like Gecko) Chrome/120.0.0.0 Safari/537.36"
38.246.32.227 - - [21/Sep/2026:05:39:02 +0700] "POST /xmlrpc.php HTTP/1.1" 200 181 "-" "Mozilla/5.0 (Windows NT 10.0; Win64; x64) AppleWebKit/537.36 (KHTML, like Gecko) Chrome/132.0.0.0 Safari/537.36 OPR/117.0.0.0"
38.246.33.22 - - [21/Sep/2026:05:39:13 +0700] "POST /xmlrpc.php HTTP/1.1" 200 9218 "-" "Mozilla/5.0 (Windows NT 10.0; Win64; x64) AppleWebKit/537.36 (KHTML, like Gecko) Chrome/120.0.0.0 Safari/537.36"
38.246.33.22 - - [21/Sep/2026:05:39:09 +0700] "POST /xmlrpc.php HTTP/1.1" 200 181 "-" "Mozilla/5.0 (Macintosh; Intel Mac OS X 10_15_7) AppleWebKit/537.36"
38.246.32.227 - - [21/Sep/2026:05:39:15 +0700] "POST /xmlrpc.php HTTP/1.1" 200 8674 "-" "Mozilla/5.0 (Windows NT 10.0; Win64; x64) AppleWebKit/537.36 (KHTML, like Gecko) Chrome/129.0.0.0 Safari/537.36"
38.246.33.22 - - [21/Sep/2026:05:39:14 +0700] "GET /verbunden-slots-bekehren-bei-die-einfache-spielweise-und-spannende-funktionen/ HTTP/1.1" 200 58470 "-" "Mozilla/5.0 (X11; Ubuntu; Linux x86_64; rv:137.0) Gecko/20100101 Firefox/137.0"
51.81.110.57 - - [21/Sep/2026:05:39:16 +0700] "GET /current-releases-are-alien-good-fresh-fruit-twenty-three-dusty-duel-frenzy-clusters-and-you-will-multi-rush/ HTTP/1.1" 200 60751 "-" "Mozilla/5.0 (compatible; AhrefsBot/7.0; +http://ahrefs.com/robot/)"
38.246.32.227 - - [21/Sep/2026:05:39:11 +0700] "POST /xmlrpc.php HTTP/1.1" 200 181 "-" "Mozilla/5.0 (Macintosh; Intel Mac OS X 10_15_7) AppleWebKit/537.36 (KHTML, like Gecko) obsidian/1.8.10 Chrome/132.0.6834.196 Electron/34.2.0 Safari/537.36"
38.246.32.227 - - [21/Sep/2026:05:39:17 +0700] "GET /purple-money-is-a-wonderful-slot-machine-game-of-konami-based-on-the-chinese-theme/ HTTP/1.1" 200 57913 "-" "Mozilla/5.0 (Windows NT 10.0; Win64; x64) AppleWebKit/537.36 (KHTML, like Gecko) Chrome/131.0.0.0 Safari/537.36"
38.246.33.22 - - [21/Sep/2026:05:39:20 +0700] "POST /xmlrpc.php HTTP/1.1" 200 10851 "-" "Mozilla/5.0 (Windows NT 10.0; Win64; x64) AppleWebKit/537.36 (KHTML, like Gecko) Chrome/135.0.0.0 Safari/537.36 Edg/135.0.0.0"
38.246.33.22 - - [21/Sep/2026:05:39:22 +0700] "GET /andere-provider-geben-den-einblick-anti-mit-den-mobilen-inter-browser/ HTTP/1.1" 200 59920 "-" "Mozilla/5.0 (Windows NT 10.0; Win64; x64) AppleWebKit/537.36 (KHTML, like Gecko) Chrome/130.0.0.0 Safari/537.36"
38.246.32.227 - - [21/Sep/2026:05:39:23 +0700] "POST /xmlrpc.php HTTP/1.1" 200 8361 "-" "Mozilla/5.0 (Macintosh; Intel Mac OS X 10_15_7) AppleWebKit/605.1.15 (KHTML, like Gecko) Version/18.1 Safari/605.1.15"
38.246.32.227 - - [21/Sep/2026:05:39:19 +0700] "POST /xmlrpc.php HTTP/1.1" 200 181 "-" "Mozilla/5.0 (Macintosh; Intel Mac OS X 10_15_7) AppleWebKit/537.36 (KHTML, like Gecko) obsidian/1.8.10 Chrome/132.0.6834.196 Electron/34.2.0 Safari/537.36"
38.246.32.227 - - [21/Sep/2026:05:39:24 +0700] "GET /because-the-rules-was-first-this-type-of-person-perhaps-not-simple/ HTTP/1.1" 200 57349 "-" "Mozilla/5.0 (Windows NT 10.0; Win64; x64) AppleWebKit/537.36 (KHTML, like Gecko) Chrome/148.0.0.0 Safari/537.36"
38.246.33.22 - - [21/Sep/2026:05:39:20 +0700] "POST /xmlrpc.php HTTP/1.1" 200 181 "-" "Mozilla/5.0 (Macintosh; Intel Mac OS X 10_15_7) AppleWebKit/537.36"
38.246.32.227 - - [21/Sep/2026:05:39:31 +0700] "POST /xmlrpc.php HTTP/1.1" 200 8538 "-" "Mozilla/5.0 (Macintosh; Intel Mac OS X 10_15_7) AppleWebKit/605.1.15 (KHTML, like Gecko) Version/17.4.1 Safari/605.1.15"
38.246.33.22 - - [21/Sep/2026:05:39:32 +0700] "POST /xmlrpc.php HTTP/1.1" 200 9470 "-" "Mozilla/5.0 (Windows NT 10.0; Win64; x64) AppleWebKit/537.36 (KHTML, like Gecko) Chrome/133.0.0.0 Safari/537.36"
38.246.33.22 - - [21/Sep/2026:05:39:27 +0700] "POST /xmlrpc.php HTTP/1.1" 200 181 "-" "Mozilla/5.0 (Macintosh; Intel Mac OS X 10_15_7) AppleWebKit/537.36 (KHTML, like Gecko) Chrome/122.0.0.0 Safari/537.36"
38.246.32.227 - - [21/Sep/2026:05:39:33 +0700] "GET /and-those-individuals-users-whom-simply-feel-safe-having-round-the-time-clock-help-will-relish-the-platform/ HTTP/1.1" 200 58222 "-" "Mozilla/5.0 (X11; Ubuntu; Linux x86_64; rv:138.0) Gecko/20100101 Firefox/138.0"
38.246.32.227 - - [21/Sep/2026:05:39:28 +0700] "POST /xmlrpc.php HTTP/1.1" 200 181 "-" "Mozilla/5.0 (Windows NT 10.0; Win64; x64) AppleWebKit/537.36 (KHTML, like Gecko) Chrome/119.0.0.0 Safari/537.36"
38.246.33.22 - - [21/Sep/2026:05:39:34 +0700] "GET /in-diesem-fall-sind-dir-keineswegs-doch-ihr-100-vermittlungsgebuhr-anstelle-zusatzliche-500-freispiele-serviceleistungen/ HTTP/1.1" 200 59378 "-" "Mozilla/5.0 (Windows NT 10.0; Win64; x64) AppleWebKit/537.36 (KHTML, like Gecko) Chrome/119.0.0.0 Safari/537.36"
38.246.33.22 - - [21/Sep/2026:05:39:39 +0700] "POST /xmlrpc.php HTTP/1.1" 200 13974 "-" "Mozilla/5.0 (Windows NT 10.0; Win64; x64) AppleWebKit/537.36 (KHTML, like Gecko) Chrome/131.0.0.0 Safari/537.36"
38.246.32.227 - - [21/Sep/2026:05:39:40 +0700] "POST /xmlrpc.php HTTP/1.1" 200 11235 "-" "Mozilla/5.0 (Windows NT 10.0; Win64; x64) AppleWebKit/537.36 (KHTML, like Gecko) Chrome/134.0.0.0 Safari/537.36"
38.246.33.22 - - [21/Sep/2026:05:39:40 +0700] "GET /dasjenige-geht-zweite-geige-unter-zuhilfenahme-von-mark-mobilfunktelefon-auf-anhieb-oder-hinterher-solltest-du-diesseitigen-kassenbereich-aufmachen/ HTTP/1.1" 200 64340 "-" "Mozilla/5.0 (Windows NT 10.0; Win64; x64) AppleWebKit/537.36 (KHTML, like Gecko) Chrome/133.0.0.0 Safari/537.36 OPR/118.0.0.0"
38.246.33.22 - - [21/Sep/2026:05:39:37 +0700] "POST /xmlrpc.php HTTP/1.1" 200 181 "-" "Mozilla/5.0 (Macintosh; Intel Mac OS X 10_15_7) AppleWebKit/605.1.15 (KHTML, like Gecko) Version/17.5 Safari/605.1.15"
38.246.32.227 - - [21/Sep/2026:05:39:36 +0700] "POST /xmlrpc.php HTTP/1.1" 200 181 "-" "Mozilla/5.0 (Macintosh; Intel Mac OS X 10.15; rv:137.0) Gecko/20100101 Firefox/137.0"
38.246.32.227 - - [21/Sep/2026:05:39:42 +0700] "GET /epurses-is-going-to-be-shorter-when-you-are-cards-can-take-expanded-basic-withdrawals-often-wanted-kyc-inspections/ HTTP/1.1" 200 61006 "-" "Mozilla/5.0 (Windows NT 10.0; Win64; x64) AppleWebKit/537.36 (KHTML, like Gecko) Chrome/129.0.0.0 Safari/537.36"
38.246.32.227 - - [21/Sep/2026:05:39:49 +0700] "POST /xmlrpc.php HTTP/1.1" 200 8612 "-" "Mozilla/5.0 (Windows NT 10.0; Win64; x64; rv:137.0) Gecko/20100101 Firefox/137.0"
38.246.33.22 - - [21/Sep/2026:05:39:49 +0700] "POST /xmlrpc.php HTTP/1.1" 200 10622 "-" "Mozilla/5.0 (X11; Linux x86_64; rv:138.0) Gecko/20100101 Firefox/138.0"
38.246.32.227 - - [21/Sep/2026:05:39:50 +0700] "GET /the-needed-casinos-on-the-internet-bring-the-best-value-making-it-possible-for-visitors-to-love-higher-high-quality-gambling-as-opposed-to-overspending/ HTTP/1.1" 200 58999 "-" "Mozilla/5.0 (Macintosh; Intel Mac OS X 10_15_7) AppleWebKit/537.36 (KHTML, like Gecko) obsidian/1.6.5 Chrome/124.0.6367.243 Electron/30.1.2 Safari/537.36"
38.246.32.227 - - [21/Sep/2026:05:39:44 +0700] "POST /xmlrpc.php HTTP/1.1" 200 181 "-" "Mozilla/5.0 (X11; Linux x86_64) AppleWebKit/537.36 (KHTML, like Gecko) Chrome/130.0.0.0 Safari/537.36"
38.246.33.22 - - [21/Sep/2026:05:39:53 +0700] "GET /denn-siehst-respons-unmittelbar-in-wie-weit-selbige-berechtigung-allerdings-existireren-gleichwohl-an-irgendeinem-ort-behauptet-ist/ HTTP/1.1" 200 60755 "-" "Mozilla/5.0 (Macintosh; Intel Mac OS X 10_15_7) AppleWebKit/605.1.15 (KHTML, like Gecko) Version/17.5 Safari/605.1.15"
198.252.107.178 - - [21/Sep/2026:05:39:58 +0700] "POST /wp-cron.php?doing_wp_cron=1789943998.5902729034423828125000 HTTP/1.1" 200 - "-" "WordPress/7.1.1; https://veewin24hr.com"
38.246.33.22 - - [21/Sep/2026:05:39:47 +0700] "POST /xmlrpc.php HTTP/1.1" 200 181 "-" "Mozilla/5.0 (Windows NT 10.0; Win64; x64) AppleWebKit/537.36 (KHTML, like Gecko) Chrome/135.0.0.0 Safari/537.36 Edg/135.0.0.0"
38.246.32.227 - - [21/Sep/2026:05:39:58 +0700] "POST /xmlrpc.php HTTP/1.1" 200 11520 "-" "Mozilla/5.0 (Windows NT 10.0; Win64; x64) AppleWebKit/537.36 (KHTML, like Gecko) obsidian/1.6.5 Chrome/124.0.6367.243 Electron/30.1.2 Safari/537.36"
38.246.32.227 - - [21/Sep/2026:05:40:00 +0700] "GET /that-it-work-at-mobile-playing-means-that-players-will-enjoy-its-favorite-online-casino-games-anytime-anywhere/ HTTP/1.1" 200 61220 "-" "Mozilla/5.0 (Windows NT 10.0; Win64; x64; rv:137.0) Gecko/20100101 Firefox/137.0"
38.246.33.22 - - [21/Sep/2026:05:40:04 +0700] "POST /xmlrpc.php HTTP/1.1" 200 10013 "-" "Mozilla/5.0 (Macintosh; Intel Mac OS X 10_15_7) AppleWebKit/537.36 (KHTML, like Gecko) Chrome/148.0.0.0 Safari/537.36"
