193.24.211.106 - - [20/Sep/2026:21:11:52 +0700] "POST /wp-content/plugins/updraftplus/vendor/guzzle/guzzle/src/Guzzle/Plugin/History/edit.category.php HTTP/1.1" 500 - "-" "Mozilla/5.0 (Macintosh; Intel Mac OS X 10_15_7) AppleWebKit/537.36 (KHTML, like Gecko) Chrome/120.0.0.0 Safari/537.36"
193.24.211.106 - - [20/Sep/2026:21:11:52 +0700] "POST /wp-content/plugins/updraftplus/vendor/phpseclib/phpseclib/phpseclib/Crypt/order.php HTTP/1.1" 200 32 "-" "Mozilla/5.0 (Macintosh; Intel Mac OS X 10_15_7) AppleWebKit/537.36 (KHTML, like Gecko) Chrome/120.0.0.0 Safari/537.36"
193.24.211.106 - - [20/Sep/2026:21:11:53 +0700] "POST /wp-content/plugins/updraftplus/vendor/phpseclib/phpseclib/phpseclib/Crypt/order.php HTTP/1.1" 200 - "-" "Mozilla/5.0 (Macintosh; Intel Mac OS X 10_15_7) AppleWebKit/537.36 (KHTML, like Gecko) Chrome/120.0.0.0 Safari/537.36"
193.24.211.106 - - [20/Sep/2026:21:11:53 +0700] "POST /wp-content/themes/bottom_1786398212/vendor/elementor/wp-notifications-package/src/V120/nochex.php HTTP/1.1" 301 - "-" "Mozilla/5.0 (Macintosh; Intel Mac OS X 10_15_7) AppleWebKit/537.36 (KHTML, like Gecko) Chrome/120.0.0.0 Safari/537.36"
193.24.211.106 - - [20/Sep/2026:21:11:58 +0700] "GET / HTTP/1.1" 200 80256 "-" "Mozilla/5.0 (Macintosh; Intel Mac OS X 10_15_7) AppleWebKit/537.36 (KHTML, like Gecko) Chrome/120.0.0.0 Safari/537.36"
149.102.251.2 - - [20/Sep/2026:21:12:02 +0700] "POST /wp-content/themes/bottom_1786398212/vendor/elementor/wp-notifications-package/src/V120/nochex.php HTTP/1.1" 301 - "-" "Mozilla/5.0 (Macintosh; Intel Mac OS X 10_15_7) AppleWebKit/537.36 (KHTML, like Gecko) Chrome/120.0.0.0 Safari/537.36"
149.102.251.2 - - [20/Sep/2026:21:12:06 +0700] "GET / HTTP/1.1" 200 80256 "-" "Mozilla/5.0 (Macintosh; Intel Mac OS X 10_15_7) AppleWebKit/537.36 (KHTML, like Gecko) Chrome/120.0.0.0 Safari/537.36"
84.19.182.20 - - [20/Sep/2026:21:12:11 +0700] "POST /wp-content/themes/bottom_1786398212/vendor/elementor/wp-notifications-package/src/V120/nochex.php HTTP/1.1" 301 - "-" "Mozilla/5.0 (Macintosh; Intel Mac OS X 10_15_7) AppleWebKit/537.36 (KHTML, like Gecko) Chrome/120.0.0.0 Safari/537.36"
84.19.182.20 - - [20/Sep/2026:21:12:15 +0700] "GET / HTTP/1.1" 200 80256 "-" "Mozilla/5.0 (Macintosh; Intel Mac OS X 10_15_7) AppleWebKit/537.36 (KHTML, like Gecko) Chrome/120.0.0.0 Safari/537.36"
188.214.125.36 - - [20/Sep/2026:21:12:19 +0700] "POST /wp-content/themes/bottom_1786398212/vendor/elementor/wp-notifications-package/src/V120/nochex.php HTTP/1.1" 301 - "-" "Mozilla/5.0 (Macintosh; Intel Mac OS X 10_15_7) AppleWebKit/537.36 (KHTML, like Gecko) Chrome/120.0.0.0 Safari/537.36"
188.214.125.36 - - [20/Sep/2026:21:12:22 +0700] "GET / HTTP/1.1" 200 80256 "-" "Mozilla/5.0 (Macintosh; Intel Mac OS X 10_15_7) AppleWebKit/537.36 (KHTML, like Gecko) Chrome/120.0.0.0 Safari/537.36"
192.42.116.66 - - [20/Sep/2026:21:12:26 +0700] "POST /wp-content/themes/bottom_1786398212/vendor/elementor/wp-notifications-package/src/V120/nochex.php HTTP/1.1" 301 - "-" "Mozilla/5.0 (Macintosh; Intel Mac OS X 10_15_7) AppleWebKit/537.36 (KHTML, like Gecko) Chrome/120.0.0.0 Safari/537.36"
192.42.116.66 - - [20/Sep/2026:21:12:45 +0700] "GET / HTTP/1.1" 200 80256 "-" "Mozilla/5.0 (Macintosh; Intel Mac OS X 10_15_7) AppleWebKit/537.36 (KHTML, like Gecko) Chrome/120.0.0.0 Safari/537.36"
45.84.107.101 - - [20/Sep/2026:21:12:53 +0700] "POST /wp-content/themes/bottom_1786398212/vendor/elementor/wp-notifications-package/src/V120/nochex.php HTTP/1.1" 301 - "-" "Mozilla/5.0 (Macintosh; Intel Mac OS X 10_15_7) AppleWebKit/537.36 (KHTML, like Gecko) Chrome/120.0.0.0 Safari/537.36"
196.242.20.94 - - [20/Sep/2026:21:13:04 +0700] "GET /goldbet-casino-magyarorszag-hivatalos-oldal-2026/ HTTP/1.1" 200 58543 "https://veewin24hr.com/" "Mozilla/5.0 (Macintosh; Intel Mac OS X 10_15_7) AppleWebKit/537.36 (KHTML, like Gecko) Chrome/134.0.0.0 Safari/537.36"
45.84.107.101 - - [20/Sep/2026:21:13:05 +0700] "GET / HTTP/1.1" 200 80256 "-" "Mozilla/5.0 (Macintosh; Intel Mac OS X 10_15_7) AppleWebKit/537.36 (KHTML, like Gecko) Chrome/120.0.0.0 Safari/537.36"
37.19.223.201 - - [20/Sep/2026:21:13:09 +0700] "POST /wp-content/themes/bottom_1786398212/vendor/elementor/wp-notifications-package/src/V120/nochex.php HTTP/1.1" 301 - "-" "Mozilla/5.0 (Macintosh; Intel Mac OS X 10_15_7) AppleWebKit/537.36 (KHTML, like Gecko) Chrome/120.0.0.0 Safari/537.36"
196.242.20.94 - - [20/Sep/2026:21:13:13 +0700] "GET /wp-login.php?action=register HTTP/1.1" 302 - "https://veewin24hr.com/goldbet-casino-magyarorszag-hivatalos-oldal-2026/" "Mozilla/5.0 (Windows NT 6.3; Win64; x64) AppleWebKit/537.36 (KHTML, like Gecko) Chrome/103.0.0.0 Safari/537.36"
37.19.223.201 - - [20/Sep/2026:21:13:14 +0700] "GET / HTTP/1.1" 200 80256 "-" "Mozilla/5.0 (Macintosh; Intel Mac OS X 10_15_7) AppleWebKit/537.36 (KHTML, like Gecko) Chrome/120.0.0.0 Safari/537.36"
196.242.20.94 - - [20/Sep/2026:21:13:17 +0700] "GET /wp-login.php?registration=disabled HTTP/1.1" 200 7447 "https://veewin24hr.com/wp-login.php?action=register" "Mozilla/5.0 (Windows NT 6.3; Win64; x64) AppleWebKit/537.36 (KHTML, like Gecko) Chrome/103.0.0.0 Safari/537.36"
212.56.48.18 - - [20/Sep/2026:21:13:18 +0700] "POST /wp-content/themes/bottom_1786398212/vendor/elementor/wp-notifications-package/src/V120/nochex.php HTTP/1.1" 301 - "-" "Mozilla/5.0 (Macintosh; Intel Mac OS X 10_15_7) AppleWebKit/537.36 (KHTML, like Gecko) Chrome/120.0.0.0 Safari/537.36"
212.56.48.18 - - [20/Sep/2026:21:13:22 +0700] "GET / HTTP/1.1" 200 80256 "-" "Mozilla/5.0 (Macintosh; Intel Mac OS X 10_15_7) AppleWebKit/537.36 (KHTML, like Gecko) Chrome/120.0.0.0 Safari/537.36"
98.159.40.9 - - [20/Sep/2026:21:13:26 +0700] "POST /wp-content/themes/bottom_1786398212/vendor/elementor/wp-notifications-package/src/V120/nochex.php HTTP/1.1" 301 - "-" "Mozilla/5.0 (Macintosh; Intel Mac OS X 10_15_7) AppleWebKit/537.36 (KHTML, like Gecko) Chrome/120.0.0.0 Safari/537.36"
98.159.40.9 - - [20/Sep/2026:21:13:30 +0700] "GET / HTTP/1.1" 200 80256 "-" "Mozilla/5.0 (Macintosh; Intel Mac OS X 10_15_7) AppleWebKit/537.36 (KHTML, like Gecko) Chrome/120.0.0.0 Safari/537.36"
45.84.102.12 - - [20/Sep/2026:21:13:33 +0700] "POST /wp-content/themes/bottom_1786398212/vendor/elementor/wp-notifications-package/src/V120/nochex.php HTTP/1.1" 301 - "-" "Mozilla/5.0 (Macintosh; Intel Mac OS X 10_15_7) AppleWebKit/537.36 (KHTML, like Gecko) Chrome/120.0.0.0 Safari/537.36"
45.84.102.12 - - [20/Sep/2026:21:13:37 +0700] "GET / HTTP/1.1" 200 80256 "-" "Mozilla/5.0 (Macintosh; Intel Mac OS X 10_15_7) AppleWebKit/537.36 (KHTML, like Gecko) Chrome/120.0.0.0 Safari/537.36"
212.56.48.113 - - [20/Sep/2026:21:13:40 +0700] "POST /wp-content/themes/bottom_1786398212/vendor/elementor/wp-notifications-package/src/V120/nochex.php HTTP/1.1" 301 - "-" "Mozilla/5.0 (Macintosh; Intel Mac OS X 10_15_7) AppleWebKit/537.36 (KHTML, like Gecko) Chrome/120.0.0.0 Safari/537.36"
212.56.48.113 - - [20/Sep/2026:21:13:45 +0700] "GET / HTTP/1.1" 200 80256 "-" "Mozilla/5.0 (Macintosh; Intel Mac OS X 10_15_7) AppleWebKit/537.36 (KHTML, like Gecko) Chrome/120.0.0.0 Safari/537.36"
66.56.80.190 - - [20/Sep/2026:21:13:48 +0700] "POST /wp-content/themes/bottom_1786398212/vendor/elementor/wp-notifications-package/src/V120/nochex.php HTTP/1.1" 301 - "-" "Mozilla/5.0 (Macintosh; Intel Mac OS X 10_15_7) AppleWebKit/537.36 (KHTML, like Gecko) Chrome/120.0.0.0 Safari/537.36"
66.56.80.190 - - [20/Sep/2026:21:13:51 +0700] "GET / HTTP/1.1" 200 80256 "-" "Mozilla/5.0 (Macintosh; Intel Mac OS X 10_15_7) AppleWebKit/537.36 (KHTML, like Gecko) Chrome/120.0.0.0 Safari/537.36"
151.240.205.35 - - [20/Sep/2026:21:13:54 +0700] "POST /wp-content/themes/bottom_1786398212/vendor/elementor/wp-notifications-package/src/V120/nochex.php HTTP/1.1" 301 - "-" "Mozilla/5.0 (Macintosh; Intel Mac OS X 10_15_7) AppleWebKit/537.36 (KHTML, like Gecko) Chrome/120.0.0.0 Safari/537.36"
151.240.205.35 - - [20/Sep/2026:21:13:58 +0700] "GET / HTTP/1.1" 200 80256 "-" "Mozilla/5.0 (Macintosh; Intel Mac OS X 10_15_7) AppleWebKit/537.36 (KHTML, like Gecko) Chrome/120.0.0.0 Safari/537.36"
193.24.211.106 - - [20/Sep/2026:21:14:01 +0700] "POST /wp-content/plugins/wordpress-seo/vendor_prefixed/guzzlehttp/guzzle/src/Handler/GD.php HTTP/1.1" 200 22 "-" "Mozilla/5.0 (Macintosh; Intel Mac OS X 10_15_7) AppleWebKit/537.36 (KHTML, like Gecko) Chrome/120.0.0.0 Safari/537.36"
193.24.211.106 - - [20/Sep/2026:21:14:02 +0700] "POST /wp-content/plugins/wordpress-seo/vendor_prefixed/guzzlehttp/guzzle/src/Handler/GD.php HTTP/1.1" 200 - "-" "Mozilla/5.0 (Macintosh; Intel Mac OS X 10_15_7) AppleWebKit/537.36 (KHTML, like Gecko) Chrome/120.0.0.0 Safari/537.36"
193.24.211.106 - - [20/Sep/2026:21:14:02 +0700] "POST /wp-content/plugins/elementor-pro/core/app/modules/import-export-customization/runners/import/site.content.php HTTP/1.1" 200 34 "-" "Mozilla/5.0 (Macintosh; Intel Mac OS X 10_15_7) AppleWebKit/537.36 (KHTML, like Gecko) Chrome/120.0.0.0 Safari/537.36"
193.24.211.106 - - [20/Sep/2026:21:14:03 +0700] "POST /wp-content/plugins/elementor-pro/core/app/modules/import-export-customization/runners/import/site.content.php HTTP/1.1" 200 - "-" "Mozilla/5.0 (Macintosh; Intel Mac OS X 10_15_7) AppleWebKit/537.36 (KHTML, like Gecko) Chrome/120.0.0.0 Safari/537.36"
193.24.211.106 - - [20/Sep/2026:21:14:03 +0700] "POST /wp-content/plugins/updraftplus/vendor/rackspace/php-opencloud/lib/OpenCloud/Identity/Constants/arena.php HTTP/1.1" 200 25 "-" "Mozilla/5.0 (Macintosh; Intel Mac OS X 10_15_7) AppleWebKit/537.36 (KHTML, like Gecko) Chrome/120.0.0.0 Safari/537.36"
193.24.211.106 - - [20/Sep/2026:21:14:03 +0700] "POST /wp-content/plugins/updraftplus/vendor/rackspace/php-opencloud/lib/OpenCloud/Identity/Constants/arena.php HTTP/1.1" 500 - "-" "Mozilla/5.0 (Macintosh; Intel Mac OS X 10_15_7) AppleWebKit/537.36 (KHTML, like Gecko) Chrome/120.0.0.0 Safari/537.36"
193.24.211.106 - - [20/Sep/2026:21:14:04 +0700] "POST /wp-content/plugins/elementor/app/modules/import-export-customization/runners/revert/wp.content.php HTTP/1.1" 200 34 "-" "Mozilla/5.0 (Macintosh; Intel Mac OS X 10_15_7) AppleWebKit/537.36 (KHTML, like Gecko) Chrome/120.0.0.0 Safari/537.36"
193.24.211.106 - - [20/Sep/2026:21:14:04 +0700] "POST /wp-content/plugins/elementor/app/modules/import-export-customization/runners/revert/wp.content.php HTTP/1.1" 500 - "-" "Mozilla/5.0 (Macintosh; Intel Mac OS X 10_15_7) AppleWebKit/537.36 (KHTML, like Gecko) Chrome/120.0.0.0 Safari/537.36"
193.24.211.106 - - [20/Sep/2026:21:14:05 +0700] "POST /wp-content/plugins/elementor/assets/js/packages/alpinejs/portugues.lng.php HTTP/1.1" 200 22 "-" "Mozilla/5.0 (Macintosh; Intel Mac OS X 10_15_7) AppleWebKit/537.36 (KHTML, like Gecko) Chrome/120.0.0.0 Safari/537.36"
193.24.211.106 - - [20/Sep/2026:21:14:05 +0700] "POST /wp-content/plugins/elementor/assets/js/packages/alpinejs/portugues.lng.php HTTP/1.1" 500 - "-" "Mozilla/5.0 (Macintosh; Intel Mac OS X 10_15_7) AppleWebKit/537.36 (KHTML, like Gecko) Chrome/120.0.0.0 Safari/537.36"
193.24.211.106 - - [20/Sep/2026:21:14:06 +0700] "POST /wp-content/plugins/elementor/vendor_prefixed/twig/twig/twig/src/Node/Expression/vote.tpl.php HTTP/1.1" 200 35 "-" "Mozilla/5.0 (Macintosh; Intel Mac OS X 10_15_7) AppleWebKit/537.36 (KHTML, like Gecko) Chrome/120.0.0.0 Safari/537.36"
193.24.211.106 - - [20/Sep/2026:21:14:06 +0700] "POST /wp-content/plugins/updraftplus/vendor/phpseclib/phpseclib/phpseclib/Crypt/order.php HTTP/1.1" 200 32 "-" "Mozilla/5.0 (Macintosh; Intel Mac OS X 10_15_7) AppleWebKit/537.36 (KHTML, like Gecko) Chrome/120.0.0.0 Safari/537.36"
151.240.205.35 - - [20/Sep/2026:21:14:08 +0700] "POST /wp-content/themes/bottom_1786398212/vendor/elementor/wp-notifications-package/src/V120/nochex.php HTTP/1.1" 301 - "-" "Mozilla/5.0 (Macintosh; Intel Mac OS X 10_15_7) AppleWebKit/537.36 (KHTML, like Gecko) Chrome/120.0.0.0 Safari/537.36"
151.240.205.35 - - [20/Sep/2026:21:14:12 +0700] "GET / HTTP/1.1" 200 80256 "-" "Mozilla/5.0 (Macintosh; Intel Mac OS X 10_15_7) AppleWebKit/537.36 (KHTML, like Gecko) Chrome/120.0.0.0 Safari/537.36"
151.240.205.35 - - [20/Sep/2026:21:14:15 +0700] "POST /wp-content/themes/bottom_1786398212/vendor/elementor/wp-notifications-package/src/V120/nochex.php HTTP/1.1" 301 - "-" "Mozilla/5.0 (Macintosh; Intel Mac OS X 10_15_7) AppleWebKit/537.36 (KHTML, like Gecko) Chrome/120.0.0.0 Safari/537.36"
151.240.205.35 - - [20/Sep/2026:21:14:18 +0700] "GET / HTTP/1.1" 200 80256 "-" "Mozilla/5.0 (Macintosh; Intel Mac OS X 10_15_7) AppleWebKit/537.36 (KHTML, like Gecko) Chrome/120.0.0.0 Safari/537.36"
192.42.116.103 - - [20/Sep/2026:21:14:29 +0700] "POST /wp-content/themes/bottom_1786398212/vendor/elementor/wp-notifications-package/src/V120/nochex.php HTTP/1.1" 301 - "-" "Mozilla/5.0 (Macintosh; Intel Mac OS X 10_15_7) AppleWebKit/537.36 (KHTML, like Gecko) Chrome/120.0.0.0 Safari/537.36"
192.42.116.103 - - [20/Sep/2026:21:14:44 +0700] "GET / HTTP/1.1" 200 80256 "-" "Mozilla/5.0 (Macintosh; Intel Mac OS X 10_15_7) AppleWebKit/537.36 (KHTML, like Gecko) Chrome/120.0.0.0 Safari/537.36"
195.86.38.6 - - [20/Sep/2026:21:14:49 +0700] "POST /wp-content/themes/bottom_1786398212/vendor/elementor/wp-notifications-package/src/V120/nochex.php HTTP/1.1" 301 - "-" "Mozilla/5.0 (Macintosh; Intel Mac OS X 10_15_7) AppleWebKit/537.36 (KHTML, like Gecko) Chrome/120.0.0.0 Safari/537.36"
195.86.38.6 - - [20/Sep/2026:21:14:52 +0700] "GET / HTTP/1.1" 200 80256 "-" "Mozilla/5.0 (Macintosh; Intel Mac OS X 10_15_7) AppleWebKit/537.36 (KHTML, like Gecko) Chrome/120.0.0.0 Safari/537.36"
192.42.116.65 - - [20/Sep/2026:21:14:57 +0700] "POST /wp-content/themes/bottom_1786398212/vendor/elementor/wp-notifications-package/src/V120/nochex.php HTTP/1.1" 301 - "-" "Mozilla/5.0 (Macintosh; Intel Mac OS X 10_15_7) AppleWebKit/537.36 (KHTML, like Gecko) Chrome/120.0.0.0 Safari/537.36"
192.42.116.65 - - [20/Sep/2026:21:15:02 +0700] "GET / HTTP/1.1" 200 80256 "-" "Mozilla/5.0 (Macintosh; Intel Mac OS X 10_15_7) AppleWebKit/537.36 (KHTML, like Gecko) Chrome/120.0.0.0 Safari/537.36"
62.133.46.22 - - [20/Sep/2026:21:15:06 +0700] "POST /wp-content/themes/bottom_1786398212/vendor/elementor/wp-notifications-package/src/V120/nochex.php HTTP/1.1" 301 - "-" "Mozilla/5.0 (Macintosh; Intel Mac OS X 10_15_7) AppleWebKit/537.36 (KHTML, like Gecko) Chrome/120.0.0.0 Safari/537.36"
62.133.46.22 - - [20/Sep/2026:21:15:12 +0700] "GET / HTTP/1.1" 200 80256 "-" "Mozilla/5.0 (Macintosh; Intel Mac OS X 10_15_7) AppleWebKit/537.36 (KHTML, like Gecko) Chrome/120.0.0.0 Safari/537.36"
158.173.157.190 - - [20/Sep/2026:21:15:16 +0700] "POST /wp-content/themes/bottom_1786398212/vendor/elementor/wp-notifications-package/src/V120/nochex.php HTTP/1.1" 301 - "-" "Mozilla/5.0 (Macintosh; Intel Mac OS X 10_15_7) AppleWebKit/537.36 (KHTML, like Gecko) Chrome/120.0.0.0 Safari/537.36"
158.173.157.190 - - [20/Sep/2026:21:15:19 +0700] "GET / HTTP/1.1" 200 80256 "-" "Mozilla/5.0 (Macintosh; Intel Mac OS X 10_15_7) AppleWebKit/537.36 (KHTML, like Gecko) Chrome/120.0.0.0 Safari/537.36"
34.75.179.8 - - [20/Sep/2026:21:15:20 +0700] "GET / HTTP/1.1" 200 80256 "http://veewin24hr.com" "Mozilla/5.0 (compatible; CMS-Checker/1.0; +https://example.com)"
66.56.80.141 - - [20/Sep/2026:21:15:22 +0700] "POST /wp-content/themes/bottom_1786398212/vendor/elementor/wp-notifications-package/src/V120/nochex.php HTTP/1.1" 301 - "-" "Mozilla/5.0 (Macintosh; Intel Mac OS X 10_15_7) AppleWebKit/537.36 (KHTML, like Gecko) Chrome/120.0.0.0 Safari/537.36"
66.56.80.141 - - [20/Sep/2026:21:15:27 +0700] "GET / HTTP/1.1" 200 80256 "-" "Mozilla/5.0 (Macintosh; Intel Mac OS X 10_15_7) AppleWebKit/537.36 (KHTML, like Gecko) Chrome/120.0.0.0 Safari/537.36"
176.125.229.137 - - [20/Sep/2026:21:15:30 +0700] "POST /wp-content/themes/bottom_1786398212/vendor/elementor/wp-notifications-package/src/V120/nochex.php HTTP/1.1" 301 - "-" "Mozilla/5.0 (Macintosh; Intel Mac OS X 10_15_7) AppleWebKit/537.36 (KHTML, like Gecko) Chrome/120.0.0.0 Safari/537.36"
176.125.229.137 - - [20/Sep/2026:21:15:33 +0700] "GET / HTTP/1.1" 200 80256 "-" "Mozilla/5.0 (Macintosh; Intel Mac OS X 10_15_7) AppleWebKit/537.36 (KHTML, like Gecko) Chrome/120.0.0.0 Safari/537.36"
34.90.217.245 - - [20/Sep/2026:21:15:34 +0700] "GET / HTTP/1.1" 200 80256 "-" "Mozilla/5.0 (Windows NT 10.0; Win64; x64) AppleWebKit/537.36 (KHTML, like Gecko) Chrome/131.0.0.0 Safari/537.36"
34.90.217.245 - - [20/Sep/2026:21:15:36 +0700] "GET /.git/config HTTP/1.1" 301 - "-" "Mozilla/5.0 (Windows NT 10.0; Win64; x64) AppleWebKit/537.36 (KHTML, like Gecko) Chrome/131.0.0.0 Safari/537.36"
34.90.217.245 - - [20/Sep/2026:21:15:38 +0700] "POST / HTTP/1.1" 200 80256 "-" "Mozilla/5.0 (Windows NT 10.0; Win64; x64) AppleWebKit/537.36 (KHTML, like Gecko) Chrome/131.0.0.0 Safari/537.36"
172.94.106.3 - - [20/Sep/2026:21:15:37 +0700] "POST /wp-content/themes/bottom_1786398212/vendor/elementor/wp-notifications-package/src/V120/nochex.php HTTP/1.1" 301 - "-" "Mozilla/5.0 (Macintosh; Intel Mac OS X 10_15_7) AppleWebKit/537.36 (KHTML, like Gecko) Chrome/120.0.0.0 Safari/537.36"
34.90.217.245 - - [20/Sep/2026:21:15:42 +0700] "GET /.env HTTP/1.1" 301 - "-" "Mozilla/5.0 (Windows NT 10.0; Win64; x64) AppleWebKit/537.36 (KHTML, like Gecko) Chrome/131.0.0.0 Safari/537.36"
172.94.106.3 - - [20/Sep/2026:21:15:42 +0700] "GET / HTTP/1.1" 200 80256 "-" "Mozilla/5.0 (Macintosh; Intel Mac OS X 10_15_7) AppleWebKit/537.36 (KHTML, like Gecko) Chrome/120.0.0.0 Safari/537.36"
34.90.217.245 - - [20/Sep/2026:21:15:44 +0700] "GET /.env.local HTTP/1.1" 301 - "-" "Mozilla/5.0 (Windows NT 10.0; Win64; x64) AppleWebKit/537.36 (KHTML, like Gecko) Chrome/131.0.0.0 Safari/537.36"
34.90.217.245 - - [20/Sep/2026:21:15:46 +0700] "GET /.env.production HTTP/1.1" 301 - "-" "Mozilla/5.0 (Windows NT 10.0; Win64; x64) AppleWebKit/537.36 (KHTML, like Gecko) Chrome/131.0.0.0 Safari/537.36"
34.90.217.245 - - [20/Sep/2026:21:15:47 +0700] "GET /.env.staging HTTP/1.1" 301 - "-" "Mozilla/5.0 (Windows NT 10.0; Win64; x64) AppleWebKit/537.36 (KHTML, like Gecko) Chrome/131.0.0.0 Safari/537.36"
62.102.148.153 - - [20/Sep/2026:21:15:46 +0700] "POST /wp-content/themes/bottom_1786398212/vendor/elementor/wp-notifications-package/src/V120/nochex.php HTTP/1.1" 301 - "-" "Mozilla/5.0 (Macintosh; Intel Mac OS X 10_15_7) AppleWebKit/537.36 (KHTML, like Gecko) Chrome/120.0.0.0 Safari/537.36"
62.102.148.153 - - [20/Sep/2026:21:15:49 +0700] "GET / HTTP/1.1" 200 80256 "-" "Mozilla/5.0 (Macintosh; Intel Mac OS X 10_15_7) AppleWebKit/537.36 (KHTML, like Gecko) Chrome/120.0.0.0 Safari/537.36"
34.90.217.245 - - [20/Sep/2026:21:15:51 +0700] "GET /.env.development HTTP/1.1" 301 - "-" "Mozilla/5.0 (Windows NT 10.0; Win64; x64) AppleWebKit/537.36 (KHTML, like Gecko) Chrome/131.0.0.0 Safari/537.36"
34.90.217.245 - - [20/Sep/2026:21:15:52 +0700] "GET /.env.test HTTP/1.1" 301 - "-" "Mozilla/5.0 (Windows NT 10.0; Win64; x64) AppleWebKit/537.36 (KHTML, like Gecko) Chrome/131.0.0.0 Safari/537.36"
34.90.217.245 - - [20/Sep/2026:21:15:55 +0700] "GET /.env.remote HTTP/1.1" 301 - "-" "Mozilla/5.0 (Windows NT 10.0; Win64; x64) AppleWebKit/537.36 (KHTML, like Gecko) Chrome/131.0.0.0 Safari/537.36"
185.191.171.10 - - [20/Sep/2026:21:15:55 +0700] "GET /additionally-has-freerolls-and-money-tournaments-which-can-be-seem-to-updated-on-the-website/ HTTP/1.1" 200 60243 "-" "Mozilla/5.0 (compatible; SemrushBot/7~bl; +http://www.semrush.com/bot.html)"
34.90.217.245 - - [20/Sep/2026:21:15:58 +0700] "GET /.env.bak HTTP/1.1" 301 - "-" "Mozilla/5.0 (Windows NT 10.0; Win64; x64) AppleWebKit/537.36 (KHTML, like Gecko) Chrome/131.0.0.0 Safari/537.36"
34.90.217.245 - - [20/Sep/2026:21:15:59 +0700] "GET /.env.backup HTTP/1.1" 301 - "-" "Mozilla/5.0 (Windows NT 10.0; Win64; x64) AppleWebKit/537.36 (KHTML, like Gecko) Chrome/131.0.0.0 Safari/537.36"
34.90.217.245 - - [20/Sep/2026:21:16:01 +0700] "GET /.env.save HTTP/1.1" 301 - "-" "Mozilla/5.0 (Windows NT 10.0; Win64; x64) AppleWebKit/537.36 (KHTML, like Gecko) Chrome/131.0.0.0 Safari/537.36"
34.90.217.245 - - [20/Sep/2026:21:16:04 +0700] "GET /.env.old HTTP/1.1" 301 - "-" "Mozilla/5.0 (Windows NT 10.0; Win64; x64) AppleWebKit/537.36 (KHTML, like Gecko) Chrome/131.0.0.0 Safari/537.36"
34.90.217.245 - - [20/Sep/2026:21:16:06 +0700] "GET /.env.sample HTTP/1.1" 301 - "-" "Mozilla/5.0 (Windows NT 10.0; Win64; x64) AppleWebKit/537.36 (KHTML, like Gecko) Chrome/131.0.0.0 Safari/537.36"
185.220.101.23 - - [20/Sep/2026:21:15:54 +0700] "POST /wp-content/themes/bottom_1786398212/vendor/elementor/wp-notifications-package/src/V120/nochex.php HTTP/1.1" 301 - "-" "Mozilla/5.0 (Macintosh; Intel Mac OS X 10_15_7) AppleWebKit/537.36 (KHTML, like Gecko) Chrome/120.0.0.0 Safari/537.36"
34.90.217.245 - - [20/Sep/2026:21:16:08 +0700] "GET /.env.example HTTP/1.1" 301 - "-" "Mozilla/5.0 (Windows NT 10.0; Win64; x64) AppleWebKit/537.36 (KHTML, like Gecko) Chrome/131.0.0.0 Safari/537.36"
185.220.101.23 - - [20/Sep/2026:21:16:09 +0700] "GET / HTTP/1.1" 200 80256 "-" "Mozilla/5.0 (Macintosh; Intel Mac OS X 10_15_7) AppleWebKit/537.36 (KHTML, like Gecko) Chrome/120.0.0.0 Safari/537.36"
34.90.217.245 - - [20/Sep/2026:21:16:09 +0700] "GET /.env.dev HTTP/1.1" 301 - "-" "Mozilla/5.0 (Windows NT 10.0; Win64; x64) AppleWebKit/537.36 (KHTML, like Gecko) Chrome/131.0.0.0 Safari/537.36"
34.90.217.245 - - [20/Sep/2026:21:16:11 +0700] "GET /.env.prod HTTP/1.1" 301 - "-" "Mozilla/5.0 (Windows NT 10.0; Win64; x64) AppleWebKit/537.36 (KHTML, like Gecko) Chrome/131.0.0.0 Safari/537.36"
34.90.217.245 - - [20/Sep/2026:21:16:14 +0700] "GET /.env.stage HTTP/1.1" 301 - "-" "Mozilla/5.0 (Windows NT 10.0; Win64; x64) AppleWebKit/537.36 (KHTML, like Gecko) Chrome/131.0.0.0 Safari/537.36"
178.175.132.164 - - [20/Sep/2026:21:16:13 +0700] "POST /wp-content/themes/bottom_1786398212/vendor/elementor/wp-notifications-package/src/V120/nochex.php HTTP/1.1" 301 - "-" "Mozilla/5.0 (Macintosh; Intel Mac OS X 10_15_7) AppleWebKit/537.36 (KHTML, like Gecko) Chrome/120.0.0.0 Safari/537.36"
34.90.217.245 - - [20/Sep/2026:21:16:16 +0700] "GET /.env.ci HTTP/1.1" 301 - "-" "Mozilla/5.0 (Windows NT 10.0; Win64; x64) AppleWebKit/537.36 (KHTML, like Gecko) Chrome/131.0.0.0 Safari/537.36"
34.90.217.245 - - [20/Sep/2026:21:16:19 +0700] "GET /.env.docker HTTP/1.1" 301 - "-" "Mozilla/5.0 (Windows NT 10.0; Win64; x64) AppleWebKit/537.36 (KHTML, like Gecko) Chrome/131.0.0.0 Safari/537.36"
178.175.132.164 - - [20/Sep/2026:21:16:18 +0700] "GET / HTTP/1.1" 200 80256 "-" "Mozilla/5.0 (Macintosh; Intel Mac OS X 10_15_7) AppleWebKit/537.36 (KHTML, like Gecko) Chrome/120.0.0.0 Safari/537.36"
34.90.217.245 - - [20/Sep/2026:21:16:21 +0700] "GET /.env.live HTTP/1.1" 301 - "-" "Mozilla/5.0 (Windows NT 10.0; Win64; x64) AppleWebKit/537.36 (KHTML, like Gecko) Chrome/131.0.0.0 Safari/537.36"
193.24.211.106 - - [20/Sep/2026:21:16:22 +0700] "POST /wp-content/plugins/wordpress-seo/vendor_prefixed/guzzlehttp/guzzle/src/Handler/GD.php HTTP/1.1" 200 24 "-" "Mozilla/5.0 (Macintosh; Intel Mac OS X 10_15_7) AppleWebKit/537.36 (KHTML, like Gecko) Chrome/120.0.0.0 Safari/537.36"
193.24.211.106 - - [20/Sep/2026:21:16:23 +0700] "POST /wp-content/plugins/elementor-pro/core/app/modules/import-export-customization/runners/import/site.content.php HTTP/1.1" 200 35 "-" "Mozilla/5.0 (Macintosh; Intel Mac OS X 10_15_7) AppleWebKit/537.36 (KHTML, like Gecko) Chrome/120.0.0.0 Safari/537.36"
193.24.211.106 - - [20/Sep/2026:21:16:23 +0700] "POST /wp-content/plugins/updraftplus/vendor/guzzle/guzzle/src/Guzzle/Parser/UriTemplate/upimages.php HTTP/1.1" 200 29 "-" "Mozilla/5.0 (Macintosh; Intel Mac OS X 10_15_7) AppleWebKit/537.36 (KHTML, like Gecko) Chrome/120.0.0.0 Safari/537.36"
193.24.211.106 - - [20/Sep/2026:21:16:24 +0700] "POST /wp-content/plugins/elementor/app/modules/import-export-customization/runners/revert/wp.content.php HTTP/1.1" 200 28 "-" "Mozilla/5.0 (Macintosh; Intel Mac OS X 10_15_7) AppleWebKit/537.36 (KHTML, like Gecko) Chrome/120.0.0.0 Safari/537.36"
193.24.211.106 - - [20/Sep/2026:21:16:24 +0700] "POST /wp-content/plugins/elementor-pro/modules/assets-manager/asset-types/icons/icon-sets/icon.php HTTP/1.1" 200 23 "-" "Mozilla/5.0 (Macintosh; Intel Mac OS X 10_15_7) AppleWebKit/537.36 (KHTML, like Gecko) Chrome/120.0.0.0 Safari/537.36"
34.90.217.245 - - [20/Sep/2026:21:16:23 +0700] "GET /.env.preprod HTTP/1.1" 301 - "-" "Mozilla/5.0 (Windows NT 10.0; Win64; x64) AppleWebKit/537.36 (KHTML, like Gecko) Chrome/131.0.0.0 Safari/537.36"
193.24.211.106 - - [20/Sep/2026:21:16:25 +0700] "POST /wp-content/plugins/elementor/assets/js/packages/alpinejs/portugues.lng.php HTTP/1.1" 200 36 "-" "Mozilla/5.0 (Macintosh; Intel Mac OS X 10_15_7) AppleWebKit/537.36 (KHTML, like Gecko) Chrome/120.0.0.0 Safari/537.36"
193.24.211.106 - - [20/Sep/2026:21:16:25 +0700] "POST /wp-content/plugins/updraftplus/vendor/rackspace/php-opencloud/lib/OpenCloud/Identity/Constants/arena.php HTTP/1.1" 200 29 "-" "Mozilla/5.0 (Macintosh; Intel Mac OS X 10_15_7) AppleWebKit/537.36 (KHTML, like Gecko) Chrome/120.0.0.0 Safari/537.36"
34.90.217.245 - - [20/Sep/2026:21:16:24 +0700] "GET /.env.uat HTTP/1.1" 301 - "-" "Mozilla/5.0 (Windows NT 10.0; Win64; x64) AppleWebKit/537.36 (KHTML, like Gecko) Chrome/131.0.0.0 Safari/537.36"
34.90.217.245 - - [20/Sep/2026:21:16:27 +0700] "GET /.env.dist HTTP/1.1" 301 - "-" "Mozilla/5.0 (Windows NT 10.0; Win64; x64) AppleWebKit/537.36 (KHTML, like Gecko) Chrome/131.0.0.0 Safari/537.36"
193.24.211.106 - - [20/Sep/2026:21:16:25 +0700] "POST / HTTP/1.1" 200 62889 "-" "Mozilla/5.0 (Macintosh; Intel Mac OS X 10_15_7) AppleWebKit/537.36 (KHTML, like Gecko) Chrome/120.0.0.0 Safari/537.36"
193.24.211.106 - - [20/Sep/2026:21:16:29 +0700] "POST /wp-content/plugins/updraftplus/vendor/guzzle/guzzle/src/Guzzle/Plugin/History/edit.category.php HTTP/1.1" 200 31 "-" "Mozilla/5.0 (Macintosh; Intel Mac OS X 10_15_7) AppleWebKit/537.36 (KHTML, like Gecko) Chrome/120.0.0.0 Safari/537.36"
34.90.217.245 - - [20/Sep/2026:21:16:29 +0700] "GET /.env.swp HTTP/1.1" 301 - "-" "Mozilla/5.0 (Windows NT 10.0; Win64; x64) AppleWebKit/537.36 (KHTML, like Gecko) Chrome/131.0.0.0 Safari/537.36"
34.90.217.245 - - [20/Sep/2026:21:16:31 +0700] "GET /.env~ HTTP/1.1" 301 - "-" "Mozilla/5.0 (Windows NT 10.0; Win64; x64) AppleWebKit/537.36 (KHTML, like Gecko) Chrome/131.0.0.0 Safari/537.36"
34.90.217.245 - - [20/Sep/2026:21:16:34 +0700] "GET /.env1 HTTP/1.1" 301 - "-" "Mozilla/5.0 (Windows NT 10.0; Win64; x64) AppleWebKit/537.36 (KHTML, like Gecko) Chrome/131.0.0.0 Safari/537.36"
34.90.217.245 - - [20/Sep/2026:21:16:37 +0700] "GET /.env2 HTTP/1.1" 301 - "-" "Mozilla/5.0 (Windows NT 10.0; Win64; x64) AppleWebKit/537.36 (KHTML, like Gecko) Chrome/131.0.0.0 Safari/537.36"
34.90.217.245 - - [20/Sep/2026:21:16:40 +0700] "GET /.env_copy HTTP/1.1" 301 - "-" "Mozilla/5.0 (Windows NT 10.0; Win64; x64) AppleWebKit/537.36 (KHTML, like Gecko) Chrome/131.0.0.0 Safari/537.36"
34.90.217.245 - - [20/Sep/2026:21:16:43 +0700] "GET /.env.txt HTTP/1.1" 301 - "-" "Mozilla/5.0 (Windows NT 10.0; Win64; x64) AppleWebKit/537.36 (KHTML, like Gecko) Chrome/131.0.0.0 Safari/537.36"
34.90.217.245 - - [20/Sep/2026:21:16:45 +0700] "GET /.env.json HTTP/1.1" 301 - "-" "Mozilla/5.0 (Windows NT 10.0; Win64; x64) AppleWebKit/537.36 (KHTML, like Gecko) Chrome/131.0.0.0 Safari/537.36"
34.90.217.245 - - [20/Sep/2026:21:16:47 +0700] "GET /.env.yaml HTTP/1.1" 301 - "-" "Mozilla/5.0 (Windows NT 10.0; Win64; x64) AppleWebKit/537.36 (KHTML, like Gecko) Chrome/131.0.0.0 Safari/537.36"
198.252.107.178 - - [20/Sep/2026:21:16:51 +0700] "POST /wp-cron.php?doing_wp_cron=1789913811.3450660705566406250000 HTTP/1.1" 200 - "-" "WordPress/7.1.1; https://veewin24hr.com"
34.90.217.245 - - [20/Sep/2026:21:16:49 +0700] "GET /.env.yml HTTP/1.1" 301 - "-" "Mozilla/5.0 (Windows NT 10.0; Win64; x64) AppleWebKit/537.36 (KHTML, like Gecko) Chrome/131.0.0.0 Safari/537.36"
34.90.217.245 - - [20/Sep/2026:21:16:51 +0700] "GET /app/.env HTTP/1.1" 301 - "-" "Mozilla/5.0 (Windows NT 10.0; Win64; x64) AppleWebKit/537.36 (KHTML, like Gecko) Chrome/131.0.0.0 Safari/537.36"
34.90.217.245 - - [20/Sep/2026:21:16:54 +0700] "GET /apps/.env HTTP/1.1" 301 - "-" "Mozilla/5.0 (Windows NT 10.0; Win64; x64) AppleWebKit/537.36 (KHTML, like Gecko) Chrome/131.0.0.0 Safari/537.36"
34.90.217.245 - - [20/Sep/2026:21:16:56 +0700] "GET /api/.env HTTP/1.1" 301 - "-" "Mozilla/5.0 (Windows NT 10.0; Win64; x64) AppleWebKit/537.36 (KHTML, like Gecko) Chrome/131.0.0.0 Safari/537.36"
34.90.217.245 - - [20/Sep/2026:21:16:58 +0700] "GET /web/.env HTTP/1.1" 301 - "-" "Mozilla/5.0 (Windows NT 10.0; Win64; x64) AppleWebKit/537.36 (KHTML, like Gecko) Chrome/131.0.0.0 Safari/537.36"
34.90.217.245 - - [20/Sep/2026:21:17:00 +0700] "GET /site/.env HTTP/1.1" 301 - "-" "Mozilla/5.0 (Windows NT 10.0; Win64; x64) AppleWebKit/537.36 (KHTML, like Gecko) Chrome/131.0.0.0 Safari/537.36"
34.90.217.245 - - [20/Sep/2026:21:17:02 +0700] "GET /public/.env HTTP/1.1" 301 - "-" "Mozilla/5.0 (Windows NT 10.0; Win64; x64) AppleWebKit/537.36 (KHTML, like Gecko) Chrome/131.0.0.0 Safari/537.36"
34.90.217.245 - - [20/Sep/2026:21:17:05 +0700] "GET /admin/.env HTTP/1.1" 301 - "-" "Mozilla/5.0 (Windows NT 10.0; Win64; x64) AppleWebKit/537.36 (KHTML, like Gecko) Chrome/131.0.0.0 Safari/537.36"
34.90.217.245 - - [20/Sep/2026:21:17:07 +0700] "GET /backend/.env HTTP/1.1" 301 - "-" "Mozilla/5.0 (Windows NT 10.0; Win64; x64) AppleWebKit/537.36 (KHTML, like Gecko) Chrome/131.0.0.0 Safari/537.36"
34.90.217.245 - - [20/Sep/2026:21:17:10 +0700] "GET /server/.env HTTP/1.1" 301 - "-" "Mozilla/5.0 (Windows NT 10.0; Win64; x64) AppleWebKit/537.36 (KHTML, like Gecko) Chrome/131.0.0.0 Safari/537.36"
34.90.217.245 - - [20/Sep/2026:21:17:12 +0700] "GET /frontend/.env HTTP/1.1" 301 - "-" "Mozilla/5.0 (Windows NT 10.0; Win64; x64) AppleWebKit/537.36 (KHTML, like Gecko) Chrome/131.0.0.0 Safari/537.36"
34.90.217.245 - - [20/Sep/2026:21:17:15 +0700] "GET /src/.env HTTP/1.1" 301 - "-" "Mozilla/5.0 (Windows NT 10.0; Win64; x64) AppleWebKit/537.36 (KHTML, like Gecko) Chrome/131.0.0.0 Safari/537.36"
34.90.217.245 - - [20/Sep/2026:21:17:17 +0700] "GET /core/.env HTTP/1.1" 301 - "-" "Mozilla/5.0 (Windows NT 10.0; Win64; x64) AppleWebKit/537.36 (KHTML, like Gecko) Chrome/131.0.0.0 Safari/537.36"
34.90.217.245 - - [20/Sep/2026:21:17:23 +0700] "GET /config/.env HTTP/1.1" 301 - "-" "Mozilla/5.0 (Windows NT 10.0; Win64; x64) AppleWebKit/537.36 (KHTML, like Gecko) Chrome/131.0.0.0 Safari/537.36"
34.90.217.245 - - [20/Sep/2026:21:17:26 +0700] "GET /private/.env HTTP/1.1" 301 - "-" "Mozilla/5.0 (Windows NT 10.0; Win64; x64) AppleWebKit/537.36 (KHTML, like Gecko) Chrome/131.0.0.0 Safari/537.36"
34.90.217.245 - - [20/Sep/2026:21:17:29 +0700] "GET /application/.env HTTP/1.1" 301 - "-" "Mozilla/5.0 (Windows NT 10.0; Win64; x64) AppleWebKit/537.36 (KHTML, like Gecko) Chrome/131.0.0.0 Safari/537.36"
34.90.217.245 - - [20/Sep/2026:21:17:31 +0700] "GET /bootstrap/.env HTTP/1.1" 301 - "-" "Mozilla/5.0 (Windows NT 10.0; Win64; x64) AppleWebKit/537.36 (KHTML, like Gecko) Chrome/131.0.0.0 Safari/537.36"
34.90.217.245 - - [20/Sep/2026:21:17:34 +0700] "GET /database/.env HTTP/1.1" 301 - "-" "Mozilla/5.0 (Windows NT 10.0; Win64; x64) AppleWebKit/537.36 (KHTML, like Gecko) Chrome/131.0.0.0 Safari/537.36"
34.90.217.245 - - [20/Sep/2026:21:17:36 +0700] "GET /storage/.env HTTP/1.1" 301 - "-" "Mozilla/5.0 (Windows NT 10.0; Win64; x64) AppleWebKit/537.36 (KHTML, like Gecko) Chrome/131.0.0.0 Safari/537.36"
34.90.217.245 - - [20/Sep/2026:21:17:46 +0700] "GET /current/.env HTTP/1.1" 301 - "-" "Mozilla/5.0 (Windows NT 10.0; Win64; x64) AppleWebKit/537.36 (KHTML, like Gecko) Chrome/131.0.0.0 Safari/537.36"
34.90.217.245 - - [20/Sep/2026:21:17:49 +0700] "GET /release/.env HTTP/1.1" 301 - "-" "Mozilla/5.0 (Windows NT 10.0; Win64; x64) AppleWebKit/537.36 (KHTML, like Gecko) Chrome/131.0.0.0 Safari/537.36"
34.90.217.245 - - [20/Sep/2026:21:17:52 +0700] "GET /releases/.env HTTP/1.1" 301 - "-" "Mozilla/5.0 (Windows NT 10.0; Win64; x64) AppleWebKit/537.36 (KHTML, like Gecko) Chrome/131.0.0.0 Safari/537.36"
34.90.217.245 - - [20/Sep/2026:21:17:55 +0700] "GET /shared/.env HTTP/1.1" 301 - "-" "Mozilla/5.0 (Windows NT 10.0; Win64; x64) AppleWebKit/537.36 (KHTML, like Gecko) Chrome/131.0.0.0 Safari/537.36"
34.90.217.245 - - [20/Sep/2026:21:17:57 +0700] "GET /deploy/.env HTTP/1.1" 301 - "-" "Mozilla/5.0 (Windows NT 10.0; Win64; x64) AppleWebKit/537.36 (KHTML, like Gecko) Chrome/131.0.0.0 Safari/537.36"
34.90.217.245 - - [20/Sep/2026:21:18:00 +0700] "GET /build/.env HTTP/1.1" 301 - "-" "Mozilla/5.0 (Windows NT 10.0; Win64; x64) AppleWebKit/537.36 (KHTML, like Gecko) Chrome/131.0.0.0 Safari/537.36"
34.90.217.245 - - [20/Sep/2026:21:18:03 +0700] "GET /dist/.env HTTP/1.1" 301 - "-" "Mozilla/5.0 (Windows NT 10.0; Win64; x64) AppleWebKit/537.36 (KHTML, like Gecko) Chrome/131.0.0.0 Safari/537.36"
34.90.217.245 - - [20/Sep/2026:21:18:05 +0700] "GET /public_html/.env HTTP/1.1" 301 - "-" "Mozilla/5.0 (Windows NT 10.0; Win64; x64) AppleWebKit/537.36 (KHTML, like Gecko) Chrome/131.0.0.0 Safari/537.36"
34.90.217.245 - - [20/Sep/2026:21:18:07 +0700] "GET /htdocs/.env HTTP/1.1" 301 - "-" "Mozilla/5.0 (Windows NT 10.0; Win64; x64) AppleWebKit/537.36 (KHTML, like Gecko) Chrome/131.0.0.0 Safari/537.36"
34.90.217.245 - - [20/Sep/2026:21:18:11 +0700] "GET /www/.env HTTP/1.1" 301 - "-" "Mozilla/5.0 (Windows NT 10.0; Win64; x64) AppleWebKit/537.36 (KHTML, like Gecko) Chrome/131.0.0.0 Safari/537.36"
34.90.217.245 - - [20/Sep/2026:21:18:13 +0700] "GET /html/.env HTTP/1.1" 301 - "-" "Mozilla/5.0 (Windows NT 10.0; Win64; x64) AppleWebKit/537.36 (KHTML, like Gecko) Chrome/131.0.0.0 Safari/537.36"
34.90.217.245 - - [20/Sep/2026:21:17:19 +0700] "GET /core/app/.env HTTP/1.1" 301 - "-" "Mozilla/5.0 (Windows NT 10.0; Win64; x64) AppleWebKit/537.36 (KHTML, like Gecko) Chrome/131.0.0.0 Safari/537.36"
34.90.217.245 - - [20/Sep/2026:21:17:40 +0700] "GET /var/www/.env HTTP/1.1" 301 - "-" "Mozilla/5.0 (Windows NT 10.0; Win64; x64) AppleWebKit/537.36 (KHTML, like Gecko) Chrome/131.0.0.0 Safari/537.36"
34.90.217.245 - - [20/Sep/2026:21:17:43 +0700] "GET /var/www/html/.env HTTP/1.1" 301 - "-" "Mozilla/5.0 (Windows NT 10.0; Win64; x64) AppleWebKit/537.36 (KHTML, like Gecko) Chrome/131.0.0.0 Safari/537.36"
34.90.217.245 - - [20/Sep/2026:21:18:16 +0700] "GET /live/.env HTTP/1.1" 301 - "-" "Mozilla/5.0 (Windows NT 10.0; Win64; x64) AppleWebKit/537.36 (KHTML, like Gecko) Chrome/131.0.0.0 Safari/537.36"
34.90.217.245 - - [20/Sep/2026:21:18:19 +0700] "GET /prod/.env HTTP/1.1" 301 - "-" "Mozilla/5.0 (Windows NT 10.0; Win64; x64) AppleWebKit/537.36 (KHTML, like Gecko) Chrome/131.0.0.0 Safari/537.36"
34.90.217.245 - - [20/Sep/2026:21:18:21 +0700] "GET /dev/.env HTTP/1.1" 301 - "-" "Mozilla/5.0 (Windows NT 10.0; Win64; x64) AppleWebKit/537.36 (KHTML, like Gecko) Chrome/131.0.0.0 Safari/537.36"
34.90.217.245 - - [20/Sep/2026:21:18:24 +0700] "GET /staging/.env HTTP/1.1" 301 - "-" "Mozilla/5.0 (Windows NT 10.0; Win64; x64) AppleWebKit/537.36 (KHTML, like Gecko) Chrome/131.0.0.0 Safari/537.36"
34.90.217.245 - - [20/Sep/2026:21:18:28 +0700] "GET /opt/.env HTTP/1.1" 301 - "-" "Mozilla/5.0 (Windows NT 10.0; Win64; x64) AppleWebKit/537.36 (KHTML, like Gecko) Chrome/131.0.0.0 Safari/537.36"
34.90.217.245 - - [20/Sep/2026:21:18:30 +0700] "GET /laravel/.env HTTP/1.1" 301 - "-" "Mozilla/5.0 (Windows NT 10.0; Win64; x64) AppleWebKit/537.36 (KHTML, like Gecko) Chrome/131.0.0.0 Safari/537.36"
34.90.217.245 - - [20/Sep/2026:21:18:34 +0700] "GET /symfony/.env HTTP/1.1" 301 - "-" "Mozilla/5.0 (Windows NT 10.0; Win64; x64) AppleWebKit/537.36 (KHTML, like Gecko) Chrome/131.0.0.0 Safari/537.36"
34.90.217.245 - - [20/Sep/2026:21:18:36 +0700] "GET /wordpress/.env HTTP/1.1" 301 - "-" "Mozilla/5.0 (Windows NT 10.0; Win64; x64) AppleWebKit/537.36 (KHTML, like Gecko) Chrome/131.0.0.0 Safari/537.36"
34.90.217.245 - - [20/Sep/2026:21:18:39 +0700] "GET /wp/.env HTTP/1.1" 301 - "-" "Mozilla/5.0 (Windows NT 10.0; Win64; x64) AppleWebKit/537.36 (KHTML, like Gecko) Chrome/131.0.0.0 Safari/537.36"
34.90.217.245 - - [20/Sep/2026:21:18:41 +0700] "GET /cms/.env HTTP/1.1" 301 - "-" "Mozilla/5.0 (Windows NT 10.0; Win64; x64) AppleWebKit/537.36 (KHTML, like Gecko) Chrome/131.0.0.0 Safari/537.36"
34.90.217.245 - - [20/Sep/2026:21:18:45 +0700] "GET /drupal/.env HTTP/1.1" 301 - "-" "Mozilla/5.0 (Windows NT 10.0; Win64; x64) AppleWebKit/537.36 (KHTML, like Gecko) Chrome/131.0.0.0 Safari/537.36"
34.90.217.245 - - [20/Sep/2026:21:18:47 +0700] "GET /joomla/.env HTTP/1.1" 301 - "-" "Mozilla/5.0 (Windows NT 10.0; Win64; x64) AppleWebKit/537.36 (KHTML, like Gecko) Chrome/131.0.0.0 Safari/537.36"
34.90.217.245 - - [20/Sep/2026:21:18:50 +0700] "GET /magento/.env HTTP/1.1" 301 - "-" "Mozilla/5.0 (Windows NT 10.0; Win64; x64) AppleWebKit/537.36 (KHTML, like Gecko) Chrome/131.0.0.0 Safari/537.36"
34.90.217.245 - - [20/Sep/2026:21:18:54 +0700] "GET /shopify/.env HTTP/1.1" 301 - "-" "Mozilla/5.0 (Windows NT 10.0; Win64; x64) AppleWebKit/537.36 (KHTML, like Gecko) Chrome/131.0.0.0 Safari/537.36"
34.90.217.245 - - [20/Sep/2026:21:18:57 +0700] "GET /prestashop/.env HTTP/1.1" 301 - "-" "Mozilla/5.0 (Windows NT 10.0; Win64; x64) AppleWebKit/537.36 (KHTML, like Gecko) Chrome/131.0.0.0 Safari/537.36"
34.90.217.245 - - [20/Sep/2026:21:19:02 +0700] "GET /codeigniter/.env HTTP/1.1" 301 - "-" "Mozilla/5.0 (Windows NT 10.0; Win64; x64) AppleWebKit/537.36 (KHTML, like Gecko) Chrome/131.0.0.0 Safari/537.36"
34.90.217.245 - - [20/Sep/2026:21:19:04 +0700] "GET /cakephp/.env HTTP/1.1" 301 - "-" "Mozilla/5.0 (Windows NT 10.0; Win64; x64) AppleWebKit/537.36 (KHTML, like Gecko) Chrome/131.0.0.0 Safari/537.36"
34.90.217.245 - - [20/Sep/2026:21:19:07 +0700] "GET /phpinfo.php HTTP/1.1" 301 - "-" "Mozilla/5.0 (Windows NT 10.0; Win64; x64) AppleWebKit/537.36 (KHTML, like Gecko) Chrome/131.0.0.0 Safari/537.36"
34.90.217.245 - - [20/Sep/2026:21:19:09 +0700] "GET /info.php HTTP/1.1" 301 - "-" "Mozilla/5.0 (Windows NT 10.0; Win64; x64) AppleWebKit/537.36 (KHTML, like Gecko) Chrome/131.0.0.0 Safari/537.36"
34.90.217.245 - - [20/Sep/2026:21:19:12 +0700] "GET /php.php HTTP/1.1" 301 - "-" "Mozilla/5.0 (Windows NT 10.0; Win64; x64) AppleWebKit/537.36 (KHTML, like Gecko) Chrome/131.0.0.0 Safari/537.36"
34.90.217.245 - - [20/Sep/2026:21:19:15 +0700] "GET /i.php HTTP/1.1" 301 - "-" "Mozilla/5.0 (Windows NT 10.0; Win64; x64) AppleWebKit/537.36 (KHTML, like Gecko) Chrome/131.0.0.0 Safari/537.36"
34.90.217.245 - - [20/Sep/2026:21:19:18 +0700] "GET /pi.php HTTP/1.1" 301 - "-" "Mozilla/5.0 (Windows NT 10.0; Win64; x64) AppleWebKit/537.36 (KHTML, like Gecko) Chrome/131.0.0.0 Safari/537.36"
34.90.217.245 - - [20/Sep/2026:21:19:21 +0700] "GET /pinfo.php HTTP/1.1" 301 - "-" "Mozilla/5.0 (Windows NT 10.0; Win64; x64) AppleWebKit/537.36 (KHTML, like Gecko) Chrome/131.0.0.0 Safari/537.36"
34.90.217.245 - - [20/Sep/2026:21:19:27 +0700] "GET /phpinfo HTTP/1.1" 301 - "-" "Mozilla/5.0 (Windows NT 10.0; Win64; x64) AppleWebKit/537.36 (KHTML, like Gecko) Chrome/131.0.0.0 Safari/537.36"
34.90.217.245 - - [20/Sep/2026:21:19:26 +0700] "GET /test.php HTTP/1.1" 301 - "-" "Mozilla/5.0 (Windows NT 10.0; Win64; x64) AppleWebKit/537.36 (KHTML, like Gecko) Chrome/131.0.0.0 Safari/537.36"
185.191.171.2 - - [20/Sep/2026:21:19:26 +0700] "GET /sinon-tronco-di-bonus-di-saluto-nei-casa-da-gioco-assegnato-sopra-free-spin-ovvero-nomea-a-gareggiare/ HTTP/1.1" 200 61602 "-" "Mozilla/5.0 (compatible; SemrushBot/7~bl; +http://www.semrush.com/bot.html)"
34.90.217.245 - - [20/Sep/2026:21:19:30 +0700] "GET /service-account.json HTTP/1.1" 301 - "-" "Mozilla/5.0 (Windows NT 10.0; Win64; x64) AppleWebKit/537.36 (KHTML, like Gecko) Chrome/131.0.0.0 Safari/537.36"
34.90.217.245 - - [20/Sep/2026:21:19:34 +0700] "GET /sa.json HTTP/1.1" 301 - "-" "Mozilla/5.0 (Windows NT 10.0; Win64; x64) AppleWebKit/537.36 (KHTML, like Gecko) Chrome/131.0.0.0 Safari/537.36"
34.90.217.245 - - [20/Sep/2026:21:19:36 +0700] "GET /gcp-key.json HTTP/1.1" 301 - "-" "Mozilla/5.0 (Windows NT 10.0; Win64; x64) AppleWebKit/537.36 (KHTML, like Gecko) Chrome/131.0.0.0 Safari/537.36"
34.90.217.245 - - [20/Sep/2026:21:19:40 +0700] "GET /gcp-credentials.json HTTP/1.1" 301 - "-" "Mozilla/5.0 (Windows NT 10.0; Win64; x64) AppleWebKit/537.36 (KHTML, like Gecko) Chrome/131.0.0.0 Safari/537.36"
34.90.217.245 - - [20/Sep/2026:21:19:43 +0700] "GET /gcp-sa.json HTTP/1.1" 301 - "-" "Mozilla/5.0 (Windows NT 10.0; Win64; x64) AppleWebKit/537.36 (KHTML, like Gecko) Chrome/131.0.0.0 Safari/537.36"
34.90.217.245 - - [20/Sep/2026:21:19:49 +0700] "GET /google-credentials.json HTTP/1.1" 301 - "-" "Mozilla/5.0 (Windows NT 10.0; Win64; x64) AppleWebKit/537.36 (KHTML, like Gecko) Chrome/131.0.0.0 Safari/537.36"
34.90.217.245 - - [20/Sep/2026:21:19:46 +0700] "GET /credentials.json HTTP/1.1" 301 - "-" "Mozilla/5.0 (Windows NT 10.0; Win64; x64) AppleWebKit/537.36 (KHTML, like Gecko) Chrome/131.0.0.0 Safari/537.36"
34.90.217.245 - - [20/Sep/2026:21:19:52 +0700] "GET /google-key.json HTTP/1.1" 301 - "-" "Mozilla/5.0 (Windows NT 10.0; Win64; x64) AppleWebKit/537.36 (KHTML, like Gecko) Chrome/131.0.0.0 Safari/537.36"
34.90.217.245 - - [20/Sep/2026:21:19:55 +0700] "GET / HTTP/1.1" 504 - "-" "Mozilla/5.0 (Macintosh; Intel Mac OS X 10_15_7) AppleWebKit/537.36 (KHTML, like Gecko) Chrome/131.0.0.0 Safari/537.36"
51.81.111.14 - - [20/Sep/2026:21:43:26 +0700] "GET /wish-to-know-a-little-more-about-exactly-how-we-opt-for-the-finest-casinos/ HTTP/1.1" 200 60101 "-" "Mozilla/5.0 (compatible; AhrefsBot/7.0; +http://ahrefs.com/robot/)"
85.208.96.208 - - [20/Sep/2026:21:44:10 +0700] "GET /kumarhanelerde-oyun-stratejileri-ve-yonetimi-5/ HTTP/1.1" 200 54196 "-" "Mozilla/5.0 (compatible; SemrushBot/7~bl; +http://www.semrush.com/bot.html)"
103.131.18.139 - - [20/Sep/2026:21:46:05 +0700] "GET /goldbet-casino-magyarorszag-hivatalos-oldal-2026/ HTTP/1.1" 200 58543 "https://veewin24hr.com/" "Mozilla/5.0 (X11; Linux x86_64) AppleWebKit/537.36 (KHTML, like Gecko) Chrome/148.0.0.0 Safari/537.36"
103.131.18.139 - - [20/Sep/2026:21:46:19 +0700] "GET /wp-login.php?action=register HTTP/1.1" 302 - "https://veewin24hr.com/goldbet-casino-magyarorszag-hivatalos-oldal-2026/" "Mozilla/5.0 (Windows NT 6.3; Win64; x64) AppleWebKit/537.36 (KHTML, like Gecko) Chrome/103.0.0.0 Safari/537.36"
103.131.18.139 - - [20/Sep/2026:21:46:37 +0700] "GET /wp-login.php?registration=disabled HTTP/1.1" 200 7447 "https://veewin24hr.com/wp-login.php?action=register" "Mozilla/5.0 (Windows NT 6.3; Win64; x64) AppleWebKit/537.36 (KHTML, like Gecko) Chrome/103.0.0.0 Safari/537.36"
66.249.66.44 - - [20/Sep/2026:21:48:49 +0700] "GET /unlocking-rewards-at-fast-withdrawal-casinos-canada-the-best-welcome-bonuses-for-players/ HTTP/1.1" 200 62321 "-" "Mozilla/5.0 (Linux; Android 6.0.1; Nexus 5X Build/MMB29P) AppleWebKit/537.36 (KHTML, like Gecko) Chrome/153.0.8010.47 Mobile Safari/537.36 (compatible; Googlebot/2.1; +http://www.google.com/bot.html)"
66.249.66.64 - - [20/Sep/2026:21:49:32 +0700] "GET /wp-includes/js/dist/i18n.min.js?ver=1dfe7db3940c23ea9216 HTTP/1.1" 304 - "https://veewin24hr.com/unlocking-rewards-at-fast-withdrawal-casinos-canada-the-best-welcome-bonuses-for-players/" "Mozilla/5.0 (Linux; Android 6.0.1; Nexus 5X Build/MMB29P) AppleWebKit/537.36 (KHTML, like Gecko) Chrome/153.0.8010.47 Mobile Safari/537.36 (compatible; Googlebot/2.1; +http://www.google.com/bot.html)"
173.254.28.219 - - [20/Sep/2026:21:49:32 +0700] "GET /wp-login.php HTTP/1.1" 200 7255 "-" "Mozilla/5.0 (Macintosh; Intel Mac OS X 10_15_7) AppleWebKit/537.36 (KHTML, like Gecko) Chrome/146.0.0.0 Safari/537.36"
173.254.28.219 - - [20/Sep/2026:21:49:33 +0700] "POST /wp-login.php HTTP/1.1" 200 7680 "https://veewin24hr.com/wp-login.php" "Mozilla/5.0 (Macintosh; Intel Mac OS X 10_15_7) AppleWebKit/537.36 (KHTML, like Gecko) Chrome/146.0.0.0 Safari/537.36"
66.249.66.45 - - [20/Sep/2026:21:49:35 +0700] "GET /wp-content/plugins/elementor/assets/lib/animations/styles/e-animation-shrink.min.css?ver=4.2.3 HTTP/1.1" 304 - "https://veewin24hr.com/unlocking-rewards-at-fast-withdrawal-casinos-canada-the-best-welcome-bonuses-for-players/" "Mozilla/5.0 (Linux; Android 6.0.1; Nexus 5X Build/MMB29P) AppleWebKit/537.36 (KHTML, like Gecko) Chrome/153.0.8010.47 Mobile Safari/537.36 (compatible; Googlebot/2.1; +http://www.google.com/bot.html)"
173.254.28.219 - - [20/Sep/2026:21:49:34 +0700] "GET /wp-json/wp/v2/users/me HTTP/1.1" 401 96 "-" "Mozilla/5.0 (Macintosh; Intel Mac OS X 10_15_7) AppleWebKit/537.36 (KHTML, like Gecko) Chrome/146.0.0.0 Safari/537.36"
66.249.66.78 - - [20/Sep/2026:21:49:48 +0700] "GET /wp-content/plugins/elementor/assets/css/widget-image.min.css?ver=4.2.3 HTTP/1.1" 304 - "https://veewin24hr.com/unlocking-rewards-at-fast-withdrawal-casinos-canada-the-best-welcome-bonuses-for-players/" "Mozilla/5.0 (Linux; Android 6.0.1; Nexus 5X Build/MMB29P) AppleWebKit/537.36 (KHTML, like Gecko) Chrome/153.0.8010.47 Mobile Safari/537.36 (compatible; Googlebot/2.1; +http://www.google.com/bot.html)"
51.81.111.112 - - [20/Sep/2026:21:51:14 +0700] "GET /we-offer-a-variety-of-safer-and-you-may-simpler-percentage-methods-for-united-kingdom-users/ HTTP/1.1" 200 59352 "-" "Mozilla/5.0 (compatible; AhrefsBot/7.0; +http://ahrefs.com/robot/)"
85.208.96.205 - - [20/Sep/2026:21:51:41 +0700] "GET /casino-online-trends-changing-the-method-bettors-select-games/ HTTP/1.1" 200 63251 "-" "Mozilla/5.0 (compatible; SemrushBot/7~bl; +http://www.semrush.com/bot.html)"
34.138.210.42 - - [20/Sep/2026:21:54:37 +0700] "GET / HTTP/1.1" 200 80256 "http://veewin24hr.com" "Mozilla/5.0 (compatible; CMS-Checker/1.0; +https://example.com)"
62.93.167.117 - - [20/Sep/2026:21:56:13 +0700] "POST /xmlrpc.php HTTP/1.1" 200 166028 "-" "Mozilla/5.0 (Windows NT 10.0; Win64; x64) AppleWebKit/537.36 (KHTML, like Gecko) Chrome/140.0.0.0 Safari/537.36"
62.93.167.117 - - [20/Sep/2026:21:56:16 +0700] "POST /xmlrpc.php HTTP/1.1" 200 434 "-" "Mozilla/5.0 (Windows NT 10.0; Win64; x64) AppleWebKit/537.36 (KHTML, like Gecko) Chrome/140.0.0.0 Safari/537.36"
198.252.107.178 - - [20/Sep/2026:21:56:18 +0700] "POST /wp-cron.php?doing_wp_cron=1789916178.8968980312347412109375 HTTP/1.1" 200 - "-" "WordPress/7.1.1; https://veewin24hr.com"
62.93.167.117 - - [20/Sep/2026:21:56:17 +0700] "POST /xmlrpc.php HTTP/1.1" 200 181 "-" "Mozilla/5.0 (Windows NT 10.0; Win64; x64) AppleWebKit/537.36 (KHTML, like Gecko) Chrome/140.0.0.0 Safari/537.36"
62.93.167.117 - - [20/Sep/2026:21:56:19 +0700] "POST /xmlrpc.php HTTP/1.1" 200 9150 "-" "Mozilla/5.0 (Windows NT 10.0; Win64; x64) AppleWebKit/537.36 (KHTML, like Gecko) Chrome/140.0.0.0 Safari/537.36"
62.93.167.117 - - [20/Sep/2026:21:56:21 +0700] "POST /xmlrpc.php HTTP/1.1" 200 181 "-" "Mozilla/5.0 (Windows NT 10.0; Win64; x64) AppleWebKit/537.36 (KHTML, like Gecko) Chrome/140.0.0.0 Safari/537.36"
62.93.167.117 - - [20/Sep/2026:21:56:23 +0700] "POST /xmlrpc.php HTTP/1.1" 200 10603 "-" "Mozilla/5.0 (Windows NT 10.0; Win64; x64) AppleWebKit/537.36 (KHTML, like Gecko) Chrome/140.0.0.0 Safari/537.36"
198.252.107.178 - - [20/Sep/2026:21:58:21 +0700] "POST /wp-cron.php?doing_wp_cron=1789916301.2352519035339355468750 HTTP/1.1" 200 - "-" "WordPress/7.1.1; https://veewin24hr.com"
40.77.167.235 - - [20/Sep/2026:21:58:19 +0700] "GET /con-referencia-vacante-hoy-se-sugiere-que-su-libreria-abarca-mas-de-3/ HTTP/1.1" 200 58059 "-" "Mozilla/5.0 AppleWebKit/537.36 (KHTML, like Gecko; compatible; bingbot/2.0; +http://www.bing.com/bingbot.htm) Chrome/116.0.1938.76 Safari/537.36"
51.81.103.248 - - [20/Sep/2026:21:59:10 +0700] "GET /to-evaluate-whether-a-casino-is-actually-registered-by-the-ukgc-lookup-their-website-and-you-may-search-towards-the-footer/ HTTP/1.1" 200 58908 "-" "Mozilla/5.0 (compatible; AhrefsBot/7.0; +http://ahrefs.com/robot/)"
74.7.228.59 - - [20/Sep/2026:22:00:06 +0700] "GET /robots.txt HTTP/1.1" 200 172 "-" "Mozilla/5.0 (Macintosh; Intel Mac OS X 10_15_7) AppleWebKit/537.36 (KHTML, like Gecko) Chrome/131.0.0.0 Safari/537.36; compatible; OAI-SearchBot/1.4; robots.txt; +https://openai.com/searchbot"
185.191.171.9 - - [20/Sep/2026:22:01:27 +0700] "GET /i-was-able-to-availability-my-personal-task-checklist-of-the-pressing-new-upper-best-eating-plan-tapping-%EF%BF%BDpromotions%EF%BF%BD-and-you-may-pressing-%EF%BF%BDeveryday-objectives/ HTTP/1.1" 200 61665 "-" "Mozilla/5.0 (compatible; SemrushBot/7~bl; +http://www.semrush.com/bot.html)"
216.73.216.249 - - [20/Sep/2026:22:01:33 +0700] "GET /robots.txt HTTP/1.1" 200 172 "-" "Mozilla/5.0 AppleWebKit/537.36 (KHTML, like Gecko; compatible; ClaudeBot/1.0; +claudebot@anthropic.com)"
130.51.22.156 - - [20/Sep/2026:22:05:30 +0700] "GET /goldbet-casino-magyarorszag-hivatalos-oldal-2026/ HTTP/1.1" 200 58543 "https://veewin24hr.com/" "Mozilla/5.0 (Windows NT 10.0; Win64; x64) AppleWebKit/537.36 (KHTML, like Gecko) Chrome/134.0.0.0 YaBrowser/25.4.0.0 Safari/537.36"
51.81.111.65 - - [20/Sep/2026:22:07:34 +0700] "GET /start-playing-to-check-out-enjoyable-layouts-that-make-spinning-a-lot-more-exciting/ HTTP/1.1" 200 58624 "-" "Mozilla/5.0 (compatible; AhrefsBot/7.0; +http://ahrefs.com/robot/)"
34.75.179.8 - - [20/Sep/2026:22:09:35 +0700] "GET / HTTP/1.1" 200 80256 "-" "Mozilla/5.0 (Windows NT 10.0; Win64; x64) AppleWebKit/537.36 (KHTML, like Gecko) Chrome/78.0.3904.108 Safari/537.36"
34.75.179.8 - - [20/Sep/2026:22:09:41 +0700] "GET //wp-includes/wlwmanifest.xml HTTP/1.1" 301 - "-" "Mozilla/5.0 (Windows NT 10.0; Win64; x64) AppleWebKit/537.36 (KHTML, like Gecko) Chrome/78.0.3904.108 Safari/537.36"
34.75.179.8 - - [20/Sep/2026:22:09:43 +0700] "GET //xmlrpc.php?rsd HTTP/1.1" 200 799 "-" "Mozilla/5.0 (Windows NT 10.0; Win64; x64) AppleWebKit/537.36 (KHTML, like Gecko) Chrome/78.0.3904.108 Safari/537.36"
207.46.13.154 - - [20/Sep/2026:22:10:09 +0700] "GET /with-your-codes-strategically-you-might-optimize-your-payouts-and-you-can-possibly-walk-off-with-money-into-your-pocket/ HTTP/1.1" 200 58039 "-" "Mozilla/5.0 AppleWebKit/537.36 (KHTML, like Gecko; compatible; bingbot/2.0; +http://www.bing.com/bingbot.htm) Chrome/116.0.1938.76 Safari/537.36"
