95.211.126.56 - - [21/Sep/2026:11:26:34 +0700] "POST / HTTP/1.1" 200 16 "-" "Mozilla/5.0 (Macintosh; Intel Mac OS X 10_15_7) AppleWebKit/537.36 (KHTML, like Gecko) Chrome/120.0.0.0 Safari/537.36"
193.24.211.106 - - [21/Sep/2026:11:26:36 +0700] "POST /wp-content/plugins/wordpress-seo/src/schema-aggregator/infrastructure/schema-pieces/wordpress.piece.repository.repository.php HTTP/1.1" 301 - "-" "Mozilla/5.0 (Macintosh; Intel Mac OS X 10_15_7) AppleWebKit/537.36 (KHTML, like Gecko) Chrome/120.0.0.0 Safari/537.36"
193.24.211.106 - - [21/Sep/2026:11:26:37 +0700] "GET / HTTP/1.1" 200 - "-" "Mozilla/5.0 (Macintosh; Intel Mac OS X 10_15_7) AppleWebKit/537.36 (KHTML, like Gecko) Chrome/120.0.0.0 Safari/537.36"
95.211.126.56 - - [21/Sep/2026:11:26:40 +0700] "GET / HTTP/1.1" 200 15 "-" "Mozilla/5.0 (Macintosh; Intel Mac OS X 10_15_7) AppleWebKit/537.36 (KHTML, like Gecko) Chrome/120.0.0.0 Safari/537.36"
95.211.126.56 - - [21/Sep/2026:11:26:43 +0700] "POST / HTTP/1.1" 200 9 "-" "Mozilla/5.0 (Macintosh; Intel Mac OS X 10_15_7) AppleWebKit/537.36 (KHTML, like Gecko) Chrome/120.0.0.0 Safari/537.36"
95.211.126.56 - - [21/Sep/2026:11:26:45 +0700] "GET / HTTP/1.1" 200 15 "-" "Mozilla/5.0 (Macintosh; Intel Mac OS X 10_15_7) AppleWebKit/537.36 (KHTML, like Gecko) Chrome/120.0.0.0 Safari/537.36"
95.211.126.56 - - [21/Sep/2026:11:26:47 +0700] "POST / HTTP/1.1" 200 38 "-" "Mozilla/5.0 (Macintosh; Intel Mac OS X 10_15_7) AppleWebKit/537.36 (KHTML, like Gecko) Chrome/120.0.0.0 Safari/537.36"
95.211.126.56 - - [21/Sep/2026:11:26:49 +0700] "GET / HTTP/1.1" 200 15 "-" "Mozilla/5.0 (Macintosh; Intel Mac OS X 10_15_7) AppleWebKit/537.36 (KHTML, like Gecko) Chrome/120.0.0.0 Safari/537.36"
95.211.126.56 - - [21/Sep/2026:11:26:51 +0700] "POST / HTTP/1.1" 200 16 "-" "Mozilla/5.0 (Macintosh; Intel Mac OS X 10_15_7) AppleWebKit/537.36 (KHTML, like Gecko) Chrome/120.0.0.0 Safari/537.36"
193.24.211.106 - - [21/Sep/2026:11:26:53 +0700] "POST /wp-content/plugins/wordpress-seo/src/task-list/application/endpoints/endpoints.repository.php HTTP/1.1" 301 - "-" "Mozilla/5.0 (Macintosh; Intel Mac OS X 10_15_7) AppleWebKit/537.36 (KHTML, like Gecko) Chrome/120.0.0.0 Safari/537.36"
193.24.211.106 - - [21/Sep/2026:11:26:54 +0700] "GET / HTTP/1.1" 200 - "-" "Mozilla/5.0 (Macintosh; Intel Mac OS X 10_15_7) AppleWebKit/537.36 (KHTML, like Gecko) Chrome/120.0.0.0 Safari/537.36"
95.211.126.56 - - [21/Sep/2026:11:26:57 +0700] "GET / HTTP/1.1" 200 15 "-" "Mozilla/5.0 (Macintosh; Intel Mac OS X 10_15_7) AppleWebKit/537.36 (KHTML, like Gecko) Chrome/120.0.0.0 Safari/537.36"
95.211.126.56 - - [21/Sep/2026:11:26:59 +0700] "POST / HTTP/1.1" 200 9 "-" "Mozilla/5.0 (Macintosh; Intel Mac OS X 10_15_7) AppleWebKit/537.36 (KHTML, like Gecko) Chrome/120.0.0.0 Safari/537.36"
95.211.126.56 - - [21/Sep/2026:11:27:01 +0700] "GET / HTTP/1.1" 200 15 "-" "Mozilla/5.0 (Macintosh; Intel Mac OS X 10_15_7) AppleWebKit/537.36 (KHTML, like Gecko) Chrome/120.0.0.0 Safari/537.36"
95.211.126.56 - - [21/Sep/2026:11:27:03 +0700] "POST / HTTP/1.1" 200 154 "-" "Mozilla/5.0 (Macintosh; Intel Mac OS X 10_15_7) AppleWebKit/537.36 (KHTML, like Gecko) Chrome/120.0.0.0 Safari/537.36"
95.211.126.56 - - [21/Sep/2026:11:27:05 +0700] "GET / HTTP/1.1" 200 15 "-" "Mozilla/5.0 (Macintosh; Intel Mac OS X 10_15_7) AppleWebKit/537.36 (KHTML, like Gecko) Chrome/120.0.0.0 Safari/537.36"
95.211.126.56 - - [21/Sep/2026:11:27:07 +0700] "POST / HTTP/1.1" 200 16 "-" "Mozilla/5.0 (Macintosh; Intel Mac OS X 10_15_7) AppleWebKit/537.36 (KHTML, like Gecko) Chrome/120.0.0.0 Safari/537.36"
193.24.211.106 - - [21/Sep/2026:11:27:09 +0700] "POST /wp-content/plugins/wordpress-seo/src/task-list/domain/components/score.task.analyzer.php HTTP/1.1" 301 - "-" "Mozilla/5.0 (Macintosh; Intel Mac OS X 10_15_7) AppleWebKit/537.36 (KHTML, like Gecko) Chrome/120.0.0.0 Safari/537.36"
193.24.211.106 - - [21/Sep/2026:11:27:10 +0700] "GET / HTTP/1.1" 200 - "-" "Mozilla/5.0 (Macintosh; Intel Mac OS X 10_15_7) AppleWebKit/537.36 (KHTML, like Gecko) Chrome/120.0.0.0 Safari/537.36"
95.211.126.56 - - [21/Sep/2026:11:27:13 +0700] "GET / HTTP/1.1" 200 15 "-" "Mozilla/5.0 (Macintosh; Intel Mac OS X 10_15_7) AppleWebKit/537.36 (KHTML, like Gecko) Chrome/120.0.0.0 Safari/537.36"
95.211.126.56 - - [21/Sep/2026:11:27:15 +0700] "POST / HTTP/1.1" 200 9 "-" "Mozilla/5.0 (Macintosh; Intel Mac OS X 10_15_7) AppleWebKit/537.36 (KHTML, like Gecko) Chrome/120.0.0.0 Safari/537.36"
95.211.126.56 - - [21/Sep/2026:11:27:18 +0700] "GET / HTTP/1.1" 200 15 "-" "Mozilla/5.0 (Macintosh; Intel Mac OS X 10_15_7) AppleWebKit/537.36 (KHTML, like Gecko) Chrome/120.0.0.0 Safari/537.36"
95.211.126.56 - - [21/Sep/2026:11:27:20 +0700] "POST / HTTP/1.1" 200 313 "-" "Mozilla/5.0 (Macintosh; Intel Mac OS X 10_15_7) AppleWebKit/537.36 (KHTML, like Gecko) Chrome/120.0.0.0 Safari/537.36"
198.204.240.234 - - [21/Sep/2026:11:27:20 +0700] "GET /wp-content/qqd523b6/edit.php HTTP/1.1" 200 6 "https://matin168d.com/wp-content/qqd523b6/edit.php" "Mozilla/5.0 (Windows NT 6.1; WOW64; rv:9.0.1) Gecko/20100101 Firefox/9.0.1"
95.211.126.56 - - [21/Sep/2026:11:27:23 +0700] "GET / HTTP/1.1" 200 15 "-" "Mozilla/5.0 (Macintosh; Intel Mac OS X 10_15_7) AppleWebKit/537.36 (KHTML, like Gecko) Chrome/120.0.0.0 Safari/537.36"
95.211.126.56 - - [21/Sep/2026:11:27:26 +0700] "POST / HTTP/1.1" 200 16 "-" "Mozilla/5.0 (Macintosh; Intel Mac OS X 10_15_7) AppleWebKit/537.36 (KHTML, like Gecko) Chrome/120.0.0.0 Safari/537.36"
193.24.211.106 - - [21/Sep/2026:11:27:28 +0700] "GET /wp-content/plugins/elementor-pro/modules/forms/actions/activity.php HTTP/1.1" 301 - "-" "Mozilla/5.0 (Macintosh; Intel Mac OS X 10_15_7) AppleWebKit/537.36 (KHTML, like Gecko) Chrome/120.0.0.0 Safari/537.36"
198.252.107.178 - - [21/Sep/2026:11:27:30 +0700] "POST /wp-cron.php?doing_wp_cron=1789964850.1987209320068359375000 HTTP/1.1" 301 - "-" "WordPress/7.1.1; https://matin168d.com"
193.24.211.106 - - [21/Sep/2026:11:27:31 +0700] "GET / HTTP/1.1" 200 - "-" "Mozilla/5.0 (Macintosh; Intel Mac OS X 10_15_7) AppleWebKit/537.36 (KHTML, like Gecko) Chrome/120.0.0.0 Safari/537.36"
95.211.126.56 - - [21/Sep/2026:11:27:33 +0700] "GET / HTTP/1.1" 200 15 "-" "Mozilla/5.0 (Macintosh; Intel Mac OS X 10_15_7) AppleWebKit/537.36 (KHTML, like Gecko) Chrome/120.0.0.0 Safari/537.36"
95.211.126.56 - - [21/Sep/2026:11:27:35 +0700] "POST / HTTP/1.1" 200 9 "-" "Mozilla/5.0 (Macintosh; Intel Mac OS X 10_15_7) AppleWebKit/537.36 (KHTML, like Gecko) Chrome/120.0.0.0 Safari/537.36"
158.173.241.197 - - [21/Sep/2026:11:28:15 +0700] "GET /best-amatic-online-casinos-uk-2026/ HTTP/1.1" 200 - "-" "Mozilla/5.0 (Macintosh; Intel Mac OS X 10_15_7) AppleWebKit/537.36 (KHTML, like Gecko) Chrome/114.0.0.0 Safari/537.36 OPR/100.0.0.0"
198.204.240.234 - - [21/Sep/2026:11:27:00 +0700] "GET /wp-content/qqd523b6/edit.php HTTP/1.1" 200 - "https://matin168d.com/wp-content/qqd523b6/edit.php" "Mozilla/5.0 (Macintosh; Intel Mac OS X 10_6_8) AppleWebKit/534.24 (KHTML, like Gecko) Chrome/11.0.696.71 Safari/534.24"
66.249.72.64 - - [21/Sep/2026:11:29:00 +0700] "GET /sitemap10.xml HTTP/1.1" 200 - "-" "Mozilla/5.0 (compatible; Googlebot/2.1; +http://www.google.com/bot.html)"
134.185.85.61 - - [21/Sep/2026:11:29:04 +0700] "POST /wp-login.php HTTP/1.1" 200 7532 "-" "Mozilla/5.0 (Windows NT 10.0; Win64; rv:143.0) Gecko/20100101 Firefox/143.0"
198.252.107.178 - - [21/Sep/2026:11:29:05 +0700] "POST /wp-cron.php?doing_wp_cron=1789964945.2077989578247070312500 HTTP/1.1" 301 - "-" "WordPress/7.1.1; https://matin168d.com"
66.249.72.66 - - [21/Sep/2026:11:29:40 +0700] "GET /furusato.php?sitemap214.xml HTTP/1.1" 403 - "-" "Mozilla/5.0 (compatible; Googlebot/2.1; +http://www.google.com/bot.html)"
66.249.72.65 - - [21/Sep/2026:11:31:25 +0700] "GET /furusato.php?sitemap651.xml HTTP/1.1" 403 - "-" "Mozilla/5.0 (compatible; Googlebot/2.1; +http://www.google.com/bot.html)"
50.6.19.130 - - [21/Sep/2026:11:31:53 +0700] "POST /xmlrpc.php HTTP/1.1" 301 - "-" "Mozilla/5.0 (Macintosh; Intel Mac OS X 10_15_7) AppleWebKit/537.36 (KHTML, like Gecko) Chrome/151.0.0.0 Safari/537.36"
198.252.107.178 - - [21/Sep/2026:11:31:54 +0700] "POST /wp-cron.php?doing_wp_cron=1789965114.5750050544738769531250 HTTP/1.1" 301 - "-" "WordPress/7.1.1; https://matin168d.com"
50.6.19.130 - - [21/Sep/2026:11:31:55 +0700] "GET / HTTP/1.1" 200 - "https://matin168d.com/xmlrpc.php" "Mozilla/5.0 (Macintosh; Intel Mac OS X 10_15_7) AppleWebKit/537.36 (KHTML, like Gecko) Chrome/151.0.0.0 Safari/537.36"
50.6.19.130 - - [21/Sep/2026:11:31:57 +0700] "GET /wp-json/wp/v2/users/me HTTP/1.1" 401 96 "-" "Mozilla/5.0 (Macintosh; Intel Mac OS X 10_15_7) AppleWebKit/537.36 (KHTML, like Gecko) Chrome/151.0.0.0 Safari/537.36"
198.204.240.234 - - [21/Sep/2026:11:32:28 +0700] "GET /wp-content/qqd523b6/edit.php HTTP/1.1" 200 6 "https://matin168d.com/wp-content/qqd523b6/edit.php" "Mozilla/5.0 (Macintosh; Intel Mac OS X 10.7; rv:9.0.1) Gecko/20100101 Firefox/9.0.1"
159.223.165.52 - - [21/Sep/2026:11:32:40 +0700] "POST /wp-login.php HTTP/1.1" 200 7531 "-" "Mozilla/5.0"
198.204.240.234 - - [21/Sep/2026:11:32:08 +0700] "GET /wp-content/qqd523b6/edit.php HTTP/1.1" 200 - "https://matin168d.com/wp-content/qqd523b6/edit.php" "Mozilla/5.0 (compatible; MSIE 9.0; Windows NT 6.0; Trident/5.0)"
45.136.108.185 - - [21/Sep/2026:11:34:04 +0700] "GET /wp-login.php HTTP/1.1" 200 7160 "-" "Mozilla/5.0 (X11; Linux x86_64) AppleWebKit/537.36 (KHTML, like Gecko) Chrome/146.0.0.0 Safari/537.36"
45.136.108.185 - - [21/Sep/2026:11:34:12 +0700] "POST /wp-login.php HTTP/1.1" 200 7550 "https://matin168d.com/wp-login.php" "Mozilla/5.0 (X11; Linux x86_64) AppleWebKit/537.36 (KHTML, like Gecko) Chrome/146.0.0.0 Safari/537.36"
198.252.107.178 - - [21/Sep/2026:11:34:12 +0700] "POST /wp-cron.php?doing_wp_cron=1789965251.3213410377502441406250 HTTP/1.1" 301 - "-" "WordPress/7.1.1; https://matin168d.com"
34.32.100.85 - - [21/Sep/2026:11:35:38 +0700] "GET / HTTP/1.1" 200 - "-" "Mozilla/5.0 (X11; Linux x86_64) AppleWebKit/537.36 (KHTML, like Gecko) Chrome/131.0.0.0 Safari/537.36"
198.252.107.178 - - [21/Sep/2026:11:35:41 +0700] "POST /wp-cron.php?doing_wp_cron=1789965341.5247170925140380859375 HTTP/1.1" 301 - "-" "WordPress/7.1.1; https://matin168d.com"
34.32.100.85 - - [21/Sep/2026:11:35:43 +0700] "GET /.git/config HTTP/1.1" 301 - "-" "Mozilla/5.0 (X11; Linux x86_64) AppleWebKit/537.36 (KHTML, like Gecko) Chrome/131.0.0.0 Safari/537.36"
34.32.100.85 - - [21/Sep/2026:11:35:46 +0700] "POST / HTTP/1.1" 200 - "-" "Mozilla/5.0 (X11; Linux x86_64) AppleWebKit/537.36 (KHTML, like Gecko) Chrome/131.0.0.0 Safari/537.36"
34.32.100.85 - - [21/Sep/2026:11:35:48 +0700] "GET /.env HTTP/1.1" 301 - "-" "Mozilla/5.0 (X11; Linux x86_64) AppleWebKit/537.36 (KHTML, like Gecko) Chrome/131.0.0.0 Safari/537.36"
34.32.100.85 - - [21/Sep/2026:11:35:51 +0700] "GET /.env.local HTTP/1.1" 301 - "-" "Mozilla/5.0 (X11; Linux x86_64) AppleWebKit/537.36 (KHTML, like Gecko) Chrome/131.0.0.0 Safari/537.36"
34.32.100.85 - - [21/Sep/2026:11:35:54 +0700] "GET / HTTP/1.1" 200 - "-" "Mozilla/5.0 (Macintosh; Intel Mac OS X 10_15_7) AppleWebKit/537.36 (KHTML, like Gecko) Chrome/131.0.0.0 Safari/537.36"
34.32.100.85 - - [21/Sep/2026:11:35:55 +0700] "GET /.env.production HTTP/1.1" 301 - "-" "Mozilla/5.0 (X11; Linux x86_64) AppleWebKit/537.36 (KHTML, like Gecko) Chrome/131.0.0.0 Safari/537.36"
34.32.100.85 - - [21/Sep/2026:11:35:57 +0700] "GET /.env.staging HTTP/1.1" 301 - "-" "Mozilla/5.0 (X11; Linux x86_64) AppleWebKit/537.36 (KHTML, like Gecko) Chrome/131.0.0.0 Safari/537.36"
34.32.100.85 - - [21/Sep/2026:11:36:01 +0700] "GET /.env.development HTTP/1.1" 301 - "-" "Mozilla/5.0 (X11; Linux x86_64) AppleWebKit/537.36 (KHTML, like Gecko) Chrome/131.0.0.0 Safari/537.36"
34.32.100.85 - - [21/Sep/2026:11:36:04 +0700] "GET /.env.test HTTP/1.1" 301 - "-" "Mozilla/5.0 (X11; Linux x86_64) AppleWebKit/537.36 (KHTML, like Gecko) Chrome/131.0.0.0 Safari/537.36"
34.32.100.85 - - [21/Sep/2026:11:36:07 +0700] "GET /.env.remote HTTP/1.1" 301 - "-" "Mozilla/5.0 (X11; Linux x86_64) AppleWebKit/537.36 (KHTML, like Gecko) Chrome/131.0.0.0 Safari/537.36"
34.32.100.85 - - [21/Sep/2026:11:36:10 +0700] "GET /.env.bak HTTP/1.1" 301 - "-" "Mozilla/5.0 (X11; Linux x86_64) AppleWebKit/537.36 (KHTML, like Gecko) Chrome/131.0.0.0 Safari/537.36"
34.32.100.85 - - [21/Sep/2026:11:36:14 +0700] "GET /.env.backup HTTP/1.1" 301 - "-" "Mozilla/5.0 (X11; Linux x86_64) AppleWebKit/537.36 (KHTML, like Gecko) Chrome/131.0.0.0 Safari/537.36"
34.32.100.85 - - [21/Sep/2026:11:36:15 +0700] "GET /.env.save HTTP/1.1" 301 - "-" "Mozilla/5.0 (X11; Linux x86_64) AppleWebKit/537.36 (KHTML, like Gecko) Chrome/131.0.0.0 Safari/537.36"
34.32.100.85 - - [21/Sep/2026:11:36:18 +0700] "GET /.env.old HTTP/1.1" 301 - "-" "Mozilla/5.0 (X11; Linux x86_64) AppleWebKit/537.36 (KHTML, like Gecko) Chrome/131.0.0.0 Safari/537.36"
34.32.100.85 - - [21/Sep/2026:11:36:21 +0700] "GET /.env.sample HTTP/1.1" 301 - "-" "Mozilla/5.0 (X11; Linux x86_64) AppleWebKit/537.36 (KHTML, like Gecko) Chrome/131.0.0.0 Safari/537.36"
34.32.100.85 - - [21/Sep/2026:11:36:24 +0700] "GET /.env.example HTTP/1.1" 301 - "-" "Mozilla/5.0 (X11; Linux x86_64) AppleWebKit/537.36 (KHTML, like Gecko) Chrome/131.0.0.0 Safari/537.36"
34.32.100.85 - - [21/Sep/2026:11:36:27 +0700] "GET /.env.dev HTTP/1.1" 301 - "-" "Mozilla/5.0 (X11; Linux x86_64) AppleWebKit/537.36 (KHTML, like Gecko) Chrome/131.0.0.0 Safari/537.36"
34.32.100.85 - - [21/Sep/2026:11:36:29 +0700] "GET /.env.prod HTTP/1.1" 301 - "-" "Mozilla/5.0 (X11; Linux x86_64) AppleWebKit/537.36 (KHTML, like Gecko) Chrome/131.0.0.0 Safari/537.36"
34.32.100.85 - - [21/Sep/2026:11:36:33 +0700] "GET /.env.stage HTTP/1.1" 301 - "-" "Mozilla/5.0 (X11; Linux x86_64) AppleWebKit/537.36 (KHTML, like Gecko) Chrome/131.0.0.0 Safari/537.36"
34.32.100.85 - - [21/Sep/2026:11:36:35 +0700] "GET /.env.ci HTTP/1.1" 301 - "-" "Mozilla/5.0 (X11; Linux x86_64) AppleWebKit/537.36 (KHTML, like Gecko) Chrome/131.0.0.0 Safari/537.36"
34.32.100.85 - - [21/Sep/2026:11:36:37 +0700] "GET /.env.docker HTTP/1.1" 301 - "-" "Mozilla/5.0 (X11; Linux x86_64) AppleWebKit/537.36 (KHTML, like Gecko) Chrome/131.0.0.0 Safari/537.36"
66.249.72.65 - - [21/Sep/2026:11:36:40 +0700] "GET /furusato.php?sitemap499.xml HTTP/1.1" 403 - "-" "Mozilla/5.0 (compatible; Googlebot/2.1; +http://www.google.com/bot.html)"
34.32.100.85 - - [21/Sep/2026:11:36:40 +0700] "GET /.env.live HTTP/1.1" 301 - "-" "Mozilla/5.0 (X11; Linux x86_64) AppleWebKit/537.36 (KHTML, like Gecko) Chrome/131.0.0.0 Safari/537.36"
198.252.107.178 - - [21/Sep/2026:11:36:42 +0700] "POST /wp-cron.php?doing_wp_cron=1789965402.4869790077209472656250 HTTP/1.1" 301 - "-" "WordPress/7.1.1; https://matin168d.com"
34.32.100.85 - - [21/Sep/2026:11:36:43 +0700] "GET /.env.preprod HTTP/1.1" 301 - "-" "Mozilla/5.0 (X11; Linux x86_64) AppleWebKit/537.36 (KHTML, like Gecko) Chrome/131.0.0.0 Safari/537.36"
34.32.100.85 - - [21/Sep/2026:11:36:46 +0700] "GET /.env.uat HTTP/1.1" 301 - "-" "Mozilla/5.0 (X11; Linux x86_64) AppleWebKit/537.36 (KHTML, like Gecko) Chrome/131.0.0.0 Safari/537.36"
34.32.100.85 - - [21/Sep/2026:11:36:49 +0700] "GET /.env.dist HTTP/1.1" 301 - "-" "Mozilla/5.0 (X11; Linux x86_64) AppleWebKit/537.36 (KHTML, like Gecko) Chrome/131.0.0.0 Safari/537.36"
34.32.100.85 - - [21/Sep/2026:11:36:50 +0700] "GET /.env.swp HTTP/1.1" 301 - "-" "Mozilla/5.0 (X11; Linux x86_64) AppleWebKit/537.36 (KHTML, like Gecko) Chrome/131.0.0.0 Safari/537.36"
34.32.100.85 - - [21/Sep/2026:11:36:52 +0700] "GET /.env~ HTTP/1.1" 301 - "-" "Mozilla/5.0 (X11; Linux x86_64) AppleWebKit/537.36 (KHTML, like Gecko) Chrome/131.0.0.0 Safari/537.36"
66.249.72.64 - - [21/Sep/2026:11:36:53 +0700] "GET /shopping/043000125 HTTP/1.1" 200 116330 "-" "Mozilla/5.0 (Linux; Android 6.0.1; Nexus 5X Build/MMB29P) AppleWebKit/537.36 (KHTML, like Gecko) Chrome/153.0.8010.47 Mobile Safari/537.36 (compatible; Googlebot/2.1; +http://www.google.com/bot.html)"
34.32.100.85 - - [21/Sep/2026:11:36:54 +0700] "GET /.env1 HTTP/1.1" 301 - "-" "Mozilla/5.0 (X11; Linux x86_64) AppleWebKit/537.36 (KHTML, like Gecko) Chrome/131.0.0.0 Safari/537.36"
34.32.100.85 - - [21/Sep/2026:11:36:58 +0700] "GET /.env2 HTTP/1.1" 301 - "-" "Mozilla/5.0 (X11; Linux x86_64) AppleWebKit/537.36 (KHTML, like Gecko) Chrome/131.0.0.0 Safari/537.36"
34.32.100.85 - - [21/Sep/2026:11:37:00 +0700] "GET /.env_copy HTTP/1.1" 301 - "-" "Mozilla/5.0 (X11; Linux x86_64) AppleWebKit/537.36 (KHTML, like Gecko) Chrome/131.0.0.0 Safari/537.36"
34.32.100.85 - - [21/Sep/2026:11:37:03 +0700] "GET /.env.txt HTTP/1.1" 301 - "-" "Mozilla/5.0 (X11; Linux x86_64) AppleWebKit/537.36 (KHTML, like Gecko) Chrome/131.0.0.0 Safari/537.36"
34.32.100.85 - - [21/Sep/2026:11:37:04 +0700] "GET /.env.json HTTP/1.1" 301 - "-" "Mozilla/5.0 (X11; Linux x86_64) AppleWebKit/537.36 (KHTML, like Gecko) Chrome/131.0.0.0 Safari/537.36"
34.32.100.85 - - [21/Sep/2026:11:37:08 +0700] "GET /.env.yaml HTTP/1.1" 301 - "-" "Mozilla/5.0 (X11; Linux x86_64) AppleWebKit/537.36 (KHTML, like Gecko) Chrome/131.0.0.0 Safari/537.36"
34.32.100.85 - - [21/Sep/2026:11:37:11 +0700] "GET /.env.yml HTTP/1.1" 301 - "-" "Mozilla/5.0 (X11; Linux x86_64) AppleWebKit/537.36 (KHTML, like Gecko) Chrome/131.0.0.0 Safari/537.36"
34.32.100.85 - - [21/Sep/2026:11:37:14 +0700] "GET /app/.env HTTP/1.1" 301 - "-" "Mozilla/5.0 (X11; Linux x86_64) AppleWebKit/537.36 (KHTML, like Gecko) Chrome/131.0.0.0 Safari/537.36"
34.32.100.85 - - [21/Sep/2026:11:37:17 +0700] "GET /apps/.env HTTP/1.1" 301 - "-" "Mozilla/5.0 (X11; Linux x86_64) AppleWebKit/537.36 (KHTML, like Gecko) Chrome/131.0.0.0 Safari/537.36"
34.32.100.85 - - [21/Sep/2026:11:37:19 +0700] "GET /api/.env HTTP/1.1" 301 - "-" "Mozilla/5.0 (X11; Linux x86_64) AppleWebKit/537.36 (KHTML, like Gecko) Chrome/131.0.0.0 Safari/537.36"
34.32.100.85 - - [21/Sep/2026:11:37:22 +0700] "GET /web/.env HTTP/1.1" 301 - "-" "Mozilla/5.0 (X11; Linux x86_64) AppleWebKit/537.36 (KHTML, like Gecko) Chrome/131.0.0.0 Safari/537.36"
34.32.100.85 - - [21/Sep/2026:11:37:24 +0700] "GET /site/.env HTTP/1.1" 301 - "-" "Mozilla/5.0 (X11; Linux x86_64) AppleWebKit/537.36 (KHTML, like Gecko) Chrome/131.0.0.0 Safari/537.36"
34.32.100.85 - - [21/Sep/2026:11:37:28 +0700] "GET /public/.env HTTP/1.1" 301 - "-" "Mozilla/5.0 (X11; Linux x86_64) AppleWebKit/537.36 (KHTML, like Gecko) Chrome/131.0.0.0 Safari/537.36"
34.32.100.85 - - [21/Sep/2026:11:37:30 +0700] "GET /admin/.env HTTP/1.1" 301 - "-" "Mozilla/5.0 (X11; Linux x86_64) AppleWebKit/537.36 (KHTML, like Gecko) Chrome/131.0.0.0 Safari/537.36"
34.32.100.85 - - [21/Sep/2026:11:37:33 +0700] "GET /backend/.env HTTP/1.1" 301 - "-" "Mozilla/5.0 (X11; Linux x86_64) AppleWebKit/537.36 (KHTML, like Gecko) Chrome/131.0.0.0 Safari/537.36"
34.32.100.85 - - [21/Sep/2026:11:37:36 +0700] "GET /server/.env HTTP/1.1" 301 - "-" "Mozilla/5.0 (X11; Linux x86_64) AppleWebKit/537.36 (KHTML, like Gecko) Chrome/131.0.0.0 Safari/537.36"
34.32.100.85 - - [21/Sep/2026:11:37:39 +0700] "GET /frontend/.env HTTP/1.1" 301 - "-" "Mozilla/5.0 (X11; Linux x86_64) AppleWebKit/537.36 (KHTML, like Gecko) Chrome/131.0.0.0 Safari/537.36"
34.32.100.85 - - [21/Sep/2026:11:37:41 +0700] "GET /src/.env HTTP/1.1" 301 - "-" "Mozilla/5.0 (X11; Linux x86_64) AppleWebKit/537.36 (KHTML, like Gecko) Chrome/131.0.0.0 Safari/537.36"
198.252.107.178 - - [21/Sep/2026:11:37:44 +0700] "POST /wp-cron.php?doing_wp_cron=1789965463.9394729137420654296875 HTTP/1.1" 301 - "-" "WordPress/7.1.1; https://matin168d.com"
34.32.100.85 - - [21/Sep/2026:11:37:45 +0700] "GET /core/.env HTTP/1.1" 301 - "-" "Mozilla/5.0 (X11; Linux x86_64) AppleWebKit/537.36 (KHTML, like Gecko) Chrome/131.0.0.0 Safari/537.36"
34.32.100.85 - - [21/Sep/2026:11:37:47 +0700] "GET /core/app/.env HTTP/1.1" 301 - "-" "Mozilla/5.0 (X11; Linux x86_64) AppleWebKit/537.36 (KHTML, like Gecko) Chrome/131.0.0.0 Safari/537.36"
34.32.100.85 - - [21/Sep/2026:11:37:50 +0700] "GET /config/.env HTTP/1.1" 301 - "-" "Mozilla/5.0 (X11; Linux x86_64) AppleWebKit/537.36 (KHTML, like Gecko) Chrome/131.0.0.0 Safari/537.36"
34.32.100.85 - - [21/Sep/2026:11:37:52 +0700] "GET /private/.env HTTP/1.1" 301 - "-" "Mozilla/5.0 (X11; Linux x86_64) AppleWebKit/537.36 (KHTML, like Gecko) Chrome/131.0.0.0 Safari/537.36"
34.32.100.85 - - [21/Sep/2026:11:37:55 +0700] "GET /application/.env HTTP/1.1" 301 - "-" "Mozilla/5.0 (X11; Linux x86_64) AppleWebKit/537.36 (KHTML, like Gecko) Chrome/131.0.0.0 Safari/537.36"
34.32.100.85 - - [21/Sep/2026:11:37:58 +0700] "GET /bootstrap/.env HTTP/1.1" 301 - "-" "Mozilla/5.0 (X11; Linux x86_64) AppleWebKit/537.36 (KHTML, like Gecko) Chrome/131.0.0.0 Safari/537.36"
34.32.100.85 - - [21/Sep/2026:11:38:01 +0700] "GET /database/.env HTTP/1.1" 301 - "-" "Mozilla/5.0 (X11; Linux x86_64) AppleWebKit/537.36 (KHTML, like Gecko) Chrome/131.0.0.0 Safari/537.36"
34.32.100.85 - - [21/Sep/2026:11:38:03 +0700] "GET /storage/.env HTTP/1.1" 301 - "-" "Mozilla/5.0 (X11; Linux x86_64) AppleWebKit/537.36 (KHTML, like Gecko) Chrome/131.0.0.0 Safari/537.36"
61.183.86.2 - - [21/Sep/2026:11:38:06 +0700] "GET /wp-login.php HTTP/1.1" 200 7160 "-" "Mozilla/5.0 (Windows NT 10.0; Win64; x64) AppleWebKit/537.36 (KHTML, like Gecko) Chrome/128.0.0.0 Safari/537.36"
34.32.100.85 - - [21/Sep/2026:11:38:06 +0700] "GET /var/www/.env HTTP/1.1" 301 - "-" "Mozilla/5.0 (X11; Linux x86_64) AppleWebKit/537.36 (KHTML, like Gecko) Chrome/131.0.0.0 Safari/537.36"
34.32.100.85 - - [21/Sep/2026:11:38:08 +0700] "GET /var/www/html/.env HTTP/1.1" 301 - "-" "Mozilla/5.0 (X11; Linux x86_64) AppleWebKit/537.36 (KHTML, like Gecko) Chrome/131.0.0.0 Safari/537.36"
34.32.100.85 - - [21/Sep/2026:11:38:11 +0700] "GET /current/.env HTTP/1.1" 301 - "-" "Mozilla/5.0 (X11; Linux x86_64) AppleWebKit/537.36 (KHTML, like Gecko) Chrome/131.0.0.0 Safari/537.36"
34.32.100.85 - - [21/Sep/2026:11:38:13 +0700] "GET /release/.env HTTP/1.1" 301 - "-" "Mozilla/5.0 (X11; Linux x86_64) AppleWebKit/537.36 (KHTML, like Gecko) Chrome/131.0.0.0 Safari/537.36"
51.75.236.141 - - [21/Sep/2026:11:38:19 +0700] "GET /robots.txt HTTP/1.1" 200 258 "-" "Mozilla/5.0 (compatible; AhrefsBot/7.0; +http://ahrefs.com/robot/)"
34.32.100.85 - - [21/Sep/2026:11:38:16 +0700] "GET /releases/.env HTTP/1.1" 301 - "-" "Mozilla/5.0 (X11; Linux x86_64) AppleWebKit/537.36 (KHTML, like Gecko) Chrome/131.0.0.0 Safari/537.36"
37.59.204.142 - - [21/Sep/2026:11:38:20 +0700] "GET /sitemap983.xml HTTP/1.1" 200 13 "-" "Mozilla/5.0 (compatible; AhrefsBot/7.0; +http://ahrefs.com/robot/)"
34.32.100.85 - - [21/Sep/2026:11:38:20 +0700] "GET /shared/.env HTTP/1.1" 301 - "-" "Mozilla/5.0 (X11; Linux x86_64) AppleWebKit/537.36 (KHTML, like Gecko) Chrome/131.0.0.0 Safari/537.36"
34.32.100.85 - - [21/Sep/2026:11:38:23 +0700] "GET /deploy/.env HTTP/1.1" 301 - "-" "Mozilla/5.0 (X11; Linux x86_64) AppleWebKit/537.36 (KHTML, like Gecko) Chrome/131.0.0.0 Safari/537.36"
34.32.100.85 - - [21/Sep/2026:11:38:25 +0700] "GET /build/.env HTTP/1.1" 301 - "-" "Mozilla/5.0 (X11; Linux x86_64) AppleWebKit/537.36 (KHTML, like Gecko) Chrome/131.0.0.0 Safari/537.36"
34.32.100.85 - - [21/Sep/2026:11:38:28 +0700] "GET /dist/.env HTTP/1.1" 301 - "-" "Mozilla/5.0 (X11; Linux x86_64) AppleWebKit/537.36 (KHTML, like Gecko) Chrome/131.0.0.0 Safari/537.36"
34.32.100.85 - - [21/Sep/2026:11:38:31 +0700] "GET /public_html/.env HTTP/1.1" 301 - "-" "Mozilla/5.0 (X11; Linux x86_64) AppleWebKit/537.36 (KHTML, like Gecko) Chrome/131.0.0.0 Safari/537.36"
34.32.100.85 - - [21/Sep/2026:11:38:34 +0700] "GET /htdocs/.env HTTP/1.1" 301 - "-" "Mozilla/5.0 (X11; Linux x86_64) AppleWebKit/537.36 (KHTML, like Gecko) Chrome/131.0.0.0 Safari/537.36"
34.32.100.85 - - [21/Sep/2026:11:38:37 +0700] "GET /www/.env HTTP/1.1" 301 - "-" "Mozilla/5.0 (X11; Linux x86_64) AppleWebKit/537.36 (KHTML, like Gecko) Chrome/131.0.0.0 Safari/537.36"
34.32.100.85 - - [21/Sep/2026:11:38:39 +0700] "GET /html/.env HTTP/1.1" 301 - "-" "Mozilla/5.0 (X11; Linux x86_64) AppleWebKit/537.36 (KHTML, like Gecko) Chrome/131.0.0.0 Safari/537.36"
34.32.100.85 - - [21/Sep/2026:11:38:42 +0700] "GET /live/.env HTTP/1.1" 301 - "-" "Mozilla/5.0 (X11; Linux x86_64) AppleWebKit/537.36 (KHTML, like Gecko) Chrome/131.0.0.0 Safari/537.36"
198.252.107.178 - - [21/Sep/2026:11:38:45 +0700] "POST /wp-cron.php?doing_wp_cron=1789965525.8304820060729980468750 HTTP/1.1" 301 - "-" "WordPress/7.1.1; https://matin168d.com"
34.32.100.85 - - [21/Sep/2026:11:38:46 +0700] "GET /prod/.env HTTP/1.1" 301 - "-" "Mozilla/5.0 (X11; Linux x86_64) AppleWebKit/537.36 (KHTML, like Gecko) Chrome/131.0.0.0 Safari/537.36"
34.32.100.85 - - [21/Sep/2026:11:38:49 +0700] "GET /dev/.env HTTP/1.1" 301 - "-" "Mozilla/5.0 (X11; Linux x86_64) AppleWebKit/537.36 (KHTML, like Gecko) Chrome/131.0.0.0 Safari/537.36"
34.32.100.85 - - [21/Sep/2026:11:38:52 +0700] "GET /staging/.env HTTP/1.1" 301 - "-" "Mozilla/5.0 (X11; Linux x86_64) AppleWebKit/537.36 (KHTML, like Gecko) Chrome/131.0.0.0 Safari/537.36"
34.32.100.85 - - [21/Sep/2026:11:38:54 +0700] "GET /opt/.env HTTP/1.1" 301 - "-" "Mozilla/5.0 (X11; Linux x86_64) AppleWebKit/537.36 (KHTML, like Gecko) Chrome/131.0.0.0 Safari/537.36"
34.32.100.85 - - [21/Sep/2026:11:38:57 +0700] "GET /laravel/.env HTTP/1.1" 301 - "-" "Mozilla/5.0 (X11; Linux x86_64) AppleWebKit/537.36 (KHTML, like Gecko) Chrome/131.0.0.0 Safari/537.36"
34.32.100.85 - - [21/Sep/2026:11:39:00 +0700] "GET /symfony/.env HTTP/1.1" 301 - "-" "Mozilla/5.0 (X11; Linux x86_64) AppleWebKit/537.36 (KHTML, like Gecko) Chrome/131.0.0.0 Safari/537.36"
34.32.100.85 - - [21/Sep/2026:11:39:04 +0700] "GET /wordpress/.env HTTP/1.1" 301 - "-" "Mozilla/5.0 (X11; Linux x86_64) AppleWebKit/537.36 (KHTML, like Gecko) Chrome/131.0.0.0 Safari/537.36"
34.32.100.85 - - [21/Sep/2026:11:39:07 +0700] "GET /wp/.env HTTP/1.1" 301 - "-" "Mozilla/5.0 (X11; Linux x86_64) AppleWebKit/537.36 (KHTML, like Gecko) Chrome/131.0.0.0 Safari/537.36"
34.32.100.85 - - [21/Sep/2026:11:39:10 +0700] "GET /cms/.env HTTP/1.1" 301 - "-" "Mozilla/5.0 (X11; Linux x86_64) AppleWebKit/537.36 (KHTML, like Gecko) Chrome/131.0.0.0 Safari/537.36"
34.32.100.85 - - [21/Sep/2026:11:39:12 +0700] "GET /drupal/.env HTTP/1.1" 301 - "-" "Mozilla/5.0 (X11; Linux x86_64) AppleWebKit/537.36 (KHTML, like Gecko) Chrome/131.0.0.0 Safari/537.36"
198.204.240.234 - - [21/Sep/2026:11:39:12 +0700] "GET /wp-content/qqd523b6/edit.php HTTP/1.1" 200 6 "https://matin168d.com/wp-content/qqd523b6/edit.php" "Mozilla/5.0 (Windows NT 6.1; WOW64) AppleWebKit/535.7 (KHTML, like Gecko) Chrome/16.0.912.75 Safari/535.7"
34.32.100.85 - - [21/Sep/2026:11:39:16 +0700] "GET /joomla/.env HTTP/1.1" 301 - "-" "Mozilla/5.0 (X11; Linux x86_64) AppleWebKit/537.36 (KHTML, like Gecko) Chrome/131.0.0.0 Safari/537.36"
34.32.100.85 - - [21/Sep/2026:11:39:19 +0700] "GET /magento/.env HTTP/1.1" 301 - "-" "Mozilla/5.0 (X11; Linux x86_64) AppleWebKit/537.36 (KHTML, like Gecko) Chrome/131.0.0.0 Safari/537.36"
34.32.100.85 - - [21/Sep/2026:11:39:20 +0700] "GET /shopify/.env HTTP/1.1" 301 - "-" "Mozilla/5.0 (X11; Linux x86_64) AppleWebKit/537.36 (KHTML, like Gecko) Chrome/131.0.0.0 Safari/537.36"
34.32.100.85 - - [21/Sep/2026:11:39:23 +0700] "GET /prestashop/.env HTTP/1.1" 301 - "-" "Mozilla/5.0 (X11; Linux x86_64) AppleWebKit/537.36 (KHTML, like Gecko) Chrome/131.0.0.0 Safari/537.36"
34.32.100.85 - - [21/Sep/2026:11:39:27 +0700] "GET /codeigniter/.env HTTP/1.1" 301 - "-" "Mozilla/5.0 (X11; Linux x86_64) AppleWebKit/537.36 (KHTML, like Gecko) Chrome/131.0.0.0 Safari/537.36"
34.32.100.85 - - [21/Sep/2026:11:39:30 +0700] "GET /cakephp/.env HTTP/1.1" 301 - "-" "Mozilla/5.0 (X11; Linux x86_64) AppleWebKit/537.36 (KHTML, like Gecko) Chrome/131.0.0.0 Safari/537.36"
34.32.100.85 - - [21/Sep/2026:11:39:33 +0700] "GET /zend/.env HTTP/1.1" 301 - "-" "Mozilla/5.0 (X11; Linux x86_64) AppleWebKit/537.36 (KHTML, like Gecko) Chrome/131.0.0.0 Safari/537.36"
34.32.100.85 - - [21/Sep/2026:11:39:36 +0700] "GET /yii/.env HTTP/1.1" 301 - "-" "Mozilla/5.0 (X11; Linux x86_64) AppleWebKit/537.36 (KHTML, like Gecko) Chrome/131.0.0.0 Safari/537.36"
34.32.100.85 - - [21/Sep/2026:11:39:39 +0700] "GET /laravel5/.env HTTP/1.1" 301 - "-" "Mozilla/5.0 (X11; Linux x86_64) AppleWebKit/537.36 (KHTML, like Gecko) Chrome/131.0.0.0 Safari/537.36"
34.32.100.85 - - [21/Sep/2026:11:39:43 +0700] "GET /v1/.env HTTP/1.1" 301 - "-" "Mozilla/5.0 (X11; Linux x86_64) AppleWebKit/537.36 (KHTML, like Gecko) Chrome/131.0.0.0 Safari/537.36"
34.32.100.85 - - [21/Sep/2026:11:39:46 +0700] "GET /v2/.env HTTP/1.1" 301 - "-" "Mozilla/5.0 (X11; Linux x86_64) AppleWebKit/537.36 (KHTML, like Gecko) Chrome/131.0.0.0 Safari/537.36"
198.252.107.178 - - [21/Sep/2026:11:39:47 +0700] "POST /wp-cron.php?doing_wp_cron=1789965587.0408279895782470703125 HTTP/1.1" 301 - "-" "WordPress/7.1.1; https://matin168d.com"
66.249.72.65 - - [21/Sep/2026:11:39:49 +0700] "GET /furusato.php?sitemap480.xml HTTP/1.1" 403 - "-" "Mozilla/5.0 (compatible; Googlebot/2.1; +http://www.google.com/bot.html)"
34.32.100.85 - - [21/Sep/2026:11:39:49 +0700] "GET /v3/.env HTTP/1.1" 301 - "-" "Mozilla/5.0 (X11; Linux x86_64) AppleWebKit/537.36 (KHTML, like Gecko) Chrome/131.0.0.0 Safari/537.36"
198.252.107.178 - - [21/Sep/2026:11:39:49 +0700] "POST /wp-cron.php?doing_wp_cron=1789965589.7644050121307373046875 HTTP/1.1" 301 - "-" "WordPress/7.1.1; https://matin168d.com"
34.32.100.85 - - [21/Sep/2026:11:39:53 +0700] "GET /api/v1/.env HTTP/1.1" 301 - "-" "Mozilla/5.0 (X11; Linux x86_64) AppleWebKit/537.36 (KHTML, like Gecko) Chrome/131.0.0.0 Safari/537.36"
34.32.100.85 - - [21/Sep/2026:11:39:55 +0700] "GET /api/v2/.env HTTP/1.1" 301 - "-" "Mozilla/5.0 (X11; Linux x86_64) AppleWebKit/537.36 (KHTML, like Gecko) Chrome/131.0.0.0 Safari/537.36"
34.32.100.85 - - [21/Sep/2026:11:39:58 +0700] "GET /rest/.env HTTP/1.1" 301 - "-" "Mozilla/5.0 (X11; Linux x86_64) AppleWebKit/537.36 (KHTML, like Gecko) Chrome/131.0.0.0 Safari/537.36"
34.32.100.85 - - [21/Sep/2026:11:40:01 +0700] "GET /graphql/.env HTTP/1.1" 301 - "-" "Mozilla/5.0 (X11; Linux x86_64) AppleWebKit/537.36 (KHTML, like Gecko) Chrome/131.0.0.0 Safari/537.36"
34.32.100.85 - - [21/Sep/2026:11:40:05 +0700] "GET /gateway/.env HTTP/1.1" 301 - "-" "Mozilla/5.0 (X11; Linux x86_64) AppleWebKit/537.36 (KHTML, like Gecko) Chrome/131.0.0.0 Safari/537.36"
34.32.100.85 - - [21/Sep/2026:11:40:07 +0700] "GET /microservice/.env HTTP/1.1" 301 - "-" "Mozilla/5.0 (X11; Linux x86_64) AppleWebKit/537.36 (KHTML, like Gecko) Chrome/131.0.0.0 Safari/537.36"
34.32.100.85 - - [21/Sep/2026:11:40:10 +0700] "GET /service/.env HTTP/1.1" 301 - "-" "Mozilla/5.0 (X11; Linux x86_64) AppleWebKit/537.36 (KHTML, like Gecko) Chrome/131.0.0.0 Safari/537.36"
34.32.100.85 - - [21/Sep/2026:11:40:13 +0700] "GET /api/v3/.env HTTP/1.1" 301 - "-" "Mozilla/5.0 (X11; Linux x86_64) AppleWebKit/537.36 (KHTML, like Gecko) Chrome/131.0.0.0 Safari/537.36"
34.32.100.85 - - [21/Sep/2026:11:40:17 +0700] "GET /api/dev/.env HTTP/1.1" 301 - "-" "Mozilla/5.0 (X11; Linux x86_64) AppleWebKit/537.36 (KHTML, like Gecko) Chrome/131.0.0.0 Safari/537.36"
198.204.240.234 - - [21/Sep/2026:11:38:52 +0700] "GET /wp-content/qqd523b6/edit.php HTTP/1.1" 200 - "https://matin168d.com/wp-content/qqd523b6/edit.php" "Mozilla/5.0 (compatible; MSIE 10.0; Windows NT 6.1; Trident/6.0)"
34.32.100.85 - - [21/Sep/2026:11:40:20 +0700] "GET /api/staging/.env HTTP/1.1" 301 - "-" "Mozilla/5.0 (X11; Linux x86_64) AppleWebKit/537.36 (KHTML, like Gecko) Chrome/131.0.0.0 Safari/537.36"
34.32.100.85 - - [21/Sep/2026:11:40:22 +0700] "GET /vendor/.env HTTP/1.1" 301 - "-" "Mozilla/5.0 (X11; Linux x86_64) AppleWebKit/537.36 (KHTML, like Gecko) Chrome/131.0.0.0 Safari/537.36"
34.32.100.85 - - [21/Sep/2026:11:40:26 +0700] "GET /lib/.env HTTP/1.1" 301 - "-" "Mozilla/5.0 (X11; Linux x86_64) AppleWebKit/537.36 (KHTML, like Gecko) Chrome/131.0.0.0 Safari/537.36"
34.32.100.85 - - [21/Sep/2026:11:40:29 +0700] "GET /resources/.env HTTP/1.1" 301 - "-" "Mozilla/5.0 (X11; Linux x86_64) AppleWebKit/537.36 (KHTML, like Gecko) Chrome/131.0.0.0 Safari/537.36"
34.32.100.85 - - [21/Sep/2026:11:40:32 +0700] "GET /assets/.env HTTP/1.1" 301 - "-" "Mozilla/5.0 (X11; Linux x86_64) AppleWebKit/537.36 (KHTML, like Gecko) Chrome/131.0.0.0 Safari/537.36"
34.32.100.85 - - [21/Sep/2026:11:40:35 +0700] "GET /phpinfo.php HTTP/1.1" 301 - "-" "Mozilla/5.0 (X11; Linux x86_64) AppleWebKit/537.36 (KHTML, like Gecko) Chrome/131.0.0.0 Safari/537.36"
34.32.100.85 - - [21/Sep/2026:11:40:38 +0700] "GET /info.php HTTP/1.1" 301 - "-" "Mozilla/5.0 (X11; Linux x86_64) AppleWebKit/537.36 (KHTML, like Gecko) Chrome/131.0.0.0 Safari/537.36"
34.32.100.85 - - [21/Sep/2026:11:40:40 +0700] "GET /php.php HTTP/1.1" 301 - "-" "Mozilla/5.0 (X11; Linux x86_64) AppleWebKit/537.36 (KHTML, like Gecko) Chrome/131.0.0.0 Safari/537.36"
34.32.100.85 - - [21/Sep/2026:11:40:42 +0700] "GET /i.php HTTP/1.1" 301 - "-" "Mozilla/5.0 (X11; Linux x86_64) AppleWebKit/537.36 (KHTML, like Gecko) Chrome/131.0.0.0 Safari/537.36"
34.32.100.85 - - [21/Sep/2026:11:40:44 +0700] "GET /pi.php HTTP/1.1" 301 - "-" "Mozilla/5.0 (X11; Linux x86_64) AppleWebKit/537.36 (KHTML, like Gecko) Chrome/131.0.0.0 Safari/537.36"
34.32.100.85 - - [21/Sep/2026:11:40:46 +0700] "GET /pinfo.php HTTP/1.1" 301 - "-" "Mozilla/5.0 (X11; Linux x86_64) AppleWebKit/537.36 (KHTML, like Gecko) Chrome/131.0.0.0 Safari/537.36"
34.32.100.85 - - [21/Sep/2026:11:40:49 +0700] "GET /test.php HTTP/1.1" 301 - "-" "Mozilla/5.0 (X11; Linux x86_64) AppleWebKit/537.36 (KHTML, like Gecko) Chrome/131.0.0.0 Safari/537.36"
198.252.107.178 - - [21/Sep/2026:11:40:50 +0700] "POST /wp-cron.php?doing_wp_cron=1789965650.2424519062042236328125 HTTP/1.1" 301 - "-" "WordPress/7.1.1; https://matin168d.com"
34.32.100.85 - - [21/Sep/2026:11:40:51 +0700] "GET /phpinfo HTTP/1.1" 301 - "-" "Mozilla/5.0 (X11; Linux x86_64) AppleWebKit/537.36 (KHTML, like Gecko) Chrome/131.0.0.0 Safari/537.36"
34.32.100.85 - - [21/Sep/2026:11:40:54 +0700] "GET /p.php HTTP/1.1" 301 - "-" "Mozilla/5.0 (X11; Linux x86_64) AppleWebKit/537.36 (KHTML, like Gecko) Chrome/131.0.0.0 Safari/537.36"
34.32.100.85 - - [21/Sep/2026:11:40:56 +0700] "GET /debug.php HTTP/1.1" 301 - "-" "Mozilla/5.0 (X11; Linux x86_64) AppleWebKit/537.36 (KHTML, like Gecko) Chrome/131.0.0.0 Safari/537.36"
34.32.100.85 - - [21/Sep/2026:11:40:58 +0700] "GET /admin/phpinfo.php HTTP/1.1" 301 - "-" "Mozilla/5.0 (X11; Linux x86_64) AppleWebKit/537.36 (KHTML, like Gecko) Chrome/131.0.0.0 Safari/537.36"
34.32.100.85 - - [21/Sep/2026:11:41:00 +0700] "GET /test/phpinfo.php HTTP/1.1" 301 - "-" "Mozilla/5.0 (X11; Linux x86_64) AppleWebKit/537.36 (KHTML, like Gecko) Chrome/131.0.0.0 Safari/537.36"
34.32.100.85 - - [21/Sep/2026:11:41:03 +0700] "GET /dev/phpinfo.php HTTP/1.1" 301 - "-" "Mozilla/5.0 (X11; Linux x86_64) AppleWebKit/537.36 (KHTML, like Gecko) Chrome/131.0.0.0 Safari/537.36"
34.32.100.85 - - [21/Sep/2026:11:41:04 +0700] "GET /old/phpinfo.php HTTP/1.1" 301 - "-" "Mozilla/5.0 (X11; Linux x86_64) AppleWebKit/537.36 (KHTML, like Gecko) Chrome/131.0.0.0 Safari/537.36"
34.32.100.85 - - [21/Sep/2026:11:41:06 +0700] "GET /tmp/phpinfo.php HTTP/1.1" 301 - "-" "Mozilla/5.0 (X11; Linux x86_64) AppleWebKit/537.36 (KHTML, like Gecko) Chrome/131.0.0.0 Safari/537.36"
34.32.100.85 - - [21/Sep/2026:11:41:08 +0700] "GET /public/phpinfo.php HTTP/1.1" 301 - "-" "Mozilla/5.0 (X11; Linux x86_64) AppleWebKit/537.36 (KHTML, like Gecko) Chrome/131.0.0.0 Safari/537.36"
34.32.100.85 - - [21/Sep/2026:11:41:10 +0700] "GET /info HTTP/1.1" 301 - "-" "Mozilla/5.0 (X11; Linux x86_64) AppleWebKit/537.36 (KHTML, like Gecko) Chrome/131.0.0.0 Safari/537.36"
34.32.100.85 - - [21/Sep/2026:11:41:11 +0700] "GET /php-info.php HTTP/1.1" 301 - "-" "Mozilla/5.0 (X11; Linux x86_64) AppleWebKit/537.36 (KHTML, like Gecko) Chrome/131.0.0.0 Safari/537.36"
34.32.100.85 - - [21/Sep/2026:11:41:14 +0700] "GET /phpversion.php HTTP/1.1" 301 - "-" "Mozilla/5.0 (X11; Linux x86_64) AppleWebKit/537.36 (KHTML, like Gecko) Chrome/131.0.0.0 Safari/537.36"
159.223.165.52 - - [21/Sep/2026:11:41:16 +0700] "POST /wp-login.php HTTP/1.1" 200 7531 "-" "Mozilla/5.0"
34.32.100.85 - - [21/Sep/2026:11:41:16 +0700] "GET /_phpinfo.php HTTP/1.1" 301 - "-" "Mozilla/5.0 (X11; Linux x86_64) AppleWebKit/537.36 (KHTML, like Gecko) Chrome/131.0.0.0 Safari/537.36"
34.32.100.85 - - [21/Sep/2026:11:41:17 +0700] "GET /old_phpinfo.php HTTP/1.1" 301 - "-" "Mozilla/5.0 (X11; Linux x86_64) AppleWebKit/537.36 (KHTML, like Gecko) Chrome/131.0.0.0 Safari/537.36"
34.32.100.85 - - [21/Sep/2026:11:41:19 +0700] "GET /server-info.php HTTP/1.1" 301 - "-" "Mozilla/5.0 (X11; Linux x86_64) AppleWebKit/537.36 (KHTML, like Gecko) Chrome/131.0.0.0 Safari/537.36"
34.32.100.85 - - [21/Sep/2026:11:41:21 +0700] "GET /server-status.php HTTP/1.1" 301 - "-" "Mozilla/5.0 (X11; Linux x86_64) AppleWebKit/537.36 (KHTML, like Gecko) Chrome/131.0.0.0 Safari/537.36"
34.32.100.85 - - [21/Sep/2026:11:41:23 +0700] "GET /_profiler/phpinfo HTTP/1.1" 301 - "-" "Mozilla/5.0 (X11; Linux x86_64) AppleWebKit/537.36 (KHTML, like Gecko) Chrome/131.0.0.0 Safari/537.36"
34.32.100.85 - - [21/Sep/2026:11:41:25 +0700] "GET /_environment HTTP/1.1" 301 - "-" "Mozilla/5.0 (X11; Linux x86_64) AppleWebKit/537.36 (KHTML, like Gecko) Chrome/131.0.0.0 Safari/537.36"
34.32.100.85 - - [21/Sep/2026:11:41:27 +0700] "GET /webroot/index.php/_environment HTTP/1.1" 301 - "-" "Mozilla/5.0 (X11; Linux x86_64) AppleWebKit/537.36 (KHTML, like Gecko) Chrome/131.0.0.0 Safari/537.36"
34.32.100.85 - - [21/Sep/2026:11:41:29 +0700] "GET /mail/phpinfo.php HTTP/1.1" 301 - "-" "Mozilla/5.0 (X11; Linux x86_64) AppleWebKit/537.36 (KHTML, like Gecko) Chrome/131.0.0.0 Safari/537.36"
34.32.100.85 - - [21/Sep/2026:11:41:30 +0700] "GET /cpanel/phpinfo.php HTTP/1.1" 301 - "-" "Mozilla/5.0 (X11; Linux x86_64) AppleWebKit/537.36 (KHTML, like Gecko) Chrome/131.0.0.0 Safari/537.36"
34.32.100.85 - - [21/Sep/2026:11:41:32 +0700] "GET /hosting/phpinfo.php HTTP/1.1" 301 - "-" "Mozilla/5.0 (X11; Linux x86_64) AppleWebKit/537.36 (KHTML, like Gecko) Chrome/131.0.0.0 Safari/537.36"
34.32.100.85 - - [21/Sep/2026:11:41:34 +0700] "GET /webmail/phpinfo.php HTTP/1.1" 200 34766 "-" "Mozilla/5.0 (X11; Linux x86_64) AppleWebKit/537.36 (KHTML, like Gecko) Chrome/131.0.0.0 Safari/537.36"
34.32.100.85 - - [21/Sep/2026:11:41:34 +0700] "GET /smtp/phpinfo.php HTTP/1.1" 301 - "-" "Mozilla/5.0 (X11; Linux x86_64) AppleWebKit/537.36 (KHTML, like Gecko) Chrome/131.0.0.0 Safari/537.36"
34.32.100.85 - - [21/Sep/2026:11:41:36 +0700] "GET /phpinfo.php.bak HTTP/1.1" 301 - "-" "Mozilla/5.0 (X11; Linux x86_64) AppleWebKit/537.36 (KHTML, like Gecko) Chrome/131.0.0.0 Safari/537.36"
34.32.100.85 - - [21/Sep/2026:11:41:38 +0700] "GET /phpinfo.php.old HTTP/1.1" 301 - "-" "Mozilla/5.0 (X11; Linux x86_64) AppleWebKit/537.36 (KHTML, like Gecko) Chrome/131.0.0.0 Safari/537.36"
34.32.100.85 - - [21/Sep/2026:11:41:40 +0700] "GET /phpinfo.php~ HTTP/1.1" 301 - "-" "Mozilla/5.0 (X11; Linux x86_64) AppleWebKit/537.36 (KHTML, like Gecko) Chrome/131.0.0.0 Safari/537.36"
34.32.100.85 - - [21/Sep/2026:11:41:42 +0700] "GET /info.php.bak HTTP/1.1" 301 - "-" "Mozilla/5.0 (X11; Linux x86_64) AppleWebKit/537.36 (KHTML, like Gecko) Chrome/131.0.0.0 Safari/537.36"
34.32.100.85 - - [21/Sep/2026:11:41:45 +0700] "GET /phpinfo.php.save HTTP/1.1" 301 - "-" "Mozilla/5.0 (X11; Linux x86_64) AppleWebKit/537.36 (KHTML, like Gecko) Chrome/131.0.0.0 Safari/537.36"
198.252.107.178 - - [21/Sep/2026:11:41:50 +0700] "POST /wp-cron.php?doing_wp_cron=1789965710.4868280887603759765625 HTTP/1.1" 301 - "-" "WordPress/7.1.1; https://matin168d.com"
34.32.100.85 - - [21/Sep/2026:11:41:48 +0700] "GET /staging/phpinfo.php HTTP/1.1" 301 - "-" "Mozilla/5.0 (X11; Linux x86_64) AppleWebKit/537.36 (KHTML, like Gecko) Chrome/131.0.0.0 Safari/537.36"
34.32.100.85 - - [21/Sep/2026:11:41:52 +0700] "GET /beta/phpinfo.php HTTP/1.1" 301 - "-" "Mozilla/5.0 (X11; Linux x86_64) AppleWebKit/537.36 (KHTML, like Gecko) Chrome/131.0.0.0 Safari/537.36"
34.32.100.85 - - [21/Sep/2026:11:41:54 +0700] "GET /uat/phpinfo.php HTTP/1.1" 301 - "-" "Mozilla/5.0 (X11; Linux x86_64) AppleWebKit/537.36 (KHTML, like Gecko) Chrome/131.0.0.0 Safari/537.36"
34.32.100.85 - - [21/Sep/2026:11:41:56 +0700] "GET /qa/phpinfo.php HTTP/1.1" 301 - "-" "Mozilla/5.0 (X11; Linux x86_64) AppleWebKit/537.36 (KHTML, like Gecko) Chrome/131.0.0.0 Safari/537.36"
34.32.100.85 - - [21/Sep/2026:11:41:58 +0700] "GET /preview/phpinfo.php HTTP/1.1" 301 - "-" "Mozilla/5.0 (X11; Linux x86_64) AppleWebKit/537.36 (KHTML, like Gecko) Chrome/131.0.0.0 Safari/537.36"
34.32.100.85 - - [21/Sep/2026:11:42:01 +0700] "GET /www/phpinfo.php HTTP/1.1" 301 - "-" "Mozilla/5.0 (X11; Linux x86_64) AppleWebKit/537.36 (KHTML, like Gecko) Chrome/131.0.0.0 Safari/537.36"
34.32.100.85 - - [21/Sep/2026:11:42:05 +0700] "GET /htdocs/phpinfo.php HTTP/1.1" 301 - "-" "Mozilla/5.0 (X11; Linux x86_64) AppleWebKit/537.36 (KHTML, like Gecko) Chrome/131.0.0.0 Safari/537.36"
34.32.100.85 - - [21/Sep/2026:11:42:08 +0700] "GET /public_html/phpinfo.php HTTP/1.1" 301 - "-" "Mozilla/5.0 (X11; Linux x86_64) AppleWebKit/537.36 (KHTML, like Gecko) Chrome/131.0.0.0 Safari/537.36"
34.32.100.85 - - [21/Sep/2026:11:42:10 +0700] "GET /site/phpinfo.php HTTP/1.1" 301 - "-" "Mozilla/5.0 (X11; Linux x86_64) AppleWebKit/537.36 (KHTML, like Gecko) Chrome/131.0.0.0 Safari/537.36"
34.32.100.85 - - [21/Sep/2026:11:42:12 +0700] "GET /docs/phpinfo.php HTTP/1.1" 301 - "-" "Mozilla/5.0 (X11; Linux x86_64) AppleWebKit/537.36 (KHTML, like Gecko) Chrome/131.0.0.0 Safari/537.36"
34.32.100.85 - - [21/Sep/2026:11:42:14 +0700] "GET /wp-admin/phpinfo.php HTTP/1.1" 301 - "-" "Mozilla/5.0 (X11; Linux x86_64) AppleWebKit/537.36 (KHTML, like Gecko) Chrome/131.0.0.0 Safari/537.36"
34.32.100.85 - - [21/Sep/2026:11:42:16 +0700] "GET /administrator/phpinfo.php HTTP/1.1" 301 - "-" "Mozilla/5.0 (X11; Linux x86_64) AppleWebKit/537.36 (KHTML, like Gecko) Chrome/131.0.0.0 Safari/537.36"
34.32.100.85 - - [21/Sep/2026:11:42:17 +0700] "GET /core/phpinfo.php HTTP/1.1" 301 - "-" "Mozilla/5.0 (X11; Linux x86_64) AppleWebKit/537.36 (KHTML, like Gecko) Chrome/131.0.0.0 Safari/537.36"
34.32.100.85 - - [21/Sep/2026:11:42:19 +0700] "GET /includes/phpinfo.php HTTP/1.1" 301 - "-" "Mozilla/5.0 (X11; Linux x86_64) AppleWebKit/537.36 (KHTML, like Gecko) Chrome/131.0.0.0 Safari/537.36"
34.32.100.85 - - [21/Sep/2026:11:42:21 +0700] "GET /service-account.json HTTP/1.1" 301 - "-" "Mozilla/5.0 (X11; Linux x86_64) AppleWebKit/537.36 (KHTML, like Gecko) Chrome/131.0.0.0 Safari/537.36"
34.32.100.85 - - [21/Sep/2026:11:42:22 +0700] "GET /sa.json HTTP/1.1" 301 - "-" "Mozilla/5.0 (X11; Linux x86_64) AppleWebKit/537.36 (KHTML, like Gecko) Chrome/131.0.0.0 Safari/537.36"
34.32.100.85 - - [21/Sep/2026:11:42:24 +0700] "GET /gcp-key.json HTTP/1.1" 301 - "-" "Mozilla/5.0 (X11; Linux x86_64) AppleWebKit/537.36 (KHTML, like Gecko) Chrome/131.0.0.0 Safari/537.36"
34.32.100.85 - - [21/Sep/2026:11:42:25 +0700] "GET /gcp-credentials.json HTTP/1.1" 301 - "-" "Mozilla/5.0 (X11; Linux x86_64) AppleWebKit/537.36 (KHTML, like Gecko) Chrome/131.0.0.0 Safari/537.36"
34.32.100.85 - - [21/Sep/2026:11:42:26 +0700] "GET /gcp-sa.json HTTP/1.1" 301 - "-" "Mozilla/5.0 (X11; Linux x86_64) AppleWebKit/537.36 (KHTML, like Gecko) Chrome/131.0.0.0 Safari/537.36"
34.32.100.85 - - [21/Sep/2026:11:42:28 +0700] "GET /credentials.json HTTP/1.1" 301 - "-" "Mozilla/5.0 (X11; Linux x86_64) AppleWebKit/537.36 (KHTML, like Gecko) Chrome/131.0.0.0 Safari/537.36"
34.32.100.85 - - [21/Sep/2026:11:42:30 +0700] "GET /google-credentials.json HTTP/1.1" 301 - "-" "Mozilla/5.0 (X11; Linux x86_64) AppleWebKit/537.36 (KHTML, like Gecko) Chrome/131.0.0.0 Safari/537.36"
34.32.100.85 - - [21/Sep/2026:11:42:32 +0700] "GET /google-key.json HTTP/1.1" 301 - "-" "Mozilla/5.0 (X11; Linux x86_64) AppleWebKit/537.36 (KHTML, like Gecko) Chrome/131.0.0.0 Safari/537.36"
34.32.100.85 - - [21/Sep/2026:11:42:33 +0700] "GET /.config/gcloud/application_default_credentials.json HTTP/1.1" 301 - "-" "Mozilla/5.0 (X11; Linux x86_64) AppleWebKit/537.36 (KHTML, like Gecko) Chrome/131.0.0.0 Safari/537.36"
34.32.100.85 - - [21/Sep/2026:11:42:34 +0700] "GET /application_default_credentials.json HTTP/1.1" 301 - "-" "Mozilla/5.0 (X11; Linux x86_64) AppleWebKit/537.36 (KHTML, like Gecko) Chrome/131.0.0.0 Safari/537.36"
34.32.100.85 - - [21/Sep/2026:11:42:36 +0700] "GET /key.json HTTP/1.1" 301 - "-" "Mozilla/5.0 (X11; Linux x86_64) AppleWebKit/537.36 (KHTML, like Gecko) Chrome/131.0.0.0 Safari/537.36"
34.32.100.85 - - [21/Sep/2026:11:42:37 +0700] "GET /keyfile.json HTTP/1.1" 301 - "-" "Mozilla/5.0 (X11; Linux x86_64) AppleWebKit/537.36 (KHTML, like Gecko) Chrome/131.0.0.0 Safari/537.36"
34.32.100.85 - - [21/Sep/2026:11:42:39 +0700] "GET /firebase-adminsdk.json HTTP/1.1" 301 - "-" "Mozilla/5.0 (X11; Linux x86_64) AppleWebKit/537.36 (KHTML, like Gecko) Chrome/131.0.0.0 Safari/537.36"
34.32.100.85 - - [21/Sep/2026:11:42:40 +0700] "GET /firebase-key.json HTTP/1.1" 301 - "-" "Mozilla/5.0 (X11; Linux x86_64) AppleWebKit/537.36 (KHTML, like Gecko) Chrome/131.0.0.0 Safari/537.36"
34.32.100.85 - - [21/Sep/2026:11:42:42 +0700] "GET / HTTP/1.1" 200 - "-" "Mozilla/5.0 (Macintosh; Intel Mac OS X 10_15_7) AppleWebKit/537.36 (KHTML, like Gecko) Chrome/131.0.0.0 Safari/537.36"
94.23.188.214 - - [21/Sep/2026:11:44:32 +0700] "GET /sitemap736.xml HTTP/1.1" 200 13 "-" "Mozilla/5.0 (compatible; AhrefsBot/7.0; +http://ahrefs.com/robot/)"
66.249.72.65 - - [21/Sep/2026:11:44:47 +0700] "GET /sitemap86.xml HTTP/1.1" 200 - "-" "Mozilla/5.0 (compatible; Googlebot/2.1; +http://www.google.com/bot.html)"
66.249.72.65 - - [21/Sep/2026:11:49:21 +0700] "GET /recommend.php?sitemap955.xml HTTP/1.1" 403 - "-" "Mozilla/5.0 (compatible; Googlebot/2.1; +http://www.google.com/bot.html)"
159.223.165.52 - - [21/Sep/2026:11:49:59 +0700] "POST /wp-login.php HTTP/1.1" 200 7531 "-" "Mozilla/5.0"
198.252.107.178 - - [21/Sep/2026:11:50:00 +0700] "POST /wp-cron.php?doing_wp_cron=1789966200.7639598846435546875000 HTTP/1.1" 301 - "-" "WordPress/7.1.1; https://matin168d.com"
198.204.240.234 - - [21/Sep/2026:11:50:28 +0700] "GET /wp-content/qqd523b6/edit.php HTTP/1.1" 200 6 "https://matin168d.com/wp-content/qqd523b6/edit.php" "Mozilla/5.0 (Macintosh; Intel Mac OS X 10_6_8) AppleWebKit/535.1 (KHTML, like Gecko) Chrome/13.0.782.112 Safari/535.1"
198.204.240.234 - - [21/Sep/2026:11:50:10 +0700] "GET /wp-content/qqd523b6/edit.php HTTP/1.1" 200 - "https://matin168d.com/wp-content/qqd523b6/edit.php" "Mozilla/4.0 (compatible; MSIE 7.0; Windows NT 6.0; SLCC1; .NET CLR 2.0.50727; Media Center PC 5.0; .NET CLR 3.0.04506)"
198.204.240.234 - - [21/Sep/2026:11:52:33 +0700] "GET /wp-content/qqd523b6/edit.php HTTP/1.1" 200 6 "https://matin168d.com/wp-content/qqd523b6/edit.php" "Mozilla/5.0 (Windows NT 6.1; WOW64) AppleWebKit/535.1 (KHTML, like Gecko) Chrome/14.0.835.202 Safari/535.1"
198.204.240.234 - - [21/Sep/2026:11:52:13 +0700] "GET /wp-content/qqd523b6/edit.php HTTP/1.1" 200 - "https://matin168d.com/wp-content/qqd523b6/edit.php" "Mozilla/5.0 (Macintosh; Intel Mac OS X 10.6; rv:6.0.2) Gecko/20100101 Firefox/6.0.2"
103.184.95.8 - - [21/Sep/2026:11:54:34 +0700] "GET /best-betsoft-online-casinos-uk-2026/ HTTP/1.1" 200 - "https://matin168d.com/" "Mozilla/5.0 (Windows NT 10.0; Win64; x64) AppleWebKit/537.36 (KHTML, like Gecko) Chrome/103.0.0.0 Safari/537.36"
198.252.107.178 - - [21/Sep/2026:11:54:36 +0700] "POST /wp-cron.php?doing_wp_cron=1789966476.5679008960723876953125 HTTP/1.1" 301 - "-" "WordPress/7.1.1; https://matin168d.com"
103.184.95.8 - - [21/Sep/2026:11:54:37 +0700] "GET /best-betsoft-online-casinos-uk-2026/ HTTP/1.1" 200 - "https://matin168d.com/" "Mozilla/5.0 (Windows NT 10.0; Win64; x64) AppleWebKit/537.36 (KHTML, like Gecko) Chrome/103.0.0.0 Safari/537.36"
103.184.95.8 - - [21/Sep/2026:11:54:39 +0700] "GET /best-betsoft-online-casinos-uk-2026/ HTTP/1.1" 200 - "https://matin168d.com/" "Mozilla/5.0 (Windows NT 10.0; Win64; x64) AppleWebKit/537.36 (KHTML, like Gecko) Chrome/103.0.0.0 Safari/537.36"
66.249.72.67 - - [21/Sep/2026:11:55:18 +0700] "GET /furusato.php?sitemap765.xml HTTP/1.1" 403 - "-" "Mozilla/5.0 (compatible; Googlebot/2.1; +http://www.google.com/bot.html)"
173.254.28.219 - - [21/Sep/2026:11:55:44 +0700] "GET /wp-login.php HTTP/1.1" 200 7160 "http://matin168d.com/" "Mozilla/5.0 (X11; Linux x86_64) AppleWebKit/537.36 (KHTML, like Gecko) Chrome/149.0.0.0 Safari/537.36"
173.254.28.219 - - [21/Sep/2026:11:55:45 +0700] "POST /wp-login.php HTTP/1.1" 200 7584 "http://matin168d.com/wp-login.php" "Mozilla/5.0 (X11; Linux x86_64) AppleWebKit/537.36 (KHTML, like Gecko) Chrome/149.0.0.0 Safari/537.36"
66.249.72.67 - - [21/Sep/2026:11:55:58 +0700] "GET /furusato.php?sitemap308.xml HTTP/1.1" 403 - "-" "Mozilla/5.0 (compatible; Googlebot/2.1; +http://www.google.com/bot.html)"
173.44.224.130 - - [21/Sep/2026:11:57:38 +0700] "POST /index.php HTTP/1.1" 200 10 "-" "Mozilla/4.0 (compatible; MSIE 7.0; Windows NT 5.2; .NET CLR 1.1.4322; .NET CLR 2.0.50727)"
173.44.224.130 - - [21/Sep/2026:11:57:40 +0700] "GET /robots.txt HTTP/1.1" 200 257 "-" "Mozilla/4.0 (compatible; MSIE 7.0; Windows NT 5.2; .NET CLR 1.1.4322; .NET CLR 2.0.50727)"
216.26.254.198 - - [21/Sep/2026:11:57:41 +0700] "GET /best-betsoft-online-casinos-uk-2026/ HTTP/1.1" 200 - "https://matin168d.com/" "Mozilla/5.0 (Macintosh; Intel Mac OS X 10_15_7) AppleWebKit/605.1.15 (KHTML, like Gecko) Version/18.3 Safari/605.1.15"
198.252.107.178 - - [21/Sep/2026:11:57:43 +0700] "POST /wp-cron.php?doing_wp_cron=1789966663.2250289916992187500000 HTTP/1.1" 301 - "-" "WordPress/7.1.1; https://matin168d.com"
216.26.227.12 - - [21/Sep/2026:11:57:45 +0700] "GET /best-betsoft-online-casinos-uk-2026/ HTTP/1.1" 200 - "https://matin168d.com/" "Mozilla/5.0 (Macintosh; Intel Mac OS X 10_15_7) AppleWebKit/605.1.15 (KHTML, like Gecko) Version/18.3 Safari/605.1.15"
216.26.245.119 - - [21/Sep/2026:11:57:48 +0700] "GET /best-betsoft-online-casinos-uk-2026/ HTTP/1.1" 200 - "https://matin168d.com/" "Mozilla/5.0 (Macintosh; Intel Mac OS X 10_15_7) AppleWebKit/605.1.15 (KHTML, like Gecko) Version/18.3 Safari/605.1.15"
159.223.165.52 - - [21/Sep/2026:11:58:40 +0700] "POST /wp-login.php HTTP/1.1" 200 7531 "-" "Mozilla/5.0"
