140.228.21.124 - - [21/Sep/2026:10:25:49 +0700] "POST /wp-content/plugins/updraftplus/vendor/guzzle/guzzle/src/Guzzle/Plugin/Md5/groupperm.php HTTP/1.1" 301 - "-" "Mozilla/5.0 (Macintosh; Intel Mac OS X 10_15_7) AppleWebKit/537.36 (KHTML, like Gecko) Chrome/120.0.0.0 Safari/537.36"
140.228.21.124 - - [21/Sep/2026:10:25:51 +0700] "GET / HTTP/1.1" 200 - "-" "Mozilla/5.0 (Macintosh; Intel Mac OS X 10_15_7) AppleWebKit/537.36 (KHTML, like Gecko) Chrome/120.0.0.0 Safari/537.36"
212.56.54.194 - - [21/Sep/2026:10:25:53 +0700] "POST /wp-content/plugins/updraftplus/vendor/guzzle/guzzle/src/Guzzle/Plugin/Md5/groupperm.php HTTP/1.1" 301 - "-" "Mozilla/5.0 (Macintosh; Intel Mac OS X 10_15_7) AppleWebKit/537.36 (KHTML, like Gecko) Chrome/120.0.0.0 Safari/537.36"
212.56.54.194 - - [21/Sep/2026:10:25:54 +0700] "GET / HTTP/1.1" 200 - "-" "Mozilla/5.0 (Macintosh; Intel Mac OS X 10_15_7) AppleWebKit/537.36 (KHTML, like Gecko) Chrome/120.0.0.0 Safari/537.36"
95.181.232.42 - - [21/Sep/2026:10:25:57 +0700] "POST /wp-content/plugins/updraftplus/vendor/guzzle/guzzle/src/Guzzle/Plugin/Md5/groupperm.php HTTP/1.1" 301 - "-" "Mozilla/5.0 (Macintosh; Intel Mac OS X 10_15_7) AppleWebKit/537.36 (KHTML, like Gecko) Chrome/120.0.0.0 Safari/537.36"
95.181.232.42 - - [21/Sep/2026:10:25:58 +0700] "GET / HTTP/1.1" 200 - "-" "Mozilla/5.0 (Macintosh; Intel Mac OS X 10_15_7) AppleWebKit/537.36 (KHTML, like Gecko) Chrome/120.0.0.0 Safari/537.36"
176.115.236.81 - - [21/Sep/2026:10:26:00 +0700] "POST /wp-content/plugins/updraftplus/vendor/guzzle/guzzle/src/Guzzle/Plugin/Md5/groupperm.php HTTP/1.1" 301 - "-" "Mozilla/5.0 (Macintosh; Intel Mac OS X 10_15_7) AppleWebKit/537.36 (KHTML, like Gecko) Chrome/120.0.0.0 Safari/537.36"
176.115.236.81 - - [21/Sep/2026:10:26:02 +0700] "GET / HTTP/1.1" 200 - "-" "Mozilla/5.0 (Macintosh; Intel Mac OS X 10_15_7) AppleWebKit/537.36 (KHTML, like Gecko) Chrome/120.0.0.0 Safari/537.36"
212.56.49.95 - - [21/Sep/2026:10:26:04 +0700] "POST /wp-content/plugins/updraftplus/vendor/guzzle/guzzle/src/Guzzle/Plugin/Md5/groupperm.php HTTP/1.1" 301 - "-" "Mozilla/5.0 (Macintosh; Intel Mac OS X 10_15_7) AppleWebKit/537.36 (KHTML, like Gecko) Chrome/120.0.0.0 Safari/537.36"
212.56.49.95 - - [21/Sep/2026:10:26:06 +0700] "GET / HTTP/1.1" 200 - "-" "Mozilla/5.0 (Macintosh; Intel Mac OS X 10_15_7) AppleWebKit/537.36 (KHTML, like Gecko) Chrome/120.0.0.0 Safari/537.36"
158.173.3.140 - - [21/Sep/2026:10:26:08 +0700] "POST /wp-content/plugins/updraftplus/vendor/guzzle/guzzle/src/Guzzle/Plugin/Md5/groupperm.php HTTP/1.1" 301 - "-" "Mozilla/5.0 (Macintosh; Intel Mac OS X 10_15_7) AppleWebKit/537.36 (KHTML, like Gecko) Chrome/120.0.0.0 Safari/537.36"
158.173.3.140 - - [21/Sep/2026:10:26:10 +0700] "GET / HTTP/1.1" 200 - "-" "Mozilla/5.0 (Macintosh; Intel Mac OS X 10_15_7) AppleWebKit/537.36 (KHTML, like Gecko) Chrome/120.0.0.0 Safari/537.36"
198.252.107.178 - - [21/Sep/2026:10:26:13 +0700] "POST /wp-cron.php?doing_wp_cron=1789961173.3852970600128173828125 HTTP/1.1" 301 - "-" "WordPress/7.1.1; https://matin168d.com"
193.24.211.106 - - [21/Sep/2026:10:26:12 +0700] "POST /wp-content/plugins/updraftplus/vendor/guzzlehttp/guzzle/src/Cookie/str_split.php HTTP/1.1" 301 - "-" "Mozilla/5.0 (Macintosh; Intel Mac OS X 10_15_7) AppleWebKit/537.36 (KHTML, like Gecko) Chrome/120.0.0.0 Safari/537.36"
193.24.211.106 - - [21/Sep/2026:10:26:14 +0700] "GET / HTTP/1.1" 200 - "-" "Mozilla/5.0 (Macintosh; Intel Mac OS X 10_15_7) AppleWebKit/537.36 (KHTML, like Gecko) Chrome/120.0.0.0 Safari/537.36"
181.41.206.21 - - [21/Sep/2026:10:26:17 +0700] "POST /wp-content/plugins/updraftplus/vendor/guzzlehttp/guzzle/src/Cookie/str_split.php HTTP/1.1" 301 - "-" "Mozilla/5.0 (Macintosh; Intel Mac OS X 10_15_7) AppleWebKit/537.36 (KHTML, like Gecko) Chrome/120.0.0.0 Safari/537.36"
181.41.206.21 - - [21/Sep/2026:10:26:19 +0700] "GET / HTTP/1.1" 200 - "-" "Mozilla/5.0 (Macintosh; Intel Mac OS X 10_15_7) AppleWebKit/537.36 (KHTML, like Gecko) Chrome/120.0.0.0 Safari/537.36"
37.19.198.97 - - [21/Sep/2026:10:26:21 +0700] "POST /wp-content/plugins/updraftplus/vendor/guzzlehttp/guzzle/src/Cookie/str_split.php HTTP/1.1" 301 - "-" "Mozilla/5.0 (Macintosh; Intel Mac OS X 10_15_7) AppleWebKit/537.36 (KHTML, like Gecko) Chrome/120.0.0.0 Safari/537.36"
37.19.198.97 - - [21/Sep/2026:10:26:22 +0700] "GET / HTTP/1.1" 200 - "-" "Mozilla/5.0 (Macintosh; Intel Mac OS X 10_15_7) AppleWebKit/537.36 (KHTML, like Gecko) Chrome/120.0.0.0 Safari/537.36"
185.220.101.40 - - [21/Sep/2026:10:26:25 +0700] "POST /wp-content/plugins/updraftplus/vendor/guzzlehttp/guzzle/src/Cookie/str_split.php HTTP/1.1" 301 - "-" "Mozilla/5.0 (Macintosh; Intel Mac OS X 10_15_7) AppleWebKit/537.36 (KHTML, like Gecko) Chrome/120.0.0.0 Safari/537.36"
185.220.101.40 - - [21/Sep/2026:10:26:26 +0700] "GET / HTTP/1.1" 200 - "-" "Mozilla/5.0 (Macintosh; Intel Mac OS X 10_15_7) AppleWebKit/537.36 (KHTML, like Gecko) Chrome/120.0.0.0 Safari/537.36"
62.93.177.67 - - [21/Sep/2026:10:26:29 +0700] "POST /wp-content/plugins/updraftplus/vendor/guzzlehttp/guzzle/src/Cookie/str_split.php HTTP/1.1" 301 - "-" "Mozilla/5.0 (Macintosh; Intel Mac OS X 10_15_7) AppleWebKit/537.36 (KHTML, like Gecko) Chrome/120.0.0.0 Safari/537.36"
62.93.177.67 - - [21/Sep/2026:10:26:31 +0700] "GET / HTTP/1.1" 200 - "-" "Mozilla/5.0 (Macintosh; Intel Mac OS X 10_15_7) AppleWebKit/537.36 (KHTML, like Gecko) Chrome/120.0.0.0 Safari/537.36"
146.70.10.13 - - [21/Sep/2026:10:26:34 +0700] "POST /wp-content/plugins/updraftplus/vendor/guzzlehttp/guzzle/src/Cookie/str_split.php HTTP/1.1" 301 - "-" "Mozilla/5.0 (Macintosh; Intel Mac OS X 10_15_7) AppleWebKit/537.36 (KHTML, like Gecko) Chrome/120.0.0.0 Safari/537.36"
146.70.10.13 - - [21/Sep/2026:10:26:38 +0700] "GET / HTTP/1.1" 200 - "-" "Mozilla/5.0 (Macintosh; Intel Mac OS X 10_15_7) AppleWebKit/537.36 (KHTML, like Gecko) Chrome/120.0.0.0 Safari/537.36"
173.244.42.161 - - [21/Sep/2026:10:26:41 +0700] "POST /wp-content/plugins/updraftplus/vendor/guzzlehttp/guzzle/src/Cookie/str_split.php HTTP/1.1" 301 - "-" "Mozilla/5.0 (Macintosh; Intel Mac OS X 10_15_7) AppleWebKit/537.36 (KHTML, like Gecko) Chrome/120.0.0.0 Safari/537.36"
91.239.130.102 - - [21/Sep/2026:10:26:46 +0700] "GET /19209xafaait36mewttmf97 HTTP/1.1" 200 7006 "http://art.auygdossbpamodaahweswbpld.xyz/" "Mozilla/5.0 (Windows NT 10.0; Win64; x64) AppleWebKit/537.36 (KHTML, like Gecko) Chrome/135.0.0.0 Safari/537.36"
91.239.130.102 - - [21/Sep/2026:10:26:46 +0700] "GET /recommend.php?2140xadaaed98mewttmw65 HTTP/1.1" 403 4 "http://art.auygdossbpamodaahweswbpld.xyz/" "Mozilla/5.0 (Windows NT 10.0; Win64; x64) AppleWebKit/537.36 (KHTML, like Gecko) Chrome/135.0.0.0 Safari/537.36"
91.239.130.102 - - [21/Sep/2026:10:26:46 +0700] "GET /furusato.php?9785xaeaalh58mewttmd99 HTTP/1.1" 403 4 "http://art.auygdossbpamodaahweswbpld.xyz/" "Mozilla/5.0 (Windows NT 10.0; Win64; x64) AppleWebKit/537.36 (KHTML, like Gecko) Chrome/135.0.0.0 Safari/537.36"
91.239.130.102 - - [21/Sep/2026:10:26:46 +0700] "GET //wp-content/plugins/fix/ HTTP/1.1" 200 29709 "http://art.auygdossbpamodaahweswbpld.xyz/" "Mozilla/5.0 (Windows NT 10.0; Win64; x64) AppleWebKit/537.36 (KHTML, like Gecko) Chrome/135.0.0.0 Safari/537.36"
91.239.130.102 - - [21/Sep/2026:10:26:46 +0700] "GET /wp-includes/blocks/comments-pagination-numbers/host.php HTTP/1.1" 301 - "http://art.auygdossbpamodaahweswbpld.xyz/" "Mozilla/5.0 (Windows NT 10.0; Win64; x64) AppleWebKit/537.36 (KHTML, like Gecko) Chrome/135.0.0.0 Safari/537.36"
91.239.130.102 - - [21/Sep/2026:10:26:46 +0700] "GET /wp-includes/blocks/comments-pagination-previous/bdroot.php HTTP/1.1" 301 - "http://art.auygdossbpamodaahweswbpld.xyz/" "Mozilla/5.0 (Windows NT 10.0; Win64; x64) AppleWebKit/537.36 (KHTML, like Gecko) Chrome/135.0.0.0 Safari/537.36"
91.239.130.102 - - [21/Sep/2026:10:26:46 +0700] "GET /wp-includes/blocks/verse/wp-dcontentt.php HTTP/1.1" 301 - "http://art.auygdossbpamodaahweswbpld.xyz/" "Mozilla/5.0 (Windows NT 10.0; Win64; x64) AppleWebKit/537.36 (KHTML, like Gecko) Chrome/135.0.0.0 Safari/537.36"
91.239.130.102 - - [21/Sep/2026:10:26:46 +0700] "GET /wp-includes/js/mediaelement/NS45at5LzxYcusMdefault.php HTTP/1.1" 301 - "http://art.auygdossbpamodaahweswbpld.xyz/" "Mozilla/5.0 (Windows NT 10.0; Win64; x64) AppleWebKit/537.36 (KHTML, like Gecko) Chrome/135.0.0.0 Safari/537.36"
91.239.130.102 - - [21/Sep/2026:10:26:47 +0700] "GET / HTTP/1.1" 200 - "http://art.auygdossbpamodaahweswbpld.xyz/" "Mozilla/5.0 (Windows NT 10.0; Win64; x64) AppleWebKit/537.36 (KHTML, like Gecko) Chrome/135.0.0.0 Safari/537.36"
91.239.130.102 - - [21/Sep/2026:10:26:48 +0700] "GET /favicon.ico HTTP/1.1" 302 - "https://matin168d.com/19209xafaait36mewttmf97" "Mozilla/5.0 (Windows NT 10.0; Win64; x64) AppleWebKit/537.36 (KHTML, like Gecko) Chrome/135.0.0.0 Safari/537.36"
91.239.130.102 - - [21/Sep/2026:10:26:50 +0700] "GET /favicon.ico HTTP/1.1" 302 - "https://matin168d.com/recommend.php?2140xadaaed98mewttmw65" "Mozilla/5.0 (Windows NT 10.0; Win64; x64) AppleWebKit/537.36 (KHTML, like Gecko) Chrome/135.0.0.0 Safari/537.36"
91.239.130.102 - - [21/Sep/2026:10:26:49 +0700] "GET / HTTP/1.1" 200 - "http://art.auygdossbpamodaahweswbpld.xyz/" "Mozilla/5.0 (Windows NT 10.0; Win64; x64) AppleWebKit/537.36 (KHTML, like Gecko) Chrome/135.0.0.0 Safari/537.36"
91.239.130.102 - - [21/Sep/2026:10:26:51 +0700] "GET /favicon.ico HTTP/1.1" 302 - "https://matin168d.com/furusato.php?9785xaeaalh58mewttmd99" "Mozilla/5.0 (Windows NT 10.0; Win64; x64) AppleWebKit/537.36 (KHTML, like Gecko) Chrome/135.0.0.0 Safari/537.36"
91.239.130.102 - - [21/Sep/2026:10:26:52 +0700] "GET / HTTP/1.1" 200 - "http://art.auygdossbpamodaahweswbpld.xyz/" "Mozilla/5.0 (Windows NT 10.0; Win64; x64) AppleWebKit/537.36 (KHTML, like Gecko) Chrome/135.0.0.0 Safari/537.36"
91.239.130.102 - - [21/Sep/2026:10:26:54 +0700] "GET //wp-content/plugins/fix/?fm=true&path=/home/msgdhg02/public_html/matin168d.com/wp-content/plugins/fix/.. HTTP/1.1" 200 38165 "https://matin168d.com//wp-content/plugins/fix/" "Mozilla/5.0 (Windows NT 10.0; Win64; x64) AppleWebKit/537.36 (KHTML, like Gecko) Chrome/135.0.0.0 Safari/537.36"
91.239.130.102 - - [21/Sep/2026:10:26:53 +0700] "GET /favicon.ico HTTP/1.1" 302 - "https://matin168d.com//wp-content/plugins/fix/" "Mozilla/5.0 (Windows NT 10.0; Win64; x64) AppleWebKit/537.36 (KHTML, like Gecko) Chrome/135.0.0.0 Safari/537.36"
91.239.130.102 - - [21/Sep/2026:10:26:54 +0700] "GET / HTTP/1.1" 200 - "http://art.auygdossbpamodaahweswbpld.xyz/" "Mozilla/5.0 (Windows NT 10.0; Win64; x64) AppleWebKit/537.36 (KHTML, like Gecko) Chrome/135.0.0.0 Safari/537.36"
91.239.130.102 - - [21/Sep/2026:10:26:55 +0700] "GET /favicon.ico HTTP/1.1" 302 - "https://matin168d.com/" "Mozilla/5.0 (Windows NT 10.0; Win64; x64) AppleWebKit/537.36 (KHTML, like Gecko) Chrome/135.0.0.0 Safari/537.36"
173.244.42.161 - - [21/Sep/2026:10:26:42 +0700] "GET / HTTP/1.1" 200 - "-" "Mozilla/5.0 (Macintosh; Intel Mac OS X 10_15_7) AppleWebKit/537.36 (KHTML, like Gecko) Chrome/120.0.0.0 Safari/537.36"
91.239.130.102 - - [21/Sep/2026:10:26:58 +0700] "GET /wp-content/uploads/2026/03/logo-150x150.webp HTTP/1.1" 200 6850 "https://matin168d.com/19209xafaait36mewttmf97" "Mozilla/5.0 (Windows NT 10.0; Win64; x64) AppleWebKit/537.36 (KHTML, like Gecko) Chrome/135.0.0.0 Safari/537.36"
91.239.130.102 - - [21/Sep/2026:10:26:57 +0700] "GET /favicon.ico HTTP/1.1" 302 - "https://matin168d.com/" "Mozilla/5.0 (Windows NT 10.0; Win64; x64) AppleWebKit/537.36 (KHTML, like Gecko) Chrome/135.0.0.0 Safari/537.36"
91.239.130.102 - - [21/Sep/2026:10:26:59 +0700] "GET //wp-content/plugins/fix/?fm=true&path=/home/msgdhg02/public_html/matin168d.com/wp-content/plugins/.. HTTP/1.1" 200 55322 "https://matin168d.com//wp-content/plugins/fix/?fm=true&path=/home/msgdhg02/public_html/matin168d.com/wp-content/plugins/fix/.." "Mozilla/5.0 (Windows NT 10.0; Win64; x64) AppleWebKit/537.36 (KHTML, like Gecko) Chrome/135.0.0.0 Safari/537.36"
84.20.26.70 - - [21/Sep/2026:10:26:59 +0700] "POST /wp-content/plugins/updraftplus/vendor/guzzlehttp/guzzle/src/Cookie/str_split.php HTTP/1.1" 301 - "-" "Mozilla/5.0 (Macintosh; Intel Mac OS X 10_15_7) AppleWebKit/537.36 (KHTML, like Gecko) Chrome/120.0.0.0 Safari/537.36"
91.239.130.102 - - [21/Sep/2026:10:27:00 +0700] "GET /favicon.ico HTTP/1.1" 302 - "https://matin168d.com/" "Mozilla/5.0 (Windows NT 10.0; Win64; x64) AppleWebKit/537.36 (KHTML, like Gecko) Chrome/135.0.0.0 Safari/537.36"
91.239.130.102 - - [21/Sep/2026:10:27:03 +0700] "GET //wp-content/plugins/fix/?fm=true&path=/home/msgdhg02/public_html/matin168d.com/wp-content/.. HTTP/1.1" 200 79341 "https://matin168d.com//wp-content/plugins/fix/?fm=true&path=/home/msgdhg02/public_html/matin168d.com/wp-content/plugins/.." "Mozilla/5.0 (Windows NT 10.0; Win64; x64) AppleWebKit/537.36 (KHTML, like Gecko) Chrome/135.0.0.0 Safari/537.36"
91.239.130.102 - - [21/Sep/2026:10:27:03 +0700] "GET /favicon.ico HTTP/1.1" 302 - "https://matin168d.com/" "Mozilla/5.0 (Windows NT 10.0; Win64; x64) AppleWebKit/537.36 (KHTML, like Gecko) Chrome/135.0.0.0 Safari/537.36"
84.20.26.70 - - [21/Sep/2026:10:27:03 +0700] "GET / HTTP/1.1" 200 - "-" "Mozilla/5.0 (Macintosh; Intel Mac OS X 10_15_7) AppleWebKit/537.36 (KHTML, like Gecko) Chrome/120.0.0.0 Safari/537.36"
91.239.130.102 - - [21/Sep/2026:10:27:07 +0700] "GET //wp-content/plugins/fix/?fm=true&path=/home/msgdhg02/public_html/matin168d.com/wp-content HTTP/1.1" 200 55322 "https://matin168d.com//wp-content/plugins/fix/?fm=true&path=/home/msgdhg02/public_html/matin168d.com/wp-content/.." "Mozilla/5.0 (Windows NT 10.0; Win64; x64) AppleWebKit/537.36 (KHTML, like Gecko) Chrome/135.0.0.0 Safari/537.36"
103.62.50.205 - - [21/Sep/2026:10:27:08 +0700] "POST /wp-content/plugins/updraftplus/vendor/guzzlehttp/guzzle/src/Cookie/str_split.php HTTP/1.1" 301 - "-" "Mozilla/5.0 (Macintosh; Intel Mac OS X 10_15_7) AppleWebKit/537.36 (KHTML, like Gecko) Chrome/120.0.0.0 Safari/537.36"
103.62.50.205 - - [21/Sep/2026:10:27:10 +0700] "GET / HTTP/1.1" 200 - "-" "Mozilla/5.0 (Macintosh; Intel Mac OS X 10_15_7) AppleWebKit/537.36 (KHTML, like Gecko) Chrome/120.0.0.0 Safari/537.36"
198.252.107.178 - - [21/Sep/2026:10:27:15 +0700] "POST /wp-cron.php?doing_wp_cron=1789961235.0495901107788085937500 HTTP/1.1" 301 - "-" "WordPress/7.1.1; https://matin168d.com"
37.19.197.156 - - [21/Sep/2026:10:27:14 +0700] "POST /wp-content/plugins/updraftplus/vendor/guzzlehttp/guzzle/src/Cookie/str_split.php HTTP/1.1" 301 - "-" "Mozilla/5.0 (Macintosh; Intel Mac OS X 10_15_7) AppleWebKit/537.36 (KHTML, like Gecko) Chrome/120.0.0.0 Safari/537.36"
91.239.130.102 - - [21/Sep/2026:10:27:17 +0700] "POST //wp-content/plugins/fix/?fm=true HTTP/1.1" 200 56749 "https://matin168d.com//wp-content/plugins/fix/?fm=true&path=/home/msgdhg02/public_html/matin168d.com/wp-content" "Mozilla/5.0 (Windows NT 10.0; Win64; x64) AppleWebKit/537.36 (KHTML, like Gecko) Chrome/135.0.0.0 Safari/537.36"
37.19.197.156 - - [21/Sep/2026:10:27:16 +0700] "GET / HTTP/1.1" 200 - "-" "Mozilla/5.0 (Macintosh; Intel Mac OS X 10_15_7) AppleWebKit/537.36 (KHTML, like Gecko) Chrome/120.0.0.0 Safari/537.36"
151.240.205.157 - - [21/Sep/2026:10:27:20 +0700] "POST /wp-content/plugins/updraftplus/vendor/guzzlehttp/guzzle/src/Cookie/str_split.php HTTP/1.1" 301 - "-" "Mozilla/5.0 (Macintosh; Intel Mac OS X 10_15_7) AppleWebKit/537.36 (KHTML, like Gecko) Chrome/120.0.0.0 Safari/537.36"
151.240.205.157 - - [21/Sep/2026:10:27:22 +0700] "GET / HTTP/1.1" 200 - "-" "Mozilla/5.0 (Macintosh; Intel Mac OS X 10_15_7) AppleWebKit/537.36 (KHTML, like Gecko) Chrome/120.0.0.0 Safari/537.36"
91.239.130.102 - - [21/Sep/2026:10:27:24 +0700] "GET /wp-content/edit.php HTTP/1.1" 200 2365 "-" "Mozilla/5.0 (Windows NT 10.0; Win64; x64) AppleWebKit/537.36 (KHTML, like Gecko) Chrome/135.0.0.0 Safari/537.36"
149.22.95.177 - - [21/Sep/2026:10:27:25 +0700] "POST /wp-content/plugins/updraftplus/vendor/guzzlehttp/guzzle/src/Cookie/str_split.php HTTP/1.1" 301 - "-" "Mozilla/5.0 (Macintosh; Intel Mac OS X 10_15_7) AppleWebKit/537.36 (KHTML, like Gecko) Chrome/120.0.0.0 Safari/537.36"
85.237.212.80 - - [21/Sep/2026:10:27:26 +0700] "GET /best-bingo-casinos-uk-2026/ HTTP/1.1" 200 - "https://matin168d.com/" "Mozilla/5.0 (Macintosh; Intel Mac OS X 10_15_7) AppleWebKit/605.1.15 (KHTML, like Gecko) Version/18.3 Safari/605.1.15"
149.22.95.177 - - [21/Sep/2026:10:27:26 +0700] "GET / HTTP/1.1" 200 - "-" "Mozilla/5.0 (Macintosh; Intel Mac OS X 10_15_7) AppleWebKit/537.36 (KHTML, like Gecko) Chrome/120.0.0.0 Safari/537.36"
91.239.130.102 - - [21/Sep/2026:10:27:29 +0700] "GET /wp-content/edit.php?action=permission HTTP/1.1" 200 2559 "https://matin168d.com/wp-content/edit.php" "Mozilla/5.0 (Windows NT 10.0; Win64; x64) AppleWebKit/537.36 (KHTML, like Gecko) Chrome/135.0.0.0 Safari/537.36"
185.220.101.45 - - [21/Sep/2026:10:27:29 +0700] "POST /wp-content/plugins/updraftplus/vendor/guzzlehttp/guzzle/src/Cookie/str_split.php HTTP/1.1" 301 - "-" "Mozilla/5.0 (Macintosh; Intel Mac OS X 10_15_7) AppleWebKit/537.36 (KHTML, like Gecko) Chrome/120.0.0.0 Safari/537.36"
147.90.209.109 - - [21/Sep/2026:10:27:28 +0700] "GET /best-bingo-casinos-uk-2026/ HTTP/1.1" 200 - "https://matin168d.com/" "Mozilla/5.0 (Macintosh; Intel Mac OS X 10_15_7) AppleWebKit/605.1.15 (KHTML, like Gecko) Version/18.3 Safari/605.1.15"
91.239.130.102 - - [21/Sep/2026:10:27:31 +0700] "GET /wp-content/edit.php?action=command HTTP/1.1" 200 4476 "https://matin168d.com/wp-content/edit.php?action=permission" "Mozilla/5.0 (Windows NT 10.0; Win64; x64) AppleWebKit/537.36 (KHTML, like Gecko) Chrome/135.0.0.0 Safari/537.36"
185.220.101.45 - - [21/Sep/2026:10:27:30 +0700] "GET / HTTP/1.1" 200 - "-" "Mozilla/5.0 (Macintosh; Intel Mac OS X 10_15_7) AppleWebKit/537.36 (KHTML, like Gecko) Chrome/120.0.0.0 Safari/537.36"
154.47.29.211 - - [21/Sep/2026:10:27:32 +0700] "POST /wp-content/plugins/updraftplus/vendor/guzzlehttp/guzzle/src/Cookie/str_split.php HTTP/1.1" 301 - "-" "Mozilla/5.0 (Macintosh; Intel Mac OS X 10_15_7) AppleWebKit/537.36 (KHTML, like Gecko) Chrome/120.0.0.0 Safari/537.36"
85.203.46.37 - - [21/Sep/2026:10:27:30 +0700] "GET /best-bingo-casinos-uk-2026/ HTTP/1.1" 200 - "https://matin168d.com/" "Mozilla/5.0 (Macintosh; Intel Mac OS X 10_15_7) AppleWebKit/605.1.15 (KHTML, like Gecko) Version/18.3 Safari/605.1.15"
88.80.26.4 - - [21/Sep/2026:10:27:36 +0700] "POST /wp-content/plugins/updraftplus/vendor/guzzlehttp/guzzle/src/Cookie/str_split.php HTTP/1.1" 301 - "-" "Mozilla/5.0 (Macintosh; Intel Mac OS X 10_15_7) AppleWebKit/537.36 (KHTML, like Gecko) Chrome/120.0.0.0 Safari/537.36"
91.239.130.102 - - [21/Sep/2026:10:27:37 +0700] "GET /wp-content/edit.php?action=permission HTTP/1.1" 200 2559 "https://matin168d.com/wp-content/edit.php?action=command" "Mozilla/5.0 (Windows NT 10.0; Win64; x64) AppleWebKit/537.36 (KHTML, like Gecko) Chrome/135.0.0.0 Safari/537.36"
88.80.26.4 - - [21/Sep/2026:10:27:37 +0700] "GET / HTTP/1.1" 200 - "-" "Mozilla/5.0 (Macintosh; Intel Mac OS X 10_15_7) AppleWebKit/537.36 (KHTML, like Gecko) Chrome/120.0.0.0 Safari/537.36"
102.129.153.203 - - [21/Sep/2026:10:27:40 +0700] "POST /wp-content/plugins/updraftplus/vendor/guzzlehttp/guzzle/src/Cookie/str_split.php HTTP/1.1" 301 - "-" "Mozilla/5.0 (Macintosh; Intel Mac OS X 10_15_7) AppleWebKit/537.36 (KHTML, like Gecko) Chrome/120.0.0.0 Safari/537.36"
91.239.130.102 - - [21/Sep/2026:10:27:38 +0700] "POST /wp-content/edit.php?action=permission HTTP/1.1" 200 2513180 "https://matin168d.com/wp-content/edit.php?action=permission" "Mozilla/5.0 (Windows NT 10.0; Win64; x64) AppleWebKit/537.36 (KHTML, like Gecko) Chrome/135.0.0.0 Safari/537.36"
102.129.153.203 - - [21/Sep/2026:10:27:42 +0700] "GET / HTTP/1.1" 200 - "-" "Mozilla/5.0 (Macintosh; Intel Mac OS X 10_15_7) AppleWebKit/537.36 (KHTML, like Gecko) Chrome/120.0.0.0 Safari/537.36"
91.239.130.102 - - [21/Sep/2026:10:27:45 +0700] "GET //wp-content/plugins/fix/?fm=true&path=/home/msgdhg02/public_html/matin168d.com/wp-content/.. HTTP/1.1" 200 79341 "https://matin168d.com//wp-content/plugins/fix/?fm=true" "Mozilla/5.0 (Windows NT 10.0; Win64; x64) AppleWebKit/537.36 (KHTML, like Gecko) Chrome/135.0.0.0 Safari/537.36"
192.42.116.117 - - [21/Sep/2026:10:27:44 +0700] "POST /wp-content/plugins/updraftplus/vendor/guzzlehttp/guzzle/src/Cookie/str_split.php HTTP/1.1" 301 - "-" "Mozilla/5.0 (Macintosh; Intel Mac OS X 10_15_7) AppleWebKit/537.36 (KHTML, like Gecko) Chrome/120.0.0.0 Safari/537.36"
192.42.116.117 - - [21/Sep/2026:10:27:46 +0700] "GET / HTTP/1.1" 200 - "-" "Mozilla/5.0 (Macintosh; Intel Mac OS X 10_15_7) AppleWebKit/537.36 (KHTML, like Gecko) Chrome/120.0.0.0 Safari/537.36"
91.239.130.102 - - [21/Sep/2026:10:27:49 +0700] "POST //wp-content/plugins/fix/?fm=true HTTP/1.1" 200 79426 "https://matin168d.com//wp-content/plugins/fix/?fm=true&path=/home/msgdhg02/public_html/matin168d.com/wp-content/.." "Mozilla/5.0 (Windows NT 10.0; Win64; x64) AppleWebKit/537.36 (KHTML, like Gecko) Chrome/135.0.0.0 Safari/537.36"
91.239.130.102 - - [21/Sep/2026:10:27:51 +0700] "GET /furusato.php?9785xaeaalh58mewttmd99 HTTP/1.1" 200 5610 "http://art.auygdossbpamodaahweswbpld.xyz/" "Mozilla/5.0 (Windows NT 10.0; Win64; x64) AppleWebKit/537.36 (KHTML, like Gecko) Chrome/135.0.0.0 Safari/537.36"
91.239.130.102 - - [21/Sep/2026:10:27:52 +0700] "GET /recommend.php?2140xadaaed98mewttmw65 HTTP/1.1" 200 6079 "http://art.auygdossbpamodaahweswbpld.xyz/" "Mozilla/5.0 (Windows NT 10.0; Win64; x64) AppleWebKit/537.36 (KHTML, like Gecko) Chrome/135.0.0.0 Safari/537.36"
91.239.130.102 - - [21/Sep/2026:10:27:52 +0700] "GET /recommend.php?2140xadaaed98mewttmw65 HTTP/1.1" 200 6079 "http://art.auygdossbpamodaahweswbpld.xyz/" "Mozilla/5.0 (Windows NT 10.0; Win64; x64) AppleWebKit/537.36 (KHTML, like Gecko) Chrome/135.0.0.0 Safari/537.36"
91.239.130.102 - - [21/Sep/2026:10:27:51 +0700] "GET /furusato.php?9785xaeaalh58mewttmd99 HTTP/1.1" 200 5610 "http://art.auygdossbpamodaahweswbpld.xyz/" "Mozilla/5.0 (Windows NT 10.0; Win64; x64) AppleWebKit/537.36 (KHTML, like Gecko) Chrome/135.0.0.0 Safari/537.36"
172.94.8.3 - - [21/Sep/2026:10:27:56 +0700] "POST /wp-content/plugins/updraftplus/vendor/guzzlehttp/guzzle/src/Cookie/str_split.php HTTP/1.1" 200 31 "-" "Mozilla/5.0 (Macintosh; Intel Mac OS X 10_15_7) AppleWebKit/537.36 (KHTML, like Gecko) Chrome/120.0.0.0 Safari/537.36"
91.239.130.102 - - [21/Sep/2026:10:27:55 +0700] "GET //wp-content/plugins/fix/?fm=true&path=/home/msgdhg02/public_html/matin168d.com/wp-admin HTTP/1.1" 200 166216 "https://matin168d.com//wp-content/plugins/fix/?fm=true" "Mozilla/5.0 (Windows NT 10.0; Win64; x64) AppleWebKit/537.36 (KHTML, like Gecko) Chrome/135.0.0.0 Safari/537.36"
91.239.130.102 - - [21/Sep/2026:10:27:56 +0700] "GET /favicon.ico HTTP/1.1" 302 - "https://matin168d.com/furusato.php?9785xaeaalh58mewttmd99" "Mozilla/5.0 (Windows NT 10.0; Win64; x64) AppleWebKit/537.36 (KHTML, like Gecko) Chrome/135.0.0.0 Safari/537.36"
172.94.8.3 - - [21/Sep/2026:10:27:57 +0700] "POST /wp-content/plugins/updraftplus/vendor/guzzlehttp/guzzle/src/Cookie/str_split.php HTTP/1.1" 200 23 "-" "Mozilla/5.0 (Macintosh; Intel Mac OS X 10_15_7) AppleWebKit/537.36 (KHTML, like Gecko) Chrome/120.0.0.0 Safari/537.36"
91.239.130.102 - - [21/Sep/2026:10:27:57 +0700] "GET //wp-content/plugins/fix/?fm=true&path=/home/msgdhg02/public_html/matin168d.com/wp-admin HTTP/1.1" 200 166216 "https://matin168d.com//wp-content/plugins/fix/?fm=true" "Mozilla/5.0 (Windows NT 10.0; Win64; x64) AppleWebKit/537.36 (KHTML, like Gecko) Chrome/135.0.0.0 Safari/537.36"
91.239.130.102 - - [21/Sep/2026:10:27:59 +0700] "GET //wp-content/plugins/fix/?fm=true&path=/home/msgdhg02/public_html/matin168d.com/wp-admin/maint HTTP/1.1" 200 23565 "https://matin168d.com//wp-content/plugins/fix/?fm=true&path=/home/msgdhg02/public_html/matin168d.com/wp-admin" "Mozilla/5.0 (Windows NT 10.0; Win64; x64) AppleWebKit/537.36 (KHTML, like Gecko) Chrome/135.0.0.0 Safari/537.36"
91.239.130.102 - - [21/Sep/2026:10:27:58 +0700] "GET /favicon.ico HTTP/1.1" 302 - "https://matin168d.com/recommend.php?2140xadaaed98mewttmw65" "Mozilla/5.0 (Windows NT 10.0; Win64; x64) AppleWebKit/537.36 (KHTML, like Gecko) Chrome/135.0.0.0 Safari/537.36"
91.239.130.102 - - [21/Sep/2026:10:28:07 +0700] "POST //wp-content/plugins/fix/?fm=true HTTP/1.1" 200 25080 "https://matin168d.com//wp-content/plugins/fix/?fm=true&path=/home/msgdhg02/public_html/matin168d.com/wp-admin/maint" "Mozilla/5.0 (Windows NT 10.0; Win64; x64) AppleWebKit/537.36 (KHTML, like Gecko) Chrome/135.0.0.0 Safari/537.36"
91.239.130.102 - - [21/Sep/2026:10:28:13 +0700] "GET /wp-admin/maint/azssfcmn.php HTTP/1.1" 200 11943 "-" "Mozilla/5.0 (Windows NT 10.0; Win64; x64) AppleWebKit/537.36 (KHTML, like Gecko) Chrome/135.0.0.0 Safari/537.36"
91.239.130.102 - - [21/Sep/2026:10:28:19 +0700] "GET //wp-content/plugins/fix/?fm=true&path=/home/msgdhg02/public_html/matin168d.com/wp-admin/maint/.. HTTP/1.1" 200 166216 "https://matin168d.com//wp-content/plugins/fix/?fm=true" "Mozilla/5.0 (Windows NT 10.0; Win64; x64) AppleWebKit/537.36 (KHTML, like Gecko) Chrome/135.0.0.0 Safari/537.36"
91.239.130.102 - - [21/Sep/2026:10:28:21 +0700] "GET //wp-content/plugins/fix/?fm=true&path=/home/msgdhg02/public_html/matin168d.com/wp-admin/.. HTTP/1.1" 200 79340 "https://matin168d.com//wp-content/plugins/fix/?fm=true&path=/home/msgdhg02/public_html/matin168d.com/wp-admin/maint/.." "Mozilla/5.0 (Windows NT 10.0; Win64; x64) AppleWebKit/537.36 (KHTML, like Gecko) Chrome/135.0.0.0 Safari/537.36"
91.239.130.102 - - [21/Sep/2026:10:28:22 +0700] "GET //wp-content/plugins/fix/?fm=true&path=/home/msgdhg02/public_html/matin168d.com/wp-includes HTTP/1.1" 200 462983 "https://matin168d.com//wp-content/plugins/fix/?fm=true&path=/home/msgdhg02/public_html/matin168d.com/wp-admin/.." "Mozilla/5.0 (Windows NT 10.0; Win64; x64) AppleWebKit/537.36 (KHTML, like Gecko) Chrome/135.0.0.0 Safari/537.36"
91.239.130.102 - - [21/Sep/2026:10:28:25 +0700] "GET //wp-content/plugins/fix/?fm=true&path=/home/msgdhg02/public_html/matin168d.com/wp-includes/SimplePie HTTP/1.1" 200 26452 "https://matin168d.com//wp-content/plugins/fix/?fm=true&path=/home/msgdhg02/public_html/matin168d.com/wp-includes" "Mozilla/5.0 (Windows NT 10.0; Win64; x64) AppleWebKit/537.36 (KHTML, like Gecko) Chrome/135.0.0.0 Safari/537.36"
91.239.130.102 - - [21/Sep/2026:10:28:31 +0700] "POST //wp-content/plugins/fix/?fm=true HTTP/1.1" 200 28161 "https://matin168d.com//wp-content/plugins/fix/?fm=true&path=/home/msgdhg02/public_html/matin168d.com/wp-includes/SimplePie" "Mozilla/5.0 (Windows NT 10.0; Win64; x64) AppleWebKit/537.36 (KHTML, like Gecko) Chrome/135.0.0.0 Safari/537.36"
91.239.130.102 - - [21/Sep/2026:10:28:39 +0700] "GET /wp-includes/SimplePie/wp-cron-activation.php HTTP/1.1" 200 59850 "-" "Mozilla/5.0 (Windows NT 10.0; Win64; x64) AppleWebKit/537.36 (KHTML, like Gecko) Chrome/135.0.0.0 Safari/537.36"
91.239.130.102 - - [21/Sep/2026:10:28:40 +0700] "POST /wp-includes/SimplePie/wp-cron-activation.php? HTTP/1.1" 200 889 "-" "Mozilla/5.0 (Windows NT 10.0; Win64; x64) AppleWebKit/537.36 (KHTML, like Gecko) Chrome/135.0.0.0 Safari/537.36"
91.239.130.102 - - [21/Sep/2026:10:28:41 +0700] "POST /wp-includes/SimplePie/wp-cron-activation.php? HTTP/1.1" 200 422 "-" "Mozilla/5.0 (Windows NT 10.0; Win64; x64) AppleWebKit/537.36 (KHTML, like Gecko) Chrome/135.0.0.0 Safari/537.36"
198.204.240.234 - - [21/Sep/2026:10:30:43 +0700] "GET /wp-content/qqd523b6/edit.php HTTP/1.1" 200 6 "https://matin168d.com/wp-content/qqd523b6/edit.php" "Mozilla/5.0 (Macintosh; Intel Mac OS X 10_6_8) AppleWebKit/535.1 (KHTML, like Gecko) Chrome/13.0.782.112 Safari/535.1"
198.204.240.234 - - [21/Sep/2026:10:30:23 +0700] "GET /wp-content/qqd523b6/edit.php HTTP/1.1" 200 - "https://matin168d.com/wp-content/qqd523b6/edit.php" "Mozilla/4.0 (compatible; MSIE 7.0; Windows NT 6.0; SLCC1; .NET CLR 2.0.50727; Media Center PC 5.0; .NET CLR 3.0.04506; InfoPath.1)"
195.2.80.36 - - [21/Sep/2026:10:33:28 +0700] "GET /best-betsoft-online-casinos-uk-2026/ HTTP/1.1" 200 - "https://matin168d.com/" "Mozilla/5.0 (X11; Ubuntu; Linux x86_64; rv:137.0) Gecko/20100101 Firefox/137.0"
198.252.107.178 - - [21/Sep/2026:10:33:29 +0700] "POST /wp-cron.php?doing_wp_cron=1789961609.4450969696044921875000 HTTP/1.1" 301 - "-" "WordPress/7.1.1; https://matin168d.com"
195.2.80.36 - - [21/Sep/2026:10:33:31 +0700] "GET /best-betsoft-online-casinos-uk-2026/ HTTP/1.1" 200 - "https://matin168d.com/" "Mozilla/5.0 (X11; Ubuntu; Linux x86_64; rv:137.0) Gecko/20100101 Firefox/137.0"
195.2.80.36 - - [21/Sep/2026:10:33:33 +0700] "GET /best-betsoft-online-casinos-uk-2026/ HTTP/1.1" 200 - "https://matin168d.com/" "Mozilla/5.0 (X11; Ubuntu; Linux x86_64; rv:137.0) Gecko/20100101 Firefox/137.0"
66.249.72.65 - - [21/Sep/2026:10:33:37 +0700] "GET /recommend.php?sitemap452.xml HTTP/1.1" 403 - "-" "Mozilla/5.0 (compatible; Googlebot/2.1; +http://www.google.com/bot.html)"
66.249.72.64 - - [21/Sep/2026:10:33:55 +0700] "GET /recommend.php?sitemap40.xml HTTP/1.1" 403 - "-" "Mozilla/5.0 (compatible; Googlebot/2.1; +http://www.google.com/bot.html)"
198.204.240.234 - - [21/Sep/2026:10:34:13 +0700] "GET /wp-content/qqd523b6/edit.php HTTP/1.1" 200 6 "https://matin168d.com/wp-content/qqd523b6/edit.php" "Mozilla/5.0 (Macintosh; U; Intel Mac OS X; ja-jp) AppleWebKit/523.10.3 (KHTML, like Gecko) Version/3.0.4 Safari/523.10"
23.158.233.121 - - [21/Sep/2026:10:34:53 +0700] "GET /best-amatic-online-casinos-uk-2026/ HTTP/1.1" 200 - "https://matin168d.com/" "Mozilla/5.0 (Windows NT 10.0; Win64; x64) AppleWebKit/537.36 (KHTML, like Gecko) Chrome/135.0.0.0 Safari/537.36"
23.158.233.121 - - [21/Sep/2026:10:34:57 +0700] "GET /best-amatic-online-casinos-uk-2026/ HTTP/1.1" 200 - "https://matin168d.com/" "Mozilla/5.0 (Windows NT 10.0; Win64; x64) AppleWebKit/537.36 (KHTML, like Gecko) Chrome/135.0.0.0 Safari/537.36"
198.252.107.178 - - [21/Sep/2026:10:34:55 +0700] "POST /wp-cron.php?doing_wp_cron=1789961695.5022869110107421875000 HTTP/1.1" 301 - "-" "WordPress/7.1.1; https://matin168d.com"
23.158.233.121 - - [21/Sep/2026:10:34:59 +0700] "GET /best-amatic-online-casinos-uk-2026/ HTTP/1.1" 200 - "https://matin168d.com/" "Mozilla/5.0 (Windows NT 10.0; Win64; x64) AppleWebKit/537.36 (KHTML, like Gecko) Chrome/135.0.0.0 Safari/537.36"
198.204.240.234 - - [21/Sep/2026:10:33:53 +0700] "GET /wp-content/qqd523b6/edit.php HTTP/1.1" 200 - "https://matin168d.com/wp-content/qqd523b6/edit.php" "Mozilla/4.0 (compatible; MSIE 8.0; Windows NT 5.1; Trident/4.0; .NET CLR 2.0.50727; .NET CLR 3.0.04506.30; .NET CLR 3.0.04506.648)"
198.252.107.178 - - [21/Sep/2026:10:37:47 +0700] "POST /wp-cron.php?doing_wp_cron=1789961867.1962080001831054687500 HTTP/1.1" 301 - "-" "WordPress/7.1.1; https://matin168d.com"
85.203.46.61 - - [21/Sep/2026:10:37:44 +0700] "GET /best-bingo-casinos-uk-2026/ HTTP/1.1" 200 - "https://matin168d.com/" "Mozilla/5.0 (Windows NT 10.0; Win64; x64; rv:151.0) Gecko/20100101 Firefox/151.0"
98.159.234.177 - - [21/Sep/2026:10:37:49 +0700] "GET /best-bingo-casinos-uk-2026/ HTTP/1.1" 200 - "https://matin168d.com/" "Mozilla/5.0 (Windows NT 10.0; Win64; x64; rv:151.0) Gecko/20100101 Firefox/151.0"
155.2.194.43 - - [21/Sep/2026:10:37:51 +0700] "GET /best-bingo-casinos-uk-2026/ HTTP/1.1" 200 - "https://matin168d.com/" "Mozilla/5.0 (Windows NT 10.0; Win64; x64; rv:151.0) Gecko/20100101 Firefox/151.0"
162.241.203.82 - - [21/Sep/2026:10:40:29 +0700] "GET /wp-login.php HTTP/1.1" 200 7160 "http://matin168d.com/" "Mozilla/5.0 (Windows NT 10.0; Win64; x64) AppleWebKit/537.36 (KHTML, like Gecko) Chrome/151.0.0.0 Safari/537.36"
162.241.203.82 - - [21/Sep/2026:10:40:30 +0700] "POST /wp-login.php HTTP/1.1" 200 7584 "http://matin168d.com/wp-login.php" "Mozilla/5.0 (Windows NT 10.0; Win64; x64) AppleWebKit/537.36 (KHTML, like Gecko) Chrome/151.0.0.0 Safari/537.36"
209.50.177.11 - - [21/Sep/2026:10:42:11 +0700] "GET / HTTP/1.1" 200 - "-" "Mozilla/5.0 (Windows NT 10.0; Win64; x64) AppleWebKit/537.36 (KHTML, like Gecko) Chrome/145.0.0.0 Safari/537.36"
198.252.107.178 - - [21/Sep/2026:10:42:12 +0700] "POST /wp-cron.php?doing_wp_cron=1789962132.7404410839080810546875 HTTP/1.1" 301 - "-" "WordPress/7.1.1; https://matin168d.com"
104.207.42.213 - - [21/Sep/2026:10:42:15 +0700] "GET / HTTP/1.1" 200 - "-" "Mozilla/5.0 (Windows NT 10.0; Win64; x64) AppleWebKit/537.36 (KHTML, like Gecko) Chrome/145.0.0.0 Safari/537.36"
209.50.180.29 - - [21/Sep/2026:10:42:17 +0700] "GET / HTTP/1.1" 200 - "-" "Mozilla/5.0 (Windows NT 10.0; Win64; x64) AppleWebKit/537.36 (KHTML, like Gecko) Chrome/145.0.0.0 Safari/537.36"
198.204.240.234 - - [21/Sep/2026:10:42:46 +0700] "GET /wp-content/qqd523b6/edit.php HTTP/1.1" 200 6 "https://matin168d.com/wp-content/qqd523b6/edit.php" "Mozilla/5.0 (Macintosh; Intel Mac OS X 10.5; rv:8.0.1) Gecko/20100101 Firefox/8.0.1"
2a0a:51c0:0:12f::1c - - [21/Sep/2026:10:43:10 +0700] "POST /xmlrpc.php HTTP/1.1" 301 - "-" "Mozilla/5.0 (Windows NT 10.0; WOW64; rv:145.0) Gecko/20100101 Firefox/145.0"
2a0a:51c0:0:12f::1c - - [21/Sep/2026:10:43:12 +0700] "GET / HTTP/1.1" 200 - "-" "Mozilla/5.0 (Windows NT 10.0; WOW64; rv:145.0) Gecko/20100101 Firefox/145.0"
198.252.107.178 - - [21/Sep/2026:10:43:14 +0700] "POST /wp-cron.php?doing_wp_cron=1789962194.7813119888305664062500 HTTP/1.1" 301 - "-" "WordPress/7.1.1; https://matin168d.com"
198.204.240.234 - - [21/Sep/2026:10:42:26 +0700] "GET /wp-content/qqd523b6/edit.php HTTP/1.1" 200 - "https://matin168d.com/wp-content/qqd523b6/edit.php" "Mozilla/5.0 (Macintosh; Intel Mac OS X 10_6_8) AppleWebKit/534.24 (KHTML, like Gecko) Chrome/11.0.696.71 Safari/534.24"
2a06:98c0:3600::103 - - [21/Sep/2026:10:43:59 +0700] "GET /wp-admin/install.php?step=1 HTTP/1.1" 200 1368 "-" "http://matin168hr.com/wp-admin/install.php?step=1"
198.252.107.178 - - [21/Sep/2026:10:44:01 +0700] "POST /wp-cron.php?doing_wp_cron=1789962240.4381530284881591796875 HTTP/1.1" 301 - "-" "WordPress/7.1.1; https://matin168d.com"
183.198.102.228 - - [21/Sep/2026:10:45:33 +0700] "GET / HTTP/1.1" 200 - "https://matin168d.com/" "User-Agent:Mozilla/5.0 (Windows NT 6.1; WOW64) AppleWebKit/537.36 (KHTML, like Gecko) Chrome/50.0.2661.102 Safari/537.36"
198.252.107.178 - - [21/Sep/2026:10:45:35 +0700] "POST /wp-cron.php?doing_wp_cron=1789962335.1941299438476562500000 HTTP/1.1" 301 - "-" "WordPress/7.1.1; https://matin168d.com"
66.249.72.66 - - [21/Sep/2026:10:46:35 +0700] "GET / HTTP/1.1" 200 121149 "-" "Mozilla/5.0 (Linux; Android 6.0.1; Nexus 5X Build/MMB29P) AppleWebKit/537.36 (KHTML, like Gecko) Chrome/153.0.8010.47 Mobile Safari/537.36 (compatible; Googlebot/2.1; +http://www.google.com/bot.html)"
66.249.72.64 - - [21/Sep/2026:10:46:57 +0700] "GET /favicon.ico HTTP/1.1" 200 116367 "-" "Googlebot-Image/1.0"
59.110.126.169 - - [21/Sep/2026:10:46:59 +0700] "POST /xmlrpc.php HTTP/1.1" 301 - "-" "Mozilla/5.0 (X11; Linux x86_64) AppleWebKit/537.36 (KHTML, like Gecko) Chrome/146.0.0.0 Safari/537.36"
198.252.107.178 - - [21/Sep/2026:10:47:00 +0700] "POST /wp-cron.php?doing_wp_cron=1789962420.7416019439697265625000 HTTP/1.1" 301 - "-" "WordPress/7.1.1; https://matin168d.com"
59.110.126.169 - - [21/Sep/2026:10:47:02 +0700] "GET / HTTP/1.1" 200 - "https://matin168d.com/xmlrpc.php" "Mozilla/5.0 (X11; Linux x86_64) AppleWebKit/537.36 (KHTML, like Gecko) Chrome/146.0.0.0 Safari/537.36"
59.110.126.169 - - [21/Sep/2026:10:47:04 +0700] "GET /wp-json/wp/v2/users/me HTTP/1.1" 401 96 "-" "Mozilla/5.0 (X11; Linux x86_64) AppleWebKit/537.36 (KHTML, like Gecko) Chrome/146.0.0.0 Safari/537.36"
66.249.72.64 - - [21/Sep/2026:10:47:28 +0700] "GET / HTTP/1.1" 200 122167 "-" "Mozilla/5.0 (compatible; Googlebot/2.1; +http://www.google.com/bot.html)"
66.249.72.64 - - [21/Sep/2026:10:47:28 +0700] "GET / HTTP/1.1" 200 121375 "-" "Mozilla/5.0 (Linux; Android 6.0.1; Nexus 5X Build/MMB29P) AppleWebKit/537.36 (KHTML, like Gecko) Chrome/99.0.4844.84 Mobile Safari/537.36 (compatible; Googlebot/2.1; +http://www.google.com/bot.html)"
159.223.165.52 - - [21/Sep/2026:10:47:29 +0700] "GET /wp-login.php HTTP/1.1" 200 7160 "-" "Mozilla/5.0"
159.223.165.52 - - [21/Sep/2026:10:47:31 +0700] "GET /?author=1 HTTP/1.1" 301 - "-" "Mozilla/5.0"
159.223.165.52 - - [21/Sep/2026:10:47:34 +0700] "GET /?feed=rss2 HTTP/1.1" 200 183294 "-" "Mozilla/5.0"
37.111.213.20 - - [21/Sep/2026:10:48:53 +0700] "GET //wp-content/plugins/fix/ HTTP/1.1" 200 29709 "-" "Mozilla/5.0 (Windows NT 10.0; Win64; x64) AppleWebKit/537.36 (KHTML, like Gecko) Chrome/153.0.0.0 Safari/537.36"
198.204.240.234 - - [21/Sep/2026:10:53:17 +0700] "GET /wp-content/qqd523b6/edit.php HTTP/1.1" 200 6 "https://matin168d.com/wp-content/qqd523b6/edit.php" "Opera/9.80 (Macintosh; Intel Mac OS X 10.6.8; U; ja) Presto/2.10.289 Version/12.00"
198.204.240.234 - - [21/Sep/2026:10:53:30 +0700] "GET /wp-content/qqd523b6/edit.php HTTP/1.1" 200 6 "https://matin168d.com/wp-content/qqd523b6/edit.php" "Mozilla/5.0 (Windows NT 6.1; WOW64; rv:9.0.1) Gecko/20100101 Firefox/9.0.1"
159.223.165.52 - - [21/Sep/2026:10:53:48 +0700] "POST /wp-login.php HTTP/1.1" 200 7531 "-" "Mozilla/5.0"
198.252.107.178 - - [21/Sep/2026:10:53:53 +0700] "POST /wp-cron.php?doing_wp_cron=1789962833.3207800388336181640625 HTTP/1.1" 301 - "-" "WordPress/7.1.1; https://matin168d.com"
198.204.240.234 - - [21/Sep/2026:10:53:09 +0700] "GET /wp-content/qqd523b6/edit.php HTTP/1.1" 200 - "https://matin168d.com/wp-content/qqd523b6/edit.php" "Mozilla/4.0 (compatible; MSIE 7.0; Windows NT 6.0; SLCC1; .NET CLR 2.0.50727; Media Center PC 5.0; .NET CLR 3.0.04506; InfoPath.1)"
66.249.72.64 - - [21/Sep/2026:10:54:51 +0700] "GET /furusato.php?sitemap709.xml HTTP/1.1" 403 - "-" "Mozilla/5.0 (compatible; Googlebot/2.1; +http://www.google.com/bot.html)"
212.125.15.70 - - [21/Sep/2026:10:55:12 +0700] "GET /best-betsoft-online-casinos-uk-2026/ HTTP/1.1" 200 - "https://matin168d.com/" "Mozilla/5.0 (X11; Linux x86_64) AppleWebKit/537.36 (KHTML, like Gecko) Chrome/148.0.0.0 Safari/537.36"
198.252.107.178 - - [21/Sep/2026:10:55:14 +0700] "POST /wp-cron.php?doing_wp_cron=1789962914.7258439064025878906250 HTTP/1.1" 301 - "-" "WordPress/7.1.1; https://matin168d.com"
212.125.15.70 - - [21/Sep/2026:10:55:16 +0700] "GET /best-betsoft-online-casinos-uk-2026/ HTTP/1.1" 200 - "https://matin168d.com/" "Mozilla/5.0 (X11; Linux x86_64) AppleWebKit/537.36 (KHTML, like Gecko) Chrome/148.0.0.0 Safari/537.36"
212.125.15.70 - - [21/Sep/2026:10:55:18 +0700] "GET /best-betsoft-online-casinos-uk-2026/ HTTP/1.1" 200 - "https://matin168d.com/" "Mozilla/5.0 (X11; Linux x86_64) AppleWebKit/537.36 (KHTML, like Gecko) Chrome/148.0.0.0 Safari/537.36"
37.111.194.23 - - [21/Sep/2026:10:55:25 +0700] "GET //wp-content/plugins/fix/ HTTP/1.1" 200 29709 "-" "Mozilla/5.0 (Windows NT 10.0; Win64; x64) AppleWebKit/537.36 (KHTML, like Gecko) Chrome/153.0.0.0 Safari/537.36"
121.24.82.181 - - [21/Sep/2026:10:55:28 +0700] "GET / HTTP/1.1" 200 - "https://matin168d.com/" "User-Agent:Mozilla/5.0 (Windows NT 6.1; WOW64) AppleWebKit/537.36 (KHTML, like Gecko) Chrome/50.0.2661.102 Safari/537.36"
159.223.165.52 - - [21/Sep/2026:10:55:57 +0700] "POST /wp-login.php HTTP/1.1" 200 7531 "-" "Mozilla/5.0"
66.249.72.65 - - [21/Sep/2026:10:56:41 +0700] "GET /recommend.php?sitemap550.xml HTTP/1.1" 403 - "-" "Mozilla/5.0 (compatible; Googlebot/2.1; +http://www.google.com/bot.html)"
192.250.230.11 - - [21/Sep/2026:10:58:40 +0700] "GET /wp-login.php HTTP/1.1" 200 7160 "-" "Mozilla/5.0 (X11; Linux x86_64) AppleWebKit/537.36 (KHTML, like Gecko) Chrome/148.0.0.0 Safari/537.36"
198.252.107.178 - - [21/Sep/2026:10:58:41 +0700] "POST /wp-cron.php?doing_wp_cron=1789963121.1980800628662109375000 HTTP/1.1" 301 - "-" "WordPress/7.1.1; https://matin168d.com"
192.250.230.11 - - [21/Sep/2026:10:58:43 +0700] "POST /wp-login.php HTTP/1.1" 200 7584 "https://www.matin168d.com/wp-login.php" "Mozilla/5.0 (X11; Linux x86_64) AppleWebKit/537.36 (KHTML, like Gecko) Chrome/148.0.0.0 Safari/537.36"
192.250.230.11 - - [21/Sep/2026:10:58:44 +0700] "GET /wp-json/wp/v2/users/me HTTP/1.1" 401 96 "-" "Mozilla/5.0 (X11; Linux x86_64) AppleWebKit/537.36 (KHTML, like Gecko) Chrome/148.0.0.0 Safari/537.36"
159.223.165.52 - - [21/Sep/2026:10:58:56 +0700] "POST /wp-login.php HTTP/1.1" 200 7531 "-" "Mozilla/5.0"
66.249.72.67 - - [21/Sep/2026:11:00:15 +0700] "GET /recommend.php?sitemap672.xml HTTP/1.1" 403 - "-" "Mozilla/5.0 (compatible; Googlebot/2.1; +http://www.google.com/bot.html)"
37.111.194.23 - - [21/Sep/2026:11:01:41 +0700] "GET //wp-content/plugins/fix/?fm=true&edit=index.php&path=/home/msgdhg02/public_html/matin168d.com/wp-content/plugins/fix/ HTTP/1.1" 200 20035 "https://matin168d.com//wp-content/plugins/fix/" "Mozilla/5.0 (Windows NT 10.0; Win64; x64) AppleWebKit/537.36 (KHTML, like Gecko) Chrome/153.0.0.0 Safari/537.36"
37.111.194.23 - - [21/Sep/2026:11:01:55 +0700] "POST //wp-content/plugins/fix/?fm=true&edit=index.php&path=/home/msgdhg02/public_html/matin168d.com/wp-content/plugins/fix/ HTTP/1.1" 200 25243 "https://matin168d.com//wp-content/plugins/fix/?fm=true&edit=index.php&path=/home/msgdhg02/public_html/matin168d.com/wp-content/plugins/fix/" "Mozilla/5.0 (Windows NT 10.0; Win64; x64) AppleWebKit/537.36 (KHTML, like Gecko) Chrome/153.0.0.0 Safari/537.36"
37.111.194.23 - - [21/Sep/2026:11:02:11 +0700] "GET //wp-content/plugins/fix/ HTTP/1.1" 500 - "-" "Mozilla/5.0 (Windows NT 10.0; Win64; x64) AppleWebKit/537.36 (KHTML, like Gecko) Chrome/153.0.0.0 Safari/537.36"
37.111.194.23 - - [21/Sep/2026:11:02:36 +0700] "GET //wp-content/plugins/fix/ HTTP/1.1" 500 - "-" "Mozilla/5.0 (Windows NT 10.0; Win64; x64) AppleWebKit/537.36 (KHTML, like Gecko) Chrome/153.0.0.0 Safari/537.36"
66.249.72.69 - - [21/Sep/2026:11:04:38 +0700] "GET /furusato.php?sitemap666.xml HTTP/1.1" 403 - "-" "Mozilla/5.0 (compatible; Googlebot/2.1; +http://www.google.com/bot.html)"
198.204.240.234 - - [21/Sep/2026:11:05:34 +0700] "GET /wp-content/qqd523b6/edit.php HTTP/1.1" 200 6 "https://matin168d.com/wp-content/qqd523b6/edit.php" "Mozilla/5.0 (Macintosh; U; PPC Mac OS X 10_4_11; ja-jp) AppleWebKit/525.18 (KHTML, like Gecko) Version/3.1.2 Safari/525.22"
95.216.2.144 - - [21/Sep/2026:11:05:39 +0700] "GET /best-bingo-sites-uk-no-wagering-2026/ HTTP/1.1" 200 - "https://matin168d.com/" "Mozilla/5.0 (X11; Linux x86_64) AppleWebKit/537.36 (KHTML, like Gecko) Chrome/134.0.0.0 Safari/537.36"
95.216.2.144 - - [21/Sep/2026:11:05:56 +0700] "GET /best-bingo-sites-uk-no-wagering-2026/ HTTP/1.1" 200 - "https://matin168d.com/" "Mozilla/5.0 (X11; Linux x86_64) AppleWebKit/537.36 (KHTML, like Gecko) Chrome/134.0.0.0 Safari/537.36"
95.216.2.144 - - [21/Sep/2026:11:06:17 +0700] "GET /best-bingo-sites-uk-no-wagering-2026/ HTTP/1.1" 200 - "https://matin168d.com/" "Mozilla/5.0 (X11; Linux x86_64) AppleWebKit/537.36 (KHTML, like Gecko) Chrome/134.0.0.0 Safari/537.36"
198.252.107.178 - - [21/Sep/2026:11:06:25 +0700] "POST /wp-cron.php?doing_wp_cron=1789963544.6447100639343261718750 HTTP/1.1" 301 - "-" "WordPress/7.1.1; https://matin168d.com"
198.204.240.234 - - [21/Sep/2026:11:05:21 +0700] "GET /wp-content/qqd523b6/edit.php HTTP/1.1" 200 - "https://matin168d.com/wp-content/qqd523b6/edit.php" "Mozilla/5.0 (Macintosh; Intel Mac OS X 10_6_8) AppleWebKit/535.7 (KHTML, like Gecko) Chrome/16.0.912.75 Safari/535.7"
159.223.165.52 - - [21/Sep/2026:11:07:10 +0700] "POST /wp-login.php HTTP/1.1" 200 7531 "-" "Mozilla/5.0"
198.252.107.178 - - [21/Sep/2026:11:07:19 +0700] "POST /wp-cron.php?doing_wp_cron=1789963635.2159230709075927734375 HTTP/1.1" 301 - "-" "WordPress/7.1.1; https://matin168d.com"
66.249.72.65 - - [21/Sep/2026:11:08:54 +0700] "GET /furusato.php?sitemap244.xml HTTP/1.1" 403 - "-" "Mozilla/5.0 (compatible; Googlebot/2.1; +http://www.google.com/bot.html)"
66.249.72.65 - - [21/Sep/2026:11:10:03 +0700] "GET /furusato.php?sitemap787.xml HTTP/1.1" 403 - "-" "Mozilla/5.0 (compatible; Googlebot/2.1; +http://www.google.com/bot.html)"
66.249.72.66 - - [21/Sep/2026:11:12:22 +0700] "GET /recommend.php?sitemap99.xml HTTP/1.1" 403 - "-" "Mozilla/5.0 (compatible; Googlebot/2.1; +http://www.google.com/bot.html)"
198.204.240.234 - - [21/Sep/2026:11:12:46 +0700] "GET /wp-content/qqd523b6/edit.php HTTP/1.1" 200 15 "https://matin168d.com/wp-content/qqd523b6/edit.php" "Mozilla/5.0 (Macintosh; U; PPC Mac OS X; ja-jp) AppleWebKit/523.12.2 (KHTML, like Gecko) Version/3.0.4 Safari/523.12.2"
198.204.240.234 - - [21/Sep/2026:11:13:26 +0700] "GET /wp-content/qqd523b6/edit.php HTTP/1.1" 200 6 "https://matin168d.com/wp-content/qqd523b6/edit.php" "Mozilla/5.0 (Macintosh; U; PPC Mac OS X; ja-jp) AppleWebKit/522.11.1 (KHTML, like Gecko) Version/3.0.3 Safari/522.12.1"
193.24.211.106 - - [21/Sep/2026:11:13:36 +0700] "POST / HTTP/1.1" 200 - "-" "Mozilla/5.0 (Macintosh; Intel Mac OS X 10.15; rv:135.0) Gecko/20100101 Firefox/135.0"
198.252.107.178 - - [21/Sep/2026:11:13:43 +0700] "POST /wp-cron.php?doing_wp_cron=1789964023.2249939441680908203125 HTTP/1.1" 301 - "-" "WordPress/7.1.1; https://matin168d.com"
193.24.211.106 - - [21/Sep/2026:11:13:44 +0700] "POST / HTTP/1.1" 200 - "-" "Mozilla/5.0 (Macintosh; Intel Mac OS X 10_15_7) AppleWebKit/537.36 (KHTML, like Gecko) Chrome/136.0.0.0 Safari/537.36"
193.24.211.106 - - [21/Sep/2026:11:13:46 +0700] "POST / HTTP/1.1" 200 - "-" "Mozilla/5.0 (Macintosh; Intel Mac OS X 10_15_7) AppleWebKit/605.1.15 (KHTML, like Gecko) Version/18.4 Safari/605.1.15"
192.42.116.111 - - [21/Sep/2026:11:13:49 +0700] "POST / HTTP/1.1" 200 - "-" "Mozilla/5.0 (Macintosh; Intel Mac OS X 10.15; rv:135.0) Gecko/20100101 Firefox/135.0"
191.96.227.75 - - [21/Sep/2026:11:13:54 +0700] "POST / HTTP/1.1" 200 - "-" "Mozilla/5.0 (Macintosh; Intel Mac OS X 10_15_7) AppleWebKit/605.1.15 (KHTML, like Gecko) Version/18.4 Safari/605.1.15"
212.56.48.61 - - [21/Sep/2026:11:13:58 +0700] "POST / HTTP/1.1" 200 - "-" "Mozilla/5.0 (Macintosh; Intel Mac OS X 10_15_7) AppleWebKit/605.1.15 (KHTML, like Gecko) Version/18.4 Safari/605.1.15"
173.244.58.4 - - [21/Sep/2026:11:14:02 +0700] "POST / HTTP/1.1" 200 - "-" "Mozilla/5.0 (Macintosh; Intel Mac OS X 10_15_7) AppleWebKit/605.1.15 (KHTML, like Gecko) Version/18.4 Safari/605.1.15"
192.42.116.65 - - [21/Sep/2026:11:14:04 +0700] "POST / HTTP/1.1" 200 - "-" "Mozilla/5.0 (Macintosh; Intel Mac OS X 10.15; rv:135.0) Gecko/20100101 Firefox/135.0"
66.56.80.162 - - [21/Sep/2026:11:14:08 +0700] "POST / HTTP/1.1" 200 - "-" "Mozilla/5.0 (Macintosh; Intel Mac OS X 10_15_7) AppleWebKit/537.36 (KHTML, like Gecko) Chrome/136.0.0.0 Safari/537.36"
212.32.50.203 - - [21/Sep/2026:11:14:17 +0700] "POST / HTTP/1.1" 200 - "-" "Mozilla/5.0 (Macintosh; Intel Mac OS X 10_15_7) AppleWebKit/605.1.15 (KHTML, like Gecko) Version/18.4 Safari/605.1.15"
140.228.24.138 - - [21/Sep/2026:11:14:24 +0700] "POST / HTTP/1.1" 200 - "-" "Mozilla/5.0 (Macintosh; Intel Mac OS X 10_15_7) AppleWebKit/605.1.15 (KHTML, like Gecko) Version/18.4 Safari/605.1.15"
66.234.150.202 - - [21/Sep/2026:11:14:27 +0700] "POST / HTTP/1.1" 200 - "-" "Mozilla/5.0 (Macintosh; Intel Mac OS X 10.15; rv:135.0) Gecko/20100101 Firefox/135.0"
140.228.24.144 - - [21/Sep/2026:11:14:29 +0700] "POST / HTTP/1.1" 200 - "-" "Mozilla/5.0 (Macintosh; Intel Mac OS X 10.15; rv:135.0) Gecko/20100101 Firefox/135.0"
176.115.236.168 - - [21/Sep/2026:11:14:33 +0700] "POST / HTTP/1.1" 200 - "-" "Mozilla/5.0 (Macintosh; Intel Mac OS X 10_15_7) AppleWebKit/537.36 (KHTML, like Gecko) Chrome/136.0.0.0 Safari/537.36"
198.204.240.234 - - [21/Sep/2026:11:13:08 +0700] "GET /wp-content/qqd523b6/edit.php HTTP/1.1" 200 - "https://matin168d.com/wp-content/qqd523b6/edit.php" "Mozilla/5.0 (compatible; MSIE 10.0; Windows NT 6.2; Trident/6.0)"
198.204.240.234 - - [21/Sep/2026:11:15:13 +0700] "GET /wp-content/qqd523b6/edit.php HTTP/1.1" 200 6 "https://matin168d.com/wp-content/qqd523b6/edit.php" "Mozilla/5.0 (compatible; MSIE 9.0; Windows NT 6.1; WOW64; Trident/5.0)"
159.223.165.52 - - [21/Sep/2026:11:15:30 +0700] "POST /wp-login.php HTTP/1.1" 200 7531 "-" "Mozilla/5.0"
198.252.107.178 - - [21/Sep/2026:11:15:31 +0700] "POST /wp-cron.php?doing_wp_cron=1789964131.7975089550018310546875 HTTP/1.1" 301 - "-" "WordPress/7.1.1; https://matin168d.com"
198.204.240.234 - - [21/Sep/2026:11:14:53 +0700] "GET /wp-content/qqd523b6/edit.php HTTP/1.1" 200 - "https://matin168d.com/wp-content/qqd523b6/edit.php" "Mozilla/5.0 (Macintosh; U; Intel Mac OS X 10_5_6; ja-jp) AppleWebKit/525.27.1 (KHTML, like Gecko) Version/3.2.1 Safari/525.27.1"
213.152.161.52 - - [21/Sep/2026:11:17:07 +0700] "GET / HTTP/1.1" 200 15 "-" "Mozilla/5.0 (Macintosh; Intel Mac OS X 10_15_7) AppleWebKit/537.36 (KHTML, like Gecko) Chrome/120.0.0.0 Safari/537.36"
85.9.20.144 - - [21/Sep/2026:11:17:13 +0700] "GET / HTTP/1.1" 200 9 "https://matin168d.com/nIrGMowz8z" "Mozilla/5.0 (Macintosh; Intel Mac OS X 10_15_7) AppleWebKit/537.36 (KHTML, like Gecko) Chrome/120.0.0.0 Safari/537.36"
198.252.107.178 - - [21/Sep/2026:11:17:14 +0700] "POST /wp-cron.php?doing_wp_cron=1789964234.1376969814300537109375 HTTP/1.1" 301 - "-" "WordPress/7.1.1; https://matin168d.com"
213.152.161.52 - - [21/Sep/2026:11:17:14 +0700] "POST / HTTP/1.1" 200 640718 "-" "Mozilla/5.0 (Macintosh; Intel Mac OS X 10_15_7) AppleWebKit/537.36 (KHTML, like Gecko) Chrome/120.0.0.0 Safari/537.36"
213.152.161.52 - - [21/Sep/2026:11:17:20 +0700] "GET / HTTP/1.1" 200 15 "-" "Mozilla/5.0 (Macintosh; Intel Mac OS X 10_15_7) AppleWebKit/537.36 (KHTML, like Gecko) Chrome/120.0.0.0 Safari/537.36"
213.152.161.52 - - [21/Sep/2026:11:17:22 +0700] "POST / HTTP/1.1" 200 5033 "-" "Mozilla/5.0 (Macintosh; Intel Mac OS X 10_15_7) AppleWebKit/537.36 (KHTML, like Gecko) Chrome/120.0.0.0 Safari/537.36"
213.152.161.52 - - [21/Sep/2026:11:17:24 +0700] "GET / HTTP/1.1" 200 15 "-" "Mozilla/5.0 (Macintosh; Intel Mac OS X 10_15_7) AppleWebKit/537.36 (KHTML, like Gecko) Chrome/120.0.0.0 Safari/537.36"
213.152.161.52 - - [21/Sep/2026:11:17:26 +0700] "POST / HTTP/1.1" 200 8 "-" "Mozilla/5.0 (Macintosh; Intel Mac OS X 10_15_7) AppleWebKit/537.36 (KHTML, like Gecko) Chrome/120.0.0.0 Safari/537.36"
66.249.72.64 - - [21/Sep/2026:11:17:26 +0700] "GET /sitemap73.xml HTTP/1.1" 200 - "-" "Mozilla/5.0 (compatible; Googlebot/2.1; +http://www.google.com/bot.html)"
