108.179.252.135 - - [20/Sep/2026:20:57:25 +0700] "GET / HTTP/1.1" 200 - "https://matin168d.com/xmlrpc.php" "Mozilla/5.0 (Macintosh; Intel Mac OS X 10_15_7) AppleWebKit/537.36 (KHTML, like Gecko) Chrome/152.0.0.0 Safari/537.36"
45.74.3.79 - - [20/Sep/2026:20:57:26 +0700] "GET /best-bingo-sites-uk-no-wagering-2026/ HTTP/1.1" 200 - "https://matin168d.com/" "Mozilla/5.0 (Windows NT 10.0; Win64; x64) AppleWebKit/537.36 (KHTML, like Gecko) Chrome/135.0.0.0 Safari/537.36"
108.179.252.135 - - [20/Sep/2026:20:57:27 +0700] "GET /wp-json/wp/v2/users/me HTTP/1.1" 401 96 "-" "Mozilla/5.0 (Macintosh; Intel Mac OS X 10_15_7) AppleWebKit/537.36 (KHTML, like Gecko) Chrome/152.0.0.0 Safari/537.36"
45.74.3.79 - - [20/Sep/2026:20:57:31 +0700] "GET /best-bingo-sites-uk-no-wagering-2026/ HTTP/1.1" 200 - "https://matin168d.com/" "Mozilla/5.0 (Windows NT 10.0; Win64; x64) AppleWebKit/537.36 (KHTML, like Gecko) Chrome/135.0.0.0 Safari/537.36"
45.74.3.79 - - [20/Sep/2026:20:57:33 +0700] "GET /best-bingo-sites-uk-no-wagering-2026/ HTTP/1.1" 200 - "https://matin168d.com/" "Mozilla/5.0 (Windows NT 10.0; Win64; x64) AppleWebKit/537.36 (KHTML, like Gecko) Chrome/135.0.0.0 Safari/537.36"
193.19.109.42 - - [20/Sep/2026:21:01:38 +0700] "POST /wp-login.php HTTP/1.1" 200 7532 "-" "Mozilla/5.0 (Windows NT 10.0; Win64; rv:143.0) Gecko/20100101 Firefox/143.0"
198.252.107.178 - - [20/Sep/2026:21:01:40 +0700] "POST /wp-cron.php?doing_wp_cron=1789912899.8879709243774414062500 HTTP/1.1" 301 - "-" "WordPress/7.1.1; https://matin168d.com"
66.249.72.69 - - [20/Sep/2026:21:03:18 +0700] "GET /robots.txt HTTP/1.1" 304 - "-" "Mozilla/5.0 (compatible; Googlebot/2.1; +http://www.google.com/bot.html)"
66.249.72.67 - - [20/Sep/2026:21:03:19 +0700] "GET /recommend.php?products/detail/G80450144668/ HTTP/1.1" 403 125736 "-" "Mozilla/5.0 (compatible; Googlebot/2.1; +http://www.google.com/bot.html)"
198.204.240.234 - - [20/Sep/2026:21:05:08 +0700] "GET /wp-content/qqd523b6/edit.php HTTP/1.1" 200 6 "https://matin168d.com/wp-content/qqd523b6/edit.php" "Mozilla/4.0 (compatible; MSIE 7.0; Windows NT 5.1; SV1)"
198.204.240.234 - - [20/Sep/2026:21:04:48 +0700] "GET /wp-content/qqd523b6/edit.php HTTP/1.1" 200 - "https://matin168d.com/wp-content/qqd523b6/edit.php" "Mozilla/5.0 (Macintosh; U; PPC Mac OS X; ja-jp) AppleWebKit/523.10.6 (KHTML, like Gecko) Version/3.0.4 Safari/523.10.6"
5.39.1.250 - - [20/Sep/2026:21:07:37 +0700] "GET /?sitemapindex.xml HTTP/1.1" 200 13 "-" "Mozilla/5.0 (compatible; AhrefsBot/7.0; +http://ahrefs.com/robot/)"
198.204.240.234 - - [20/Sep/2026:21:09:00 +0700] "GET /wp-content/qqd523b6/edit.php HTTP/1.1" 200 6 "https://matin168d.com/wp-content/qqd523b6/edit.php" "Mozilla/5.0 (Macintosh; Intel Mac OS X 10_6_8) AppleWebKit/534.30 (KHTML, like Gecko) Chrome/12.0.742.112 Safari/534.30"
47.104.225.175 - - [20/Sep/2026:21:08:57 +0700] "GET / HTTP/1.1" 200 - "http://matin168hr.com" "Mozilla/5.0 (iPhone; CPU iPhone OS 13_2_3 like Mac OS X) AppleWebKit/605.1.15 (KHTML, like Gecko) Version/13.0.3 Mobile/15E148 Safari/604.1"
198.252.107.178 - - [20/Sep/2026:21:09:03 +0700] "POST /wp-cron.php?doing_wp_cron=1789913342.5668139457702636718750 HTTP/1.1" 301 - "-" "WordPress/7.1.1; https://matin168d.com"
198.204.240.234 - - [20/Sep/2026:21:08:40 +0700] "GET /wp-content/qqd523b6/edit.php HTTP/1.1" 200 - "https://matin168d.com/wp-content/qqd523b6/edit.php" "Mozilla/5.0 (Macintosh; Intel Mac OS X 10_6_8) AppleWebKit/534.24 (KHTML, like Gecko) Chrome/11.0.696.71 Safari/534.24"
34.178.247.225 - - [20/Sep/2026:21:10:36 +0700] "GET / HTTP/1.1" 200 - "-" "Mozilla/5.0 (Windows NT 10.0; Win64; x64) AppleWebKit/537.36 (KHTML, like Gecko) Chrome/131.0.0.0 Safari/537.36"
198.252.107.178 - - [20/Sep/2026:21:10:39 +0700] "POST /wp-cron.php?doing_wp_cron=1789913438.8475129604339599609375 HTTP/1.1" 301 - "-" "WordPress/7.1.1; https://matin168d.com"
34.178.247.225 - - [20/Sep/2026:21:10:40 +0700] "GET /.git/config HTTP/1.1" 301 - "-" "Mozilla/5.0 (Windows NT 10.0; Win64; x64) AppleWebKit/537.36 (KHTML, like Gecko) Chrome/131.0.0.0 Safari/537.36"
34.178.247.225 - - [20/Sep/2026:21:10:41 +0700] "GET / HTTP/1.1" 200 - "-" "Mozilla/5.0 (Windows NT 10.0; Win64; x64) AppleWebKit/537.36 (KHTML, like Gecko) Chrome/131.0.0.0 Safari/537.36"
34.178.247.225 - - [20/Sep/2026:21:10:44 +0700] "POST / HTTP/1.1" 200 - "-" "Mozilla/5.0 (Windows NT 10.0; Win64; x64) AppleWebKit/537.36 (KHTML, like Gecko) Chrome/131.0.0.0 Safari/537.36"
34.178.247.225 - - [20/Sep/2026:21:10:45 +0700] "GET /.env HTTP/1.1" 301 - "-" "Mozilla/5.0 (Windows NT 10.0; Win64; x64) AppleWebKit/537.36 (KHTML, like Gecko) Chrome/131.0.0.0 Safari/537.36"
34.178.247.225 - - [20/Sep/2026:21:10:47 +0700] "GET / HTTP/1.1" 200 - "-" "Mozilla/5.0 (Windows NT 10.0; Win64; x64) AppleWebKit/537.36 (KHTML, like Gecko) Chrome/131.0.0.0 Safari/537.36"
34.178.247.225 - - [20/Sep/2026:21:10:49 +0700] "GET /.env.local HTTP/1.1" 301 - "-" "Mozilla/5.0 (Windows NT 10.0; Win64; x64) AppleWebKit/537.36 (KHTML, like Gecko) Chrome/131.0.0.0 Safari/537.36"
34.178.247.225 - - [20/Sep/2026:21:10:51 +0700] "GET / HTTP/1.1" 200 - "-" "Mozilla/5.0 (Windows NT 10.0; Win64; x64) AppleWebKit/537.36 (KHTML, like Gecko) Chrome/131.0.0.0 Safari/537.36"
34.178.247.225 - - [20/Sep/2026:21:10:52 +0700] "GET /.env.production HTTP/1.1" 301 - "-" "Mozilla/5.0 (Windows NT 10.0; Win64; x64) AppleWebKit/537.36 (KHTML, like Gecko) Chrome/131.0.0.0 Safari/537.36"
34.178.247.225 - - [20/Sep/2026:21:10:54 +0700] "GET / HTTP/1.1" 200 - "-" "Mozilla/5.0 (Windows NT 10.0; Win64; x64) AppleWebKit/537.36 (KHTML, like Gecko) Chrome/131.0.0.0 Safari/537.36"
34.178.247.225 - - [20/Sep/2026:21:10:56 +0700] "GET /.env.staging HTTP/1.1" 301 - "-" "Mozilla/5.0 (Windows NT 10.0; Win64; x64) AppleWebKit/537.36 (KHTML, like Gecko) Chrome/131.0.0.0 Safari/537.36"
34.178.247.225 - - [20/Sep/2026:21:10:58 +0700] "GET / HTTP/1.1" 200 - "-" "Mozilla/5.0 (Windows NT 10.0; Win64; x64) AppleWebKit/537.36 (KHTML, like Gecko) Chrome/131.0.0.0 Safari/537.36"
34.178.247.225 - - [20/Sep/2026:21:11:00 +0700] "GET /.env.development HTTP/1.1" 301 - "-" "Mozilla/5.0 (Windows NT 10.0; Win64; x64) AppleWebKit/537.36 (KHTML, like Gecko) Chrome/131.0.0.0 Safari/537.36"
34.178.247.225 - - [20/Sep/2026:21:11:02 +0700] "GET / HTTP/1.1" 200 - "-" "Mozilla/5.0 (Windows NT 10.0; Win64; x64) AppleWebKit/537.36 (KHTML, like Gecko) Chrome/131.0.0.0 Safari/537.36"
34.178.247.225 - - [20/Sep/2026:21:11:04 +0700] "GET /.env.test HTTP/1.1" 301 - "-" "Mozilla/5.0 (Windows NT 10.0; Win64; x64) AppleWebKit/537.36 (KHTML, like Gecko) Chrome/131.0.0.0 Safari/537.36"
34.178.247.225 - - [20/Sep/2026:21:11:06 +0700] "GET / HTTP/1.1" 200 - "-" "Mozilla/5.0 (Windows NT 10.0; Win64; x64) AppleWebKit/537.36 (KHTML, like Gecko) Chrome/131.0.0.0 Safari/537.36"
34.178.247.225 - - [20/Sep/2026:21:11:07 +0700] "GET /.env.remote HTTP/1.1" 301 - "-" "Mozilla/5.0 (Windows NT 10.0; Win64; x64) AppleWebKit/537.36 (KHTML, like Gecko) Chrome/131.0.0.0 Safari/537.36"
34.178.247.225 - - [20/Sep/2026:21:11:10 +0700] "GET / HTTP/1.1" 200 - "-" "Mozilla/5.0 (Windows NT 10.0; Win64; x64) AppleWebKit/537.36 (KHTML, like Gecko) Chrome/131.0.0.0 Safari/537.36"
34.178.247.225 - - [20/Sep/2026:21:11:12 +0700] "GET /.env.bak HTTP/1.1" 301 - "-" "Mozilla/5.0 (Windows NT 10.0; Win64; x64) AppleWebKit/537.36 (KHTML, like Gecko) Chrome/131.0.0.0 Safari/537.36"
34.178.247.225 - - [20/Sep/2026:21:11:13 +0700] "GET / HTTP/1.1" 200 - "-" "Mozilla/5.0 (Windows NT 10.0; Win64; x64) AppleWebKit/537.36 (KHTML, like Gecko) Chrome/131.0.0.0 Safari/537.36"
34.178.247.225 - - [20/Sep/2026:21:11:16 +0700] "GET /.env.backup HTTP/1.1" 301 - "-" "Mozilla/5.0 (Windows NT 10.0; Win64; x64) AppleWebKit/537.36 (KHTML, like Gecko) Chrome/131.0.0.0 Safari/537.36"
34.178.247.225 - - [20/Sep/2026:21:11:18 +0700] "GET / HTTP/1.1" 200 - "-" "Mozilla/5.0 (Windows NT 10.0; Win64; x64) AppleWebKit/537.36 (KHTML, like Gecko) Chrome/131.0.0.0 Safari/537.36"
34.178.247.225 - - [20/Sep/2026:21:11:21 +0700] "GET /.env.save HTTP/1.1" 301 - "-" "Mozilla/5.0 (Windows NT 10.0; Win64; x64) AppleWebKit/537.36 (KHTML, like Gecko) Chrome/131.0.0.0 Safari/537.36"
34.178.247.225 - - [20/Sep/2026:21:11:23 +0700] "GET / HTTP/1.1" 200 - "-" "Mozilla/5.0 (Windows NT 10.0; Win64; x64) AppleWebKit/537.36 (KHTML, like Gecko) Chrome/131.0.0.0 Safari/537.36"
34.178.247.225 - - [20/Sep/2026:21:11:24 +0700] "GET /.env.old HTTP/1.1" 301 - "-" "Mozilla/5.0 (Windows NT 10.0; Win64; x64) AppleWebKit/537.36 (KHTML, like Gecko) Chrome/131.0.0.0 Safari/537.36"
34.178.247.225 - - [20/Sep/2026:21:11:27 +0700] "GET / HTTP/1.1" 200 - "-" "Mozilla/5.0 (Windows NT 10.0; Win64; x64) AppleWebKit/537.36 (KHTML, like Gecko) Chrome/131.0.0.0 Safari/537.36"
34.178.247.225 - - [20/Sep/2026:21:11:29 +0700] "GET /.env.sample HTTP/1.1" 301 - "-" "Mozilla/5.0 (Windows NT 10.0; Win64; x64) AppleWebKit/537.36 (KHTML, like Gecko) Chrome/131.0.0.0 Safari/537.36"
34.178.247.225 - - [20/Sep/2026:21:11:31 +0700] "GET / HTTP/1.1" 200 - "-" "Mozilla/5.0 (Windows NT 10.0; Win64; x64) AppleWebKit/537.36 (KHTML, like Gecko) Chrome/131.0.0.0 Safari/537.36"
34.178.247.225 - - [20/Sep/2026:21:11:33 +0700] "GET /.env.example HTTP/1.1" 301 - "-" "Mozilla/5.0 (Windows NT 10.0; Win64; x64) AppleWebKit/537.36 (KHTML, like Gecko) Chrome/131.0.0.0 Safari/537.36"
34.178.247.225 - - [20/Sep/2026:21:11:35 +0700] "GET / HTTP/1.1" 200 - "-" "Mozilla/5.0 (Windows NT 10.0; Win64; x64) AppleWebKit/537.36 (KHTML, like Gecko) Chrome/131.0.0.0 Safari/537.36"
34.178.247.225 - - [20/Sep/2026:21:11:36 +0700] "GET /.env.dev HTTP/1.1" 301 - "-" "Mozilla/5.0 (Windows NT 10.0; Win64; x64) AppleWebKit/537.36 (KHTML, like Gecko) Chrome/131.0.0.0 Safari/537.36"
34.178.247.225 - - [20/Sep/2026:21:11:38 +0700] "GET / HTTP/1.1" 200 - "-" "Mozilla/5.0 (Windows NT 10.0; Win64; x64) AppleWebKit/537.36 (KHTML, like Gecko) Chrome/131.0.0.0 Safari/537.36"
198.252.107.178 - - [20/Sep/2026:21:11:40 +0700] "POST /wp-cron.php?doing_wp_cron=1789913500.2884249687194824218750 HTTP/1.1" 301 - "-" "WordPress/7.1.1; https://matin168d.com"
34.178.247.225 - - [20/Sep/2026:21:11:41 +0700] "GET /.env.prod HTTP/1.1" 301 - "-" "Mozilla/5.0 (Windows NT 10.0; Win64; x64) AppleWebKit/537.36 (KHTML, like Gecko) Chrome/131.0.0.0 Safari/537.36"
34.178.247.225 - - [20/Sep/2026:21:11:43 +0700] "GET / HTTP/1.1" 200 - "-" "Mozilla/5.0 (Windows NT 10.0; Win64; x64) AppleWebKit/537.36 (KHTML, like Gecko) Chrome/131.0.0.0 Safari/537.36"
34.178.247.225 - - [20/Sep/2026:21:11:44 +0700] "GET /.env.stage HTTP/1.1" 301 - "-" "Mozilla/5.0 (Windows NT 10.0; Win64; x64) AppleWebKit/537.36 (KHTML, like Gecko) Chrome/131.0.0.0 Safari/537.36"
34.178.247.225 - - [20/Sep/2026:21:11:46 +0700] "GET / HTTP/1.1" 200 - "-" "Mozilla/5.0 (Windows NT 10.0; Win64; x64) AppleWebKit/537.36 (KHTML, like Gecko) Chrome/131.0.0.0 Safari/537.36"
34.178.247.225 - - [20/Sep/2026:21:11:48 +0700] "GET /.env.ci HTTP/1.1" 301 - "-" "Mozilla/5.0 (Windows NT 10.0; Win64; x64) AppleWebKit/537.36 (KHTML, like Gecko) Chrome/131.0.0.0 Safari/537.36"
34.178.247.225 - - [20/Sep/2026:21:11:50 +0700] "GET / HTTP/1.1" 200 - "-" "Mozilla/5.0 (Windows NT 10.0; Win64; x64) AppleWebKit/537.36 (KHTML, like Gecko) Chrome/131.0.0.0 Safari/537.36"
34.178.247.225 - - [20/Sep/2026:21:11:52 +0700] "GET /.env.docker HTTP/1.1" 301 - "-" "Mozilla/5.0 (Windows NT 10.0; Win64; x64) AppleWebKit/537.36 (KHTML, like Gecko) Chrome/131.0.0.0 Safari/537.36"
34.178.247.225 - - [20/Sep/2026:21:11:53 +0700] "GET / HTTP/1.1" 200 - "-" "Mozilla/5.0 (Windows NT 10.0; Win64; x64) AppleWebKit/537.36 (KHTML, like Gecko) Chrome/131.0.0.0 Safari/537.36"
34.178.247.225 - - [20/Sep/2026:21:11:55 +0700] "GET /.env.live HTTP/1.1" 301 - "-" "Mozilla/5.0 (Windows NT 10.0; Win64; x64) AppleWebKit/537.36 (KHTML, like Gecko) Chrome/131.0.0.0 Safari/537.36"
34.178.247.225 - - [20/Sep/2026:21:11:58 +0700] "GET / HTTP/1.1" 200 - "-" "Mozilla/5.0 (Windows NT 10.0; Win64; x64) AppleWebKit/537.36 (KHTML, like Gecko) Chrome/131.0.0.0 Safari/537.36"
34.178.247.225 - - [20/Sep/2026:21:11:59 +0700] "GET /.env.preprod HTTP/1.1" 301 - "-" "Mozilla/5.0 (Windows NT 10.0; Win64; x64) AppleWebKit/537.36 (KHTML, like Gecko) Chrome/131.0.0.0 Safari/537.36"
34.178.247.225 - - [20/Sep/2026:21:12:01 +0700] "GET / HTTP/1.1" 200 - "-" "Mozilla/5.0 (Windows NT 10.0; Win64; x64) AppleWebKit/537.36 (KHTML, like Gecko) Chrome/131.0.0.0 Safari/537.36"
34.178.247.225 - - [20/Sep/2026:21:12:03 +0700] "GET /.env.uat HTTP/1.1" 301 - "-" "Mozilla/5.0 (Windows NT 10.0; Win64; x64) AppleWebKit/537.36 (KHTML, like Gecko) Chrome/131.0.0.0 Safari/537.36"
34.178.247.225 - - [20/Sep/2026:21:12:05 +0700] "GET / HTTP/1.1" 200 - "-" "Mozilla/5.0 (Windows NT 10.0; Win64; x64) AppleWebKit/537.36 (KHTML, like Gecko) Chrome/131.0.0.0 Safari/537.36"
34.178.247.225 - - [20/Sep/2026:21:12:07 +0700] "GET /.env.dist HTTP/1.1" 301 - "-" "Mozilla/5.0 (Windows NT 10.0; Win64; x64) AppleWebKit/537.36 (KHTML, like Gecko) Chrome/131.0.0.0 Safari/537.36"
34.178.247.225 - - [20/Sep/2026:21:12:09 +0700] "GET / HTTP/1.1" 200 - "-" "Mozilla/5.0 (Windows NT 10.0; Win64; x64) AppleWebKit/537.36 (KHTML, like Gecko) Chrome/131.0.0.0 Safari/537.36"
34.178.247.225 - - [20/Sep/2026:21:12:10 +0700] "GET /.env.swp HTTP/1.1" 301 - "-" "Mozilla/5.0 (Windows NT 10.0; Win64; x64) AppleWebKit/537.36 (KHTML, like Gecko) Chrome/131.0.0.0 Safari/537.36"
34.178.247.225 - - [20/Sep/2026:21:12:13 +0700] "GET / HTTP/1.1" 200 - "-" "Mozilla/5.0 (Windows NT 10.0; Win64; x64) AppleWebKit/537.36 (KHTML, like Gecko) Chrome/131.0.0.0 Safari/537.36"
34.178.247.225 - - [20/Sep/2026:21:12:15 +0700] "GET /.env~ HTTP/1.1" 301 - "-" "Mozilla/5.0 (Windows NT 10.0; Win64; x64) AppleWebKit/537.36 (KHTML, like Gecko) Chrome/131.0.0.0 Safari/537.36"
34.178.247.225 - - [20/Sep/2026:21:12:17 +0700] "GET / HTTP/1.1" 200 - "-" "Mozilla/5.0 (Windows NT 10.0; Win64; x64) AppleWebKit/537.36 (KHTML, like Gecko) Chrome/131.0.0.0 Safari/537.36"
34.178.247.225 - - [20/Sep/2026:21:12:18 +0700] "GET /.env1 HTTP/1.1" 301 - "-" "Mozilla/5.0 (Windows NT 10.0; Win64; x64) AppleWebKit/537.36 (KHTML, like Gecko) Chrome/131.0.0.0 Safari/537.36"
34.178.247.225 - - [20/Sep/2026:21:12:21 +0700] "GET / HTTP/1.1" 200 - "-" "Mozilla/5.0 (Windows NT 10.0; Win64; x64) AppleWebKit/537.36 (KHTML, like Gecko) Chrome/131.0.0.0 Safari/537.36"
34.178.247.225 - - [20/Sep/2026:21:12:23 +0700] "GET /.env2 HTTP/1.1" 301 - "-" "Mozilla/5.0 (Windows NT 10.0; Win64; x64) AppleWebKit/537.36 (KHTML, like Gecko) Chrome/131.0.0.0 Safari/537.36"
34.178.247.225 - - [20/Sep/2026:21:12:25 +0700] "GET / HTTP/1.1" 200 - "-" "Mozilla/5.0 (Windows NT 10.0; Win64; x64) AppleWebKit/537.36 (KHTML, like Gecko) Chrome/131.0.0.0 Safari/537.36"
34.178.247.225 - - [20/Sep/2026:21:12:28 +0700] "GET /.env_copy HTTP/1.1" 301 - "-" "Mozilla/5.0 (Windows NT 10.0; Win64; x64) AppleWebKit/537.36 (KHTML, like Gecko) Chrome/131.0.0.0 Safari/537.36"
34.178.247.225 - - [20/Sep/2026:21:12:31 +0700] "GET / HTTP/1.1" 200 - "-" "Mozilla/5.0 (Windows NT 10.0; Win64; x64) AppleWebKit/537.36 (KHTML, like Gecko) Chrome/131.0.0.0 Safari/537.36"
34.178.247.225 - - [20/Sep/2026:21:12:33 +0700] "GET /.env.txt HTTP/1.1" 301 - "-" "Mozilla/5.0 (Windows NT 10.0; Win64; x64) AppleWebKit/537.36 (KHTML, like Gecko) Chrome/131.0.0.0 Safari/537.36"
34.178.247.225 - - [20/Sep/2026:21:12:35 +0700] "GET / HTTP/1.1" 200 - "-" "Mozilla/5.0 (Windows NT 10.0; Win64; x64) AppleWebKit/537.36 (KHTML, like Gecko) Chrome/131.0.0.0 Safari/537.36"
62.60.130.103 - - [20/Sep/2026:21:12:37 +0700] "GET /filefuns.php HTTP/1.1" 301 - "-" "Mozilla/5.0 (Windows NT 10.0; Win64; x64) AppleWebKit/537.36 (KHTML, like Gecko) Chrome/90.0.4430.85 Safari/537.36"
34.178.247.225 - - [20/Sep/2026:21:12:37 +0700] "GET /.env.json HTTP/1.1" 301 - "-" "Mozilla/5.0 (Windows NT 10.0; Win64; x64) AppleWebKit/537.36 (KHTML, like Gecko) Chrome/131.0.0.0 Safari/537.36"
62.60.130.103 - - [20/Sep/2026:21:12:39 +0700] "GET / HTTP/1.1" 200 - "-" "Mozilla/5.0 (Windows NT 10.0; Win64; x64) AppleWebKit/537.36 (KHTML, like Gecko) Chrome/90.0.4430.85 Safari/537.36"
198.252.107.178 - - [20/Sep/2026:21:12:41 +0700] "POST /wp-cron.php?doing_wp_cron=1789913561.0845689773559570312500 HTTP/1.1" 301 - "-" "WordPress/7.1.1; https://matin168d.com"
34.178.247.225 - - [20/Sep/2026:21:12:40 +0700] "GET / HTTP/1.1" 200 - "-" "Mozilla/5.0 (Windows NT 10.0; Win64; x64) AppleWebKit/537.36 (KHTML, like Gecko) Chrome/131.0.0.0 Safari/537.36"
198.252.107.178 - - [20/Sep/2026:21:12:43 +0700] "POST /wp-cron.php?doing_wp_cron=1789913562.9431600570678710937500 HTTP/1.1" 301 - "-" "WordPress/7.1.1; https://matin168d.com"
62.60.130.103 - - [20/Sep/2026:21:12:43 +0700] "GET /txets.php HTTP/1.1" 301 - "-" "Mozilla/5.0 (Windows NT 10.0; Win64; x64) AppleWebKit/537.36 (KHTML, like Gecko) Chrome/90.0.4430.85 Safari/537.36"
34.178.247.225 - - [20/Sep/2026:21:12:44 +0700] "GET /.env.yaml HTTP/1.1" 301 - "-" "Mozilla/5.0 (Windows NT 10.0; Win64; x64) AppleWebKit/537.36 (KHTML, like Gecko) Chrome/131.0.0.0 Safari/537.36"
62.60.130.103 - - [20/Sep/2026:21:12:45 +0700] "GET / HTTP/1.1" 200 - "-" "Mozilla/5.0 (Windows NT 10.0; Win64; x64) AppleWebKit/537.36 (KHTML, like Gecko) Chrome/90.0.4430.85 Safari/537.36"
34.178.247.225 - - [20/Sep/2026:21:12:46 +0700] "GET / HTTP/1.1" 200 - "-" "Mozilla/5.0 (Windows NT 10.0; Win64; x64) AppleWebKit/537.36 (KHTML, like Gecko) Chrome/131.0.0.0 Safari/537.36"
62.60.130.103 - - [20/Sep/2026:21:12:48 +0700] "GET /postnews.php HTTP/1.1" 301 - "-" "Mozilla/5.0 (Windows NT 10.0; Win64; x64) AppleWebKit/537.36 (KHTML, like Gecko) Chrome/90.0.4430.85 Safari/537.36"
34.178.247.225 - - [20/Sep/2026:21:12:48 +0700] "GET /.env.yml HTTP/1.1" 301 - "-" "Mozilla/5.0 (Windows NT 10.0; Win64; x64) AppleWebKit/537.36 (KHTML, like Gecko) Chrome/131.0.0.0 Safari/537.36"
62.60.130.103 - - [20/Sep/2026:21:12:50 +0700] "GET / HTTP/1.1" 200 - "-" "Mozilla/5.0 (Windows NT 10.0; Win64; x64) AppleWebKit/537.36 (KHTML, like Gecko) Chrome/90.0.4430.85 Safari/537.36"
34.178.247.225 - - [20/Sep/2026:21:12:50 +0700] "GET / HTTP/1.1" 200 - "-" "Mozilla/5.0 (Windows NT 10.0; Win64; x64) AppleWebKit/537.36 (KHTML, like Gecko) Chrome/131.0.0.0 Safari/537.36"
34.178.247.225 - - [20/Sep/2026:21:12:52 +0700] "GET /app/.env HTTP/1.1" 301 - "-" "Mozilla/5.0 (Windows NT 10.0; Win64; x64) AppleWebKit/537.36 (KHTML, like Gecko) Chrome/131.0.0.0 Safari/537.36"
34.178.247.225 - - [20/Sep/2026:21:12:54 +0700] "GET / HTTP/1.1" 200 - "-" "Mozilla/5.0 (Windows NT 10.0; Win64; x64) AppleWebKit/537.36 (KHTML, like Gecko) Chrome/131.0.0.0 Safari/537.36"
34.178.247.225 - - [20/Sep/2026:21:12:56 +0700] "GET /apps/.env HTTP/1.1" 301 - "-" "Mozilla/5.0 (Windows NT 10.0; Win64; x64) AppleWebKit/537.36 (KHTML, like Gecko) Chrome/131.0.0.0 Safari/537.36"
34.178.247.225 - - [20/Sep/2026:21:12:58 +0700] "GET / HTTP/1.1" 200 - "-" "Mozilla/5.0 (Windows NT 10.0; Win64; x64) AppleWebKit/537.36 (KHTML, like Gecko) Chrome/131.0.0.0 Safari/537.36"
34.178.247.225 - - [20/Sep/2026:21:12:59 +0700] "GET /api/.env HTTP/1.1" 301 - "-" "Mozilla/5.0 (Windows NT 10.0; Win64; x64) AppleWebKit/537.36 (KHTML, like Gecko) Chrome/131.0.0.0 Safari/537.36"
34.178.247.225 - - [20/Sep/2026:21:13:02 +0700] "GET / HTTP/1.1" 200 - "-" "Mozilla/5.0 (Windows NT 10.0; Win64; x64) AppleWebKit/537.36 (KHTML, like Gecko) Chrome/131.0.0.0 Safari/537.36"
34.178.247.225 - - [20/Sep/2026:21:13:04 +0700] "GET /web/.env HTTP/1.1" 301 - "-" "Mozilla/5.0 (Windows NT 10.0; Win64; x64) AppleWebKit/537.36 (KHTML, like Gecko) Chrome/131.0.0.0 Safari/537.36"
34.178.247.225 - - [20/Sep/2026:21:13:06 +0700] "GET / HTTP/1.1" 200 - "-" "Mozilla/5.0 (Windows NT 10.0; Win64; x64) AppleWebKit/537.36 (KHTML, like Gecko) Chrome/131.0.0.0 Safari/537.36"
34.178.247.225 - - [20/Sep/2026:21:13:08 +0700] "GET /site/.env HTTP/1.1" 301 - "-" "Mozilla/5.0 (Windows NT 10.0; Win64; x64) AppleWebKit/537.36 (KHTML, like Gecko) Chrome/131.0.0.0 Safari/537.36"
34.178.247.225 - - [20/Sep/2026:21:13:10 +0700] "GET / HTTP/1.1" 200 - "-" "Mozilla/5.0 (Windows NT 10.0; Win64; x64) AppleWebKit/537.36 (KHTML, like Gecko) Chrome/131.0.0.0 Safari/537.36"
34.178.247.225 - - [20/Sep/2026:21:13:12 +0700] "GET /public/.env HTTP/1.1" 301 - "-" "Mozilla/5.0 (Windows NT 10.0; Win64; x64) AppleWebKit/537.36 (KHTML, like Gecko) Chrome/131.0.0.0 Safari/537.36"
34.178.247.225 - - [20/Sep/2026:21:13:14 +0700] "GET / HTTP/1.1" 200 - "-" "Mozilla/5.0 (Windows NT 10.0; Win64; x64) AppleWebKit/537.36 (KHTML, like Gecko) Chrome/131.0.0.0 Safari/537.36"
34.178.247.225 - - [20/Sep/2026:21:13:16 +0700] "GET /admin/.env HTTP/1.1" 301 - "-" "Mozilla/5.0 (Windows NT 10.0; Win64; x64) AppleWebKit/537.36 (KHTML, like Gecko) Chrome/131.0.0.0 Safari/537.36"
34.178.247.225 - - [20/Sep/2026:21:13:18 +0700] "GET / HTTP/1.1" 200 - "-" "Mozilla/5.0 (Windows NT 10.0; Win64; x64) AppleWebKit/537.36 (KHTML, like Gecko) Chrome/131.0.0.0 Safari/537.36"
34.178.247.225 - - [20/Sep/2026:21:13:20 +0700] "GET /backend/.env HTTP/1.1" 301 - "-" "Mozilla/5.0 (Windows NT 10.0; Win64; x64) AppleWebKit/537.36 (KHTML, like Gecko) Chrome/131.0.0.0 Safari/537.36"
34.178.247.225 - - [20/Sep/2026:21:13:23 +0700] "GET / HTTP/1.1" 200 - "-" "Mozilla/5.0 (Windows NT 10.0; Win64; x64) AppleWebKit/537.36 (KHTML, like Gecko) Chrome/131.0.0.0 Safari/537.36"
34.178.247.225 - - [20/Sep/2026:21:13:25 +0700] "GET /server/.env HTTP/1.1" 301 - "-" "Mozilla/5.0 (Windows NT 10.0; Win64; x64) AppleWebKit/537.36 (KHTML, like Gecko) Chrome/131.0.0.0 Safari/537.36"
34.178.247.225 - - [20/Sep/2026:21:13:26 +0700] "GET / HTTP/1.1" 200 - "-" "Mozilla/5.0 (Windows NT 10.0; Win64; x64) AppleWebKit/537.36 (KHTML, like Gecko) Chrome/131.0.0.0 Safari/537.36"
34.178.247.225 - - [20/Sep/2026:21:13:28 +0700] "GET /frontend/.env HTTP/1.1" 301 - "-" "Mozilla/5.0 (Windows NT 10.0; Win64; x64) AppleWebKit/537.36 (KHTML, like Gecko) Chrome/131.0.0.0 Safari/537.36"
34.178.247.225 - - [20/Sep/2026:21:13:30 +0700] "GET / HTTP/1.1" 200 - "-" "Mozilla/5.0 (Windows NT 10.0; Win64; x64) AppleWebKit/537.36 (KHTML, like Gecko) Chrome/131.0.0.0 Safari/537.36"
34.178.247.225 - - [20/Sep/2026:21:13:32 +0700] "GET /src/.env HTTP/1.1" 301 - "-" "Mozilla/5.0 (Windows NT 10.0; Win64; x64) AppleWebKit/537.36 (KHTML, like Gecko) Chrome/131.0.0.0 Safari/537.36"
34.178.247.225 - - [20/Sep/2026:21:13:33 +0700] "GET / HTTP/1.1" 200 - "-" "Mozilla/5.0 (Windows NT 10.0; Win64; x64) AppleWebKit/537.36 (KHTML, like Gecko) Chrome/131.0.0.0 Safari/537.36"
34.178.247.225 - - [20/Sep/2026:21:13:35 +0700] "GET /core/.env HTTP/1.1" 301 - "-" "Mozilla/5.0 (Windows NT 10.0; Win64; x64) AppleWebKit/537.36 (KHTML, like Gecko) Chrome/131.0.0.0 Safari/537.36"
34.178.247.225 - - [20/Sep/2026:21:13:37 +0700] "GET / HTTP/1.1" 200 - "-" "Mozilla/5.0 (Windows NT 10.0; Win64; x64) AppleWebKit/537.36 (KHTML, like Gecko) Chrome/131.0.0.0 Safari/537.36"
34.178.247.225 - - [20/Sep/2026:21:13:39 +0700] "GET /core/app/.env HTTP/1.1" 301 - "-" "Mozilla/5.0 (Windows NT 10.0; Win64; x64) AppleWebKit/537.36 (KHTML, like Gecko) Chrome/131.0.0.0 Safari/537.36"
34.178.247.225 - - [20/Sep/2026:21:13:40 +0700] "GET / HTTP/1.1" 200 - "-" "Mozilla/5.0 (Windows NT 10.0; Win64; x64) AppleWebKit/537.36 (KHTML, like Gecko) Chrome/131.0.0.0 Safari/537.36"
34.178.247.225 - - [20/Sep/2026:21:13:42 +0700] "GET /config/.env HTTP/1.1" 301 - "-" "Mozilla/5.0 (Windows NT 10.0; Win64; x64) AppleWebKit/537.36 (KHTML, like Gecko) Chrome/131.0.0.0 Safari/537.36"
198.252.107.178 - - [20/Sep/2026:21:13:44 +0700] "POST /wp-cron.php?doing_wp_cron=1789913624.5260450839996337890625 HTTP/1.1" 301 - "-" "WordPress/7.1.1; https://matin168d.com"
34.178.247.225 - - [20/Sep/2026:21:13:45 +0700] "GET / HTTP/1.1" 200 - "-" "Mozilla/5.0 (Windows NT 10.0; Win64; x64) AppleWebKit/537.36 (KHTML, like Gecko) Chrome/131.0.0.0 Safari/537.36"
34.178.247.225 - - [20/Sep/2026:21:13:47 +0700] "GET /private/.env HTTP/1.1" 301 - "-" "Mozilla/5.0 (Windows NT 10.0; Win64; x64) AppleWebKit/537.36 (KHTML, like Gecko) Chrome/131.0.0.0 Safari/537.36"
34.178.247.225 - - [20/Sep/2026:21:13:49 +0700] "GET / HTTP/1.1" 200 - "-" "Mozilla/5.0 (Windows NT 10.0; Win64; x64) AppleWebKit/537.36 (KHTML, like Gecko) Chrome/131.0.0.0 Safari/537.36"
92.222.108.110 - - [20/Sep/2026:21:13:51 +0700] "GET /?sitemap31.xml HTTP/1.1" 200 13 "-" "Mozilla/5.0 (compatible; AhrefsBot/7.0; +http://ahrefs.com/robot/)"
34.178.247.225 - - [20/Sep/2026:21:13:51 +0700] "GET /application/.env HTTP/1.1" 301 - "-" "Mozilla/5.0 (Windows NT 10.0; Win64; x64) AppleWebKit/537.36 (KHTML, like Gecko) Chrome/131.0.0.0 Safari/537.36"
34.178.247.225 - - [20/Sep/2026:21:13:53 +0700] "GET / HTTP/1.1" 200 - "-" "Mozilla/5.0 (Windows NT 10.0; Win64; x64) AppleWebKit/537.36 (KHTML, like Gecko) Chrome/131.0.0.0 Safari/537.36"
34.178.247.225 - - [20/Sep/2026:21:13:55 +0700] "GET /bootstrap/.env HTTP/1.1" 301 - "-" "Mozilla/5.0 (Windows NT 10.0; Win64; x64) AppleWebKit/537.36 (KHTML, like Gecko) Chrome/131.0.0.0 Safari/537.36"
34.178.247.225 - - [20/Sep/2026:21:13:57 +0700] "GET / HTTP/1.1" 200 - "-" "Mozilla/5.0 (Windows NT 10.0; Win64; x64) AppleWebKit/537.36 (KHTML, like Gecko) Chrome/131.0.0.0 Safari/537.36"
34.178.247.225 - - [20/Sep/2026:21:13:59 +0700] "GET /database/.env HTTP/1.1" 301 - "-" "Mozilla/5.0 (Windows NT 10.0; Win64; x64) AppleWebKit/537.36 (KHTML, like Gecko) Chrome/131.0.0.0 Safari/537.36"
34.178.247.225 - - [20/Sep/2026:21:14:01 +0700] "GET / HTTP/1.1" 200 - "-" "Mozilla/5.0 (Windows NT 10.0; Win64; x64) AppleWebKit/537.36 (KHTML, like Gecko) Chrome/131.0.0.0 Safari/537.36"
34.178.247.225 - - [20/Sep/2026:21:14:02 +0700] "GET /storage/.env HTTP/1.1" 301 - "-" "Mozilla/5.0 (Windows NT 10.0; Win64; x64) AppleWebKit/537.36 (KHTML, like Gecko) Chrome/131.0.0.0 Safari/537.36"
34.178.247.225 - - [20/Sep/2026:21:14:05 +0700] "GET / HTTP/1.1" 200 - "-" "Mozilla/5.0 (Windows NT 10.0; Win64; x64) AppleWebKit/537.36 (KHTML, like Gecko) Chrome/131.0.0.0 Safari/537.36"
34.178.247.225 - - [20/Sep/2026:21:14:06 +0700] "GET /var/www/.env HTTP/1.1" 301 - "-" "Mozilla/5.0 (Windows NT 10.0; Win64; x64) AppleWebKit/537.36 (KHTML, like Gecko) Chrome/131.0.0.0 Safari/537.36"
34.178.247.225 - - [20/Sep/2026:21:14:08 +0700] "GET / HTTP/1.1" 200 - "-" "Mozilla/5.0 (Windows NT 10.0; Win64; x64) AppleWebKit/537.36 (KHTML, like Gecko) Chrome/131.0.0.0 Safari/537.36"
34.178.247.225 - - [20/Sep/2026:21:14:11 +0700] "GET /var/www/html/.env HTTP/1.1" 301 - "-" "Mozilla/5.0 (Windows NT 10.0; Win64; x64) AppleWebKit/537.36 (KHTML, like Gecko) Chrome/131.0.0.0 Safari/537.36"
34.178.247.225 - - [20/Sep/2026:21:14:12 +0700] "GET / HTTP/1.1" 200 - "-" "Mozilla/5.0 (Windows NT 10.0; Win64; x64) AppleWebKit/537.36 (KHTML, like Gecko) Chrome/131.0.0.0 Safari/537.36"
34.178.247.225 - - [20/Sep/2026:21:14:14 +0700] "GET /current/.env HTTP/1.1" 301 - "-" "Mozilla/5.0 (Windows NT 10.0; Win64; x64) AppleWebKit/537.36 (KHTML, like Gecko) Chrome/131.0.0.0 Safari/537.36"
34.178.247.225 - - [20/Sep/2026:21:14:16 +0700] "GET / HTTP/1.1" 200 - "-" "Mozilla/5.0 (Windows NT 10.0; Win64; x64) AppleWebKit/537.36 (KHTML, like Gecko) Chrome/131.0.0.0 Safari/537.36"
34.178.247.225 - - [20/Sep/2026:21:14:18 +0700] "GET /release/.env HTTP/1.1" 301 - "-" "Mozilla/5.0 (Windows NT 10.0; Win64; x64) AppleWebKit/537.36 (KHTML, like Gecko) Chrome/131.0.0.0 Safari/537.36"
34.178.247.225 - - [20/Sep/2026:21:14:20 +0700] "GET / HTTP/1.1" 200 - "-" "Mozilla/5.0 (Windows NT 10.0; Win64; x64) AppleWebKit/537.36 (KHTML, like Gecko) Chrome/131.0.0.0 Safari/537.36"
34.178.247.225 - - [20/Sep/2026:21:14:22 +0700] "GET /releases/.env HTTP/1.1" 301 - "-" "Mozilla/5.0 (Windows NT 10.0; Win64; x64) AppleWebKit/537.36 (KHTML, like Gecko) Chrome/131.0.0.0 Safari/537.36"
34.178.247.225 - - [20/Sep/2026:21:14:25 +0700] "GET / HTTP/1.1" 200 - "-" "Mozilla/5.0 (Windows NT 10.0; Win64; x64) AppleWebKit/537.36 (KHTML, like Gecko) Chrome/131.0.0.0 Safari/537.36"
34.178.247.225 - - [20/Sep/2026:21:14:26 +0700] "GET /shared/.env HTTP/1.1" 301 - "-" "Mozilla/5.0 (Windows NT 10.0; Win64; x64) AppleWebKit/537.36 (KHTML, like Gecko) Chrome/131.0.0.0 Safari/537.36"
34.178.247.225 - - [20/Sep/2026:21:14:29 +0700] "GET / HTTP/1.1" 200 - "-" "Mozilla/5.0 (Windows NT 10.0; Win64; x64) AppleWebKit/537.36 (KHTML, like Gecko) Chrome/131.0.0.0 Safari/537.36"
34.178.247.225 - - [20/Sep/2026:21:14:30 +0700] "GET /deploy/.env HTTP/1.1" 301 - "-" "Mozilla/5.0 (Windows NT 10.0; Win64; x64) AppleWebKit/537.36 (KHTML, like Gecko) Chrome/131.0.0.0 Safari/537.36"
34.178.247.225 - - [20/Sep/2026:21:14:33 +0700] "GET / HTTP/1.1" 200 - "-" "Mozilla/5.0 (Windows NT 10.0; Win64; x64) AppleWebKit/537.36 (KHTML, like Gecko) Chrome/131.0.0.0 Safari/537.36"
34.178.247.225 - - [20/Sep/2026:21:14:35 +0700] "GET /build/.env HTTP/1.1" 301 - "-" "Mozilla/5.0 (Windows NT 10.0; Win64; x64) AppleWebKit/537.36 (KHTML, like Gecko) Chrome/131.0.0.0 Safari/537.36"
34.178.247.225 - - [20/Sep/2026:21:14:37 +0700] "GET / HTTP/1.1" 200 - "-" "Mozilla/5.0 (Windows NT 10.0; Win64; x64) AppleWebKit/537.36 (KHTML, like Gecko) Chrome/131.0.0.0 Safari/537.36"
34.178.247.225 - - [20/Sep/2026:21:14:39 +0700] "GET /dist/.env HTTP/1.1" 301 - "-" "Mozilla/5.0 (Windows NT 10.0; Win64; x64) AppleWebKit/537.36 (KHTML, like Gecko) Chrome/131.0.0.0 Safari/537.36"
34.178.247.225 - - [20/Sep/2026:21:14:41 +0700] "GET / HTTP/1.1" 200 - "-" "Mozilla/5.0 (Windows NT 10.0; Win64; x64) AppleWebKit/537.36 (KHTML, like Gecko) Chrome/131.0.0.0 Safari/537.36"
34.178.247.225 - - [20/Sep/2026:21:14:42 +0700] "GET /public_html/.env HTTP/1.1" 301 - "-" "Mozilla/5.0 (Windows NT 10.0; Win64; x64) AppleWebKit/537.36 (KHTML, like Gecko) Chrome/131.0.0.0 Safari/537.36"
34.178.247.225 - - [20/Sep/2026:21:14:44 +0700] "GET / HTTP/1.1" 200 - "-" "Mozilla/5.0 (Windows NT 10.0; Win64; x64) AppleWebKit/537.36 (KHTML, like Gecko) Chrome/131.0.0.0 Safari/537.36"
198.252.107.178 - - [20/Sep/2026:21:14:46 +0700] "POST /wp-cron.php?doing_wp_cron=1789913685.9058110713958740234375 HTTP/1.1" 301 - "-" "WordPress/7.1.1; https://matin168d.com"
34.178.247.225 - - [20/Sep/2026:21:14:47 +0700] "GET /htdocs/.env HTTP/1.1" 301 - "-" "Mozilla/5.0 (Windows NT 10.0; Win64; x64) AppleWebKit/537.36 (KHTML, like Gecko) Chrome/131.0.0.0 Safari/537.36"
34.178.247.225 - - [20/Sep/2026:21:14:49 +0700] "GET / HTTP/1.1" 200 - "-" "Mozilla/5.0 (Windows NT 10.0; Win64; x64) AppleWebKit/537.36 (KHTML, like Gecko) Chrome/131.0.0.0 Safari/537.36"
34.178.247.225 - - [20/Sep/2026:21:14:51 +0700] "GET /www/.env HTTP/1.1" 301 - "-" "Mozilla/5.0 (Windows NT 10.0; Win64; x64) AppleWebKit/537.36 (KHTML, like Gecko) Chrome/131.0.0.0 Safari/537.36"
34.178.247.225 - - [20/Sep/2026:21:14:52 +0700] "GET / HTTP/1.1" 200 - "-" "Mozilla/5.0 (Windows NT 10.0; Win64; x64) AppleWebKit/537.36 (KHTML, like Gecko) Chrome/131.0.0.0 Safari/537.36"
34.178.247.225 - - [20/Sep/2026:21:14:55 +0700] "GET /html/.env HTTP/1.1" 301 - "-" "Mozilla/5.0 (Windows NT 10.0; Win64; x64) AppleWebKit/537.36 (KHTML, like Gecko) Chrome/131.0.0.0 Safari/537.36"
34.178.247.225 - - [20/Sep/2026:21:14:57 +0700] "GET / HTTP/1.1" 200 - "-" "Mozilla/5.0 (Windows NT 10.0; Win64; x64) AppleWebKit/537.36 (KHTML, like Gecko) Chrome/131.0.0.0 Safari/537.36"
34.178.247.225 - - [20/Sep/2026:21:14:58 +0700] "GET /live/.env HTTP/1.1" 301 - "-" "Mozilla/5.0 (Windows NT 10.0; Win64; x64) AppleWebKit/537.36 (KHTML, like Gecko) Chrome/131.0.0.0 Safari/537.36"
34.178.247.225 - - [20/Sep/2026:21:15:00 +0700] "GET / HTTP/1.1" 200 - "-" "Mozilla/5.0 (Windows NT 10.0; Win64; x64) AppleWebKit/537.36 (KHTML, like Gecko) Chrome/131.0.0.0 Safari/537.36"
34.178.247.225 - - [20/Sep/2026:21:15:03 +0700] "GET /prod/.env HTTP/1.1" 301 - "-" "Mozilla/5.0 (Windows NT 10.0; Win64; x64) AppleWebKit/537.36 (KHTML, like Gecko) Chrome/131.0.0.0 Safari/537.36"
34.178.247.225 - - [20/Sep/2026:21:15:05 +0700] "GET / HTTP/1.1" 200 - "-" "Mozilla/5.0 (Windows NT 10.0; Win64; x64) AppleWebKit/537.36 (KHTML, like Gecko) Chrome/131.0.0.0 Safari/537.36"
34.178.247.225 - - [20/Sep/2026:21:15:06 +0700] "GET /dev/.env HTTP/1.1" 301 - "-" "Mozilla/5.0 (Windows NT 10.0; Win64; x64) AppleWebKit/537.36 (KHTML, like Gecko) Chrome/131.0.0.0 Safari/537.36"
34.178.247.225 - - [20/Sep/2026:21:15:09 +0700] "GET / HTTP/1.1" 200 - "-" "Mozilla/5.0 (Windows NT 10.0; Win64; x64) AppleWebKit/537.36 (KHTML, like Gecko) Chrome/131.0.0.0 Safari/537.36"
34.178.247.225 - - [20/Sep/2026:21:15:11 +0700] "GET /staging/.env HTTP/1.1" 301 - "-" "Mozilla/5.0 (Windows NT 10.0; Win64; x64) AppleWebKit/537.36 (KHTML, like Gecko) Chrome/131.0.0.0 Safari/537.36"
34.178.247.225 - - [20/Sep/2026:21:15:14 +0700] "GET / HTTP/1.1" 200 - "-" "Mozilla/5.0 (Windows NT 10.0; Win64; x64) AppleWebKit/537.36 (KHTML, like Gecko) Chrome/131.0.0.0 Safari/537.36"
34.178.247.225 - - [20/Sep/2026:21:15:15 +0700] "GET /opt/.env HTTP/1.1" 301 - "-" "Mozilla/5.0 (Windows NT 10.0; Win64; x64) AppleWebKit/537.36 (KHTML, like Gecko) Chrome/131.0.0.0 Safari/537.36"
34.178.247.225 - - [20/Sep/2026:21:15:17 +0700] "GET / HTTP/1.1" 200 - "-" "Mozilla/5.0 (Windows NT 10.0; Win64; x64) AppleWebKit/537.36 (KHTML, like Gecko) Chrome/131.0.0.0 Safari/537.36"
34.178.247.225 - - [20/Sep/2026:21:15:19 +0700] "GET /laravel/.env HTTP/1.1" 301 - "-" "Mozilla/5.0 (Windows NT 10.0; Win64; x64) AppleWebKit/537.36 (KHTML, like Gecko) Chrome/131.0.0.0 Safari/537.36"
34.178.247.225 - - [20/Sep/2026:21:15:21 +0700] "GET / HTTP/1.1" 200 - "-" "Mozilla/5.0 (Windows NT 10.0; Win64; x64) AppleWebKit/537.36 (KHTML, like Gecko) Chrome/131.0.0.0 Safari/537.36"
34.178.247.225 - - [20/Sep/2026:21:15:22 +0700] "GET /symfony/.env HTTP/1.1" 301 - "-" "Mozilla/5.0 (Windows NT 10.0; Win64; x64) AppleWebKit/537.36 (KHTML, like Gecko) Chrome/131.0.0.0 Safari/537.36"
34.178.247.225 - - [20/Sep/2026:21:15:25 +0700] "GET / HTTP/1.1" 200 - "-" "Mozilla/5.0 (Windows NT 10.0; Win64; x64) AppleWebKit/537.36 (KHTML, like Gecko) Chrome/131.0.0.0 Safari/537.36"
34.178.247.225 - - [20/Sep/2026:21:15:27 +0700] "GET /wordpress/.env HTTP/1.1" 301 - "-" "Mozilla/5.0 (Windows NT 10.0; Win64; x64) AppleWebKit/537.36 (KHTML, like Gecko) Chrome/131.0.0.0 Safari/537.36"
34.178.247.225 - - [20/Sep/2026:21:15:29 +0700] "GET / HTTP/1.1" 200 - "-" "Mozilla/5.0 (Windows NT 10.0; Win64; x64) AppleWebKit/537.36 (KHTML, like Gecko) Chrome/131.0.0.0 Safari/537.36"
34.178.247.225 - - [20/Sep/2026:21:15:31 +0700] "GET /wp/.env HTTP/1.1" 301 - "-" "Mozilla/5.0 (Windows NT 10.0; Win64; x64) AppleWebKit/537.36 (KHTML, like Gecko) Chrome/131.0.0.0 Safari/537.36"
34.178.247.225 - - [20/Sep/2026:21:15:33 +0700] "GET / HTTP/1.1" 200 - "-" "Mozilla/5.0 (Windows NT 10.0; Win64; x64) AppleWebKit/537.36 (KHTML, like Gecko) Chrome/131.0.0.0 Safari/537.36"
34.178.247.225 - - [20/Sep/2026:21:15:35 +0700] "GET /cms/.env HTTP/1.1" 301 - "-" "Mozilla/5.0 (Windows NT 10.0; Win64; x64) AppleWebKit/537.36 (KHTML, like Gecko) Chrome/131.0.0.0 Safari/537.36"
34.178.247.225 - - [20/Sep/2026:21:15:37 +0700] "GET / HTTP/1.1" 200 - "-" "Mozilla/5.0 (Windows NT 10.0; Win64; x64) AppleWebKit/537.36 (KHTML, like Gecko) Chrome/131.0.0.0 Safari/537.36"
34.178.247.225 - - [20/Sep/2026:21:15:39 +0700] "GET /drupal/.env HTTP/1.1" 301 - "-" "Mozilla/5.0 (Windows NT 10.0; Win64; x64) AppleWebKit/537.36 (KHTML, like Gecko) Chrome/131.0.0.0 Safari/537.36"
34.178.247.225 - - [20/Sep/2026:21:15:42 +0700] "GET / HTTP/1.1" 200 - "-" "Mozilla/5.0 (Windows NT 10.0; Win64; x64) AppleWebKit/537.36 (KHTML, like Gecko) Chrome/131.0.0.0 Safari/537.36"
34.178.247.225 - - [20/Sep/2026:21:15:44 +0700] "GET /joomla/.env HTTP/1.1" 301 - "-" "Mozilla/5.0 (Windows NT 10.0; Win64; x64) AppleWebKit/537.36 (KHTML, like Gecko) Chrome/131.0.0.0 Safari/537.36"
198.252.107.178 - - [20/Sep/2026:21:15:46 +0700] "POST /wp-cron.php?doing_wp_cron=1789913745.9860870838165283203125 HTTP/1.1" 301 - "-" "WordPress/7.1.1; https://matin168d.com"
34.178.247.225 - - [20/Sep/2026:21:15:47 +0700] "GET / HTTP/1.1" 200 - "-" "Mozilla/5.0 (Windows NT 10.0; Win64; x64) AppleWebKit/537.36 (KHTML, like Gecko) Chrome/131.0.0.0 Safari/537.36"
34.178.247.225 - - [20/Sep/2026:21:15:48 +0700] "GET /magento/.env HTTP/1.1" 301 - "-" "Mozilla/5.0 (Windows NT 10.0; Win64; x64) AppleWebKit/537.36 (KHTML, like Gecko) Chrome/131.0.0.0 Safari/537.36"
34.178.247.225 - - [20/Sep/2026:21:15:50 +0700] "GET / HTTP/1.1" 200 - "-" "Mozilla/5.0 (Windows NT 10.0; Win64; x64) AppleWebKit/537.36 (KHTML, like Gecko) Chrome/131.0.0.0 Safari/537.36"
34.178.247.225 - - [20/Sep/2026:21:15:51 +0700] "GET /shopify/.env HTTP/1.1" 301 - "-" "Mozilla/5.0 (Windows NT 10.0; Win64; x64) AppleWebKit/537.36 (KHTML, like Gecko) Chrome/131.0.0.0 Safari/537.36"
34.178.247.225 - - [20/Sep/2026:21:15:55 +0700] "GET / HTTP/1.1" 200 - "-" "Mozilla/5.0 (Windows NT 10.0; Win64; x64) AppleWebKit/537.36 (KHTML, like Gecko) Chrome/131.0.0.0 Safari/537.36"
34.178.247.225 - - [20/Sep/2026:21:15:57 +0700] "GET /prestashop/.env HTTP/1.1" 301 - "-" "Mozilla/5.0 (Windows NT 10.0; Win64; x64) AppleWebKit/537.36 (KHTML, like Gecko) Chrome/131.0.0.0 Safari/537.36"
34.178.247.225 - - [20/Sep/2026:21:15:59 +0700] "GET / HTTP/1.1" 200 - "-" "Mozilla/5.0 (Windows NT 10.0; Win64; x64) AppleWebKit/537.36 (KHTML, like Gecko) Chrome/131.0.0.0 Safari/537.36"
34.178.247.225 - - [20/Sep/2026:21:16:02 +0700] "GET /codeigniter/.env HTTP/1.1" 301 - "-" "Mozilla/5.0 (Windows NT 10.0; Win64; x64) AppleWebKit/537.36 (KHTML, like Gecko) Chrome/131.0.0.0 Safari/537.36"
34.178.247.225 - - [20/Sep/2026:21:16:04 +0700] "GET / HTTP/1.1" 200 - "-" "Mozilla/5.0 (Windows NT 10.0; Win64; x64) AppleWebKit/537.36 (KHTML, like Gecko) Chrome/131.0.0.0 Safari/537.36"
34.178.247.225 - - [20/Sep/2026:21:16:06 +0700] "GET /cakephp/.env HTTP/1.1" 301 - "-" "Mozilla/5.0 (Windows NT 10.0; Win64; x64) AppleWebKit/537.36 (KHTML, like Gecko) Chrome/131.0.0.0 Safari/537.36"
34.178.247.225 - - [20/Sep/2026:21:16:08 +0700] "GET / HTTP/1.1" 200 - "-" "Mozilla/5.0 (Windows NT 10.0; Win64; x64) AppleWebKit/537.36 (KHTML, like Gecko) Chrome/131.0.0.0 Safari/537.36"
34.178.247.225 - - [20/Sep/2026:21:16:11 +0700] "GET /zend/.env HTTP/1.1" 301 - "-" "Mozilla/5.0 (Windows NT 10.0; Win64; x64) AppleWebKit/537.36 (KHTML, like Gecko) Chrome/131.0.0.0 Safari/537.36"
51.79.192.65 - - [20/Sep/2026:21:16:14 +0700] "GET / HTTP/1.1" 200 - "-" "Mozilla/5.0 (Windows NT 10.0; Win64; x64) AppleWebKit/537.36 (KHTML, like Gecko) Chrome/146.0.0.0 Safari/537.36"
34.178.247.225 - - [20/Sep/2026:21:16:14 +0700] "GET / HTTP/1.1" 200 - "-" "Mozilla/5.0 (Windows NT 10.0; Win64; x64) AppleWebKit/537.36 (KHTML, like Gecko) Chrome/131.0.0.0 Safari/537.36"
34.178.247.225 - - [20/Sep/2026:21:16:16 +0700] "GET /yii/.env HTTP/1.1" 301 - "-" "Mozilla/5.0 (Windows NT 10.0; Win64; x64) AppleWebKit/537.36 (KHTML, like Gecko) Chrome/131.0.0.0 Safari/537.36"
51.79.192.65 - - [20/Sep/2026:21:16:16 +0700] "GET / HTTP/1.1" 200 - "-" "Mozilla/5.0 (Windows NT 10.0; Win64; x64) AppleWebKit/537.36 (KHTML, like Gecko) Chrome/146.0.0.0 Safari/537.36"
34.178.247.225 - - [20/Sep/2026:21:16:18 +0700] "GET / HTTP/1.1" 200 - "-" "Mozilla/5.0 (Windows NT 10.0; Win64; x64) AppleWebKit/537.36 (KHTML, like Gecko) Chrome/131.0.0.0 Safari/537.36"
51.79.192.65 - - [20/Sep/2026:21:16:20 +0700] "GET / HTTP/1.1" 200 - "-" "Mozilla/5.0 (Windows NT 10.0; Win64; x64) AppleWebKit/537.36 (KHTML, like Gecko) Chrome/146.0.0.0 Safari/537.36"
34.178.247.225 - - [20/Sep/2026:21:16:21 +0700] "GET /laravel5/.env HTTP/1.1" 301 - "-" "Mozilla/5.0 (Windows NT 10.0; Win64; x64) AppleWebKit/537.36 (KHTML, like Gecko) Chrome/131.0.0.0 Safari/537.36"
34.178.247.225 - - [20/Sep/2026:21:16:24 +0700] "GET / HTTP/1.1" 200 - "-" "Mozilla/5.0 (Windows NT 10.0; Win64; x64) AppleWebKit/537.36 (KHTML, like Gecko) Chrome/131.0.0.0 Safari/537.36"
34.178.247.225 - - [20/Sep/2026:21:16:25 +0700] "GET /v1/.env HTTP/1.1" 301 - "-" "Mozilla/5.0 (Windows NT 10.0; Win64; x64) AppleWebKit/537.36 (KHTML, like Gecko) Chrome/131.0.0.0 Safari/537.36"
34.178.247.225 - - [20/Sep/2026:21:16:28 +0700] "GET / HTTP/1.1" 200 - "-" "Mozilla/5.0 (Windows NT 10.0; Win64; x64) AppleWebKit/537.36 (KHTML, like Gecko) Chrome/131.0.0.0 Safari/537.36"
34.178.247.225 - - [20/Sep/2026:21:16:30 +0700] "GET /v2/.env HTTP/1.1" 301 - "-" "Mozilla/5.0 (Windows NT 10.0; Win64; x64) AppleWebKit/537.36 (KHTML, like Gecko) Chrome/131.0.0.0 Safari/537.36"
34.178.247.225 - - [20/Sep/2026:21:16:33 +0700] "GET / HTTP/1.1" 200 - "-" "Mozilla/5.0 (Windows NT 10.0; Win64; x64) AppleWebKit/537.36 (KHTML, like Gecko) Chrome/131.0.0.0 Safari/537.36"
34.178.247.225 - - [20/Sep/2026:21:16:35 +0700] "GET /v3/.env HTTP/1.1" 301 - "-" "Mozilla/5.0 (Windows NT 10.0; Win64; x64) AppleWebKit/537.36 (KHTML, like Gecko) Chrome/131.0.0.0 Safari/537.36"
34.178.247.225 - - [20/Sep/2026:21:16:38 +0700] "GET / HTTP/1.1" 200 - "-" "Mozilla/5.0 (Windows NT 10.0; Win64; x64) AppleWebKit/537.36 (KHTML, like Gecko) Chrome/131.0.0.0 Safari/537.36"
34.178.247.225 - - [20/Sep/2026:21:16:40 +0700] "GET /api/v1/.env HTTP/1.1" 301 - "-" "Mozilla/5.0 (Windows NT 10.0; Win64; x64) AppleWebKit/537.36 (KHTML, like Gecko) Chrome/131.0.0.0 Safari/537.36"
34.178.247.225 - - [20/Sep/2026:21:16:43 +0700] "GET / HTTP/1.1" 200 - "-" "Mozilla/5.0 (Windows NT 10.0; Win64; x64) AppleWebKit/537.36 (KHTML, like Gecko) Chrome/131.0.0.0 Safari/537.36"
34.178.247.225 - - [20/Sep/2026:21:16:45 +0700] "GET /api/v2/.env HTTP/1.1" 301 - "-" "Mozilla/5.0 (Windows NT 10.0; Win64; x64) AppleWebKit/537.36 (KHTML, like Gecko) Chrome/131.0.0.0 Safari/537.36"
198.252.107.178 - - [20/Sep/2026:21:16:47 +0700] "POST /wp-cron.php?doing_wp_cron=1789913807.6569991111755371093750 HTTP/1.1" 301 - "-" "WordPress/7.1.1; https://matin168d.com"
34.178.247.225 - - [20/Sep/2026:21:16:49 +0700] "GET / HTTP/1.1" 200 - "-" "Mozilla/5.0 (Windows NT 10.0; Win64; x64) AppleWebKit/537.36 (KHTML, like Gecko) Chrome/131.0.0.0 Safari/537.36"
198.204.240.234 - - [20/Sep/2026:21:16:47 +0700] "GET /wp-content/qqd523b6/edit.php HTTP/1.1" 200 6 "https://matin168d.com/wp-content/qqd523b6/edit.php" "Mozilla/5.0 (compatible; MSIE 10.0; Windows NT 6.2; Win64; x64; Trident/6.0)"
34.178.247.225 - - [20/Sep/2026:21:16:51 +0700] "GET /rest/.env HTTP/1.1" 301 - "-" "Mozilla/5.0 (Windows NT 10.0; Win64; x64) AppleWebKit/537.36 (KHTML, like Gecko) Chrome/131.0.0.0 Safari/537.36"
34.178.247.225 - - [20/Sep/2026:21:16:54 +0700] "GET / HTTP/1.1" 200 - "-" "Mozilla/5.0 (Windows NT 10.0; Win64; x64) AppleWebKit/537.36 (KHTML, like Gecko) Chrome/131.0.0.0 Safari/537.36"
34.178.247.225 - - [20/Sep/2026:21:16:57 +0700] "GET /graphql/.env HTTP/1.1" 301 - "-" "Mozilla/5.0 (Windows NT 10.0; Win64; x64) AppleWebKit/537.36 (KHTML, like Gecko) Chrome/131.0.0.0 Safari/537.36"
34.178.247.225 - - [20/Sep/2026:21:16:59 +0700] "GET / HTTP/1.1" 200 - "-" "Mozilla/5.0 (Windows NT 10.0; Win64; x64) AppleWebKit/537.36 (KHTML, like Gecko) Chrome/131.0.0.0 Safari/537.36"
34.178.247.225 - - [20/Sep/2026:21:17:02 +0700] "GET /gateway/.env HTTP/1.1" 301 - "-" "Mozilla/5.0 (Windows NT 10.0; Win64; x64) AppleWebKit/537.36 (KHTML, like Gecko) Chrome/131.0.0.0 Safari/537.36"
34.178.247.225 - - [20/Sep/2026:21:17:06 +0700] "GET / HTTP/1.1" 200 - "-" "Mozilla/5.0 (Windows NT 10.0; Win64; x64) AppleWebKit/537.36 (KHTML, like Gecko) Chrome/131.0.0.0 Safari/537.36"
34.178.247.225 - - [20/Sep/2026:21:17:08 +0700] "GET /microservice/.env HTTP/1.1" 301 - "-" "Mozilla/5.0 (Windows NT 10.0; Win64; x64) AppleWebKit/537.36 (KHTML, like Gecko) Chrome/131.0.0.0 Safari/537.36"
34.178.247.225 - - [20/Sep/2026:21:17:11 +0700] "GET / HTTP/1.1" 200 - "-" "Mozilla/5.0 (Windows NT 10.0; Win64; x64) AppleWebKit/537.36 (KHTML, like Gecko) Chrome/131.0.0.0 Safari/537.36"
34.178.247.225 - - [20/Sep/2026:21:17:15 +0700] "GET /service/.env HTTP/1.1" 301 - "-" "Mozilla/5.0 (Windows NT 10.0; Win64; x64) AppleWebKit/537.36 (KHTML, like Gecko) Chrome/131.0.0.0 Safari/537.36"
34.178.247.225 - - [20/Sep/2026:21:17:19 +0700] "GET / HTTP/1.1" 200 - "-" "Mozilla/5.0 (Windows NT 10.0; Win64; x64) AppleWebKit/537.36 (KHTML, like Gecko) Chrome/131.0.0.0 Safari/537.36"
34.178.247.225 - - [20/Sep/2026:21:17:24 +0700] "GET /api/v3/.env HTTP/1.1" 301 - "-" "Mozilla/5.0 (Windows NT 10.0; Win64; x64) AppleWebKit/537.36 (KHTML, like Gecko) Chrome/131.0.0.0 Safari/537.36"
193.37.33.217 - - [20/Sep/2026:21:17:29 +0700] "POST /wp-login.php HTTP/1.1" 200 7532 "-" "Mozilla/5.0 (Windows NT 10.0; Win64; x64) AppleWebKit/537.36 Chrome/129.0.0.0 Safari/537.36"
34.178.247.225 - - [20/Sep/2026:21:17:28 +0700] "GET / HTTP/1.1" 200 - "-" "Mozilla/5.0 (Windows NT 10.0; Win64; x64) AppleWebKit/537.36 (KHTML, like Gecko) Chrome/131.0.0.0 Safari/537.36"
34.178.247.225 - - [20/Sep/2026:21:17:33 +0700] "GET /api/dev/.env HTTP/1.1" 301 - "-" "Mozilla/5.0 (Windows NT 10.0; Win64; x64) AppleWebKit/537.36 (KHTML, like Gecko) Chrome/131.0.0.0 Safari/537.36"
34.178.247.225 - - [20/Sep/2026:21:17:35 +0700] "GET / HTTP/1.1" 200 - "-" "Mozilla/5.0 (Windows NT 10.0; Win64; x64) AppleWebKit/537.36 (KHTML, like Gecko) Chrome/131.0.0.0 Safari/537.36"
34.178.247.225 - - [20/Sep/2026:21:17:40 +0700] "GET /api/staging/.env HTTP/1.1" 301 - "-" "Mozilla/5.0 (Windows NT 10.0; Win64; x64) AppleWebKit/537.36 (KHTML, like Gecko) Chrome/131.0.0.0 Safari/537.36"
34.178.247.225 - - [20/Sep/2026:21:17:42 +0700] "GET / HTTP/1.1" 200 - "-" "Mozilla/5.0 (Windows NT 10.0; Win64; x64) AppleWebKit/537.36 (KHTML, like Gecko) Chrome/131.0.0.0 Safari/537.36"
34.178.247.225 - - [20/Sep/2026:21:17:44 +0700] "GET /vendor/.env HTTP/1.1" 301 - "-" "Mozilla/5.0 (Windows NT 10.0; Win64; x64) AppleWebKit/537.36 (KHTML, like Gecko) Chrome/131.0.0.0 Safari/537.36"
198.252.107.178 - - [20/Sep/2026:21:17:49 +0700] "POST /wp-cron.php?doing_wp_cron=1789913868.7730619907379150390625 HTTP/1.1" 301 - "-" "WordPress/7.1.1; https://matin168d.com"
172.245.102.54 - - [20/Sep/2026:21:17:47 +0700] "POST /wp-login.php HTTP/1.1" 200 7532 "-" "Mozilla/5.0 (Macintosh; Intel Mac OS X 10_15_7) AppleWebKit/605.1.15 Version/17.0 Safari/605.1.15"
34.178.247.225 - - [20/Sep/2026:21:17:50 +0700] "GET / HTTP/1.1" 200 - "-" "Mozilla/5.0 (Windows NT 10.0; Win64; x64) AppleWebKit/537.36 (KHTML, like Gecko) Chrome/131.0.0.0 Safari/537.36"
198.252.107.178 - - [20/Sep/2026:21:17:51 +0700] "POST /wp-cron.php?doing_wp_cron=1789913871.0663640499114990234375 HTTP/1.1" 301 - "-" "WordPress/7.1.1; https://matin168d.com"
198.204.240.234 - - [20/Sep/2026:21:16:27 +0700] "GET /wp-content/qqd523b6/edit.php HTTP/1.1" 200 - "https://matin168d.com/wp-content/qqd523b6/edit.php" "Mozilla/5.0 (Windows NT 10.0; WOW64) AppleWebKit/537.36 (KHTML, like Gecko) Chrome/74.0.3729.131 Safari/537.36"
34.178.247.225 - - [20/Sep/2026:21:17:53 +0700] "GET /lib/.env HTTP/1.1" 301 - "-" "Mozilla/5.0 (Windows NT 10.0; Win64; x64) AppleWebKit/537.36 (KHTML, like Gecko) Chrome/131.0.0.0 Safari/537.36"
34.178.247.225 - - [20/Sep/2026:21:17:55 +0700] "GET / HTTP/1.1" 200 - "-" "Mozilla/5.0 (Windows NT 10.0; Win64; x64) AppleWebKit/537.36 (KHTML, like Gecko) Chrome/131.0.0.0 Safari/537.36"
34.178.247.225 - - [20/Sep/2026:21:17:59 +0700] "GET /resources/.env HTTP/1.1" 301 - "-" "Mozilla/5.0 (Windows NT 10.0; Win64; x64) AppleWebKit/537.36 (KHTML, like Gecko) Chrome/131.0.0.0 Safari/537.36"
34.178.247.225 - - [20/Sep/2026:21:18:01 +0700] "GET / HTTP/1.1" 200 - "-" "Mozilla/5.0 (Windows NT 10.0; Win64; x64) AppleWebKit/537.36 (KHTML, like Gecko) Chrome/131.0.0.0 Safari/537.36"
34.178.247.225 - - [20/Sep/2026:21:18:04 +0700] "GET /assets/.env HTTP/1.1" 301 - "-" "Mozilla/5.0 (Windows NT 10.0; Win64; x64) AppleWebKit/537.36 (KHTML, like Gecko) Chrome/131.0.0.0 Safari/537.36"
34.178.247.225 - - [20/Sep/2026:21:18:07 +0700] "GET / HTTP/1.1" 200 - "-" "Mozilla/5.0 (Windows NT 10.0; Win64; x64) AppleWebKit/537.36 (KHTML, like Gecko) Chrome/131.0.0.0 Safari/537.36"
34.178.247.225 - - [20/Sep/2026:21:18:09 +0700] "GET /uploads/.env HTTP/1.1" 301 - "-" "Mozilla/5.0 (Windows NT 10.0; Win64; x64) AppleWebKit/537.36 (KHTML, like Gecko) Chrome/131.0.0.0 Safari/537.36"
34.178.247.225 - - [20/Sep/2026:21:18:13 +0700] "GET / HTTP/1.1" 200 - "-" "Mozilla/5.0 (Windows NT 10.0; Win64; x64) AppleWebKit/537.36 (KHTML, like Gecko) Chrome/131.0.0.0 Safari/537.36"
34.178.247.225 - - [20/Sep/2026:21:18:16 +0700] "GET /internal/.env HTTP/1.1" 301 - "-" "Mozilla/5.0 (Windows NT 10.0; Win64; x64) AppleWebKit/537.36 (KHTML, like Gecko) Chrome/131.0.0.0 Safari/537.36"
34.178.247.225 - - [20/Sep/2026:21:18:21 +0700] "GET / HTTP/1.1" 200 - "-" "Mozilla/5.0 (Windows NT 10.0; Win64; x64) AppleWebKit/537.36 (KHTML, like Gecko) Chrome/131.0.0.0 Safari/537.36"
34.178.247.225 - - [20/Sep/2026:21:18:23 +0700] "GET /tools/.env HTTP/1.1" 301 - "-" "Mozilla/5.0 (Windows NT 10.0; Win64; x64) AppleWebKit/537.36 (KHTML, like Gecko) Chrome/131.0.0.0 Safari/537.36"
34.178.247.225 - - [20/Sep/2026:21:18:26 +0700] "GET / HTTP/1.1" 200 - "-" "Mozilla/5.0 (Windows NT 10.0; Win64; x64) AppleWebKit/537.36 (KHTML, like Gecko) Chrome/131.0.0.0 Safari/537.36"
34.178.247.225 - - [20/Sep/2026:21:18:28 +0700] "GET /scripts/.env HTTP/1.1" 301 - "-" "Mozilla/5.0 (Windows NT 10.0; Win64; x64) AppleWebKit/537.36 (KHTML, like Gecko) Chrome/131.0.0.0 Safari/537.36"
34.178.247.225 - - [20/Sep/2026:21:18:31 +0700] "GET / HTTP/1.1" 200 - "-" "Mozilla/5.0 (Windows NT 10.0; Win64; x64) AppleWebKit/537.36 (KHTML, like Gecko) Chrome/131.0.0.0 Safari/537.36"
34.178.247.225 - - [20/Sep/2026:21:18:34 +0700] "GET /bin/.env HTTP/1.1" 301 - "-" "Mozilla/5.0 (Windows NT 10.0; Win64; x64) AppleWebKit/537.36 (KHTML, like Gecko) Chrome/131.0.0.0 Safari/537.36"
34.178.247.225 - - [20/Sep/2026:21:18:37 +0700] "GET / HTTP/1.1" 200 - "-" "Mozilla/5.0 (Windows NT 10.0; Win64; x64) AppleWebKit/537.36 (KHTML, like Gecko) Chrome/131.0.0.0 Safari/537.36"
34.178.247.225 - - [20/Sep/2026:21:18:40 +0700] "GET /sbin/.env HTTP/1.1" 301 - "-" "Mozilla/5.0 (Windows NT 10.0; Win64; x64) AppleWebKit/537.36 (KHTML, like Gecko) Chrome/131.0.0.0 Safari/537.36"
34.178.247.225 - - [20/Sep/2026:21:18:43 +0700] "GET / HTTP/1.1" 200 - "-" "Mozilla/5.0 (Windows NT 10.0; Win64; x64) AppleWebKit/537.36 (KHTML, like Gecko) Chrome/131.0.0.0 Safari/537.36"
