HEX
Server: Apache
System: Linux 198-252-107-178.cprapid.com 4.18.0-553.5.1.el8_10.x86_64 #1 SMP Wed Jun 5 09:12:13 EDT 2024 x86_64
User: msgdhg02 (1000)
PHP: 8.1.34
Disabled: exec,passthru,shell_exec,system
Upload Files
File: /home/msgdhg02/access-logs/matin168d.com.msgdhg.com-ssl_log
198.204.240.234 - - [20/Sep/2026:17:47:29 +0700] "GET /wp-content/qqd523b6/edit.php HTTP/1.1" 200 - "https://matin168d.com/wp-content/qqd523b6/edit.php" "Mozilla/5.0 (Windows NT 10.0; WOW64) AppleWebKit/537.36 (KHTML, like Gecko) Chrome/74.0.3729.131 Safari/537.36"
198.204.240.234 - - [20/Sep/2026:17:54:26 +0700] "GET /wp-content/qqd523b6/edit.php HTTP/1.1" 200 6 "https://matin168d.com/wp-content/qqd523b6/edit.php" "Mozilla/5.0 (Macintosh; Intel Mac OS X 10_6_8) AppleWebKit/534.57.2 (KHTML, like Gecko) Version/5.1.7 Safari/534.57.2"
198.204.240.234 - - [20/Sep/2026:17:54:06 +0700] "GET /wp-content/qqd523b6/edit.php HTTP/1.1" 200 - "https://matin168d.com/wp-content/qqd523b6/edit.php" "Mozilla/5.0 (compatible; MSIE 10.0; Windows NT 6.1; Trident/6.0)"
162.144.3.204 - - [20/Sep/2026:17:57:16 +0700] "GET /wp-login.php HTTP/1.1" 200 7160 "-" "Mozilla/5.0 (X11; Linux x86_64) AppleWebKit/537.36 (KHTML, like Gecko) Chrome/147.0.0.0 Safari/537.36"
162.144.3.204 - - [20/Sep/2026:17:57:23 +0700] "POST /wp-login.php HTTP/1.1" 200 7532 "https://matin168d.com/wp-login.php" "Mozilla/5.0 (X11; Linux x86_64) AppleWebKit/537.36 (KHTML, like Gecko) Chrome/147.0.0.0 Safari/537.36"
198.252.107.178 - - [20/Sep/2026:17:57:22 +0700] "POST /wp-cron.php?doing_wp_cron=1789901842.0596220493316650390625 HTTP/1.1" 301 - "-" "WordPress/7.1.1; https://matin168d.com"
162.144.3.204 - - [20/Sep/2026:17:57:25 +0700] "GET /wp-json/wp/v2/users/me HTTP/1.1" 401 96 "-" "Mozilla/5.0 (X11; Linux x86_64) AppleWebKit/537.36 (KHTML, like Gecko) Chrome/147.0.0.0 Safari/537.36"
51.89.69.108 - - [20/Sep/2026:17:58:32 +0700] "GET /robots.txt HTTP/1.1" 200 258 "-" "Mozilla/5.0 (compatible; AhrefsBot/7.0; +http://ahrefs.com/robot/)"
176.31.139.7 - - [20/Sep/2026:17:58:33 +0700] "GET /?sitemapindex.xml HTTP/1.1" 200 13 "-" "Mozilla/5.0 (compatible; AhrefsBot/7.0; +http://ahrefs.com/robot/)"
198.204.240.234 - - [20/Sep/2026:17:59:28 +0700] "GET /wp-content/qqd523b6/edit.php HTTP/1.1" 200 6 "https://matin168d.com/wp-content/qqd523b6/edit.php" "Mozilla/4.0 (compatible; MSIE 8.0; Windows NT 5.1; Trident/4.0; .NET CLR 2.0.50727; .NET CLR 3.0.04506.30; .NET CLR 3.0.04506.648)"
202.155.143.185 - - [20/Sep/2026:17:59:41 +0700] "GET /best-barcrest-online-casinos-uk-2026/ HTTP/1.1" 200 - "https://matin168d.com/" "Mozilla/5.0 (Windows NT 10.0; Win64; x64) AppleWebKit/537.36 (KHTML, like Gecko) Chrome/148.0.0.0 Safari/537.36"
198.252.107.178 - - [20/Sep/2026:17:59:45 +0700] "POST /wp-cron.php?doing_wp_cron=1789901984.9638679027557373046875 HTTP/1.1" 301 - "-" "WordPress/7.1.1; https://matin168d.com"
202.155.143.185 - - [20/Sep/2026:17:59:46 +0700] "GET /best-barcrest-online-casinos-uk-2026/ HTTP/1.1" 200 - "https://matin168d.com/" "Mozilla/5.0 (Windows NT 10.0; Win64; x64) AppleWebKit/537.36 (KHTML, like Gecko) Chrome/148.0.0.0 Safari/537.36"
202.155.143.185 - - [20/Sep/2026:17:59:49 +0700] "GET /best-barcrest-online-casinos-uk-2026/ HTTP/1.1" 200 - "https://matin168d.com/" "Mozilla/5.0 (Windows NT 10.0; Win64; x64) AppleWebKit/537.36 (KHTML, like Gecko) Chrome/148.0.0.0 Safari/537.36"
66.116.251.167 - - [20/Sep/2026:18:00:19 +0700] "GET /wp-login.php HTTP/1.1" 200 7160 "https://matin168hr.com/" "Mozilla/5.0 (X11; Linux x86_64) AppleWebKit/537.36 (KHTML, like Gecko) Chrome/149.0.0.0 Safari/537.36"
66.116.251.167 - - [20/Sep/2026:18:00:22 +0700] "POST /wp-login.php HTTP/1.1" 200 7584 "https://matin168hr.com/wp-login.php" "Mozilla/5.0 (X11; Linux x86_64) AppleWebKit/537.36 (KHTML, like Gecko) Chrome/149.0.0.0 Safari/537.36"
66.116.251.167 - - [20/Sep/2026:18:00:23 +0700] "GET /wp-json/wp/v2/users/me HTTP/1.1" 401 96 "https://matin168hr.com/" "Mozilla/5.0 (X11; Linux x86_64) AppleWebKit/537.36 (KHTML, like Gecko) Chrome/149.0.0.0 Safari/537.36"
198.204.240.234 - - [20/Sep/2026:17:59:08 +0700] "GET /wp-content/qqd523b6/edit.php HTTP/1.1" 200 - "https://matin168d.com/wp-content/qqd523b6/edit.php" "Mozilla/5.0 (Macintosh; U; Intel Mac OS X 10_6_2; ja-jp) AppleWebKit/531.21.8 (KHTML, like Gecko) Version/4.0.4 Safari/531.21.10"
136.144.33.163 - - [20/Sep/2026:18:01:22 +0700] "POST /wp-login.php HTTP/1.1" 200 7532 "-" "Mozilla/5.0 (Windows NT 10.0; Win64; rv:143.0) Gecko/20100101 Firefox/143.0"
198.252.107.178 - - [20/Sep/2026:18:01:24 +0700] "POST /wp-cron.php?doing_wp_cron=1789902083.9392058849334716796875 HTTP/1.1" 301 - "-" "WordPress/7.1.1; https://matin168d.com"
82.25.62.125 - - [20/Sep/2026:18:05:26 +0700] "GET /best-bingo-sites-uk-no-wagering-2026/ HTTP/1.1" 200 - "https://matin168d.com/" "Mozilla/5.0 (iPhone; CPU iPhone OS 18_7 like Mac OS X) AppleWebKit/605.1.15 (KHTML, like Gecko) Version/26.5 Mobile/15E148 Safari/604.1"
198.252.107.178 - - [20/Sep/2026:18:05:35 +0700] "POST /wp-cron.php?doing_wp_cron=1789902335.7926509380340576171875 HTTP/1.1" 301 - "-" "WordPress/7.1.1; https://matin168d.com"
82.25.62.125 - - [20/Sep/2026:18:05:37 +0700] "GET /best-bingo-sites-uk-no-wagering-2026/ HTTP/1.1" 200 - "https://matin168d.com/" "Mozilla/5.0 (iPhone; CPU iPhone OS 18_7 like Mac OS X) AppleWebKit/605.1.15 (KHTML, like Gecko) Version/26.5 Mobile/15E148 Safari/604.1"
82.25.62.125 - - [20/Sep/2026:18:05:39 +0700] "GET /best-bingo-sites-uk-no-wagering-2026/ HTTP/1.1" 200 - "https://matin168d.com/" "Mozilla/5.0 (iPhone; CPU iPhone OS 18_7 like Mac OS X) AppleWebKit/605.1.15 (KHTML, like Gecko) Version/26.5 Mobile/15E148 Safari/604.1"
5.39.1.235 - - [20/Sep/2026:18:06:54 +0700] "GET /?sitemap31.xml HTTP/1.1" 200 13 "-" "Mozilla/5.0 (compatible; AhrefsBot/7.0; +http://ahrefs.com/robot/)"
66.249.72.68 - - [20/Sep/2026:18:10:07 +0700] "GET /furusato.php?shopdetail/A10660108424/ HTTP/1.1" 403 117704 "-" "Mozilla/5.0 (compatible; Googlebot/2.1; +http://www.google.com/bot.html)"
198.204.240.234 - - [20/Sep/2026:18:10:19 +0700] "GET /wp-content/qqd523b6/edit.php HTTP/1.1" 200 6 "https://matin168d.com/wp-content/qqd523b6/edit.php" "Mozilla/4.0 (compatible; MSIE 7.0; Windows NT 5.1)"
198.204.240.234 - - [20/Sep/2026:18:09:59 +0700] "GET /wp-content/qqd523b6/edit.php HTTP/1.1" 200 - "https://matin168d.com/wp-content/qqd523b6/edit.php" "Mozilla/5.0 (Macintosh; U; PPC Mac OS X; ja-jp) AppleWebKit/523.12 (KHTML, like Gecko) Version/3.0.4 Safari/523.12"
34.83.221.62 - - [20/Sep/2026:18:12:27 +0700] "GET / HTTP/1.1" 200 - "-" "Mozilla/5.0 (Windows NT 10.0; Win64; x64) AppleWebKit/537.36 (KHTML, like Gecko) Chrome/102.0.5005.197 Safari/537.36"
198.252.107.178 - - [20/Sep/2026:18:12:35 +0700] "POST /wp-cron.php?doing_wp_cron=1789902754.8455688953399658203125 HTTP/1.1" 301 - "-" "WordPress/7.1.1; https://matin168d.com"
160.251.229.78 - - [20/Sep/2026:18:15:32 +0700] "POST /xmlrpc.php HTTP/1.1" 504 - "-" "Mozilla/5.0 (X11; Linux x86_64) AppleWebKit/537.36 (KHTML, like Gecko) Chrome/149.0.0.0 Safari/537.36"
43.230.202.236 - - [20/Sep/2026:18:29:35 +0700] "POST /xmlrpc.php HTTP/1.1" 301 - "-" "Mozilla/5.0 (Windows NT 10.0; Win64; x64) AppleWebKit/537.36 (KHTML, like Gecko) Chrome/150.0.0.0 Safari/537.36"
198.252.107.178 - - [20/Sep/2026:18:29:38 +0700] "POST /wp-cron.php?doing_wp_cron=1789903778.3281829357147216796875 HTTP/1.1" 301 - "-" "WordPress/7.1.1; https://matin168d.com"
43.230.202.236 - - [20/Sep/2026:18:29:39 +0700] "GET / HTTP/1.1" 200 - "https://www.matin168d.com/" "Mozilla/5.0 (Windows NT 10.0; Win64; x64) AppleWebKit/537.36 (KHTML, like Gecko) Chrome/150.0.0.0 Safari/537.36"
43.230.202.236 - - [20/Sep/2026:18:29:41 +0700] "GET /wp-json/wp/v2/users/me HTTP/1.1" 401 96 "-" "Mozilla/5.0 (Windows NT 10.0; Win64; x64) AppleWebKit/537.36 (KHTML, like Gecko) Chrome/150.0.0.0 Safari/537.36"
2a06:98c0:3600::103 - - [20/Sep/2026:18:32:32 +0700] "GET /wp-admin/install.php?step=1 HTTP/1.1" 200 1368 "-" "http://matin168hr.com/wp-admin/install.php?step=1"
198.252.107.178 - - [20/Sep/2026:18:32:32 +0700] "POST /wp-cron.php?doing_wp_cron=1789903952.5482010841369628906250 HTTP/1.1" 301 - "-" "WordPress/7.1.1; https://matin168d.com"
51.68.247.202 - - [20/Sep/2026:18:33:17 +0700] "GET /sitemap736.xml HTTP/1.1" 200 13 "-" "Mozilla/5.0 (compatible; AhrefsBot/7.0; +http://ahrefs.com/robot/)"
198.204.240.234 - - [20/Sep/2026:18:33:33 +0700] "GET /wp-content/qqd523b6/edit.php HTTP/1.1" 200 6 "https://matin168d.com/wp-content/qqd523b6/edit.php" "Mozilla/4.0 (compatible; MSIE 7.0; Windows NT 5.1; .NET CLR 1.1.4322; .NET CLR 2.0.50727)"
198.204.240.234 - - [20/Sep/2026:18:33:34 +0700] "GET /wp-content/qqd523b6/edit.php HTTP/1.1" 200 6 "https://matin168d.com/wp-content/qqd523b6/edit.php" "Mozilla/4.0 (compatible; GoogleToolbar 5.0.2124.2070; Windows 6.0; MSIE 8.0.6001.18241)"
198.204.240.234 - - [20/Sep/2026:18:33:14 +0700] "GET /wp-content/qqd523b6/edit.php HTTP/1.1" 200 - "https://matin168d.com/wp-content/qqd523b6/edit.php" "Mozilla/5.0 (Macintosh; U; Intel Mac OS X 10_5_6; ja-jp) AppleWebKit/525.27.1 (KHTML, like Gecko) Version/3.2.1 Safari/525.27.1"
162.241.203.62 - - [20/Sep/2026:18:35:11 +0700] "GET /wp-login.php HTTP/1.1" 200 7160 "http://matin168d.com/" "Mozilla/5.0 (X11; Linux x86_64) AppleWebKit/537.36 (KHTML, like Gecko) Chrome/147.0.0.0 Safari/537.36"
162.241.203.62 - - [20/Sep/2026:18:35:13 +0700] "POST /wp-login.php HTTP/1.1" 200 7584 "http://matin168d.com/wp-login.php" "Mozilla/5.0 (X11; Linux x86_64) AppleWebKit/537.36 (KHTML, like Gecko) Chrome/147.0.0.0 Safari/537.36"
202.155.143.185 - - [20/Sep/2026:18:39:33 +0700] "GET / HTTP/1.1" 200 - "-" "Mozilla/5.0 (Windows NT 10.0; Win64; x64; rv:136.0) Gecko/20100101 Firefox/136.0"
198.252.107.178 - - [20/Sep/2026:18:39:35 +0700] "POST /wp-cron.php?doing_wp_cron=1789904375.9173378944396972656250 HTTP/1.1" 301 - "-" "WordPress/7.1.1; https://matin168d.com"
202.155.143.185 - - [20/Sep/2026:18:39:37 +0700] "GET / HTTP/1.1" 200 - "-" "Mozilla/5.0 (Windows NT 10.0; Win64; x64; rv:136.0) Gecko/20100101 Firefox/136.0"
202.155.143.185 - - [20/Sep/2026:18:39:38 +0700] "GET / HTTP/1.1" 200 - "-" "Mozilla/5.0 (Windows NT 10.0; Win64; x64; rv:136.0) Gecko/20100101 Firefox/136.0"
176.31.139.19 - - [20/Sep/2026:18:40:10 +0700] "GET /sitemap662.xml HTTP/1.1" 200 13 "-" "Mozilla/5.0 (compatible; AhrefsBot/7.0; +http://ahrefs.com/robot/)"
198.204.240.234 - - [20/Sep/2026:18:45:26 +0700] "GET /wp-content/qqd523b6/edit.php HTTP/1.1" 200 6 "https://matin168d.com/wp-content/qqd523b6/edit.php" "Mozilla/5.0 (Windows; U; Windows NT 5.1; en-US) AppleWebKit/534.16 (KHTML, like Gecko) Chrome/10.0.648.151 Safari/534.16"
85.203.46.37 - - [20/Sep/2026:18:45:26 +0700] "GET /best-android-casinos-uk-2026/ HTTP/1.1" 200 - "https://matin168d.com/" "Mozilla/5.0 (Macintosh; Intel Mac OS X 10.15; rv:151.0) Gecko/20100101 Firefox/151.0"
198.252.107.178 - - [20/Sep/2026:18:45:30 +0700] "POST /wp-cron.php?doing_wp_cron=1789904729.9826979637145996093750 HTTP/1.1" 301 - "-" "WordPress/7.1.1; https://matin168d.com"
158.173.242.191 - - [20/Sep/2026:18:45:31 +0700] "GET /best-android-casinos-uk-2026/ HTTP/1.1" 200 - "https://matin168d.com/" "Mozilla/5.0 (Macintosh; Intel Mac OS X 10.15; rv:151.0) Gecko/20100101 Firefox/151.0"
195.177.93.154 - - [20/Sep/2026:18:45:34 +0700] "GET /best-android-casinos-uk-2026/ HTTP/1.1" 200 - "https://matin168d.com/" "Mozilla/5.0 (Macintosh; Intel Mac OS X 10.15; rv:151.0) Gecko/20100101 Firefox/151.0"
136.144.33.186 - - [20/Sep/2026:18:46:04 +0700] "POST /wp-login.php HTTP/1.1" 200 7532 "-" "Mozilla/5.0 (Macintosh; Intel Mac OS X 10_15_7) AppleWebKit/605.1.15 Version/17.0 Safari/605.1.15"
198.204.240.234 - - [20/Sep/2026:18:45:06 +0700] "GET /wp-content/qqd523b6/edit.php HTTP/1.1" 200 - "https://matin168d.com/wp-content/qqd523b6/edit.php" "Opera/9.80 (Macintosh; Intel Mac OS X 10.6.8; U; ja) Presto/2.10.289 Version/12.00"
209.42.18.223 - - [20/Sep/2026:18:52:31 +0700] "GET /wp-login.php HTTP/1.1" 200 7160 "-" "Mozilla/5.0 (Windows NT 10.0; Win64; x64) AppleWebKit/537.36 (KHTML, like Gecko) Chrome/151.0.0.0 Safari/537.36"
198.252.107.178 - - [20/Sep/2026:18:52:40 +0700] "POST /wp-cron.php?doing_wp_cron=1789905160.2324359416961669921875 HTTP/1.1" 301 - "-" "WordPress/7.1.1; https://matin168d.com"
209.42.18.223 - - [20/Sep/2026:18:52:41 +0700] "POST /wp-login.php HTTP/1.1" 200 7532 "https://matin168d.com/wp-login.php" "Mozilla/5.0 (Windows NT 10.0; Win64; x64) AppleWebKit/537.36 (KHTML, like Gecko) Chrome/151.0.0.0 Safari/537.36"
209.42.18.223 - - [20/Sep/2026:18:52:43 +0700] "GET /wp-json/wp/v2/users/me HTTP/1.1" 401 96 "-" "Mozilla/5.0 (Windows NT 10.0; Win64; x64) AppleWebKit/537.36 (KHTML, like Gecko) Chrome/151.0.0.0 Safari/537.36"
198.204.240.234 - - [20/Sep/2026:18:53:34 +0700] "GET /wp-content/qqd523b6/edit.php HTTP/1.1" 200 6 "https://matin168d.com/wp-content/qqd523b6/edit.php" "Opera/9.80 (Macintosh; Intel Mac OS X 10.6.8; U; ja) Presto/2.10.289 Version/12.00"
44.213.190.124 - - [20/Sep/2026:18:54:14 +0700] "GET /robots.txt HTTP/1.1" 304 - "-" "Mozilla/5.0 (Macintosh; Intel Mac OS X 10_10_1) AppleWebKit/600.2.5 (KHTML, like Gecko) Version/8.0.2 Safari/600.2.5 (Gort)"
198.204.240.234 - - [20/Sep/2026:18:53:14 +0700] "GET /wp-content/qqd523b6/edit.php HTTP/1.1" 200 - "https://matin168d.com/wp-content/qqd523b6/edit.php" "Mozilla/5.0 (Windows NT 5.1) AppleWebKit/534.30 (KHTML, like Gecko) Chrome/12.0.742.122 Safari/534.30 ChromePlus/1.6.3.1"
173.239.254.158 - - [20/Sep/2026:18:56:30 +0700] "GET /wp-login.php HTTP/1.1" 200 7160 "-" "Mozilla/5.0 (Macintosh; Intel Mac OS X 10_15_7) AppleWebKit/605.1.15 Version/17.0 Safari/605.1.15"
198.252.107.178 - - [20/Sep/2026:18:56:31 +0700] "POST /wp-cron.php?doing_wp_cron=1789905391.1478250026702880859375 HTTP/1.1" 301 - "-" "WordPress/7.1.1; https://matin168d.com"
173.239.254.158 - - [20/Sep/2026:18:56:34 +0700] "GET /?author=1 HTTP/1.1" 301 - "-" "Mozilla/5.0 (Windows NT 10.0; Win64; x64) AppleWebKit/537.36 Chrome/129.0.0.0 Safari/537.36"
173.239.254.158 - - [20/Sep/2026:18:56:38 +0700] "GET /?rest_route=/wp/v2/users HTTP/1.1" 200 8441 "-" "Mozilla/5.0 (Windows NT 10.0; Win64; x64) AppleWebKit/537.36 Chrome/129.0.0.0 Safari/537.36"
198.204.240.234 - - [20/Sep/2026:18:56:58 +0700] "GET /wp-content/qqd523b6/edit.php HTTP/1.1" 200 6 "https://matin168d.com/wp-content/qqd523b6/edit.php" "Mozilla/4.0 (compatible; GoogleToolbar 5.0.2124.2070; Windows 6.0; MSIE 8.0.6001.18241)"
198.204.240.234 - - [20/Sep/2026:18:56:37 +0700] "GET /wp-content/qqd523b6/edit.php HTTP/1.1" 200 - "https://matin168d.com/wp-content/qqd523b6/edit.php" "Mozilla/5.0 (Macintosh; U; Intel Mac OS X 10_6_3; ja-jp) AppleWebKit/533.16 (KHTML, like Gecko) Version/5.0 Safari/533.16"
176.31.139.16 - - [20/Sep/2026:19:01:55 +0700] "GET /sitemap100.xml HTTP/1.1" 200 13 "-" "Mozilla/5.0 (compatible; AhrefsBot/7.0; +http://ahrefs.com/robot/)"
203.176.202.59 - - [20/Sep/2026:19:03:11 +0700] "GET /wp-login.php HTTP/1.1" 200 7160 "http://matin168d.com/" "Mozilla/5.0 (Macintosh; Intel Mac OS X 10_15_7) AppleWebKit/537.36 (KHTML, like Gecko) Chrome/152.0.0.0 Safari/537.36"
203.176.202.59 - - [20/Sep/2026:19:03:12 +0700] "POST /wp-login.php HTTP/1.1" 200 7566 "http://matin168d.com/wp-login.php" "Mozilla/5.0 (Macintosh; Intel Mac OS X 10_15_7) AppleWebKit/537.36 (KHTML, like Gecko) Chrome/152.0.0.0 Safari/537.36"
66.249.72.69 - - [20/Sep/2026:19:03:24 +0700] "GET /furusato.php?shopdetail/G4776876005/ HTTP/1.1" 403 112820 "-" "Mozilla/5.0 (compatible; Googlebot/2.1; +http://www.google.com/bot.html)"
54.37.118.67 - - [20/Sep/2026:19:07:34 +0700] "GET /?sitemap344.xml HTTP/1.1" 200 13 "-" "Mozilla/5.0 (compatible; AhrefsBot/7.0; +http://ahrefs.com/robot/)"
198.204.240.234 - - [20/Sep/2026:19:08:37 +0700] "GET /wp-content/qqd523b6/edit.php HTTP/1.1" 200 6 "https://matin168d.com/wp-content/qqd523b6/edit.php" "Mozilla/4.0 (compatible; MSIE 8.0; Windows NT 5.1; Trident/4.0; .NET CLR 2.0.50727; .NET CLR 3.0.04506.30; .NET CLR 3.0.04506.648)"
198.204.240.234 - - [20/Sep/2026:19:08:17 +0700] "GET /wp-content/qqd523b6/edit.php HTTP/1.1" 200 - "https://matin168d.com/wp-content/qqd523b6/edit.php" "Mozilla/5.0 (Macintosh; U; Intel Mac OS X 10_5_5; ja-jp) AppleWebKit/525.26.2 (KHTML, like Gecko) Version/3.2 Safari/525.26.12"
136.144.33.184 - - [20/Sep/2026:19:10:27 +0700] "POST /wp-login.php HTTP/1.1" 200 7532 "-" "Mozilla/5.0 (Windows NT 10.0; Win64; x64) AppleWebKit/537.36 Chrome/129.0.0.0 Safari/537.36"
198.252.107.178 - - [20/Sep/2026:19:10:28 +0700] "POST /wp-cron.php?doing_wp_cron=1789906228.4884109497070312500000 HTTP/1.1" 301 - "-" "WordPress/7.1.1; https://matin168d.com"
198.204.240.234 - - [20/Sep/2026:19:13:16 +0700] "GET /wp-content/qqd523b6/edit.php HTTP/1.1" 200 6 "https://matin168d.com/wp-content/qqd523b6/edit.php" "Opera/9.80 (Windows NT 6.1; U; ja) Presto/2.10.229 Version/11.60"
216.172.169.189 - - [20/Sep/2026:19:13:18 +0700] "POST /xmlrpc.php HTTP/1.1" 301 - "-" "Mozilla/5.0 (X11; Linux x86_64) AppleWebKit/537.36 (KHTML, like Gecko) Chrome/146.0.0.0 Safari/537.36"
198.252.107.178 - - [20/Sep/2026:19:13:21 +0700] "POST /wp-cron.php?doing_wp_cron=1789906400.9347839355468750000000 HTTP/1.1" 301 - "-" "WordPress/7.1.1; https://matin168d.com"
216.172.169.189 - - [20/Sep/2026:19:13:22 +0700] "GET / HTTP/1.1" 200 - "https://matin168d.com/xmlrpc.php" "Mozilla/5.0 (X11; Linux x86_64) AppleWebKit/537.36 (KHTML, like Gecko) Chrome/146.0.0.0 Safari/537.36"
216.172.169.189 - - [20/Sep/2026:19:13:23 +0700] "GET /wp-json/wp/v2/users/me HTTP/1.1" 401 96 "-" "Mozilla/5.0 (X11; Linux x86_64) AppleWebKit/537.36 (KHTML, like Gecko) Chrome/146.0.0.0 Safari/537.36"
198.204.240.234 - - [20/Sep/2026:19:12:56 +0700] "GET /wp-content/qqd523b6/edit.php HTTP/1.1" 200 - "https://matin168d.com/wp-content/qqd523b6/edit.php" "Mozilla/5.0 (Macintosh; U; PPC Mac OS X 10_4_11; ja-jp) AppleWebKit/525.13 (KHTML, like Gecko) Version/3.1 Safari/525.13"
78.138.127.62 - - [20/Sep/2026:19:15:15 +0700] "GET /best-bingo-sites-uk-no-wagering-2026/ HTTP/1.1" 200 - "https://matin168d.com/" "Mozilla/5.0 (Windows NT 10.0; Win64; x64; rv:138.0) Gecko/20100101 Firefox/138.0"
198.252.107.178 - - [20/Sep/2026:19:15:18 +0700] "POST /wp-cron.php?doing_wp_cron=1789906518.0806820392608642578125 HTTP/1.1" 301 - "-" "WordPress/7.1.1; https://matin168d.com"
78.138.127.62 - - [20/Sep/2026:19:15:19 +0700] "GET /best-bingo-sites-uk-no-wagering-2026/ HTTP/1.1" 200 - "https://matin168d.com/" "Mozilla/5.0 (Windows NT 10.0; Win64; x64; rv:138.0) Gecko/20100101 Firefox/138.0"
78.138.127.62 - - [20/Sep/2026:19:15:21 +0700] "GET /best-bingo-sites-uk-no-wagering-2026/ HTTP/1.1" 200 - "https://matin168d.com/" "Mozilla/5.0 (Windows NT 10.0; Win64; x64; rv:138.0) Gecko/20100101 Firefox/138.0"
198.204.240.234 - - [20/Sep/2026:19:20:35 +0700] "GET /wp-content/qqd523b6/edit.php HTTP/1.1" 200 6 "https://matin168d.com/wp-content/qqd523b6/edit.php" "Mozilla/5.0 (Macintosh; Intel Mac OS X 10_6_8) AppleWebKit/534.24 (KHTML, like Gecko) Iron/11.0.700.2 Chrome/11.0.700.2 Safari/534.24"
198.204.240.234 - - [20/Sep/2026:19:21:08 +0700] "GET /wp-content/qqd523b6/edit.php HTTP/1.1" 200 6 "https://matin168d.com/wp-content/qqd523b6/edit.php" "Mozilla/4.0 (compatible; MSIE 8.0; Windows NT 5.1; Trident/4.0; .NET CLR 2.0.50727; InfoPath.1"
198.204.240.234 - - [20/Sep/2026:19:20:15 +0700] "GET /wp-content/qqd523b6/edit.php HTTP/1.1" 200 - "https://matin168d.com/wp-content/qqd523b6/edit.php" "Mozilla/4.0 (compatible; MSIE 7.0; Windows NT 5.1; SV1; .NET CLR 1.1.4322)"
65.111.10.4 - - [20/Sep/2026:19:24:39 +0700] "GET /best-betsoft-online-casinos-uk-2026/ HTTP/1.1" 200 - "https://matin168d.com/" "Mozilla/5.0 (X11; Linux x86_64) AppleWebKit/537.36 (KHTML, like Gecko) Chrome/148.0.0.0 Safari/537.36"
198.252.107.178 - - [20/Sep/2026:19:24:42 +0700] "POST /wp-cron.php?doing_wp_cron=1789907082.0400900840759277343750 HTTP/1.1" 301 - "-" "WordPress/7.1.1; https://matin168d.com"
45.3.36.86 - - [20/Sep/2026:19:24:44 +0700] "GET /best-betsoft-online-casinos-uk-2026/ HTTP/1.1" 200 - "https://matin168d.com/" "Mozilla/5.0 (X11; Linux x86_64) AppleWebKit/537.36 (KHTML, like Gecko) Chrome/148.0.0.0 Safari/537.36"
104.207.45.128 - - [20/Sep/2026:19:24:47 +0700] "GET /best-betsoft-online-casinos-uk-2026/ HTTP/1.1" 200 - "https://matin168d.com/" "Mozilla/5.0 (X11; Linux x86_64) AppleWebKit/537.36 (KHTML, like Gecko) Chrome/148.0.0.0 Safari/537.36"
109.206.181.70 - - [20/Sep/2026:19:26:45 +0700] "GET /best-android-casinos-uk-2026/ HTTP/1.1" 200 - "https://matin168d.com/" "Mozilla/5.0 (Macintosh; Intel Mac OS X 10_15_7) AppleWebKit/537.36 (KHTML, like Gecko) Chrome/133.0.0.0 Safari/537.36"
198.252.107.178 - - [20/Sep/2026:19:26:47 +0700] "POST /wp-cron.php?doing_wp_cron=1789907207.4930520057678222656250 HTTP/1.1" 301 - "-" "WordPress/7.1.1; https://matin168d.com"
109.206.181.70 - - [20/Sep/2026:19:26:49 +0700] "GET /best-android-casinos-uk-2026/ HTTP/1.1" 200 - "https://matin168d.com/" "Mozilla/5.0 (Macintosh; Intel Mac OS X 10_15_7) AppleWebKit/537.36 (KHTML, like Gecko) Chrome/133.0.0.0 Safari/537.36"
109.206.181.70 - - [20/Sep/2026:19:26:51 +0700] "GET /best-android-casinos-uk-2026/ HTTP/1.1" 200 - "https://matin168d.com/" "Mozilla/5.0 (Macintosh; Intel Mac OS X 10_15_7) AppleWebKit/537.36 (KHTML, like Gecko) Chrome/133.0.0.0 Safari/537.36"
158.173.67.171 - - [20/Sep/2026:19:27:44 +0700] "GET /best-betsoft-online-casinos-uk-2026/ HTTP/1.1" 200 - "https://matin168d.com/" "Mozilla/5.0 (Windows NT 10.0; Win64; x64; rv:109.0) Gecko/20100101 Firefox/121.0"
212.102.39.87 - - [20/Sep/2026:19:27:46 +0700] "GET /best-betsoft-online-casinos-uk-2026/ HTTP/1.1" 200 - "https://matin168d.com/" "Mozilla/5.0 (Windows NT 10.0; Win64; x64; rv:109.0) Gecko/20100101 Firefox/121.0"
198.252.107.178 - - [20/Sep/2026:19:27:48 +0700] "POST /wp-cron.php?doing_wp_cron=1789907268.2580111026763916015625 HTTP/1.1" 301 - "-" "WordPress/7.1.1; https://matin168d.com"
85.237.212.80 - - [20/Sep/2026:19:27:50 +0700] "GET /best-betsoft-online-casinos-uk-2026/ HTTP/1.1" 200 - "https://matin168d.com/" "Mozilla/5.0 (Windows NT 10.0; Win64; x64; rv:109.0) Gecko/20100101 Firefox/121.0"
209.50.189.116 - - [20/Sep/2026:19:27:55 +0700] "GET / HTTP/1.1" 200 - "-" "Mozilla/5.0 (Windows NT 10.0; Win64; x64) AppleWebKit/537.36 (KHTML, like Gecko) Chrome/142.0.0.0 Safari/537.36"
65.111.11.2 - - [20/Sep/2026:19:27:58 +0700] "GET / HTTP/1.1" 200 - "-" "Mozilla/5.0 (Windows NT 10.0; Win64; x64) AppleWebKit/537.36 (KHTML, like Gecko) Chrome/142.0.0.0 Safari/537.36"
209.50.185.1 - - [20/Sep/2026:19:28:01 +0700] "GET / HTTP/1.1" 200 - "-" "Mozilla/5.0 (Windows NT 10.0; Win64; x64) AppleWebKit/537.36 (KHTML, like Gecko) Chrome/142.0.0.0 Safari/537.36"
49.13.174.1 - - [20/Sep/2026:19:29:11 +0700] "GET / HTTP/1.1" 200 - "-" "Mozilla/5.0 (Windows NT 10.0; Win64; x64) AppleWebKit/537.36 (KHTML, like Gecko) Chrome/120.0.0.0 Safari/537.36"
198.252.107.178 - - [20/Sep/2026:19:29:15 +0700] "POST /wp-cron.php?doing_wp_cron=1789907354.9976320266723632812500 HTTP/1.1" 301 - "-" "WordPress/7.1.1; https://matin168d.com"
49.13.174.1 - - [20/Sep/2026:19:29:16 +0700] "GET / HTTP/1.1" 200 - "-" "Mozilla/5.0 (Windows NT 10.0; Win64; x64) AppleWebKit/537.36 (KHTML, like Gecko) Chrome/120.0.0.0 Safari/537.36"
49.13.174.1 - - [20/Sep/2026:19:29:19 +0700] "GET / HTTP/1.1" 200 - "-" "Mozilla/5.0 (Windows NT 10.0; Win64; x64) AppleWebKit/537.36 (KHTML, like Gecko) Chrome/120.0.0.0 Safari/537.36"
198.204.240.234 - - [20/Sep/2026:19:32:14 +0700] "GET /wp-content/qqd523b6/edit.php HTTP/1.1" 200 6 "https://matin168d.com/wp-content/qqd523b6/edit.php" "Mozilla/5.0 (compatible; MSIE 10.0; Windows NT 6.2; Win64; x64; Trident/6.0)"
198.204.240.234 - - [20/Sep/2026:19:32:25 +0700] "GET /wp-content/qqd523b6/edit.php HTTP/1.1" 200 6 "https://matin168d.com/wp-content/qqd523b6/edit.php" "Mozilla/5.0 (Macintosh; Intel Mac OS X 10_6_8) AppleWebKit/535.1 (KHTML, like Gecko) Chrome/14.0.835.202 Safari/535.1"
198.204.240.234 - - [20/Sep/2026:19:31:54 +0700] "GET /wp-content/qqd523b6/edit.php HTTP/1.1" 200 - "https://matin168d.com/wp-content/qqd523b6/edit.php" "Mozilla/5.0 (Macintosh; Intel Mac OS X 10_6_8) AppleWebKit/534.57.2 (KHTML, like Gecko) Version/5.1.7 Safari/534.57.2"
136.144.33.217 - - [20/Sep/2026:19:34:21 +0700] "POST /wp-login.php HTTP/1.1" 200 7532 "-" "Mozilla/5.0 (Macintosh; Intel Mac OS X 10_15_7) AppleWebKit/605.1.15 Version/17.0 Safari/605.1.15"
198.252.107.178 - - [20/Sep/2026:19:34:22 +0700] "POST /wp-cron.php?doing_wp_cron=1789907662.6302390098571777343750 HTTP/1.1" 301 - "-" "WordPress/7.1.1; https://matin168d.com"
51.68.247.210 - - [20/Sep/2026:19:35:54 +0700] "GET /?sitemap31.xml HTTP/1.1" 200 13 "-" "Mozilla/5.0 (compatible; AhrefsBot/7.0; +http://ahrefs.com/robot/)"
198.252.107.178 - - [20/Sep/2026:19:38:49 +0700] "POST /wp-cron.php?doing_wp_cron=1789907929.8863201141357421875000 HTTP/1.1" 301 - "-" "WordPress/7.1.1; https://matin168d.com"
136.70.7.141 - - [20/Sep/2026:19:38:48 +0700] "GET / HTTP/1.1" 200 - "-" "Mozilla/5.0 (Windows NT 10.0; Win64; x64) AppleWebKit/537.36 (KHTML, like Gecko) Chrome/89.0.4389.114 Safari/537.36"
136.70.7.141 - - [20/Sep/2026:19:38:51 +0700] "GET //wp-includes/wlwmanifest.xml HTTP/1.1" 301 - "-" "Mozilla/5.0 (Windows NT 10.0; Win64; x64) AppleWebKit/537.36 (KHTML, like Gecko) Chrome/89.0.4389.114 Safari/537.36"
136.70.7.141 - - [20/Sep/2026:19:38:53 +0700] "GET //xmlrpc.php?rsd HTTP/1.1" 301 - "-" "Mozilla/5.0 (Windows NT 10.0; Win64; x64) AppleWebKit/537.36 (KHTML, like Gecko) Chrome/89.0.4389.114 Safari/537.36"
136.70.7.141 - - [20/Sep/2026:19:38:54 +0700] "GET / HTTP/1.1" 200 - "-" "Mozilla/5.0 (Windows NT 10.0; Win64; x64) AppleWebKit/537.36 (KHTML, like Gecko) Chrome/89.0.4389.114 Safari/537.36"
136.70.7.141 - - [20/Sep/2026:19:38:56 +0700] "GET //blog/wp-includes/wlwmanifest.xml HTTP/1.1" 301 - "-" "Mozilla/5.0 (Windows NT 10.0; Win64; x64) AppleWebKit/537.36 (KHTML, like Gecko) Chrome/89.0.4389.114 Safari/537.36"
136.70.7.141 - - [20/Sep/2026:19:38:58 +0700] "GET //web/wp-includes/wlwmanifest.xml HTTP/1.1" 301 - "-" "Mozilla/5.0 (Windows NT 10.0; Win64; x64) AppleWebKit/537.36 (KHTML, like Gecko) Chrome/89.0.4389.114 Safari/537.36"
136.70.7.141 - - [20/Sep/2026:19:39:01 +0700] "GET //wordpress/wp-includes/wlwmanifest.xml HTTP/1.1" 301 - "-" "Mozilla/5.0 (Windows NT 10.0; Win64; x64) AppleWebKit/537.36 (KHTML, like Gecko) Chrome/89.0.4389.114 Safari/537.36"
136.70.7.141 - - [20/Sep/2026:19:39:03 +0700] "GET //website/wp-includes/wlwmanifest.xml HTTP/1.1" 301 - "-" "Mozilla/5.0 (Windows NT 10.0; Win64; x64) AppleWebKit/537.36 (KHTML, like Gecko) Chrome/89.0.4389.114 Safari/537.36"
136.70.7.141 - - [20/Sep/2026:19:39:06 +0700] "GET //wp/wp-includes/wlwmanifest.xml HTTP/1.1" 301 - "-" "Mozilla/5.0 (Windows NT 10.0; Win64; x64) AppleWebKit/537.36 (KHTML, like Gecko) Chrome/89.0.4389.114 Safari/537.36"
136.70.7.141 - - [20/Sep/2026:19:39:08 +0700] "GET //news/wp-includes/wlwmanifest.xml HTTP/1.1" 301 - "-" "Mozilla/5.0 (Windows NT 10.0; Win64; x64) AppleWebKit/537.36 (KHTML, like Gecko) Chrome/89.0.4389.114 Safari/537.36"
136.70.7.141 - - [20/Sep/2026:19:39:11 +0700] "GET //2020/wp-includes/wlwmanifest.xml HTTP/1.1" 301 - "-" "Mozilla/5.0 (Windows NT 10.0; Win64; x64) AppleWebKit/537.36 (KHTML, like Gecko) Chrome/89.0.4389.114 Safari/537.36"
136.70.7.141 - - [20/Sep/2026:19:39:13 +0700] "GET //2019/wp-includes/wlwmanifest.xml HTTP/1.1" 301 - "-" "Mozilla/5.0 (Windows NT 10.0; Win64; x64) AppleWebKit/537.36 (KHTML, like Gecko) Chrome/89.0.4389.114 Safari/537.36"
136.70.7.141 - - [20/Sep/2026:19:39:15 +0700] "GET //shop/wp-includes/wlwmanifest.xml HTTP/1.1" 301 - "-" "Mozilla/5.0 (Windows NT 10.0; Win64; x64) AppleWebKit/537.36 (KHTML, like Gecko) Chrome/89.0.4389.114 Safari/537.36"
136.70.7.141 - - [20/Sep/2026:19:39:16 +0700] "GET //wp1/wp-includes/wlwmanifest.xml HTTP/1.1" 301 - "-" "Mozilla/5.0 (Windows NT 10.0; Win64; x64) AppleWebKit/537.36 (KHTML, like Gecko) Chrome/89.0.4389.114 Safari/537.36"
136.70.7.141 - - [20/Sep/2026:19:39:17 +0700] "GET //test/wp-includes/wlwmanifest.xml HTTP/1.1" 301 - "-" "Mozilla/5.0 (Windows NT 10.0; Win64; x64) AppleWebKit/537.36 (KHTML, like Gecko) Chrome/89.0.4389.114 Safari/537.36"
136.70.7.141 - - [20/Sep/2026:19:39:18 +0700] "GET //wp2/wp-includes/wlwmanifest.xml HTTP/1.1" 301 - "-" "Mozilla/5.0 (Windows NT 10.0; Win64; x64) AppleWebKit/537.36 (KHTML, like Gecko) Chrome/89.0.4389.114 Safari/537.36"
136.70.7.141 - - [20/Sep/2026:19:39:19 +0700] "GET //site/wp-includes/wlwmanifest.xml HTTP/1.1" 301 - "-" "Mozilla/5.0 (Windows NT 10.0; Win64; x64) AppleWebKit/537.36 (KHTML, like Gecko) Chrome/89.0.4389.114 Safari/537.36"
136.70.7.141 - - [20/Sep/2026:19:39:20 +0700] "GET //cms/wp-includes/wlwmanifest.xml HTTP/1.1" 301 - "-" "Mozilla/5.0 (Windows NT 10.0; Win64; x64) AppleWebKit/537.36 (KHTML, like Gecko) Chrome/89.0.4389.114 Safari/537.36"
136.70.7.141 - - [20/Sep/2026:19:39:21 +0700] "GET //sito/wp-includes/wlwmanifest.xml HTTP/1.1" 301 - "-" "Mozilla/5.0 (Windows NT 10.0; Win64; x64) AppleWebKit/537.36 (KHTML, like Gecko) Chrome/89.0.4389.114 Safari/537.36"
198.204.240.234 - - [20/Sep/2026:19:43:51 +0700] "GET /wp-content/qqd523b6/edit.php HTTP/1.1" 200 6 "https://matin168d.com/wp-content/qqd523b6/edit.php" "Mozilla/5.0 (compatible; MSIE 9.0; Windows NT 6.1; WOW64; Trident/5.0)"
198.204.240.234 - - [20/Sep/2026:19:43:31 +0700] "GET /wp-content/qqd523b6/edit.php HTTP/1.1" 200 - "https://matin168d.com/wp-content/qqd523b6/edit.php" "Mozilla/5.0 (Macintosh; U; Intel Mac OS X 10_6_3; ja-jp) AppleWebKit/531.21.11 (KHTML, like Gecko) Version/4.0.4 Safari/531.21.10"
216.26.237.155 - - [20/Sep/2026:19:45:20 +0700] "GET /best-barcrest-online-casinos-uk-2026/ HTTP/1.1" 200 - "https://matin168d.com/" "Mozilla/5.0 (Windows NT 10.0; Win64; x64; rv:128.0) Gecko/20100101 Firefox/128.0"
198.252.107.178 - - [20/Sep/2026:19:45:22 +0700] "POST /wp-cron.php?doing_wp_cron=1789908322.3492090702056884765625 HTTP/1.1" 301 - "-" "WordPress/7.1.1; https://matin168d.com"
209.50.170.76 - - [20/Sep/2026:19:45:24 +0700] "GET /best-barcrest-online-casinos-uk-2026/ HTTP/1.1" 200 - "https://matin168d.com/" "Mozilla/5.0 (Windows NT 10.0; Win64; x64; rv:128.0) Gecko/20100101 Firefox/128.0"
65.111.20.193 - - [20/Sep/2026:19:45:27 +0700] "GET /best-barcrest-online-casinos-uk-2026/ HTTP/1.1" 200 - "https://matin168d.com/" "Mozilla/5.0 (Windows NT 10.0; Win64; x64; rv:128.0) Gecko/20100101 Firefox/128.0"
198.252.107.178 - - [20/Sep/2026:19:46:46 +0700] "POST /wp-cron.php?doing_wp_cron=1789908405.9764940738677978515625 HTTP/1.1" 301 - "-" "WordPress/7.1.1; https://matin168d.com"
51.79.192.65 - - [20/Sep/2026:19:46:44 +0700] "GET /best-bingo-sites-uk-no-wagering-2026/ HTTP/1.1" 200 - "https://matin168d.com/" "Mozilla/5.0 (Windows NT 10.0; Win64; x64) AppleWebKit/537.36 (KHTML, like Gecko) obsidian/1.8.4 Chrome/130.0.6723.191 Electron/33.3.2 Safari/537.36"
51.79.192.65 - - [20/Sep/2026:19:46:47 +0700] "GET /best-bingo-sites-uk-no-wagering-2026/ HTTP/1.1" 200 - "https://matin168d.com/" "Mozilla/5.0 (Windows NT 10.0; Win64; x64) AppleWebKit/537.36 (KHTML, like Gecko) obsidian/1.8.4 Chrome/130.0.6723.191 Electron/33.3.2 Safari/537.36"
51.79.192.65 - - [20/Sep/2026:19:46:49 +0700] "GET /best-bingo-sites-uk-no-wagering-2026/ HTTP/1.1" 200 - "https://matin168d.com/" "Mozilla/5.0 (Windows NT 10.0; Win64; x64) AppleWebKit/537.36 (KHTML, like Gecko) obsidian/1.8.4 Chrome/130.0.6723.191 Electron/33.3.2 Safari/537.36"
198.252.107.178 - - [20/Sep/2026:19:50:29 +0700] "POST /wp-cron.php?doing_wp_cron=1789908629.7811090946197509765625 HTTP/1.1" 301 - "-" "WordPress/7.1.1; https://matin168d.com"
194.126.177.134 - - [20/Sep/2026:19:50:28 +0700] "GET /best-betsoft-online-casinos-uk-2026/ HTTP/1.1" 200 - "https://matin168d.com/" "Mozilla/5.0 (Windows NT 10.0; Win64; x64; rv:109.0) Gecko/20100101 Firefox/121.0"
194.126.177.134 - - [20/Sep/2026:19:50:30 +0700] "GET /best-betsoft-online-casinos-uk-2026/ HTTP/1.1" 200 - "https://matin168d.com/" "Mozilla/5.0 (Windows NT 10.0; Win64; x64; rv:109.0) Gecko/20100101 Firefox/121.0"
194.126.177.134 - - [20/Sep/2026:19:50:59 +0700] "GET /best-betsoft-online-casinos-uk-2026/ HTTP/1.1" 200 - "https://matin168d.com/" "Mozilla/5.0 (Windows NT 10.0; Win64; x64; rv:109.0) Gecko/20100101 Firefox/121.0"
198.204.240.234 - - [20/Sep/2026:19:51:38 +0700] "GET /wp-content/qqd523b6/edit.php HTTP/1.1" 200 6 "https://matin168d.com/wp-content/qqd523b6/edit.php" "Mozilla/5.0 (Macintosh; U; PPC Mac OS X 10_4_11; ja-jp) AppleWebKit/525.18 (KHTML, like Gecko) Version/3.1.2 Safari/525.22"
209.50.172.26 - - [20/Sep/2026:19:52:31 +0700] "GET /best-bgaming-online-casinos-uk-2026/ HTTP/1.1" 200 - "https://matin168d.com/" "Mozilla/5.0 (Windows NT 10.0; Win64; x64) AppleWebKit/537.36 (KHTML, like Gecko) Chrome/135.0.0.0 Safari/537.36 Edg/135.0.0.0"
198.252.107.178 - - [20/Sep/2026:19:52:33 +0700] "POST /wp-cron.php?doing_wp_cron=1789908753.8033430576324462890625 HTTP/1.1" 301 - "-" "WordPress/7.1.1; https://matin168d.com"
216.26.229.189 - - [20/Sep/2026:19:52:36 +0700] "GET /best-bgaming-online-casinos-uk-2026/ HTTP/1.1" 200 - "https://matin168d.com/" "Mozilla/5.0 (Windows NT 10.0; Win64; x64) AppleWebKit/537.36 (KHTML, like Gecko) Chrome/135.0.0.0 Safari/537.36 Edg/135.0.0.0"
45.3.36.226 - - [20/Sep/2026:19:52:40 +0700] "GET /best-bgaming-online-casinos-uk-2026/ HTTP/1.1" 200 - "https://matin168d.com/" "Mozilla/5.0 (Windows NT 10.0; Win64; x64) AppleWebKit/537.36 (KHTML, like Gecko) Chrome/135.0.0.0 Safari/537.36 Edg/135.0.0.0"
198.204.240.234 - - [20/Sep/2026:19:51:18 +0700] "GET /wp-content/qqd523b6/edit.php HTTP/1.1" 200 - "https://matin168d.com/wp-content/qqd523b6/edit.php" "Mozilla/5.0 (compatible; MSIE 9.0; Windows NT 6.1; WOW64; Trident/5.0; Sleipnir/2.9.8)"
198.204.240.234 - - [20/Sep/2026:19:55:17 +0700] "GET /wp-content/qqd523b6/edit.php HTTP/1.1" 200 6 "https://matin168d.com/wp-content/qqd523b6/edit.php" "Mozilla/4.0 (compatible; MSIE 7.0; Windows NT 5.1; .NET CLR 1.1.4322; .NET CLR 2.0.50727)"
198.204.240.234 - - [20/Sep/2026:19:54:57 +0700] "GET /wp-content/qqd523b6/edit.php HTTP/1.1" 200 - "https://matin168d.com/wp-content/qqd523b6/edit.php" "Mozilla/5.0 (Macintosh; U; Intel Mac OS X 10_6_2; ja-jp) AppleWebKit/531.21.8 (KHTML, like Gecko) Version/4.0.4 Safari/531.21.10"
136.144.33.165 - - [20/Sep/2026:19:58:32 +0700] "POST /wp-login.php HTTP/1.1" 200 7532 "-" "Mozilla/5.0 (Macintosh; Intel Mac OS X 10_15_7) AppleWebKit/605.1.15 Version/17.0 Safari/605.1.15"
198.252.107.178 - - [20/Sep/2026:19:58:33 +0700] "POST /wp-cron.php?doing_wp_cron=1789909113.4019560813903808593750 HTTP/1.1" 301 - "-" "WordPress/7.1.1; https://matin168d.com"
162.240.171.12 - - [20/Sep/2026:20:05:43 +0700] "POST /xmlrpc.php HTTP/1.1" 301 - "-" "Mozilla/5.0 (X11; Linux x86_64) AppleWebKit/537.36 (KHTML, like Gecko) Chrome/149.0.0.0 Safari/537.36"
198.252.107.178 - - [20/Sep/2026:20:05:45 +0700] "POST /wp-cron.php?doing_wp_cron=1789909545.3845748901367187500000 HTTP/1.1" 301 - "-" "WordPress/7.1.1; https://matin168d.com"
162.240.171.12 - - [20/Sep/2026:20:05:47 +0700] "GET / HTTP/1.1" 200 - "https://www.matin168d.com/" "Mozilla/5.0 (X11; Linux x86_64) AppleWebKit/537.36 (KHTML, like Gecko) Chrome/149.0.0.0 Safari/537.36"
162.240.171.12 - - [20/Sep/2026:20:05:49 +0700] "GET /wp-json/wp/v2/users/me HTTP/1.1" 401 96 "-" "Mozilla/5.0 (X11; Linux x86_64) AppleWebKit/537.36 (KHTML, like Gecko) Chrome/149.0.0.0 Safari/537.36"
198.204.240.234 - - [20/Sep/2026:20:06:27 +0700] "GET /wp-content/qqd523b6/edit.php HTTP/1.1" 200 6 "https://matin168d.com/wp-content/qqd523b6/edit.php" "Mozilla/4.0 (compatible; MSIE 7.0; Windows NT 5.1; SV1; .NET CLR 1.0.3705; .NET CLR 2.0.50727; .NET CLR 1.1.4322)"
5.39.109.175 - - [20/Sep/2026:20:06:43 +0700] "GET /sitemap983.xml HTTP/1.1" 200 13 "-" "Mozilla/5.0 (compatible; AhrefsBot/7.0; +http://ahrefs.com/robot/)"
198.204.240.234 - - [20/Sep/2026:20:06:07 +0700] "GET /wp-content/qqd523b6/edit.php HTTP/1.1" 200 - "https://matin168d.com/wp-content/qqd523b6/edit.php" "Mozilla/5.0 (Macintosh; U; PPC Mac OS X; ja-jp) AppleWebKit/523.10.6 (KHTML, like Gecko) Version/3.0.4 Safari/523.10.6"
198.204.240.234 - - [20/Sep/2026:20:10:49 +0700] "GET /wp-content/qqd523b6/edit.php HTTP/1.1" 200 6 "https://matin168d.com/wp-content/qqd523b6/edit.php" "Mozilla/5.0 (Macintosh; U; Intel Mac OS X 10_6_2; ja-jp) AppleWebKit/531.21.8 (KHTML, like Gecko) Version/4.0.4 Safari/531.21.10"
198.204.240.234 - - [20/Sep/2026:20:10:29 +0700] "GET /wp-content/qqd523b6/edit.php HTTP/1.1" 200 - "https://matin168d.com/wp-content/qqd523b6/edit.php" "Mozilla/5.0 (Macintosh; Intel Mac OS X 10_6_8) AppleWebKit/534.57.2 (KHTML, like Gecko) Version/5.1.7 Safari/534.57.2"
92.222.104.221 - - [20/Sep/2026:20:13:11 +0700] "GET /sitemap369.xml HTTP/1.1" 200 13 "-" "Mozilla/5.0 (compatible; AhrefsBot/7.0; +http://ahrefs.com/robot/)"
158.173.77.102 - - [20/Sep/2026:20:16:25 +0700] "GET /best-amatic-online-casinos-uk-2026/ HTTP/1.1" 200 - "https://matin168d.com/" "Mozilla/5.0 (Windows NT 10.0; Win64; x64) AppleWebKit/537.36 (KHTML, like Gecko) obsidian/1.8.10 Chrome/132.0.6834.196 Electron/34.2.0 Safari/537.36"
198.252.107.178 - - [20/Sep/2026:20:16:29 +0700] "POST /wp-cron.php?doing_wp_cron=1789910189.3312630653381347656250 HTTP/1.1" 301 - "-" "WordPress/7.1.1; https://matin168d.com"
146.70.65.252 - - [20/Sep/2026:20:16:31 +0700] "GET /best-amatic-online-casinos-uk-2026/ HTTP/1.1" 200 - "https://matin168d.com/" "Mozilla/5.0 (Windows NT 10.0; Win64; x64) AppleWebKit/537.36 (KHTML, like Gecko) obsidian/1.8.10 Chrome/132.0.6834.196 Electron/34.2.0 Safari/537.36"
158.173.242.49 - - [20/Sep/2026:20:16:33 +0700] "GET /best-amatic-online-casinos-uk-2026/ HTTP/1.1" 200 - "https://matin168d.com/" "Mozilla/5.0 (Windows NT 10.0; Win64; x64) AppleWebKit/537.36 (KHTML, like Gecko) obsidian/1.8.10 Chrome/132.0.6834.196 Electron/34.2.0 Safari/537.36"
212.34.141.234 - - [20/Sep/2026:20:16:45 +0700] "GET / HTTP/1.1" 200 - "https://matin168d.com/" "Mozilla/5.0 (Windows NT 10.0; Win64; x64) AppleWebKit/537.36 (KHTML, like Gecko) Chrome/131.0.0.0 Safari/537.36 Avast/131.0.0.0"
198.204.240.234 - - [20/Sep/2026:20:18:04 +0700] "GET /wp-content/qqd523b6/edit.php HTTP/1.1" 200 15 "https://matin168d.com/wp-content/qqd523b6/edit.php" "Mozilla/5.0 (Windows NT 10.0; WOW64) AppleWebKit/537.36 (KHTML, like Gecko) Chrome/74.0.3729.131 Safari/537.36"
107.152.37.242 - - [20/Sep/2026:20:23:13 +0700] "GET /best-betsoft-online-casinos-uk-2026/ HTTP/1.1" 200 - "https://matin168d.com/" "Mozilla/5.0 (Windows NT 10.0; Win64; x64; rv:128.0) Gecko/20100101 Firefox/128.0"
198.252.107.178 - - [20/Sep/2026:20:23:15 +0700] "POST /wp-cron.php?doing_wp_cron=1789910595.0750401020050048828125 HTTP/1.1" 301 - "-" "WordPress/7.1.1; https://matin168d.com"
107.152.37.242 - - [20/Sep/2026:20:23:16 +0700] "GET /best-betsoft-online-casinos-uk-2026/ HTTP/1.1" 200 - "https://matin168d.com/" "Mozilla/5.0 (Windows NT 10.0; Win64; x64; rv:128.0) Gecko/20100101 Firefox/128.0"
107.152.37.242 - - [20/Sep/2026:20:23:19 +0700] "GET /best-betsoft-online-casinos-uk-2026/ HTTP/1.1" 200 - "https://matin168d.com/" "Mozilla/5.0 (Windows NT 10.0; Win64; x64; rv:128.0) Gecko/20100101 Firefox/128.0"
136.144.33.181 - - [20/Sep/2026:20:23:23 +0700] "POST /wp-login.php HTTP/1.1" 200 7532 "-" "Mozilla/5.0 (Windows NT 10.0; Win64; x64) AppleWebKit/537.36 Chrome/129.0.0.0 Safari/537.36"
23.81.227.183 - - [20/Sep/2026:20:26:14 +0700] "GET /best-barcrest-online-casinos-uk-2026/ HTTP/1.1" 200 - "https://matin168d.com/" "Mozilla/5.0 (Windows NT 10.0; Win64; x64) AppleWebKit/537.36 (KHTML, like Gecko) obsidian/1.6.5 Chrome/124.0.6367.243 Electron/30.1.2 Safari/537.36"
198.252.107.178 - - [20/Sep/2026:20:26:17 +0700] "POST /wp-cron.php?doing_wp_cron=1789910777.0480549335479736328125 HTTP/1.1" 301 - "-" "WordPress/7.1.1; https://matin168d.com"
107.172.181.134 - - [20/Sep/2026:20:26:24 +0700] "GET /best-barcrest-online-casinos-uk-2026/ HTTP/1.1" 200 - "https://matin168d.com/" "Mozilla/5.0 (Windows NT 10.0; Win64; x64) AppleWebKit/537.36 (KHTML, like Gecko) obsidian/1.6.5 Chrome/124.0.6367.243 Electron/30.1.2 Safari/537.36"
196.242.20.94 - - [20/Sep/2026:20:26:29 +0700] "GET /best-barcrest-online-casinos-uk-2026/ HTTP/1.1" 200 - "https://matin168d.com/" "Mozilla/5.0 (Windows NT 10.0; Win64; x64) AppleWebKit/537.36 (KHTML, like Gecko) obsidian/1.6.5 Chrome/124.0.6367.243 Electron/30.1.2 Safari/537.36"
2a06:98c0:3600::103 - - [20/Sep/2026:20:26:42 +0700] "GET /wp-admin/install.php?step=1 HTTP/1.1" 200 1368 "-" "http://matin168hr.com/wp-admin/install.php?step=1"
198.252.107.178 - - [20/Sep/2026:20:26:43 +0700] "POST /wp-cron.php?doing_wp_cron=1789910803.7756841182708740234375 HTTP/1.1" 301 - "-" "WordPress/7.1.1; https://matin168d.com"
198.204.240.234 - - [20/Sep/2026:20:29:56 +0700] "GET /wp-content/qqd523b6/edit.php HTTP/1.1" 200 6 "https://matin168d.com/wp-content/qqd523b6/edit.php" "Mozilla/5.0 (Macintosh; Intel Mac OS X 10_6_8) AppleWebKit/534.24 (KHTML, like Gecko) Chrome/11.0.696.71 Safari/534.24"
198.204.240.234 - - [20/Sep/2026:20:30:06 +0700] "GET /wp-content/qqd523b6/edit.php HTTP/1.1" 200 6 "https://matin168d.com/wp-content/qqd523b6/edit.php" "Mozilla/5.0 (Macintosh; Intel Mac OS X 10_6_8) AppleWebKit/534.30 (KHTML, like Gecko) Chrome/12.0.742.112 Safari/534.30"
5.39.109.183 - - [20/Sep/2026:20:30:14 +0700] "GET /sitemap736.xml HTTP/1.1" 200 13 "-" "Mozilla/5.0 (compatible; AhrefsBot/7.0; +http://ahrefs.com/robot/)"
173.239.254.160 - - [20/Sep/2026:20:31:00 +0700] "POST /wp-login.php HTTP/1.1" 200 7532 "-" "Mozilla/5.0 (Macintosh; Intel Mac OS X 10_15_7) AppleWebKit/605.1.15 Version/17.0 Safari/605.1.15"
198.252.107.178 - - [20/Sep/2026:20:31:01 +0700] "POST /wp-cron.php?doing_wp_cron=1789911061.2662808895111083984375 HTTP/1.1" 301 - "-" "WordPress/7.1.1; https://matin168d.com"
198.204.240.234 - - [20/Sep/2026:20:29:41 +0700] "GET /wp-content/qqd523b6/edit.php HTTP/1.1" 200 - "https://matin168d.com/wp-content/qqd523b6/edit.php" "Mozilla/5.0 (Windows NT 10.0; WOW64) AppleWebKit/537.36 (KHTML, like Gecko) Chrome/74.0.3729.131 Safari/537.36"
198.204.240.234 - - [20/Sep/2026:20:42:08 +0700] "GET /wp-content/qqd523b6/edit.php HTTP/1.1" 200 6 "https://matin168d.com/wp-content/qqd523b6/edit.php" "Mozilla/5.0 (Macintosh; Intel Mac OS X 10_6_8) AppleWebKit/534.24 (KHTML, like Gecko) Iron/11.0.700.2 Chrome/11.0.700.2 Safari/534.24"
202.155.143.185 - - [20/Sep/2026:20:42:56 +0700] "GET /best-barcrest-online-casinos-uk-2026/ HTTP/1.1" 200 - "https://matin168d.com/" "Mozilla/5.0 (X11; Ubuntu; Linux x86_64; rv:137.0) Gecko/20100101 Firefox/137.0"
198.252.107.178 - - [20/Sep/2026:20:43:05 +0700] "POST /wp-cron.php?doing_wp_cron=1789911785.4100790023803710937500 HTTP/1.1" 301 - "-" "WordPress/7.1.1; https://matin168d.com"
202.155.143.185 - - [20/Sep/2026:20:43:08 +0700] "GET /best-barcrest-online-casinos-uk-2026/ HTTP/1.1" 200 - "https://matin168d.com/" "Mozilla/5.0 (X11; Ubuntu; Linux x86_64; rv:137.0) Gecko/20100101 Firefox/137.0"
198.204.240.234 - - [20/Sep/2026:20:41:48 +0700] "GET /wp-content/qqd523b6/edit.php HTTP/1.1" 200 - "https://matin168d.com/wp-content/qqd523b6/edit.php" "Mozilla/4.0 (compatible; MSIE 7.0; Windows NT 5.1; SV1)"
202.155.143.185 - - [20/Sep/2026:20:43:17 +0700] "GET /best-barcrest-online-casinos-uk-2026/ HTTP/1.1" 200 - "https://matin168d.com/" "Mozilla/5.0 (X11; Ubuntu; Linux x86_64; rv:137.0) Gecko/20100101 Firefox/137.0"
173.239.254.180 - - [20/Sep/2026:20:46:27 +0700] "POST /wp-login.php HTTP/1.1" 200 7532 "-" "Mozilla/5.0 (Windows NT 10.0; Win64; rv:143.0) Gecko/20100101 Firefox/143.0"
198.252.107.178 - - [20/Sep/2026:20:46:30 +0700] "POST /wp-cron.php?doing_wp_cron=1789911990.2341799736022949218750 HTTP/1.1" 301 - "-" "WordPress/7.1.1; https://matin168d.com"
136.144.33.178 - - [20/Sep/2026:20:48:23 +0700] "POST /wp-login.php HTTP/1.1" 200 7532 "-" "Mozilla/5.0 (Macintosh; Intel Mac OS X 10_15_7) AppleWebKit/605.1.15 Version/17.0 Safari/605.1.15"
198.252.107.178 - - [20/Sep/2026:20:48:24 +0700] "POST /wp-cron.php?doing_wp_cron=1789912104.6144449710845947265625 HTTP/1.1" 301 - "-" "WordPress/7.1.1; https://matin168d.com"
198.204.240.234 - - [20/Sep/2026:20:49:37 +0700] "GET /wp-content/qqd523b6/edit.php HTTP/1.1" 200 6 "https://matin168d.com/wp-content/qqd523b6/edit.php" "Mozilla/5.0 (compatible; MSIE 9.0; Windows NT 6.1; WOW64; Trident/5.0; SLCC2; .NET CLR 2.0.50727; .NET CLR 3.5.30729; .NET CLR 3.0.30729; Media Center PC 6.0; MAGW; .NET4.0C; Lunascape 6.5.8.24780)"
198.204.240.234 - - [20/Sep/2026:20:49:38 +0700] "GET /wp-content/qqd523b6/edit.php HTTP/1.1" 200 6 "https://matin168d.com/wp-content/qqd523b6/edit.php" "Mozilla/5.0 (Macintosh; U; Intel Mac OS X 10_5_6; ja-jp) AppleWebKit/525.27.1 (KHTML, like Gecko) Version/3.2.1 Safari/525.27.1"
198.204.240.234 - - [20/Sep/2026:20:49:17 +0700] "GET /wp-content/qqd523b6/edit.php HTTP/1.1" 200 - "https://matin168d.com/wp-content/qqd523b6/edit.php" "Mozilla/5.0 (compatible; MSIE 9.0; Windows NT 6.1; WOW64; Trident/5.0; SLCC2; .NET CLR 2.0.50727; .NET CLR 3.5.30729; .NET CLR 3.0.30729; Media Center PC 6.0; MAGW; .NET4.0C; Lunascape 6.5.8.24780)"
62.60.130.240 - - [20/Sep/2026:20:51:24 +0700] "GET /accesson.php HTTP/1.1" 301 - "-" "Mozilla/5.0 (Windows NT 10.0; Win64; x64) AppleWebKit/537.36 (KHTML, like Gecko) Chrome/119.0.0.0 Safari/537.36 Edg/119.0.2151.97"
198.252.107.178 - - [20/Sep/2026:20:51:26 +0700] "POST /wp-cron.php?doing_wp_cron=1789912286.3925189971923828125000 HTTP/1.1" 301 - "-" "WordPress/7.1.1; https://matin168d.com"
62.60.130.240 - - [20/Sep/2026:20:51:28 +0700] "GET / HTTP/1.1" 200 - "-" "Mozilla/5.0 (Windows NT 10.0; Win64; x64) AppleWebKit/537.36 (KHTML, like Gecko) Chrome/119.0.0.0 Safari/537.36 Edg/119.0.2151.97"
62.60.130.240 - - [20/Sep/2026:20:51:33 +0700] "POST / HTTP/1.1" 200 - "-" "Mozilla/5.0 (Windows NT 11.0; Win64; x64) AppleWebKit/537.36 (KHTML, like Gecko) Chrome/119.0.6045.159 Safari/537.36"
62.60.130.240 - - [20/Sep/2026:20:51:39 +0700] "GET /.accesson.php HTTP/1.1" 301 - "-" "Mozilla/5.0 (Macintosh; Intel Mac OS X 10_15_7) AppleWebKit/537.36 (KHTML, like Gecko) Chrome/120.0.6099.130 Safari/537.36"
62.60.130.240 - - [20/Sep/2026:20:51:42 +0700] "GET / HTTP/1.1" 200 - "-" "Mozilla/5.0 (Macintosh; Intel Mac OS X 10_15_7) AppleWebKit/537.36 (KHTML, like Gecko) Chrome/120.0.6099.130 Safari/537.36"
62.60.130.240 - - [20/Sep/2026:20:51:48 +0700] "POST / HTTP/1.1" 200 - "-" "Mozilla/5.0 (Windows NT 10.0; Win64; x64) AppleWebKit/537.36 (KHTML, like Gecko) Chrome/121.0.0.0 Safari/537.36 Edg/121.0.2277.83"
62.60.130.240 - - [20/Sep/2026:20:51:52 +0700] "GET /assets/images/accesson.php HTTP/1.1" 301 - "-" "Mozilla/5.0 (Windows NT 11.0; Win64; x64) AppleWebKit/537.36 (KHTML, like Gecko) Chrome/122.0.6261.57 Safari/537.36"
62.60.130.240 - - [20/Sep/2026:20:51:56 +0700] "GET / HTTP/1.1" 200 - "-" "Mozilla/5.0 (Windows NT 11.0; Win64; x64) AppleWebKit/537.36 (KHTML, like Gecko) Chrome/122.0.6261.57 Safari/537.36"
62.60.130.240 - - [20/Sep/2026:20:52:10 +0700] "POST / HTTP/1.1" 200 - "-" "Mozilla/5.0 (Macintosh; Intel Mac OS X 10.15) Gecko/20100101 Firefox/120.0.1"
62.60.130.240 - - [20/Sep/2026:20:52:16 +0700] "GET /wp-content/plugins/background-image-cropper/accesson.php HTTP/1.1" 301 - "-" "Mozilla/5.0 (X11; Linux x86_64) Gecko/20100101 Firefox/119.0.1"
62.60.130.240 - - [20/Sep/2026:20:52:19 +0700] "GET / HTTP/1.1" 200 - "-" "Mozilla/5.0 (X11; Linux x86_64) Gecko/20100101 Firefox/119.0.1"
62.60.130.240 - - [20/Sep/2026:20:52:23 +0700] "POST / HTTP/1.1" 200 - "-" "Mozilla/5.0 (Macintosh; Intel Mac OS X 12_6_2) AppleWebKit/605.1.15 (KHTML, like Gecko) Version/17.1 Safari/605.1.15"
198.252.107.178 - - [20/Sep/2026:20:52:27 +0700] "POST /wp-cron.php?doing_wp_cron=1789912347.0391669273376464843750 HTTP/1.1" 301 - "-" "WordPress/7.1.1; https://matin168d.com"
62.60.130.240 - - [20/Sep/2026:20:52:30 +0700] "GET /storage/accesson.php HTTP/1.1" 301 - "-" "Mozilla/5.0 (Macintosh; Intel Mac OS X 10.15) Gecko/20100101 Firefox/121.0"
62.60.130.240 - - [20/Sep/2026:20:52:33 +0700] "GET / HTTP/1.1" 200 - "-" "Mozilla/5.0 (Macintosh; Intel Mac OS X 10.15) Gecko/20100101 Firefox/121.0"
62.60.130.240 - - [20/Sep/2026:20:52:37 +0700] "POST / HTTP/1.1" 200 - "-" "Mozilla/5.0 (Macintosh; Intel Mac OS X 10.15) Gecko/20100101 Firefox/120.0.1"
198.204.240.234 - - [20/Sep/2026:20:53:52 +0700] "GET /wp-content/qqd523b6/edit.php HTTP/1.1" 200 6 "https://matin168d.com/wp-content/qqd523b6/edit.php" "Mozilla/5.0 (Windows; U; Windows NT 5.1; en-US) AppleWebKit/534.16 (KHTML, like Gecko) Chrome/10.0.648.151 Safari/534.16"
198.204.240.234 - - [20/Sep/2026:20:53:32 +0700] "GET /wp-content/qqd523b6/edit.php HTTP/1.1" 200 - "https://matin168d.com/wp-content/qqd523b6/edit.php" "Mozilla/4.0 (compatible; MSIE 7.0; Windows NT 5.1; SV1; .NET CLR 1.1.4322; .NET CLR 2.0.50727; InfoPath.1)"
51.79.192.65 - - [20/Sep/2026:20:57:09 +0700] "GET /best-bingo-sites-uk-no-wagering-2026/ HTTP/1.1" 200 - "https://matin168d.com/" "Mozilla/5.0 (X11; Linux x86_64) AppleWebKit/537.36 (KHTML, like Gecko) Chrome/136.0.0.0 Safari/537.36"
198.252.107.178 - - [20/Sep/2026:20:57:15 +0700] "POST /wp-cron.php?doing_wp_cron=1789912635.2985279560089111328125 HTTP/1.1" 301 - "-" "WordPress/7.1.1; https://matin168d.com"
51.79.192.65 - - [20/Sep/2026:20:57:16 +0700] "GET /best-bingo-sites-uk-no-wagering-2026/ HTTP/1.1" 200 - "https://matin168d.com/" "Mozilla/5.0 (X11; Linux x86_64) AppleWebKit/537.36 (KHTML, like Gecko) Chrome/136.0.0.0 Safari/537.36"
51.79.192.65 - - [20/Sep/2026:20:57:21 +0700] "GET /best-bingo-sites-uk-no-wagering-2026/ HTTP/1.1" 200 - "https://matin168d.com/" "Mozilla/5.0 (X11; Linux x86_64) AppleWebKit/537.36 (KHTML, like Gecko) Chrome/136.0.0.0 Safari/537.36"
108.179.252.135 - - [20/Sep/2026:20:57:21 +0700] "POST /xmlrpc.php HTTP/1.1" 301 - "-" "Mozilla/5.0 (Macintosh; Intel Mac OS X 10_15_7) AppleWebKit/537.36 (KHTML, like Gecko) Chrome/152.0.0.0 Safari/537.36"
