198.204.240.234 - - [21/Sep/2026:07:37:24 +0700] "GET /wp-content/qqd523b6/edit.php HTTP/1.1" 200 - "https://matin168d.com/wp-content/qqd523b6/edit.php" "Mozilla/5.0 (Macintosh; U; Intel Mac OS X 10_6_2; ja-jp) AppleWebKit/531.21.8 (KHTML, like Gecko) Version/4.0.4 Safari/531.21.10"
168.126.234.244 - - [21/Sep/2026:07:39:49 +0700] "GET / HTTP/1.1" 500 2482 "-" "Mozilla/5.0 (Windows NT 10.0; Win64; x64) AppleWebKit/537.36 (KHTML, like Gecko) Chrome/135.0.0.0 Safari/537.36"
62.197.243.159 - - [21/Sep/2026:07:55:37 +0700] "GET /wp-login.php HTTP/1.1" 200 7160 "https://matin168hr.com/" "Mozilla/5.0 (X11; Linux x86_64) AppleWebKit/537.36 (KHTML, like Gecko) Chrome/148.0.0.0 Safari/537.36"
198.252.107.178 - - [21/Sep/2026:07:55:42 +0700] "POST /wp-cron.php?doing_wp_cron=1789952142.2734789848327636718750 HTTP/1.1" 301 - "-" "WordPress/7.1.1; https://matin168d.com"
66.249.72.65 - - [21/Sep/2026:07:56:08 +0700] "GET /recommend.php?sitemap911.xml HTTP/1.1" 403 - "-" "Mozilla/5.0 (compatible; Googlebot/2.1; +http://www.google.com/bot.html)"
134.185.85.61 - - [21/Sep/2026:07:56:25 +0700] "GET /wp-login.php HTTP/1.1" 200 7160 "-" "Mozilla/5.0 (Windows NT 10.0; Win64; rv:143.0) Gecko/20100101 Firefox/143.0"
134.185.85.61 - - [21/Sep/2026:07:56:27 +0700] "GET /?author=1 HTTP/1.1" 301 - "-" "Mozilla/5.0 (Macintosh; Intel Mac OS X 10_15_7) AppleWebKit/605.1.15 Version/17.0 Safari/605.1.15"
134.185.85.61 - - [21/Sep/2026:07:56:28 +0700] "GET /?rest_route=/wp/v2/users HTTP/1.1" 200 8441 "-" "Mozilla/5.0 (Windows NT 10.0; Win64; rv:143.0) Gecko/20100101 Firefox/143.0"
198.252.107.178 - - [21/Sep/2026:07:57:45 +0700] "POST /wp-cron.php?doing_wp_cron=1789952265.0378170013427734375000 HTTP/1.1" 301 - "-" "WordPress/7.1.1; https://matin168d.com"
45.132.195.99 - - [21/Sep/2026:07:57:43 +0700] "GET /best-5-reel-slots-uk-2026/ HTTP/1.1" 200 - "https://matin168d.com/" "Mozilla/5.0 (Windows NT 10.0; Win64; x64) AppleWebKit/537.36 (KHTML, like Gecko) Chrome/147.0.0.0 Safari/537.36"
158.173.166.161 - - [21/Sep/2026:07:57:47 +0700] "GET /best-5-reel-slots-uk-2026/ HTTP/1.1" 200 - "https://matin168d.com/" "Mozilla/5.0 (Windows NT 10.0; Win64; x64) AppleWebKit/537.36 (KHTML, like Gecko) Chrome/147.0.0.0 Safari/537.36"
158.173.74.110 - - [21/Sep/2026:07:57:49 +0700] "GET /best-5-reel-slots-uk-2026/ HTTP/1.1" 200 - "https://matin168d.com/" "Mozilla/5.0 (Windows NT 10.0; Win64; x64) AppleWebKit/537.36 (KHTML, like Gecko) Chrome/147.0.0.0 Safari/537.36"
173.208.236.138 - - [21/Sep/2026:07:58:28 +0700] "GET /product001 HTTP/1.1" 200 127766 "-" "Mozilla/5.0 (compatible; Googlebot/2.1; +http://www.google.com/bot.html)"
173.208.236.138 - - [21/Sep/2026:07:58:31 +0700] "GET / HTTP/1.1" 200 121458 "-" "Mozilla/5.0 (compatible; Googlebot/2.1; +http://www.google.com/bot.html)"
198.204.240.234 - - [21/Sep/2026:07:59:26 +0700] "GET /wp-content/qqd523b6/edit.php HTTP/1.1" 200 6 "https://matin168d.com/wp-content/qqd523b6/edit.php" "Mozilla/5.0 (Macintosh; U; PPC Mac OS X; ja-jp) AppleWebKit/523.10.6 (KHTML, like Gecko) Version/3.0.4 Safari/523.10.6"
198.204.240.234 - - [21/Sep/2026:07:59:24 +0700] "GET /wp-content/qqd523b6/edit.php HTTP/1.1" 200 6 "https://matin168d.com/wp-content/qqd523b6/edit.php" "Mozilla/5.0 (Macintosh; Intel Mac OS X 10_6_8) AppleWebKit/534.24 (KHTML, like Gecko) Chrome/11.0.696.71 Safari/534.24"
198.204.240.234 - - [21/Sep/2026:07:59:04 +0700] "GET /wp-content/qqd523b6/edit.php HTTP/1.1" 200 - "https://matin168d.com/wp-content/qqd523b6/edit.php" "Mozilla/5.0 (Macintosh; Intel Mac OS X 10.6; rv:6.0.2) Gecko/20100101 Firefox/6.0.2"
45.234.120.44 - - [21/Sep/2026:08:02:24 +0700] "GET /best-betsoft-online-casinos-uk-2026/ HTTP/1.1" 200 - "-" "Mozilla/5.0 (Linux; Android 16; Pixel 7a; Build/BP4A.261116.211) AppleWebKit/537.36 (KHTML, like Gecko) Chrome/133.0.0.0 Mobile Safari/537.36"
198.252.107.178 - - [21/Sep/2026:08:02:26 +0700] "POST /wp-cron.php?doing_wp_cron=1789952546.5884139537811279296875 HTTP/1.1" 301 - "-" "WordPress/7.1.1; https://matin168d.com"
173.208.236.138 - - [21/Sep/2026:08:06:41 +0700] "GET /product001 HTTP/1.1" 200 127988 "-" "Mozilla/5.0 (compatible; Googlebot/2.1; +http://www.google.com/bot.html)"
173.208.236.138 - - [21/Sep/2026:08:06:43 +0700] "GET / HTTP/1.1" 200 121992 "-" "Mozilla/5.0 (compatible; Googlebot/2.1; +http://www.google.com/bot.html)"
66.249.72.68 - - [21/Sep/2026:08:07:38 +0700] "GET /furusato.php?shopdetail/A10660180738/ HTTP/1.1" 403 123301 "-" "Mozilla/5.0 (compatible; Googlebot/2.1; +http://www.google.com/bot.html)"
66.249.72.69 - - [21/Sep/2026:08:08:39 +0700] "GET /furusato.php?sitemap585.xml HTTP/1.1" 403 - "-" "Mozilla/5.0 (compatible; Googlebot/2.1; +http://www.google.com/bot.html)"
66.249.72.67 - - [21/Sep/2026:08:08:58 +0700] "GET /recommend.php?sitemap285.xml HTTP/1.1" 403 - "-" "Mozilla/5.0 (compatible; Googlebot/2.1; +http://www.google.com/bot.html)"
84.94.192.170 - - [21/Sep/2026:08:09:01 +0700] "GET /wp-login.php HTTP/1.1" 200 7160 "http://matin168d.com/" "Mozilla/5.0 (Macintosh; Intel Mac OS X 10_15_7) AppleWebKit/537.36 (KHTML, like Gecko) Chrome/148.0.0.0 Safari/537.36"
84.94.192.170 - - [21/Sep/2026:08:09:03 +0700] "POST /wp-login.php HTTP/1.1" 200 7584 "http://matin168d.com/wp-login.php" "Mozilla/5.0 (Macintosh; Intel Mac OS X 10_15_7) AppleWebKit/537.36 (KHTML, like Gecko) Chrome/148.0.0.0 Safari/537.36"
198.204.240.234 - - [21/Sep/2026:08:11:26 +0700] "GET /wp-content/qqd523b6/edit.php HTTP/1.1" 200 6 "https://matin168d.com/wp-content/qqd523b6/edit.php" "Mozilla/5.0 (Windows NT 5.1) AppleWebKit/535.2 (KHTML, like Gecko) Chrome/15.0.874.120 Safari/535.2"
198.204.240.234 - - [21/Sep/2026:08:11:06 +0700] "GET /wp-content/qqd523b6/edit.php HTTP/1.1" 200 - "https://matin168d.com/wp-content/qqd523b6/edit.php" "Mozilla/4.0 (compatible; MSIE 8.0; Windows NT 5.1; Trident/4.0; .NET CLR 2.0.50727; .NET CLR 3.0.04506.30; .NET CLR 3.0.04506.648)"
100.50.94.209 - - [21/Sep/2026:08:15:06 +0700] "GET / HTTP/1.1" 200 - "-" "Mozilla/5.0 (Macintosh; Intel Mac OS X 10.15; rv:139.0) Gecko/20100101 Firefox/139.0"
198.252.107.178 - - [21/Sep/2026:08:15:10 +0700] "POST /wp-cron.php?doing_wp_cron=1789953310.6552689075469970703125 HTTP/1.1" 301 - "-" "WordPress/7.1.1; https://matin168d.com"
91.244.197.105 - - [21/Sep/2026:08:15:32 +0700] "GET /wp-login.php HTTP/1.1" 200 7160 "-" "Mozilla/5.0 (Macintosh; Intel Mac OS X 10_15_7) AppleWebKit/537.36 (KHTML, like Gecko) Chrome/151.0.0.0 Safari/537.36"
91.244.197.105 - - [21/Sep/2026:08:15:34 +0700] "POST /wp-login.php HTTP/1.1" 200 7584 "https://www.matin168d.com/wp-login.php" "Mozilla/5.0 (Macintosh; Intel Mac OS X 10_15_7) AppleWebKit/537.36 (KHTML, like Gecko) Chrome/151.0.0.0 Safari/537.36"
91.244.197.105 - - [21/Sep/2026:08:15:36 +0700] "GET /wp-json/wp/v2/users/me HTTP/1.1" 401 96 "-" "Mozilla/5.0 (Macintosh; Intel Mac OS X 10_15_7) AppleWebKit/537.36 (KHTML, like Gecko) Chrome/151.0.0.0 Safari/537.36"
198.204.240.234 - - [21/Sep/2026:08:18:41 +0700] "GET /wp-content/qqd523b6/edit.php HTTP/1.1" 200 6 "https://matin168d.com/wp-content/qqd523b6/edit.php" "Mozilla/5.0 (compatible; MSIE 9.0; Windows NT 6.0; Trident/5.0)"
198.204.240.234 - - [21/Sep/2026:08:18:21 +0700] "GET /wp-content/qqd523b6/edit.php HTTP/1.1" 200 - "https://matin168d.com/wp-content/qqd523b6/edit.php" "Mozilla/5.0 (compatible; MSIE 10.0; Windows NT 6.2; Win64; x64; Trident/6.0)"
74.7.244.15 - - [21/Sep/2026:08:21:28 +0700] "GET /robots.txt HTTP/1.1" 304 - "https://matin168hr.com/robots.txt" "Mozilla/5.0 (Macintosh; Intel Mac OS X 10_15_7) AppleWebKit/537.36 (KHTML, like Gecko) Chrome/131.0.0.0 Safari/537.36; compatible; OAI-SearchBot/1.4; robots.txt; +https://openai.com/searchbot"
198.204.240.234 - - [21/Sep/2026:08:22:56 +0700] "GET /wp-content/qqd523b6/edit.php HTTP/1.1" 200 6 "https://matin168d.com/wp-content/qqd523b6/edit.php" "Mozilla/5.0 (Windows NT 6.1) AppleWebKit/535.1 (KHTML, like Gecko) Chrome/13.0.782.107 Safari/535.1"
198.204.240.234 - - [21/Sep/2026:08:22:36 +0700] "GET /wp-content/qqd523b6/edit.php HTTP/1.1" 200 - "https://matin168d.com/wp-content/qqd523b6/edit.php" "Mozilla/4.0 (compatible; MSIE 7.0; Windows NT 6.0; SLCC1; .NET CLR 2.0.50727; Media Center PC 5.0; .NET CLR 3.0.04506)"
51.79.192.65 - - [21/Sep/2026:08:25:26 +0700] "GET /best-bgaming-online-casinos-uk-2026/ HTTP/1.1" 200 - "https://matin168d.com/" "Mozilla/5.0 (Windows NT 10.0; Win64; x64) AppleWebKit/537.36 (KHTML, like Gecko) Chrome/109.0.0.0 Safari/537.36"
198.252.107.178 - - [21/Sep/2026:08:25:29 +0700] "POST /wp-cron.php?doing_wp_cron=1789953929.6831851005554199218750 HTTP/1.1" 301 - "-" "WordPress/7.1.1; https://matin168d.com"
51.79.192.65 - - [21/Sep/2026:08:25:30 +0700] "GET /best-bgaming-online-casinos-uk-2026/ HTTP/1.1" 200 - "https://matin168d.com/" "Mozilla/5.0 (Windows NT 10.0; Win64; x64) AppleWebKit/537.36 (KHTML, like Gecko) Chrome/109.0.0.0 Safari/537.36"
51.79.192.65 - - [21/Sep/2026:08:25:32 +0700] "GET /best-bgaming-online-casinos-uk-2026/ HTTP/1.1" 200 - "https://matin168d.com/" "Mozilla/5.0 (Windows NT 10.0; Win64; x64) AppleWebKit/537.36 (KHTML, like Gecko) Chrome/109.0.0.0 Safari/537.36"
66.249.72.65 - - [21/Sep/2026:08:25:50 +0700] "GET /sitemap.xml HTTP/1.1" 200 119528 "-" "Mozilla/5.0 (compatible; Googlebot/2.1; +http://www.google.com/bot.html)"
108.179.192.20 - - [21/Sep/2026:08:27:03 +0700] "GET /wp-login.php HTTP/1.1" 200 7160 "-" "Mozilla/5.0 (Windows NT 10.0; Win64; x64) AppleWebKit/537.36 (KHTML, like Gecko) Chrome/151.0.0.0 Safari/537.36"
198.252.107.178 - - [21/Sep/2026:08:27:04 +0700] "POST /wp-cron.php?doing_wp_cron=1789954024.2724089622497558593750 HTTP/1.1" 301 - "-" "WordPress/7.1.1; https://matin168d.com"
108.179.192.20 - - [21/Sep/2026:08:27:06 +0700] "POST /wp-login.php HTTP/1.1" 200 7532 "https://matin168d.com/wp-login.php" "Mozilla/5.0 (Windows NT 10.0; Win64; x64) AppleWebKit/537.36 (KHTML, like Gecko) Chrome/151.0.0.0 Safari/537.36"
108.179.192.20 - - [21/Sep/2026:08:27:07 +0700] "GET /wp-json/wp/v2/users/me HTTP/1.1" 401 96 "-" "Mozilla/5.0 (Windows NT 10.0; Win64; x64) AppleWebKit/537.36 (KHTML, like Gecko) Chrome/151.0.0.0 Safari/537.36"
94.23.188.221 - - [21/Sep/2026:08:28:04 +0700] "GET /sitemap983.xml HTTP/1.1" 200 13 "-" "Mozilla/5.0 (compatible; AhrefsBot/7.0; +http://ahrefs.com/robot/)"
66.249.72.65 - - [21/Sep/2026:08:29:39 +0700] "GET /recommend.php?sitemap86.xml HTTP/1.1" 403 - "-" "Mozilla/5.0 (compatible; Googlebot/2.1; +http://www.google.com/bot.html)"
66.249.72.65 - - [21/Sep/2026:08:31:47 +0700] "GET /furusato.php?sitemap720.xml HTTP/1.1" 403 - "-" "Mozilla/5.0 (compatible; Googlebot/2.1; +http://www.google.com/bot.html)"
212.227.202.229 - - [21/Sep/2026:08:33:13 +0700] "POST /xmlrpc.php HTTP/1.1" 301 - "-" "Mozilla/5.0 (Windows NT 10.0; Win64; x64; rv:141.0) Gecko/20100101 Firefox/141.0"
198.252.107.178 - - [21/Sep/2026:08:33:16 +0700] "POST /wp-cron.php?doing_wp_cron=1789954396.6572189331054687500000 HTTP/1.1" 301 - "-" "WordPress/7.1.1; https://matin168d.com"
212.227.202.229 - - [21/Sep/2026:08:33:17 +0700] "GET / HTTP/1.1" 200 - "-" "Mozilla/5.0 (Windows NT 10.0; Win64; x64; rv:141.0) Gecko/20100101 Firefox/141.0"
92.222.108.97 - - [21/Sep/2026:08:33:27 +0700] "GET /sitemap736.xml HTTP/1.1" 200 13 "-" "Mozilla/5.0 (compatible; AhrefsBot/7.0; +http://ahrefs.com/robot/)"
198.204.240.234 - - [21/Sep/2026:08:34:16 +0700] "GET /wp-content/qqd523b6/edit.php HTTP/1.1" 200 6 "https://matin168d.com/wp-content/qqd523b6/edit.php" "Mozilla/5.0 (Macintosh; Intel Mac OS X 10_6_8) AppleWebKit/534.24 (KHTML, like Gecko) Chrome/11.0.696.71 Safari/534.24"
198.204.240.234 - - [21/Sep/2026:08:33:55 +0700] "GET /wp-content/qqd523b6/edit.php HTTP/1.1" 200 - "https://matin168d.com/wp-content/qqd523b6/edit.php" "Mozilla/5.0 (Windows NT 10.0; WOW64) AppleWebKit/537.36 (KHTML, like Gecko) Chrome/74.0.3729.131 Safari/537.36"
198.204.240.234 - - [21/Sep/2026:08:37:55 +0700] "GET /wp-content/qqd523b6/edit.php HTTP/1.1" 200 6 "https://matin168d.com/wp-content/qqd523b6/edit.php" "Mozilla/5.0 (Windows NT 6.1; WOW64; rv:9.0.1) Gecko/20100101 Firefox/9.0.1"
66.249.72.67 - - [21/Sep/2026:08:38:14 +0700] "GET /recommend.php?sitemap697.xml HTTP/1.1" 403 - "-" "Mozilla/5.0 (compatible; Googlebot/2.1; +http://www.google.com/bot.html)"
198.204.240.234 - - [21/Sep/2026:08:37:35 +0700] "GET /wp-content/qqd523b6/edit.php HTTP/1.1" 200 - "https://matin168d.com/wp-content/qqd523b6/edit.php" "Opera/9.80 (Windows NT 6.1; U; ja) Presto/2.10.229 Version/11.60"
66.249.72.69 - - [21/Sep/2026:08:39:05 +0700] "GET /furusato.php?sitemap15.xml HTTP/1.1" 403 - "-" "Mozilla/5.0 (compatible; Googlebot/2.1; +http://www.google.com/bot.html)"
194.126.177.134 - - [21/Sep/2026:08:40:10 +0700] "GET /best-bingo-sites-uk-no-wagering-2026/ HTTP/1.1" 200 - "https://matin168d.com/" "Mozilla/5.0 (X11; Linux x86_64; rv:137.0) Gecko/20100101 Firefox/137.0"
198.252.107.178 - - [21/Sep/2026:08:40:18 +0700] "POST /wp-cron.php?doing_wp_cron=1789954818.8007678985595703125000 HTTP/1.1" 301 - "-" "WordPress/7.1.1; https://matin168d.com"
194.126.177.134 - - [21/Sep/2026:08:40:20 +0700] "GET /best-bingo-sites-uk-no-wagering-2026/ HTTP/1.1" 200 - "https://matin168d.com/" "Mozilla/5.0 (X11; Linux x86_64; rv:137.0) Gecko/20100101 Firefox/137.0"
194.126.177.134 - - [21/Sep/2026:08:40:24 +0700] "GET /best-bingo-sites-uk-no-wagering-2026/ HTTP/1.1" 200 - "https://matin168d.com/" "Mozilla/5.0 (X11; Linux x86_64; rv:137.0) Gecko/20100101 Firefox/137.0"
66.249.72.69 - - [21/Sep/2026:08:40:30 +0700] "GET /furusato.php?sitemap338.xml HTTP/1.1" 403 - "-" "Mozilla/5.0 (compatible; Googlebot/2.1; +http://www.google.com/bot.html)"
194.126.177.134 - - [21/Sep/2026:08:40:48 +0700] "GET /best-betsoft-online-casinos-uk-2026/ HTTP/1.1" 200 - "https://matin168d.com/" "Mozilla/5.0 (X11; Ubuntu; Linux x86_64; rv:137.0) Gecko/20100101 Firefox/137.0"
194.126.177.134 - - [21/Sep/2026:08:40:55 +0700] "GET /best-betsoft-online-casinos-uk-2026/ HTTP/1.1" 200 - "https://matin168d.com/" "Mozilla/5.0 (X11; Ubuntu; Linux x86_64; rv:137.0) Gecko/20100101 Firefox/137.0"
194.126.177.134 - - [21/Sep/2026:08:41:00 +0700] "GET /best-betsoft-online-casinos-uk-2026/ HTTP/1.1" 200 - "https://matin168d.com/" "Mozilla/5.0 (X11; Ubuntu; Linux x86_64; rv:137.0) Gecko/20100101 Firefox/137.0"
183.179.255.72 - - [21/Sep/2026:08:42:25 +0700] "GET /google2f3bfd23e0970042.xhtml HTTP/1.1" 302 - "-" "Mozilla/5.0 (Windows NT 10.0; Win64; x64) AppleWebKit/537.36 (KHTML, like Gecko) Chrome/140.0.0.0 Safari/537.36"
183.179.255.72 - - [21/Sep/2026:08:42:25 +0700] "GET /google2f3bfd23e0970042.html HTTP/1.1" 200 53 "-" "Mozilla/5.0 (Windows NT 10.0; Win64; x64) AppleWebKit/537.36 (KHTML, like Gecko) Chrome/140.0.0.0 Safari/537.36"
183.179.255.72 - - [21/Sep/2026:08:42:26 +0700] "GET /favicon.ico HTTP/1.1" 302 - "https://matin168d.com/google2f3bfd23e0970042.html" "Mozilla/5.0 (Windows NT 10.0; Win64; x64) AppleWebKit/537.36 (KHTML, like Gecko) Chrome/140.0.0.0 Safari/537.36"
183.179.255.72 - - [21/Sep/2026:08:42:32 +0700] "GET /wp-content/uploads/2026/03/logo-150x150.webp HTTP/1.1" 200 6850 "https://matin168d.com/google2f3bfd23e0970042.html" "Mozilla/5.0 (Windows NT 10.0; Win64; x64) AppleWebKit/537.36 (KHTML, like Gecko) Chrome/140.0.0.0 Safari/537.36"
198.252.107.178 - - [21/Sep/2026:08:42:31 +0700] "POST /wp-cron.php?doing_wp_cron=1789954951.0798149108886718750000 HTTP/1.1" 301 - "-" "WordPress/7.1.1; https://matin168d.com"
62.60.130.227 - - [21/Sep/2026:08:42:31 +0700] "GET / HTTP/1.1" 200 - "-" "Mozilla/5.0 (Windows NT 10.0; Win64; x64) AppleWebKit/537.36 (KHTML, like Gecko) Chrome/126.0.0.0 Safari/537.36"
62.60.130.227 - - [21/Sep/2026:08:42:35 +0700] "POST /?rest_route=/batch/v1 HTTP/1.1" 207 16 "-" "Mozilla/5.0"
62.60.130.227 - - [21/Sep/2026:08:42:39 +0700] "POST /wp-json/batch/v1 HTTP/1.1" 207 16 "-" "Mozilla/5.0"
62.60.130.227 - - [21/Sep/2026:08:42:43 +0700] "GET /wp-admin/admin-ajax.php?action=wdpsso_step1&redirect= HTTP/1.1" 301 - "-" "Mozilla/5.0 (Macintosh; Intel Mac OS X 10_15_7) AppleWebKit/605.1.15 (KHTML, like Gecko) Version/17.5 Safari/605.1.15"
62.60.130.227 - - [21/Sep/2026:08:42:53 +0700] "GET /wp-admin/admin-ajax.php HTTP/1.1" 301 - "-" "Mozilla/5.0 (X11; Linux x86_64) AppleWebKit/537.36 (KHTML, like Gecko) Chrome/125.0.0.0 Safari/537.36"
62.60.130.227 - - [21/Sep/2026:08:43:03 +0700] "GET /wp-admin/admin-ajax.php?action=wdpsso_step1&redirect= HTTP/1.1" 301 - "-" "Mozilla/5.0 (Windows NT 10.0; Win64; x64) AppleWebKit/537.36 (KHTML, like Gecko) Chrome/125.0.0.0 Safari/537.36"
62.60.130.227 - - [21/Sep/2026:08:43:07 +0700] "GET / HTTP/1.1" 200 - "-" "Mozilla/5.0 (Windows NT 10.0; Win64; x64) AppleWebKit/537.36 (KHTML, like Gecko) Chrome/125.0.0.0 Safari/537.36"
62.60.130.227 - - [21/Sep/2026:08:43:09 +0700] "GET /sample-page HTTP/1.1" 301 - "-" "Mozilla/5.0 (Windows NT 10.0; Win64; x64) AppleWebKit/537.36 (KHTML, like Gecko) Chrome/125.0.0.0 Safari/537.36"
62.60.130.227 - - [21/Sep/2026:08:43:12 +0700] "GET / HTTP/1.1" 200 - "-" "Mozilla/5.0 (Windows NT 10.0; Win64; x64) AppleWebKit/537.36 (KHTML, like Gecko) Chrome/125.0.0.0 Safari/537.36"
62.60.130.227 - - [21/Sep/2026:08:43:16 +0700] "GET /wp-login.php HTTP/1.1" 200 7160 "-" "Mozilla/5.0"
62.60.130.227 - - [21/Sep/2026:08:43:18 +0700] "GET /wp-login.php HTTP/1.1" 200 7160 "-" "Mozilla/5.0"
62.60.130.227 - - [21/Sep/2026:08:43:20 +0700] "POST /wp-login.php HTTP/1.1" 200 7538 "-" "Mozilla/5.0"
62.60.130.227 - - [21/Sep/2026:08:43:22 +0700] "GET /wp-login.php HTTP/1.1" 200 7160 "-" "Mozilla/5.0"
62.60.130.227 - - [21/Sep/2026:08:43:24 +0700] "POST /wp-login.php HTTP/1.1" 200 7540 "-" "Mozilla/5.0"
62.60.130.227 - - [21/Sep/2026:08:43:27 +0700] "GET /wp-login.php HTTP/1.1" 200 7160 "-" "Mozilla/5.0"
62.60.130.227 - - [21/Sep/2026:08:43:30 +0700] "POST /wp-login.php HTTP/1.1" 200 7566 "-" "Mozilla/5.0"
198.252.107.178 - - [21/Sep/2026:08:43:32 +0700] "POST /wp-cron.php?doing_wp_cron=1789955011.9318699836730957031250 HTTP/1.1" 301 - "-" "WordPress/7.1.1; https://matin168d.com"
62.60.130.227 - - [21/Sep/2026:08:43:34 +0700] "GET /wp-login.php HTTP/1.1" 200 7160 "-" "Mozilla/5.0"
62.60.130.227 - - [21/Sep/2026:08:43:36 +0700] "POST /wp-login.php HTTP/1.1" 200 7536 "-" "Mozilla/5.0"
62.60.130.227 - - [21/Sep/2026:08:43:38 +0700] "GET /wp-login.php HTTP/1.1" 200 7160 "-" "Mozilla/5.0"
62.60.130.227 - - [21/Sep/2026:08:43:40 +0700] "POST /wp-login.php HTTP/1.1" 200 7566 "-" "Mozilla/5.0"
62.60.130.227 - - [21/Sep/2026:08:43:44 +0700] "GET /wp-login.php HTTP/1.1" 200 7160 "-" "Mozilla/5.0"
62.60.130.227 - - [21/Sep/2026:08:43:45 +0700] "POST /wp-login.php HTTP/1.1" 200 7531 "-" "Mozilla/5.0"
62.60.130.227 - - [21/Sep/2026:08:43:49 +0700] "GET /wp-login.php HTTP/1.1" 200 7160 "-" "Mozilla/5.0"
62.60.130.227 - - [21/Sep/2026:08:43:51 +0700] "POST /wp-login.php HTTP/1.1" 200 7533 "-" "Mozilla/5.0"
62.60.130.227 - - [21/Sep/2026:08:43:53 +0700] "GET /wp-login.php HTTP/1.1" 200 7160 "-" "Mozilla/5.0"
62.60.130.227 - - [21/Sep/2026:08:43:56 +0700] "POST /wp-login.php HTTP/1.1" 200 7529 "-" "Mozilla/5.0"
62.60.130.227 - - [21/Sep/2026:08:43:58 +0700] "GET /wp-login.php HTTP/1.1" 200 7160 "-" "Mozilla/5.0"
62.60.130.227 - - [21/Sep/2026:08:44:03 +0700] "POST /wp-login.php HTTP/1.1" 200 7601 "-" "Mozilla/5.0"
62.60.130.227 - - [21/Sep/2026:08:44:07 +0700] "GET /wp-login.php HTTP/1.1" 200 7160 "-" "Mozilla/5.0"
62.60.130.227 - - [21/Sep/2026:08:44:08 +0700] "POST /wp-login.php HTTP/1.1" 200 7538 "-" "Mozilla/5.0"
62.60.130.227 - - [21/Sep/2026:08:44:10 +0700] "GET /wp-login.php HTTP/1.1" 200 7160 "-" "Mozilla/5.0"
62.60.130.227 - - [21/Sep/2026:08:44:12 +0700] "POST /wp-login.php HTTP/1.1" 200 7538 "-" "Mozilla/5.0"
62.60.130.227 - - [21/Sep/2026:08:44:13 +0700] "GET /wp-login.php HTTP/1.1" 200 7160 "-" "Mozilla/5.0"
62.60.130.227 - - [21/Sep/2026:08:44:14 +0700] "POST /wp-login.php HTTP/1.1" 200 7530 "-" "Mozilla/5.0"
62.60.130.227 - - [21/Sep/2026:08:44:15 +0700] "GET /wp-login.php HTTP/1.1" 200 7160 "-" "Mozilla/5.0"
62.60.130.227 - - [21/Sep/2026:08:44:17 +0700] "POST /wp-login.php HTTP/1.1" 200 7545 "-" "Mozilla/5.0"
62.60.130.227 - - [21/Sep/2026:08:44:18 +0700] "GET /wp-login.php HTTP/1.1" 200 7160 "-" "Mozilla/5.0"
62.60.130.227 - - [21/Sep/2026:08:44:20 +0700] "POST /wp-login.php HTTP/1.1" 200 7534 "-" "Mozilla/5.0"
62.60.130.227 - - [21/Sep/2026:08:44:22 +0700] "GET /wp-login.php HTTP/1.1" 200 7160 "-" "Mozilla/5.0"
62.60.130.227 - - [21/Sep/2026:08:44:23 +0700] "POST /wp-login.php HTTP/1.1" 200 7531 "-" "Mozilla/5.0"
62.60.130.227 - - [21/Sep/2026:08:44:25 +0700] "GET /wp-login.php HTTP/1.1" 200 7160 "-" "Mozilla/5.0"
62.60.130.227 - - [21/Sep/2026:08:44:29 +0700] "POST /wp-login.php HTTP/1.1" 200 7535 "-" "Mozilla/5.0"
62.60.130.227 - - [21/Sep/2026:08:44:33 +0700] "GET /wp-login.php HTTP/1.1" 200 7160 "-" "Mozilla/5.0"
198.252.107.178 - - [21/Sep/2026:08:44:33 +0700] "POST /wp-cron.php?doing_wp_cron=1789955073.6814119815826416015625 HTTP/1.1" 301 - "-" "WordPress/7.1.1; https://matin168d.com"
62.60.130.227 - - [21/Sep/2026:08:44:35 +0700] "POST /wp-login.php HTTP/1.1" 200 7534 "-" "Mozilla/5.0"
62.60.130.227 - - [21/Sep/2026:08:44:37 +0700] "GET /wp-login.php HTTP/1.1" 200 7160 "-" "Mozilla/5.0"
62.60.130.227 - - [21/Sep/2026:08:44:38 +0700] "POST /wp-login.php HTTP/1.1" 200 7530 "-" "Mozilla/5.0"
62.60.130.227 - - [21/Sep/2026:08:44:40 +0700] "GET /wp-login.php HTTP/1.1" 200 7160 "-" "Mozilla/5.0"
62.60.130.227 - - [21/Sep/2026:08:44:42 +0700] "POST /wp-login.php HTTP/1.1" 200 7534 "-" "Mozilla/5.0"
62.60.130.227 - - [21/Sep/2026:08:44:46 +0700] "GET /wp-login.php HTTP/1.1" 200 7160 "-" "Mozilla/5.0"
62.60.130.227 - - [21/Sep/2026:08:44:49 +0700] "POST /wp-login.php HTTP/1.1" 200 7531 "-" "Mozilla/5.0"
62.60.130.227 - - [21/Sep/2026:08:44:50 +0700] "GET /wp-login.php HTTP/1.1" 200 7160 "-" "Mozilla/5.0"
62.60.130.227 - - [21/Sep/2026:08:44:53 +0700] "POST /wp-login.php HTTP/1.1" 200 7531 "-" "Mozilla/5.0"
62.60.130.227 - - [21/Sep/2026:08:44:54 +0700] "GET /wp-login.php HTTP/1.1" 200 7160 "-" "Mozilla/5.0"
62.60.130.227 - - [21/Sep/2026:08:44:55 +0700] "POST /wp-login.php HTTP/1.1" 200 7601 "-" "Mozilla/5.0"
162.144.3.204 - - [21/Sep/2026:08:44:55 +0700] "POST /xmlrpc.php HTTP/1.1" 301 - "-" "Mozilla/5.0 (X11; Linux x86_64) AppleWebKit/537.36 (KHTML, like Gecko) Chrome/147.0.0.0 Safari/537.36"
62.60.130.227 - - [21/Sep/2026:08:44:58 +0700] "GET /wp-login.php HTTP/1.1" 200 7160 "-" "Mozilla/5.0"
162.144.3.204 - - [21/Sep/2026:08:44:58 +0700] "GET / HTTP/1.1" 200 - "https://matin168d.com/xmlrpc.php" "Mozilla/5.0 (X11; Linux x86_64) AppleWebKit/537.36 (KHTML, like Gecko) Chrome/147.0.0.0 Safari/537.36"
62.60.130.227 - - [21/Sep/2026:08:45:00 +0700] "POST /wp-login.php HTTP/1.1" 200 7530 "-" "Mozilla/5.0"
162.144.3.204 - - [21/Sep/2026:08:44:59 +0700] "GET /wp-json/wp/v2/users/me HTTP/1.1" 401 96 "-" "Mozilla/5.0 (X11; Linux x86_64) AppleWebKit/537.36 (KHTML, like Gecko) Chrome/147.0.0.0 Safari/537.36"
62.60.130.227 - - [21/Sep/2026:08:45:00 +0700] "GET /wp-login.php HTTP/1.1" 200 7160 "-" "Mozilla/5.0"
62.60.130.227 - - [21/Sep/2026:08:45:02 +0700] "POST /wp-login.php HTTP/1.1" 200 7539 "-" "Mozilla/5.0"
62.60.130.227 - - [21/Sep/2026:08:45:03 +0700] "GET /wp-login.php HTTP/1.1" 200 7160 "-" "Mozilla/5.0"
62.60.130.227 - - [21/Sep/2026:08:45:04 +0700] "POST /wp-login.php HTTP/1.1" 200 7537 "-" "Mozilla/5.0"
62.60.130.227 - - [21/Sep/2026:08:45:06 +0700] "GET /wp-login.php HTTP/1.1" 200 7160 "-" "Mozilla/5.0"
62.60.130.227 - - [21/Sep/2026:08:45:07 +0700] "POST /wp-login.php HTTP/1.1" 200 7533 "-" "Mozilla/5.0"
62.60.130.227 - - [21/Sep/2026:08:45:09 +0700] "GET /wp-login.php HTTP/1.1" 200 7160 "-" "Mozilla/5.0"
62.60.130.227 - - [21/Sep/2026:08:45:11 +0700] "POST /wp-login.php HTTP/1.1" 200 7536 "-" "Mozilla/5.0"
62.60.130.227 - - [21/Sep/2026:08:45:15 +0700] "GET /wp-login.php HTTP/1.1" 200 7160 "-" "Mozilla/5.0"
62.60.130.227 - - [21/Sep/2026:08:45:17 +0700] "POST /wp-login.php HTTP/1.1" 200 7415 "-" "Mozilla/5.0"
62.60.130.227 - - [21/Sep/2026:08:45:20 +0700] "GET /wp-login.php HTTP/1.1" 200 7160 "-" "Mozilla/5.0"
62.60.130.227 - - [21/Sep/2026:08:45:23 +0700] "POST /wp-login.php HTTP/1.1" 200 7536 "-" "Mozilla/5.0"
198.204.240.234 - - [21/Sep/2026:08:45:34 +0700] "GET /wp-content/qqd523b6/edit.php HTTP/1.1" 200 6 "https://matin168d.com/wp-content/qqd523b6/edit.php" "Mozilla/5.0 (Windows NT 6.1) AppleWebKit/535.1 (KHTML, like Gecko) Chrome/13.0.782.107 Safari/535.1"
62.60.130.227 - - [21/Sep/2026:08:45:30 +0700] "GET /wp-login.php HTTP/1.1" 200 7160 "-" "Mozilla/5.0"
198.252.107.178 - - [21/Sep/2026:08:45:36 +0700] "POST /wp-cron.php?doing_wp_cron=1789955135.7814049720764160156250 HTTP/1.1" 301 - "-" "WordPress/7.1.1; https://matin168d.com"
62.60.130.227 - - [21/Sep/2026:08:45:37 +0700] "POST /wp-login.php HTTP/1.1" 200 7531 "-" "Mozilla/5.0"
62.60.130.227 - - [21/Sep/2026:08:45:44 +0700] "GET /wp-login.php HTTP/1.1" 200 7160 "-" "Mozilla/5.0"
62.60.130.227 - - [21/Sep/2026:08:45:49 +0700] "POST /wp-login.php HTTP/1.1" 200 7534 "-" "Mozilla/5.0"
62.60.130.227 - - [21/Sep/2026:08:45:56 +0700] "GET /wp-login.php HTTP/1.1" 200 7160 "-" "Mozilla/5.0"
62.60.130.227 - - [21/Sep/2026:08:46:01 +0700] "POST /wp-login.php HTTP/1.1" 200 7534 "-" "Mozilla/5.0"
62.60.130.227 - - [21/Sep/2026:08:46:05 +0700] "GET /wp-login.php HTTP/1.1" 200 7160 "-" "Mozilla/5.0"
62.60.130.227 - - [21/Sep/2026:08:46:13 +0700] "POST /wp-login.php HTTP/1.1" 200 7538 "-" "Mozilla/5.0"
62.60.130.227 - - [21/Sep/2026:08:46:20 +0700] "GET /wp-login.php HTTP/1.1" 200 7160 "-" "Mozilla/5.0"
62.60.130.227 - - [21/Sep/2026:08:46:24 +0700] "POST /wp-login.php HTTP/1.1" 200 7531 "-" "Mozilla/5.0"
62.60.130.227 - - [21/Sep/2026:08:46:27 +0700] "GET /wp-login.php HTTP/1.1" 200 7160 "-" "Mozilla/5.0"
62.60.130.227 - - [21/Sep/2026:08:46:31 +0700] "POST /wp-login.php HTTP/1.1" 200 7539 "-" "Mozilla/5.0"
62.60.130.227 - - [21/Sep/2026:08:46:33 +0700] "GET /wp-login.php HTTP/1.1" 200 7160 "-" "Mozilla/5.0"
62.60.130.227 - - [21/Sep/2026:08:46:37 +0700] "POST /wp-login.php HTTP/1.1" 200 7537 "-" "Mozilla/5.0"
198.252.107.178 - - [21/Sep/2026:08:46:39 +0700] "POST /wp-cron.php?doing_wp_cron=1789955198.9234099388122558593750 HTTP/1.1" 301 - "-" "WordPress/7.1.1; https://matin168d.com"
198.204.240.234 - - [21/Sep/2026:08:45:14 +0700] "GET /wp-content/qqd523b6/edit.php HTTP/1.1" 200 - "https://matin168d.com/wp-content/qqd523b6/edit.php" "Mozilla/4.0 (compatible; MSIE 7.0; Windows NT 5.1)"
62.60.130.227 - - [21/Sep/2026:08:46:41 +0700] "GET /wp-login.php HTTP/1.1" 200 7160 "-" "Mozilla/5.0"
62.60.130.227 - - [21/Sep/2026:08:46:43 +0700] "POST /wp-login.php HTTP/1.1" 200 7540 "-" "Mozilla/5.0"
62.60.130.227 - - [21/Sep/2026:08:46:45 +0700] "GET /wp-login.php HTTP/1.1" 200 7160 "-" "Mozilla/5.0"
62.60.130.227 - - [21/Sep/2026:08:46:48 +0700] "POST /wp-login.php HTTP/1.1" 200 7536 "-" "Mozilla/5.0"
62.60.130.227 - - [21/Sep/2026:08:46:51 +0700] "GET /wp-login.php HTTP/1.1" 200 7160 "-" "Mozilla/5.0"
62.60.130.227 - - [21/Sep/2026:08:46:54 +0700] "POST /wp-login.php HTTP/1.1" 200 7542 "-" "Mozilla/5.0"
62.60.130.227 - - [21/Sep/2026:08:46:57 +0700] "GET /wp-login.php HTTP/1.1" 200 7160 "-" "Mozilla/5.0"
62.60.130.227 - - [21/Sep/2026:08:47:00 +0700] "POST /wp-login.php HTTP/1.1" 200 7531 "-" "Mozilla/5.0"
62.60.130.227 - - [21/Sep/2026:08:47:03 +0700] "GET /wp-login.php HTTP/1.1" 200 7160 "-" "Mozilla/5.0"
62.60.130.227 - - [21/Sep/2026:08:47:07 +0700] "POST /wp-login.php HTTP/1.1" 200 7566 "-" "Mozilla/5.0"
62.60.130.227 - - [21/Sep/2026:08:47:10 +0700] "GET /wp-login.php HTTP/1.1" 200 7160 "-" "Mozilla/5.0"
62.60.130.227 - - [21/Sep/2026:08:47:14 +0700] "POST /wp-login.php HTTP/1.1" 200 7540 "-" "Mozilla/5.0"
62.60.130.227 - - [21/Sep/2026:08:47:16 +0700] "GET /wp-login.php HTTP/1.1" 200 7160 "-" "Mozilla/5.0"
62.60.130.227 - - [21/Sep/2026:08:47:18 +0700] "POST /wp-login.php HTTP/1.1" 200 7566 "-" "Mozilla/5.0"
62.60.130.227 - - [21/Sep/2026:08:47:19 +0700] "GET /wp-login.php HTTP/1.1" 200 7160 "-" "Mozilla/5.0"
62.60.130.227 - - [21/Sep/2026:08:47:23 +0700] "POST /wp-login.php HTTP/1.1" 200 7532 "-" "Mozilla/5.0"
62.60.130.227 - - [21/Sep/2026:08:47:26 +0700] "GET /wp-login.php HTTP/1.1" 200 7160 "-" "Mozilla/5.0"
62.60.130.227 - - [21/Sep/2026:08:47:27 +0700] "POST /wp-login.php HTTP/1.1" 200 7535 "-" "Mozilla/5.0"
62.60.130.227 - - [21/Sep/2026:08:47:29 +0700] "GET /wp-login.php HTTP/1.1" 200 7160 "-" "Mozilla/5.0"
62.60.130.227 - - [21/Sep/2026:08:47:32 +0700] "POST /wp-login.php HTTP/1.1" 200 7537 "-" "Mozilla/5.0"
62.60.130.227 - - [21/Sep/2026:08:47:34 +0700] "GET /wp-login.php HTTP/1.1" 200 7160 "-" "Mozilla/5.0"
62.60.130.227 - - [21/Sep/2026:08:47:37 +0700] "POST /wp-login.php HTTP/1.1" 200 7539 "-" "Mozilla/5.0"
198.252.107.178 - - [21/Sep/2026:08:47:39 +0700] "POST /wp-cron.php?doing_wp_cron=1789955259.4136230945587158203125 HTTP/1.1" 301 - "-" "WordPress/7.1.1; https://matin168d.com"
62.60.130.227 - - [21/Sep/2026:08:47:41 +0700] "GET /wp-login.php HTTP/1.1" 200 7160 "-" "Mozilla/5.0"
62.60.130.227 - - [21/Sep/2026:08:47:43 +0700] "POST /wp-login.php HTTP/1.1" 200 7536 "-" "Mozilla/5.0"
62.60.130.227 - - [21/Sep/2026:08:47:45 +0700] "GET /wp-login.php HTTP/1.1" 200 7160 "-" "Mozilla/5.0"
62.60.130.227 - - [21/Sep/2026:08:47:48 +0700] "POST /wp-login.php HTTP/1.1" 200 7539 "-" "Mozilla/5.0"
62.60.130.227 - - [21/Sep/2026:08:47:51 +0700] "GET /wp-login.php HTTP/1.1" 200 7160 "-" "Mozilla/5.0"
62.60.130.227 - - [21/Sep/2026:08:47:55 +0700] "POST /wp-login.php HTTP/1.1" 200 7531 "-" "Mozilla/5.0"
62.60.130.227 - - [21/Sep/2026:08:47:58 +0700] "GET /wp-login.php HTTP/1.1" 200 7160 "-" "Mozilla/5.0"
62.60.130.227 - - [21/Sep/2026:08:48:01 +0700] "POST /wp-login.php HTTP/1.1" 200 7534 "-" "Mozilla/5.0"
62.60.130.227 - - [21/Sep/2026:08:48:04 +0700] "GET /wp-login.php HTTP/1.1" 200 7160 "-" "Mozilla/5.0"
62.60.130.227 - - [21/Sep/2026:08:48:07 +0700] "POST /wp-login.php HTTP/1.1" 200 7537 "-" "Mozilla/5.0"
62.60.130.227 - - [21/Sep/2026:08:48:10 +0700] "GET /wp-login.php HTTP/1.1" 200 7160 "-" "Mozilla/5.0"
62.60.130.227 - - [21/Sep/2026:08:48:13 +0700] "POST /wp-login.php HTTP/1.1" 200 7532 "-" "Mozilla/5.0"
62.60.130.227 - - [21/Sep/2026:08:48:17 +0700] "GET /wp-login.php HTTP/1.1" 200 7160 "-" "Mozilla/5.0"
62.60.130.227 - - [21/Sep/2026:08:48:20 +0700] "POST /wp-login.php HTTP/1.1" 200 7532 "-" "Mozilla/5.0"
62.60.130.227 - - [21/Sep/2026:08:48:23 +0700] "GET /wp-login.php HTTP/1.1" 200 7160 "-" "Mozilla/5.0"
62.60.130.227 - - [21/Sep/2026:08:48:27 +0700] "POST /wp-login.php HTTP/1.1" 200 7536 "-" "Mozilla/5.0"
62.60.130.227 - - [21/Sep/2026:08:48:30 +0700] "GET /wp-login.php HTTP/1.1" 200 7160 "-" "Mozilla/5.0"
62.60.130.227 - - [21/Sep/2026:08:48:33 +0700] "POST /wp-login.php HTTP/1.1" 200 7601 "-" "Mozilla/5.0"
62.60.130.227 - - [21/Sep/2026:08:48:36 +0700] "GET /wp-login.php HTTP/1.1" 200 7160 "-" "Mozilla/5.0"
62.60.130.227 - - [21/Sep/2026:08:48:39 +0700] "POST /wp-login.php HTTP/1.1" 200 7533 "-" "Mozilla/5.0"
198.252.107.178 - - [21/Sep/2026:08:48:41 +0700] "POST /wp-cron.php?doing_wp_cron=1789955320.6454060077667236328125 HTTP/1.1" 301 - "-" "WordPress/7.1.1; https://matin168d.com"
62.60.130.227 - - [21/Sep/2026:08:48:42 +0700] "GET /wp-login.php HTTP/1.1" 200 7160 "-" "Mozilla/5.0"
62.60.130.227 - - [21/Sep/2026:08:48:46 +0700] "POST /wp-login.php HTTP/1.1" 200 7601 "-" "Mozilla/5.0"
62.60.130.227 - - [21/Sep/2026:08:48:49 +0700] "GET /wp-login.php HTTP/1.1" 200 7160 "-" "Mozilla/5.0"
62.60.130.227 - - [21/Sep/2026:08:48:51 +0700] "POST /wp-login.php HTTP/1.1" 200 7531 "-" "Mozilla/5.0"
62.60.130.227 - - [21/Sep/2026:08:48:55 +0700] "GET /wp-login.php HTTP/1.1" 200 7160 "-" "Mozilla/5.0"
62.60.130.227 - - [21/Sep/2026:08:48:58 +0700] "POST /wp-login.php HTTP/1.1" 200 7533 "-" "Mozilla/5.0"
62.60.130.227 - - [21/Sep/2026:08:49:02 +0700] "GET /wp-login.php HTTP/1.1" 200 7160 "-" "Mozilla/5.0"
62.60.130.227 - - [21/Sep/2026:08:49:04 +0700] "POST /wp-login.php HTTP/1.1" 200 7601 "-" "Mozilla/5.0"
62.60.130.227 - - [21/Sep/2026:08:49:08 +0700] "GET /wp-login.php HTTP/1.1" 200 7160 "-" "Mozilla/5.0"
62.60.130.227 - - [21/Sep/2026:08:49:13 +0700] "POST /wp-login.php HTTP/1.1" 200 7535 "-" "Mozilla/5.0"
62.60.130.227 - - [21/Sep/2026:08:49:18 +0700] "GET /wp-login.php HTTP/1.1" 200 7160 "-" "Mozilla/5.0"
62.60.130.227 - - [21/Sep/2026:08:49:25 +0700] "POST /wp-login.php HTTP/1.1" 200 7531 "-" "Mozilla/5.0"
62.60.130.227 - - [21/Sep/2026:08:49:30 +0700] "GET /wp-login.php HTTP/1.1" 200 7160 "-" "Mozilla/5.0"
62.60.130.227 - - [21/Sep/2026:08:49:35 +0700] "POST /wp-login.php HTTP/1.1" 200 7534 "-" "Mozilla/5.0"
62.60.130.227 - - [21/Sep/2026:08:49:42 +0700] "GET /wp-login.php HTTP/1.1" 200 7160 "-" "Mozilla/5.0"
198.252.107.178 - - [21/Sep/2026:08:49:47 +0700] "POST /wp-cron.php?doing_wp_cron=1789955387.3389379978179931640625 HTTP/1.1" 301 - "-" "WordPress/7.1.1; https://matin168d.com"
62.60.130.227 - - [21/Sep/2026:08:49:49 +0700] "POST /wp-login.php HTTP/1.1" 200 7535 "-" "Mozilla/5.0"
62.60.130.227 - - [21/Sep/2026:08:49:55 +0700] "GET /wp-login.php HTTP/1.1" 200 7160 "-" "Mozilla/5.0"
62.60.130.227 - - [21/Sep/2026:08:49:56 +0700] "POST /wp-login.php HTTP/1.1" 200 7566 "-" "Mozilla/5.0"
62.60.130.227 - - [21/Sep/2026:08:49:58 +0700] "GET /wp-login.php HTTP/1.1" 200 7160 "-" "Mozilla/5.0"
62.60.130.227 - - [21/Sep/2026:08:50:00 +0700] "POST /wp-login.php HTTP/1.1" 200 7535 "-" "Mozilla/5.0"
62.60.130.227 - - [21/Sep/2026:08:50:06 +0700] "GET /wp-login.php HTTP/1.1" 200 7160 "-" "Mozilla/5.0"
62.60.130.227 - - [21/Sep/2026:08:50:10 +0700] "POST /wp-login.php HTTP/1.1" 200 7534 "-" "Mozilla/5.0"
62.60.130.227 - - [21/Sep/2026:08:50:14 +0700] "GET /wp-login.php HTTP/1.1" 200 7160 "-" "Mozilla/5.0"
62.60.130.227 - - [21/Sep/2026:08:50:16 +0700] "POST /wp-login.php HTTP/1.1" 200 7531 "-" "Mozilla/5.0"
62.60.130.227 - - [21/Sep/2026:08:50:18 +0700] "GET /wp-login.php HTTP/1.1" 200 7160 "-" "Mozilla/5.0"
62.60.130.227 - - [21/Sep/2026:08:50:20 +0700] "POST /wp-login.php HTTP/1.1" 200 7531 "-" "Mozilla/5.0"
62.60.130.227 - - [21/Sep/2026:08:50:22 +0700] "GET /wp-login.php HTTP/1.1" 200 7160 "-" "Mozilla/5.0"
62.60.130.227 - - [21/Sep/2026:08:50:25 +0700] "POST /wp-login.php HTTP/1.1" 200 7533 "-" "Mozilla/5.0"
62.60.130.227 - - [21/Sep/2026:08:50:28 +0700] "GET /wp-login.php HTTP/1.1" 200 7160 "-" "Mozilla/5.0"
62.60.130.227 - - [21/Sep/2026:08:50:33 +0700] "POST /wp-login.php HTTP/1.1" 200 7539 "-" "Mozilla/5.0"
62.60.130.227 - - [21/Sep/2026:08:50:36 +0700] "GET /wp-login.php HTTP/1.1" 200 7160 "-" "Mozilla/5.0"
62.60.130.227 - - [21/Sep/2026:08:50:42 +0700] "POST /wp-login.php HTTP/1.1" 200 7531 "-" "Mozilla/5.0"
62.60.130.227 - - [21/Sep/2026:08:50:49 +0700] "GET /wp-login.php HTTP/1.1" 200 7160 "-" "Mozilla/5.0"
198.252.107.178 - - [21/Sep/2026:08:50:50 +0700] "POST /wp-cron.php?doing_wp_cron=1789955447.7413060665130615234375 HTTP/1.1" 301 - "-" "WordPress/7.1.1; https://matin168d.com"
62.60.130.227 - - [21/Sep/2026:08:50:56 +0700] "POST /wp-login.php HTTP/1.1" 200 7545 "-" "Mozilla/5.0"
62.60.130.227 - - [21/Sep/2026:08:51:03 +0700] "GET /wp-login.php HTTP/1.1" 200 7160 "-" "Mozilla/5.0"
62.60.130.227 - - [21/Sep/2026:08:51:10 +0700] "POST /wp-login.php HTTP/1.1" 200 7531 "-" "Mozilla/5.0"
62.60.130.227 - - [21/Sep/2026:08:51:17 +0700] "GET /wp-login.php HTTP/1.1" 200 7160 "-" "Mozilla/5.0"
62.60.130.227 - - [21/Sep/2026:08:51:23 +0700] "POST /wp-login.php HTTP/1.1" 200 7531 "-" "Mozilla/5.0"
62.60.130.227 - - [21/Sep/2026:08:51:29 +0700] "GET /wp-login.php HTTP/1.1" 200 7160 "-" "Mozilla/5.0"
212.48.70.192 - - [21/Sep/2026:08:51:36 +0700] "POST /xmlrpc.php HTTP/1.1" 301 - "-" "Mozilla/5.0 (Windows NT 10.0; Win64; x64) AppleWebKit/537.36 (KHTML, like Gecko) Chrome/138.0.0.0 Safari/537.36"
62.60.130.227 - - [21/Sep/2026:08:51:36 +0700] "POST /wp-login.php HTTP/1.1" 200 7532 "-" "Mozilla/5.0"
62.60.130.227 - - [21/Sep/2026:08:51:40 +0700] "GET /wp-login.php HTTP/1.1" 200 7160 "-" "Mozilla/5.0"
212.48.70.192 - - [21/Sep/2026:08:51:39 +0700] "GET / HTTP/1.1" 200 - "-" "Mozilla/5.0 (Windows NT 10.0; Win64; x64) AppleWebKit/537.36 (KHTML, like Gecko) Chrome/138.0.0.0 Safari/537.36"
62.60.130.227 - - [21/Sep/2026:08:51:42 +0700] "POST /wp-login.php HTTP/1.1" 200 7537 "-" "Mozilla/5.0"
62.60.130.227 - - [21/Sep/2026:08:51:51 +0700] "GET /wp-login.php HTTP/1.1" 200 7160 "-" "Mozilla/5.0"
62.60.130.227 - - [21/Sep/2026:08:51:58 +0700] "POST /wp-login.php HTTP/1.1" 200 7531 "-" "Mozilla/5.0"
198.252.107.178 - - [21/Sep/2026:08:51:55 +0700] "POST /wp-cron.php?doing_wp_cron=1789955515.6305570602416992187500 HTTP/1.1" 301 - "-" "WordPress/7.1.1; https://matin168d.com"
62.60.130.227 - - [21/Sep/2026:08:52:03 +0700] "GET /wp-login.php HTTP/1.1" 200 7160 "-" "Mozilla/5.0"
62.60.130.227 - - [21/Sep/2026:08:52:07 +0700] "POST /wp-login.php HTTP/1.1" 200 7534 "-" "Mozilla/5.0"
62.60.130.227 - - [21/Sep/2026:08:52:11 +0700] "GET /wp-login.php HTTP/1.1" 200 7160 "-" "Mozilla/5.0"
62.60.130.227 - - [21/Sep/2026:08:52:14 +0700] "POST /wp-login.php HTTP/1.1" 200 7532 "-" "Mozilla/5.0"
62.60.130.227 - - [21/Sep/2026:08:52:20 +0700] "GET /wp-login.php HTTP/1.1" 200 7160 "-" "Mozilla/5.0"
62.60.130.227 - - [21/Sep/2026:08:52:26 +0700] "POST /wp-login.php HTTP/1.1" 200 7533 "-" "Mozilla/5.0"
62.60.130.227 - - [21/Sep/2026:08:52:31 +0700] "GET /wp-login.php HTTP/1.1" 200 7160 "-" "Mozilla/5.0"
62.60.130.227 - - [21/Sep/2026:08:52:36 +0700] "POST /wp-login.php HTTP/1.1" 200 7543 "-" "Mozilla/5.0"
62.60.130.227 - - [21/Sep/2026:08:52:44 +0700] "GET /wp-login.php HTTP/1.1" 200 7160 "-" "Mozilla/5.0"
62.60.130.227 - - [21/Sep/2026:08:52:49 +0700] "POST /wp-login.php HTTP/1.1" 200 7533 "-" "Mozilla/5.0"
62.60.130.227 - - [21/Sep/2026:08:52:54 +0700] "GET /wp-login.php HTTP/1.1" 200 7160 "-" "Mozilla/5.0"
198.252.107.178 - - [21/Sep/2026:08:52:57 +0700] "POST /wp-cron.php?doing_wp_cron=1789955577.5311479568481445312500 HTTP/1.1" 301 - "-" "WordPress/7.1.1; https://matin168d.com"
62.60.130.227 - - [21/Sep/2026:08:53:00 +0700] "POST /wp-login.php HTTP/1.1" 200 7534 "-" "Mozilla/5.0"
62.60.130.227 - - [21/Sep/2026:08:53:05 +0700] "GET /wp-login.php HTTP/1.1" 200 7160 "-" "Mozilla/5.0"
62.60.130.227 - - [21/Sep/2026:08:53:14 +0700] "POST /wp-login.php HTTP/1.1" 200 7531 "-" "Mozilla/5.0"
109.163.197.162 - - [21/Sep/2026:08:53:20 +0700] "GET / HTTP/1.1" 200 - "-" "Mozilla/5.0 (Macintosh; Intel Mac OS X 10_15_7) AppleWebKit/537.36 (KHTML, like Gecko) Chrome/120.0.0.0 Safari/537.36"
62.60.130.227 - - [21/Sep/2026:08:53:20 +0700] "GET /wp-login.php HTTP/1.1" 200 7160 "-" "Mozilla/5.0"
62.60.130.227 - - [21/Sep/2026:08:53:27 +0700] "POST /wp-login.php HTTP/1.1" 200 7536 "-" "Mozilla/5.0"
2a06:98c0:3600::103 - - [21/Sep/2026:08:53:34 +0700] "GET /wp-admin/install.php?step=1 HTTP/1.1" 200 1368 "-" "http://matin168hr.com/wp-admin/install.php?step=1"
62.60.130.227 - - [21/Sep/2026:08:53:33 +0700] "GET /wp-login.php HTTP/1.1" 200 7160 "-" "Mozilla/5.0"
198.252.107.178 - - [21/Sep/2026:08:53:36 +0700] "POST /wp-cron.php?doing_wp_cron=1789955616.6477060317993164062500 HTTP/1.1" 301 - "-" "WordPress/7.1.1; https://matin168d.com"
62.60.130.227 - - [21/Sep/2026:08:53:40 +0700] "POST /wp-login.php HTTP/1.1" 200 7532 "-" "Mozilla/5.0"
62.60.130.227 - - [21/Sep/2026:08:53:52 +0700] "GET /wp-login.php HTTP/1.1" 500 2482 "-" "Mozilla/5.0"
62.60.130.227 - - [21/Sep/2026:09:03:12 +0700] "POST /wp-login.php HTTP/1.1" 500 2482 "-" "Mozilla/5.0"
66.249.72.64 - - [21/Sep/2026:09:03:10 +0700] "GET /recommend.php?sitemap183.xml HTTP/1.1" 403 - "-" "Mozilla/5.0 (compatible; Googlebot/2.1; +http://www.google.com/bot.html)"
62.60.130.227 - - [21/Sep/2026:09:03:14 +0700] "GET /wp-login.php HTTP/1.1" 500 2482 "-" "Mozilla/5.0"
62.60.130.227 - - [21/Sep/2026:09:03:16 +0700] "POST /wp-login.php HTTP/1.1" 500 2482 "-" "Mozilla/5.0"
62.60.130.227 - - [21/Sep/2026:09:03:18 +0700] "GET /wp-login.php HTTP/1.1" 500 2482 "-" "Mozilla/5.0"
62.60.130.227 - - [21/Sep/2026:09:03:22 +0700] "POST /wp-login.php HTTP/1.1" 500 2482 "-" "Mozilla/5.0"
62.60.130.227 - - [21/Sep/2026:09:03:24 +0700] "GET /wp-login.php HTTP/1.1" 500 2482 "-" "Mozilla/5.0"
62.60.130.227 - - [21/Sep/2026:09:03:25 +0700] "POST /wp-login.php HTTP/1.1" 200 7545 "-" "Mozilla/5.0"
198.252.107.178 - - [21/Sep/2026:09:03:28 +0700] "POST /wp-cron.php?doing_wp_cron=1789956208.1704850196838378906250 HTTP/1.1" 301 - "-" "WordPress/7.1.1; https://matin168d.com"
62.60.130.227 - - [21/Sep/2026:09:03:30 +0700] "GET /wp-login.php HTTP/1.1" 200 7160 "-" "Mozilla/5.0"
62.60.130.227 - - [21/Sep/2026:09:03:34 +0700] "POST /wp-login.php HTTP/1.1" 200 7535 "-" "Mozilla/5.0"
62.60.130.227 - - [21/Sep/2026:09:03:37 +0700] "GET /wp-login.php HTTP/1.1" 200 7160 "-" "Mozilla/5.0"
51.79.192.65 - - [21/Sep/2026:09:03:37 +0700] "GET /best-betsoft-online-casinos-uk-2026/ HTTP/1.1" 200 - "https://matin168d.com/" "Mozilla/5.0 (Windows NT 10.0; Win64; x64) AppleWebKit/537.36 (KHTML, like Gecko) Chrome/148.0.0.0 Safari/537.36 Edg/148.0.0.0"
51.79.192.65 - - [21/Sep/2026:09:03:39 +0700] "GET /best-betsoft-online-casinos-uk-2026/ HTTP/1.1" 200 - "https://matin168d.com/" "Mozilla/5.0 (Windows NT 10.0; Win64; x64) AppleWebKit/537.36 (KHTML, like Gecko) Chrome/148.0.0.0 Safari/537.36 Edg/148.0.0.0"
62.60.130.227 - - [21/Sep/2026:09:03:40 +0700] "POST /wp-login.php HTTP/1.1" 200 7540 "-" "Mozilla/5.0"
51.79.192.65 - - [21/Sep/2026:09:03:42 +0700] "GET /best-betsoft-online-casinos-uk-2026/ HTTP/1.1" 200 - "https://matin168d.com/" "Mozilla/5.0 (Windows NT 10.0; Win64; x64) AppleWebKit/537.36 (KHTML, like Gecko) Chrome/148.0.0.0 Safari/537.36 Edg/148.0.0.0"
62.60.130.227 - - [21/Sep/2026:09:03:43 +0700] "GET /wp-login.php HTTP/1.1" 200 7160 "-" "Mozilla/5.0"
62.60.130.227 - - [21/Sep/2026:09:03:45 +0700] "POST /wp-login.php HTTP/1.1" 200 7536 "-" "Mozilla/5.0"
62.60.130.227 - - [21/Sep/2026:09:03:46 +0700] "GET /wp-login.php HTTP/1.1" 200 7160 "-" "Mozilla/5.0"
62.60.130.227 - - [21/Sep/2026:09:03:50 +0700] "POST /wp-login.php HTTP/1.1" 200 7415 "-" "Mozilla/5.0"
62.60.130.227 - - [21/Sep/2026:09:03:54 +0700] "GET /wp-login.php HTTP/1.1" 200 7160 "-" "Mozilla/5.0"
62.60.130.227 - - [21/Sep/2026:09:03:58 +0700] "POST /wp-login.php HTTP/1.1" 200 7532 "-" "Mozilla/5.0"
62.60.130.227 - - [21/Sep/2026:09:03:59 +0700] "GET /wp-login.php HTTP/1.1" 200 7160 "-" "Mozilla/5.0"
62.60.130.227 - - [21/Sep/2026:09:04:01 +0700] "POST /wp-login.php HTTP/1.1" 200 7533 "-" "Mozilla/5.0"
62.60.130.227 - - [21/Sep/2026:09:04:03 +0700] "GET /wp-login.php HTTP/1.1" 200 7160 "-" "Mozilla/5.0"
62.60.130.227 - - [21/Sep/2026:09:04:06 +0700] "POST /wp-login.php HTTP/1.1" 200 7535 "-" "Mozilla/5.0"
62.60.130.227 - - [21/Sep/2026:09:04:09 +0700] "GET /wp-login.php HTTP/1.1" 200 7160 "-" "Mozilla/5.0"
62.60.130.227 - - [21/Sep/2026:09:04:12 +0700] "POST /wp-login.php HTTP/1.1" 200 7535 "-" "Mozilla/5.0"
62.60.130.227 - - [21/Sep/2026:09:04:17 +0700] "GET /wp-login.php HTTP/1.1" 200 7160 "-" "Mozilla/5.0"
62.60.130.227 - - [21/Sep/2026:09:04:24 +0700] "POST /wp-login.php HTTP/1.1" 200 7538 "-" "Mozilla/5.0"
62.60.130.227 - - [21/Sep/2026:09:04:28 +0700] "GET /wp-login.php HTTP/1.1" 200 7160 "-" "Mozilla/5.0"
198.252.107.178 - - [21/Sep/2026:09:04:30 +0700] "POST /wp-cron.php?doing_wp_cron=1789956270.7399210929870605468750 HTTP/1.1" 301 - "-" "WordPress/7.1.1; https://matin168d.com"
62.60.130.227 - - [21/Sep/2026:09:04:33 +0700] "POST /wp-login.php HTTP/1.1" 200 7415 "-" "Mozilla/5.0"
62.60.130.227 - - [21/Sep/2026:09:04:35 +0700] "GET /wp-login.php HTTP/1.1" 200 7160 "-" "Mozilla/5.0"
62.60.130.227 - - [21/Sep/2026:09:04:39 +0700] "POST /wp-login.php HTTP/1.1" 200 7535 "-" "Mozilla/5.0"
62.60.130.227 - - [21/Sep/2026:09:04:44 +0700] "GET /wp-login.php HTTP/1.1" 200 7160 "-" "Mozilla/5.0"
62.60.130.227 - - [21/Sep/2026:09:04:46 +0700] "POST /wp-login.php HTTP/1.1" 200 7532 "-" "Mozilla/5.0"
66.249.72.65 - - [21/Sep/2026:09:06:53 +0700] "GET /best-5-reel-slots-uk-2026/ HTTP/1.1" 200 170406 "-" "Mozilla/5.0 (Linux; Android 6.0.1; Nexus 5X Build/MMB29P) AppleWebKit/537.36 (KHTML, like Gecko) Chrome/153.0.8010.47 Mobile Safari/537.36 (compatible; Googlebot/2.1; +http://www.google.com/bot.html)"
66.249.72.64 - - [21/Sep/2026:09:07:05 +0700] "GET /furusato.php?shopdetail/Q59556115581/ HTTP/1.1" 403 119660 "-" "Mozilla/5.0 (compatible; Googlebot/2.1; +http://www.google.com/bot.html)"
66.249.72.64 - - [21/Sep/2026:09:07:47 +0700] "GET /recommend.php?sitemap185.xml HTTP/1.1" 403 - "-" "Mozilla/5.0 (compatible; Googlebot/2.1; +http://www.google.com/bot.html)"
198.252.107.178 - - [21/Sep/2026:09:08:03 +0700] "POST /wp-cron.php?doing_wp_cron=1789956483.3637208938598632812500 HTTP/1.1" 301 - "-" "WordPress/7.1.1; https://matin168d.com"
91.244.197.105 - - [21/Sep/2026:09:08:01 +0700] "GET /wp-login.php HTTP/1.1" 200 7160 "https://matin168hr.com/" "Mozilla/5.0 (Windows NT 10.0; Win64; x64) AppleWebKit/537.36 (KHTML, like Gecko) Chrome/147.0.0.0 Safari/537.36"
91.244.197.105 - - [21/Sep/2026:09:08:04 +0700] "POST /wp-login.php HTTP/1.1" 200 7584 "https://matin168hr.com/wp-login.php" "Mozilla/5.0 (Windows NT 10.0; Win64; x64) AppleWebKit/537.36 (KHTML, like Gecko) Chrome/147.0.0.0 Safari/537.36"
91.244.197.105 - - [21/Sep/2026:09:08:05 +0700] "GET /wp-json/wp/v2/users/me HTTP/1.1" 401 96 "https://matin168hr.com/" "Mozilla/5.0 (Windows NT 10.0; Win64; x64) AppleWebKit/537.36 (KHTML, like Gecko) Chrome/147.0.0.0 Safari/537.36"
144.76.52.36 - - [21/Sep/2026:09:08:29 +0700] "POST /xmlrpc.php HTTP/1.1" 301 - "-" "Mozilla/5.0 (Windows NT 10.0) AppleWebKit/537.43 (KHTML, like Gecko) Chrome/138.0.0.0 Safari/537.36 OPR/122.0.0.0"
144.76.52.36 - - [21/Sep/2026:09:08:31 +0700] "GET / HTTP/1.1" 200 - "-" "Mozilla/5.0 (Windows NT 10.0) AppleWebKit/537.43 (KHTML, like Gecko) Chrome/138.0.0.0 Safari/537.36 OPR/122.0.0.0"
198.204.240.234 - - [21/Sep/2026:09:08:32 +0700] "GET /wp-content/qqd523b6/edit.php HTTP/1.1" 200 6 "https://matin168d.com/wp-content/qqd523b6/edit.php" "Mozilla/5.0 (Macintosh; Intel Mac OS X 10_6_8) AppleWebKit/535.1 (KHTML, like Gecko) RockMelt/0.9.64.361 Chrome/13.0.782.218 Safari/535.1"
198.204.240.234 - - [21/Sep/2026:09:08:11 +0700] "GET /wp-content/qqd523b6/edit.php HTTP/1.1" 200 - "https://matin168d.com/wp-content/qqd523b6/edit.php" "Mozilla/4.0 (compatible; MSIE 7.0; Windows NT 6.0; SLCC1; .NET CLR 2.0.50727; Media Center PC 5.0; .NET CLR 3.0.04506; InfoPath.1)"
130.51.20.151 - - [21/Sep/2026:09:10:53 +0700] "GET /best-amatic-online-casinos-uk-2026/ HTTP/1.1" 200 - "https://matin168d.com/" "Mozilla/5.0 (X11; Ubuntu; Linux x86_64; rv:137.0) Gecko/20100101 Firefox/137.0"
198.252.107.178 - - [21/Sep/2026:09:10:57 +0700] "POST /wp-cron.php?doing_wp_cron=1789956655.8253281116485595703125 HTTP/1.1" 301 - "-" "WordPress/7.1.1; https://matin168d.com"
130.51.20.151 - - [21/Sep/2026:09:10:57 +0700] "GET /best-amatic-online-casinos-uk-2026/ HTTP/1.1" 200 - "https://matin168d.com/" "Mozilla/5.0 (X11; Ubuntu; Linux x86_64; rv:137.0) Gecko/20100101 Firefox/137.0"
130.51.20.151 - - [21/Sep/2026:09:10:59 +0700] "GET /best-amatic-online-casinos-uk-2026/ HTTP/1.1" 200 - "https://matin168d.com/" "Mozilla/5.0 (X11; Ubuntu; Linux x86_64; rv:137.0) Gecko/20100101 Firefox/137.0"
103.198.133.66 - - [21/Sep/2026:09:11:34 +0700] "GET /wp_luci.php HTTP/1.1" 301 - "-" "Mozilla/5.0 (Windows NT 10.0; Win64; x64) AppleWebKit/537.36 (KHTML, like Gecko) Chrome/151.0.0.0 Safari/537.36"
103.198.133.66 - - [21/Sep/2026:09:11:34 +0700] "GET /wp_luci.php HTTP/1.1" 301 - "-" "Mozilla/5.0 (Windows NT 10.0; Win64; x64) AppleWebKit/537.36 (KHTML, like Gecko) Chrome/151.0.0.0 Safari/537.36"
103.198.133.66 - - [21/Sep/2026:09:11:37 +0700] "GET /wp_luci.php HTTP/1.1" 301 - "-" "Mozilla/5.0 (Windows NT 10.0; Win64; x64) AppleWebKit/537.36 (KHTML, like Gecko) Chrome/151.0.0.0 Safari/537.36"
103.198.133.66 - - [21/Sep/2026:09:11:39 +0700] "GET / HTTP/1.1" 200 - "-" "Mozilla/5.0 (Windows NT 10.0; Win64; x64) AppleWebKit/537.36 (KHTML, like Gecko) Chrome/151.0.0.0 Safari/537.36"
103.198.133.66 - - [21/Sep/2026:09:11:39 +0700] "GET / HTTP/1.1" 200 - "-" "Mozilla/5.0 (Windows NT 10.0; Win64; x64) AppleWebKit/537.36 (KHTML, like Gecko) Chrome/151.0.0.0 Safari/537.36"
103.198.133.66 - - [21/Sep/2026:09:11:39 +0700] "GET /wp_luci.php HTTP/1.1" 301 - "-" "Mozilla/5.0 (Windows NT 10.0; Win64; x64) AppleWebKit/537.36 (KHTML, like Gecko) Chrome/151.0.0.0 Safari/537.36"
103.198.133.66 - - [21/Sep/2026:09:11:41 +0700] "GET /favicon.ico HTTP/1.1" 302 - "https://matin168d.com/" "Mozilla/5.0 (Windows NT 10.0; Win64; x64) AppleWebKit/537.36 (KHTML, like Gecko) Chrome/151.0.0.0 Safari/537.36"
103.198.133.66 - - [21/Sep/2026:09:11:41 +0700] "GET / HTTP/1.1" 200 - "-" "Mozilla/5.0 (Windows NT 10.0; Win64; x64) AppleWebKit/537.36 (KHTML, like Gecko) Chrome/151.0.0.0 Safari/537.36"
103.198.133.66 - - [21/Sep/2026:09:11:43 +0700] "GET /favicon.ico HTTP/1.1" 302 - "https://matin168d.com/" "Mozilla/5.0 (Windows NT 10.0; Win64; x64) AppleWebKit/537.36 (KHTML, like Gecko) Chrome/151.0.0.0 Safari/537.36"
103.198.133.66 - - [21/Sep/2026:09:11:44 +0700] "GET /wp-content/uploads/2026/03/logo-150x150.webp HTTP/1.1" 200 6850 "https://matin168d.com/" "Mozilla/5.0 (Windows NT 10.0; Win64; x64) AppleWebKit/537.36 (KHTML, like Gecko) Chrome/151.0.0.0 Safari/537.36"
66.249.72.65 - - [21/Sep/2026:09:12:19 +0700] "GET /sitemap3.xml HTTP/1.1" 200 - "-" "Mozilla/5.0 (compatible; Googlebot/2.1; +http://www.google.com/bot.html)"
212.125.15.70 - - [21/Sep/2026:09:13:35 +0700] "GET / HTTP/1.1" 200 - "-" "Mozilla/5.0 (X11; Linux x86_64) AppleWebKit/537.36 (KHTML, like Gecko) Chrome/129.0.0.0 Safari/537.36"
198.252.107.178 - - [21/Sep/2026:09:13:37 +0700] "POST /wp-cron.php?doing_wp_cron=1789956817.5517499446868896484375 HTTP/1.1" 301 - "-" "WordPress/7.1.1; https://matin168d.com"
212.125.15.70 - - [21/Sep/2026:09:13:39 +0700] "GET / HTTP/1.1" 200 - "-" "Mozilla/5.0 (X11; Linux x86_64) AppleWebKit/537.36 (KHTML, like Gecko) Chrome/129.0.0.0 Safari/537.36"
212.125.15.70 - - [21/Sep/2026:09:13:40 +0700] "GET / HTTP/1.1" 200 - "-" "Mozilla/5.0 (X11; Linux x86_64) AppleWebKit/537.36 (KHTML, like Gecko) Chrome/129.0.0.0 Safari/537.36"
