177.10.63.54 - - [21/Sep/2026:06:17:26 +0700] "GET / HTTP/1.1" 200 - "-" "Jetpack by WordPress.com (Jetpack 12.5; WordPress 6.2)"
198.252.107.178 - - [21/Sep/2026:06:17:36 +0700] "POST /wp-cron.php?doing_wp_cron=1789946256.5920529365539550781250 HTTP/1.1" 301 - "-" "WordPress/7.1.1; https://matin168d.com"
177.10.63.54 - - [21/Sep/2026:06:17:35 +0700] "POST /xmlrpc.php HTTP/1.1" 301 - "-" "Jetpack by WordPress.com (Jetpack 13.0; WordPress 6.1)"
177.10.63.54 - - [21/Sep/2026:06:17:37 +0700] "GET / HTTP/1.1" 200 - "-" "Jetpack by WordPress.com (Jetpack 13.0; WordPress 6.1)"
177.10.63.54 - - [21/Sep/2026:06:17:46 +0700] "POST /xmlrpc.php HTTP/1.1" 301 - "-" "WordPress.com; https://wordpress.com"
177.10.63.54 - - [21/Sep/2026:06:17:47 +0700] "GET / HTTP/1.1" 200 - "-" "WordPress.com; https://wordpress.com"
177.10.63.54 - - [21/Sep/2026:06:17:56 +0700] "POST /xmlrpc.php HTTP/1.1" 301 - "-" "Jetpack/13.0; WordPress/6.4; http://site48142458.com"
177.10.63.54 - - [21/Sep/2026:06:17:58 +0700] "GET / HTTP/1.1" 200 - "-" "Jetpack/13.0; WordPress/6.4; http://site48142458.com"
177.10.63.54 - - [21/Sep/2026:06:18:07 +0700] "POST /xmlrpc.php HTTP/1.1" 301 - "-" "Jetpack/12.5; WordPress/6.3; http://site53031275.com"
177.10.63.54 - - [21/Sep/2026:06:18:08 +0700] "GET / HTTP/1.1" 200 - "-" "Jetpack/12.5; WordPress/6.3; http://site53031275.com"
177.10.63.54 - - [21/Sep/2026:06:18:18 +0700] "POST /xmlrpc.php HTTP/1.1" 301 - "-" "Jetpack by WordPress.com (Jetpack 13.0; WordPress 6.4)"
177.10.63.54 - - [21/Sep/2026:06:18:19 +0700] "GET / HTTP/1.1" 200 - "-" "Jetpack by WordPress.com (Jetpack 13.0; WordPress 6.4)"
177.10.63.54 - - [21/Sep/2026:06:18:28 +0700] "POST /xmlrpc.php HTTP/1.1" 301 - "-" "Jetpack by WordPress.com (Jetpack 12.5; WordPress 6.3)"
177.10.63.54 - - [21/Sep/2026:06:18:29 +0700] "GET / HTTP/1.1" 200 - "-" "Jetpack by WordPress.com (Jetpack 12.5; WordPress 6.3)"
198.252.107.178 - - [21/Sep/2026:06:18:40 +0700] "POST /wp-cron.php?doing_wp_cron=1789946320.1476590633392333984375 HTTP/1.1" 301 - "-" "WordPress/7.1.1; https://matin168d.com"
177.10.63.54 - - [21/Sep/2026:06:18:39 +0700] "POST /xmlrpc.php HTTP/1.1" 301 - "-" "Jetpack/12.0; WordPress/6.3; http://site39773066.com"
177.10.63.54 - - [21/Sep/2026:06:18:41 +0700] "GET / HTTP/1.1" 200 - "-" "Jetpack/12.0; WordPress/6.3; http://site39773066.com"
177.10.63.54 - - [21/Sep/2026:06:18:49 +0700] "POST /xmlrpc.php HTTP/1.1" 301 - "-" "Jetpack by WordPress.com"
177.10.63.54 - - [21/Sep/2026:06:18:51 +0700] "GET / HTTP/1.1" 200 - "-" "Jetpack by WordPress.com"
177.10.63.54 - - [21/Sep/2026:06:19:00 +0700] "POST /xmlrpc.php HTTP/1.1" 301 - "-" "Jetpack/12.1; WordPress/6.2; http://site85467350.com"
177.10.63.54 - - [21/Sep/2026:06:19:01 +0700] "GET / HTTP/1.1" 200 - "-" "Jetpack/12.1; WordPress/6.2; http://site85467350.com"
177.10.63.54 - - [21/Sep/2026:06:19:10 +0700] "POST /xmlrpc.php HTTP/1.1" 301 - "-" "Jetpack by WordPress.com"
177.10.63.54 - - [21/Sep/2026:06:19:12 +0700] "GET / HTTP/1.1" 200 - "-" "Jetpack by WordPress.com"
177.10.63.54 - - [21/Sep/2026:06:19:21 +0700] "POST /xmlrpc.php HTTP/1.1" 301 - "-" "Jetpack by WordPress.com (Jetpack 12.5; WordPress 6.4)"
177.10.63.54 - - [21/Sep/2026:06:19:23 +0700] "GET / HTTP/1.1" 200 - "-" "Jetpack by WordPress.com (Jetpack 12.5; WordPress 6.4)"
177.10.63.54 - - [21/Sep/2026:06:19:32 +0700] "POST /xmlrpc.php HTTP/1.1" 301 - "-" "WordPress.com; https://wordpress.com"
177.10.63.54 - - [21/Sep/2026:06:19:33 +0700] "GET / HTTP/1.1" 200 - "-" "WordPress.com; https://wordpress.com"
66.249.72.68 - - [21/Sep/2026:06:19:34 +0700] "GET /furusato.php?sitemap508.xml HTTP/1.1" 403 - "-" "Mozilla/5.0 (compatible; Googlebot/2.1; +http://www.google.com/bot.html)"
198.252.107.178 - - [21/Sep/2026:06:19:43 +0700] "POST /wp-cron.php?doing_wp_cron=1789946383.5497980117797851562500 HTTP/1.1" 301 - "-" "WordPress/7.1.1; https://matin168d.com"
177.10.63.54 - - [21/Sep/2026:06:19:42 +0700] "POST /xmlrpc.php HTTP/1.1" 301 - "-" "Jetpack by WordPress.com (Jetpack 12.1; WordPress 6.2)"
177.10.63.54 - - [21/Sep/2026:06:19:44 +0700] "GET / HTTP/1.1" 200 - "-" "Jetpack by WordPress.com (Jetpack 12.1; WordPress 6.2)"
177.10.63.54 - - [21/Sep/2026:06:19:53 +0700] "POST /xmlrpc.php HTTP/1.1" 301 - "-" "Jetpack/13.0; WordPress/6.1; http://site26235981.com"
177.10.63.54 - - [21/Sep/2026:06:19:54 +0700] "GET / HTTP/1.1" 200 - "-" "Jetpack/13.0; WordPress/6.1; http://site26235981.com"
177.10.63.54 - - [21/Sep/2026:06:20:03 +0700] "POST /xmlrpc.php HTTP/1.1" 301 - "-" "WordPress.com; https://wordpress.com"
177.10.63.54 - - [21/Sep/2026:06:20:05 +0700] "GET / HTTP/1.1" 200 - "-" "WordPress.com; https://wordpress.com"
177.10.63.54 - - [21/Sep/2026:06:20:14 +0700] "POST /xmlrpc.php HTTP/1.1" 301 - "-" "Jetpack by WordPress.com (Jetpack 13.0; WordPress 6.3)"
177.10.63.54 - - [21/Sep/2026:06:20:15 +0700] "GET / HTTP/1.1" 200 - "-" "Jetpack by WordPress.com (Jetpack 13.0; WordPress 6.3)"
177.10.63.54 - - [21/Sep/2026:06:20:24 +0700] "POST /xmlrpc.php HTTP/1.1" 301 - "-" "WordPress.com; https://wordpress.com"
177.10.63.54 - - [21/Sep/2026:06:20:26 +0700] "GET / HTTP/1.1" 200 - "-" "WordPress.com; https://wordpress.com"
177.10.63.54 - - [21/Sep/2026:06:20:35 +0700] "POST /xmlrpc.php HTTP/1.1" 301 - "-" "Jetpack by WordPress.com (Jetpack 12.5; WordPress 6.4)"
177.10.63.54 - - [21/Sep/2026:06:20:37 +0700] "GET / HTTP/1.1" 200 - "-" "Jetpack by WordPress.com (Jetpack 12.5; WordPress 6.4)"
198.204.240.234 - - [21/Sep/2026:06:20:34 +0700] "GET /wp-content/qqd523b6/edit.php HTTP/1.1" 200 6 "https://matin168d.com/wp-content/qqd523b6/edit.php" "Mozilla/5.0 (compatible; MSIE 9.0; Windows NT 6.1; WOW64; Trident/5.0)"
177.10.63.54 - - [21/Sep/2026:06:20:46 +0700] "POST /xmlrpc.php HTTP/1.1" 301 - "-" "Jetpack by WordPress.com"
198.252.107.178 - - [21/Sep/2026:06:20:47 +0700] "POST /wp-cron.php?doing_wp_cron=1789946447.4228489398956298828125 HTTP/1.1" 301 - "-" "WordPress/7.1.1; https://matin168d.com"
177.10.63.54 - - [21/Sep/2026:06:20:48 +0700] "GET / HTTP/1.1" 200 - "-" "Jetpack by WordPress.com"
177.10.63.54 - - [21/Sep/2026:06:20:56 +0700] "POST /xmlrpc.php HTTP/1.1" 301 - "-" "WordPress.com; https://wordpress.com"
177.10.63.54 - - [21/Sep/2026:06:20:58 +0700] "GET / HTTP/1.1" 200 - "-" "WordPress.com; https://wordpress.com"
66.249.72.68 - - [21/Sep/2026:06:21:04 +0700] "GET /furusato.php?sitemap716.xml HTTP/1.1" 403 - "-" "Mozilla/5.0 (compatible; Googlebot/2.1; +http://www.google.com/bot.html)"
177.10.63.54 - - [21/Sep/2026:06:21:07 +0700] "POST /xmlrpc.php HTTP/1.1" 301 - "-" "Jetpack by WordPress.com (Jetpack 12.1; WordPress 6.4)"
177.10.63.54 - - [21/Sep/2026:06:21:09 +0700] "GET / HTTP/1.1" 200 - "-" "Jetpack by WordPress.com (Jetpack 12.1; WordPress 6.4)"
177.10.63.54 - - [21/Sep/2026:06:21:17 +0700] "POST /xmlrpc.php HTTP/1.1" 301 - "-" "Jetpack/12.0; WordPress/6.1; http://site47442383.com"
177.10.63.54 - - [21/Sep/2026:06:21:19 +0700] "GET / HTTP/1.1" 200 - "-" "Jetpack/12.0; WordPress/6.1; http://site47442383.com"
177.10.63.54 - - [21/Sep/2026:06:21:28 +0700] "POST /xmlrpc.php HTTP/1.1" 301 - "-" "Jetpack by WordPress.com (Jetpack 12.1; WordPress 6.2)"
177.10.63.54 - - [21/Sep/2026:06:21:29 +0700] "GET / HTTP/1.1" 200 - "-" "Jetpack by WordPress.com (Jetpack 12.1; WordPress 6.2)"
177.10.63.54 - - [21/Sep/2026:06:21:39 +0700] "POST /xmlrpc.php HTTP/1.1" 301 - "-" "Jetpack by WordPress.com"
177.10.63.54 - - [21/Sep/2026:06:21:40 +0700] "GET / HTTP/1.1" 200 - "-" "Jetpack by WordPress.com"
198.204.240.234 - - [21/Sep/2026:06:20:14 +0700] "GET /wp-content/qqd523b6/edit.php HTTP/1.1" 200 - "https://matin168d.com/wp-content/qqd523b6/edit.php" "Mozilla/5.0 (Macintosh; Intel Mac OS X 10_8) AppleWebKit/536.25 (KHTML, like Gecko) Version/6.0 Safari/536.25"
177.10.63.54 - - [21/Sep/2026:06:21:49 +0700] "POST /xmlrpc.php HTTP/1.1" 301 - "-" "WordPress.com; https://wordpress.com"
198.252.107.178 - - [21/Sep/2026:06:21:50 +0700] "POST /wp-cron.php?doing_wp_cron=1789946510.6121919155120849609375 HTTP/1.1" 301 - "-" "WordPress/7.1.1; https://matin168d.com"
177.10.63.54 - - [21/Sep/2026:06:21:51 +0700] "GET / HTTP/1.1" 200 - "-" "WordPress.com; https://wordpress.com"
177.10.63.54 - - [21/Sep/2026:06:22:00 +0700] "POST /xmlrpc.php HTTP/1.1" 301 - "-" "Jetpack/12.5; WordPress/6.3; http://site12402458.com"
177.10.63.54 - - [21/Sep/2026:06:22:04 +0700] "GET / HTTP/1.1" 200 - "-" "Jetpack/12.5; WordPress/6.3; http://site12402458.com"
177.10.63.54 - - [21/Sep/2026:06:22:10 +0700] "POST /xmlrpc.php HTTP/1.1" 301 - "-" "WordPress.com; https://wordpress.com"
177.10.63.54 - - [21/Sep/2026:06:22:11 +0700] "GET / HTTP/1.1" 200 - "-" "WordPress.com; https://wordpress.com"
177.10.63.54 - - [21/Sep/2026:06:22:21 +0700] "POST /xmlrpc.php HTTP/1.1" 301 - "-" "Jetpack by WordPress.com"
177.10.63.54 - - [21/Sep/2026:06:22:22 +0700] "GET / HTTP/1.1" 200 - "-" "Jetpack by WordPress.com"
177.10.63.54 - - [21/Sep/2026:06:22:32 +0700] "POST /xmlrpc.php HTTP/1.1" 301 - "-" "Jetpack by WordPress.com"
177.10.63.54 - - [21/Sep/2026:06:22:33 +0700] "GET / HTTP/1.1" 200 - "-" "Jetpack by WordPress.com"
177.10.63.54 - - [21/Sep/2026:06:22:42 +0700] "POST /xmlrpc.php HTTP/1.1" 301 - "-" "Jetpack by WordPress.com (Jetpack 12.0; WordPress 6.3)"
177.10.63.54 - - [21/Sep/2026:06:22:43 +0700] "GET / HTTP/1.1" 200 - "-" "Jetpack by WordPress.com (Jetpack 12.0; WordPress 6.3)"
198.252.107.178 - - [21/Sep/2026:06:22:54 +0700] "POST /wp-cron.php?doing_wp_cron=1789946574.1400101184844970703125 HTTP/1.1" 301 - "-" "WordPress/7.1.1; https://matin168d.com"
177.10.63.54 - - [21/Sep/2026:06:22:53 +0700] "POST /xmlrpc.php HTTP/1.1" 301 - "-" "Jetpack by WordPress.com"
177.10.63.54 - - [21/Sep/2026:06:22:55 +0700] "GET / HTTP/1.1" 200 - "-" "Jetpack by WordPress.com"
177.10.63.54 - - [21/Sep/2026:06:23:03 +0700] "POST /xmlrpc.php HTTP/1.1" 301 - "-" "WordPress.com; https://wordpress.com"
177.10.63.54 - - [21/Sep/2026:06:23:05 +0700] "GET / HTTP/1.1" 200 - "-" "WordPress.com; https://wordpress.com"
177.10.63.54 - - [21/Sep/2026:06:23:14 +0700] "POST /xmlrpc.php HTTP/1.1" 301 - "-" "Jetpack by WordPress.com"
177.10.63.54 - - [21/Sep/2026:06:23:15 +0700] "GET / HTTP/1.1" 200 - "-" "Jetpack by WordPress.com"
177.10.63.54 - - [21/Sep/2026:06:23:25 +0700] "POST /xmlrpc.php HTTP/1.1" 301 - "-" "Jetpack by WordPress.com"
177.10.63.54 - - [21/Sep/2026:06:23:26 +0700] "GET / HTTP/1.1" 200 - "-" "Jetpack by WordPress.com"
177.10.63.54 - - [21/Sep/2026:06:23:35 +0700] "POST /xmlrpc.php HTTP/1.1" 301 - "-" "Jetpack/12.0; WordPress/6.4; http://site11673172.com"
177.10.63.54 - - [21/Sep/2026:06:23:37 +0700] "GET / HTTP/1.1" 200 - "-" "Jetpack/12.0; WordPress/6.4; http://site11673172.com"
177.10.63.54 - - [21/Sep/2026:06:23:46 +0700] "POST /xmlrpc.php HTTP/1.1" 301 - "-" "WordPress.com; https://wordpress.com"
177.10.63.54 - - [21/Sep/2026:06:23:47 +0700] "GET / HTTP/1.1" 200 - "-" "WordPress.com; https://wordpress.com"
177.10.63.54 - - [21/Sep/2026:06:23:57 +0700] "POST /xmlrpc.php HTTP/1.1" 301 - "-" "WordPress.com; https://wordpress.com"
198.252.107.178 - - [21/Sep/2026:06:23:58 +0700] "POST /wp-cron.php?doing_wp_cron=1789946638.6839320659637451171875 HTTP/1.1" 301 - "-" "WordPress/7.1.1; https://matin168d.com"
177.10.63.54 - - [21/Sep/2026:06:24:00 +0700] "GET / HTTP/1.1" 200 - "-" "WordPress.com; https://wordpress.com"
177.10.63.54 - - [21/Sep/2026:06:24:07 +0700] "POST /xmlrpc.php HTTP/1.1" 301 - "-" "Jetpack by WordPress.com"
177.10.63.54 - - [21/Sep/2026:06:24:09 +0700] "GET / HTTP/1.1" 200 - "-" "Jetpack by WordPress.com"
177.10.63.54 - - [21/Sep/2026:06:24:18 +0700] "POST /xmlrpc.php HTTP/1.1" 301 - "-" "Jetpack/12.0; WordPress/6.4; http://site80377861.com"
198.204.240.234 - - [21/Sep/2026:06:24:15 +0700] "GET /wp-content/qqd523b6/edit.php HTTP/1.1" 200 6 "https://matin168d.com/wp-content/qqd523b6/edit.php" "Mozilla/5.0 (Windows NT 5.1) AppleWebKit/534.30 (KHTML, like Gecko) Chrome/12.0.742.122 Safari/534.30 ChromePlus/1.6.3.1"
177.10.63.54 - - [21/Sep/2026:06:24:19 +0700] "GET / HTTP/1.1" 200 - "-" "Jetpack/12.0; WordPress/6.4; http://site80377861.com"
177.10.63.54 - - [21/Sep/2026:06:24:28 +0700] "POST /xmlrpc.php HTTP/1.1" 301 - "-" "Jetpack by WordPress.com (Jetpack 13.0; WordPress 6.1)"
177.10.63.54 - - [21/Sep/2026:06:24:30 +0700] "GET / HTTP/1.1" 200 - "-" "Jetpack by WordPress.com (Jetpack 13.0; WordPress 6.1)"
177.10.63.54 - - [21/Sep/2026:06:24:39 +0700] "POST /xmlrpc.php HTTP/1.1" 301 - "-" "Jetpack by WordPress.com (Jetpack 12.0; WordPress 6.1)"
177.10.63.54 - - [21/Sep/2026:06:24:41 +0700] "GET / HTTP/1.1" 200 - "-" "Jetpack by WordPress.com (Jetpack 12.0; WordPress 6.1)"
177.10.63.54 - - [21/Sep/2026:06:24:50 +0700] "POST /xmlrpc.php HTTP/1.1" 301 - "-" "Jetpack by WordPress.com"
177.10.63.54 - - [21/Sep/2026:06:24:51 +0700] "GET / HTTP/1.1" 200 - "-" "Jetpack by WordPress.com"
177.10.63.54 - - [21/Sep/2026:06:25:00 +0700] "POST /xmlrpc.php HTTP/1.1" 301 - "-" "Jetpack by WordPress.com (Jetpack 12.5; WordPress 6.4)"
198.252.107.178 - - [21/Sep/2026:06:25:02 +0700] "POST /wp-cron.php?doing_wp_cron=1789946702.2251210212707519531250 HTTP/1.1" 301 - "-" "WordPress/7.1.1; https://matin168d.com"
177.10.63.54 - - [21/Sep/2026:06:25:03 +0700] "GET / HTTP/1.1" 200 - "-" "Jetpack by WordPress.com (Jetpack 12.5; WordPress 6.4)"
177.10.63.54 - - [21/Sep/2026:06:25:11 +0700] "POST /xmlrpc.php HTTP/1.1" 301 - "-" "Jetpack/12.5; WordPress/6.4; http://site65084891.com"
177.10.63.54 - - [21/Sep/2026:06:25:13 +0700] "GET / HTTP/1.1" 200 - "-" "Jetpack/12.5; WordPress/6.4; http://site65084891.com"
198.204.240.234 - - [21/Sep/2026:06:23:55 +0700] "GET /wp-content/qqd523b6/edit.php HTTP/1.1" 200 - "https://matin168d.com/wp-content/qqd523b6/edit.php" "Mozilla/4.0 (compatible; MSIE 7.0; Windows NT 6.0; SLCC1; .NET CLR 2.0.50727; Media Center PC 5.0; .NET CLR 3.0.04506; InfoPath.1)"
177.10.63.54 - - [21/Sep/2026:06:25:21 +0700] "POST /xmlrpc.php HTTP/1.1" 301 - "-" "Jetpack by WordPress.com (Jetpack 12.0; WordPress 6.3)"
177.10.63.54 - - [21/Sep/2026:06:25:23 +0700] "GET / HTTP/1.1" 200 - "-" "Jetpack by WordPress.com (Jetpack 12.0; WordPress 6.3)"
177.10.63.54 - - [21/Sep/2026:06:25:32 +0700] "POST /xmlrpc.php HTTP/1.1" 301 - "-" "Jetpack/12.1; WordPress/6.3; http://site52130549.com"
177.10.63.54 - - [21/Sep/2026:06:25:33 +0700] "GET / HTTP/1.1" 200 - "-" "Jetpack/12.1; WordPress/6.3; http://site52130549.com"
177.10.63.54 - - [21/Sep/2026:06:25:42 +0700] "POST /xmlrpc.php HTTP/1.1" 301 - "-" "Jetpack/12.1; WordPress/6.2; http://site69858709.com"
177.10.63.54 - - [21/Sep/2026:06:25:44 +0700] "GET / HTTP/1.1" 200 - "-" "Jetpack/12.1; WordPress/6.2; http://site69858709.com"
177.10.63.54 - - [21/Sep/2026:06:25:53 +0700] "POST /xmlrpc.php HTTP/1.1" 301 - "-" "Jetpack by WordPress.com"
177.10.63.54 - - [21/Sep/2026:06:25:54 +0700] "GET / HTTP/1.1" 200 - "-" "Jetpack by WordPress.com"
198.252.107.178 - - [21/Sep/2026:06:26:05 +0700] "POST /wp-cron.php?doing_wp_cron=1789946765.2464148998260498046875 HTTP/1.1" 301 - "-" "WordPress/7.1.1; https://matin168d.com"
177.10.63.54 - - [21/Sep/2026:06:26:04 +0700] "POST /xmlrpc.php HTTP/1.1" 301 - "-" "Jetpack/12.0; WordPress/6.4; http://site65294061.com"
177.10.63.54 - - [21/Sep/2026:06:26:06 +0700] "GET / HTTP/1.1" 200 - "-" "Jetpack/12.0; WordPress/6.4; http://site65294061.com"
177.10.63.54 - - [21/Sep/2026:06:26:14 +0700] "POST /xmlrpc.php HTTP/1.1" 301 - "-" "Jetpack/13.0; WordPress/6.4; http://site48924032.com"
177.10.63.54 - - [21/Sep/2026:06:26:16 +0700] "GET / HTTP/1.1" 200 - "-" "Jetpack/13.0; WordPress/6.4; http://site48924032.com"
177.10.63.54 - - [21/Sep/2026:06:26:24 +0700] "POST /xmlrpc.php HTTP/1.1" 301 - "-" "Jetpack by WordPress.com (Jetpack 12.5; WordPress 6.4)"
177.10.63.54 - - [21/Sep/2026:06:26:27 +0700] "GET / HTTP/1.1" 200 - "-" "Jetpack by WordPress.com (Jetpack 12.5; WordPress 6.4)"
177.10.63.54 - - [21/Sep/2026:06:26:35 +0700] "POST /xmlrpc.php HTTP/1.1" 301 - "-" "Jetpack by WordPress.com"
177.10.63.54 - - [21/Sep/2026:06:26:37 +0700] "GET / HTTP/1.1" 200 - "-" "Jetpack by WordPress.com"
177.10.63.54 - - [21/Sep/2026:06:26:46 +0700] "POST /xmlrpc.php HTTP/1.1" 301 - "-" "WordPress.com; https://wordpress.com"
177.10.63.54 - - [21/Sep/2026:06:26:49 +0700] "GET / HTTP/1.1" 200 - "-" "WordPress.com; https://wordpress.com"
177.10.63.54 - - [21/Sep/2026:06:26:57 +0700] "POST /xmlrpc.php HTTP/1.1" 301 - "-" "Jetpack by WordPress.com"
177.10.63.54 - - [21/Sep/2026:06:26:58 +0700] "GET / HTTP/1.1" 200 - "-" "Jetpack by WordPress.com"
177.10.63.54 - - [21/Sep/2026:06:27:07 +0700] "POST /xmlrpc.php HTTP/1.1" 301 - "-" "Jetpack by WordPress.com (Jetpack 12.0; WordPress 6.3)"
198.252.107.178 - - [21/Sep/2026:06:27:08 +0700] "POST /wp-cron.php?doing_wp_cron=1789946828.7978200912475585937500 HTTP/1.1" 301 - "-" "WordPress/7.1.1; https://matin168d.com"
177.10.63.54 - - [21/Sep/2026:06:27:10 +0700] "GET / HTTP/1.1" 200 - "-" "Jetpack by WordPress.com (Jetpack 12.0; WordPress 6.3)"
177.10.63.54 - - [21/Sep/2026:06:27:18 +0700] "POST /xmlrpc.php HTTP/1.1" 301 - "-" "Jetpack by WordPress.com (Jetpack 12.1; WordPress 6.3)"
177.10.63.54 - - [21/Sep/2026:06:27:19 +0700] "GET / HTTP/1.1" 200 - "-" "Jetpack by WordPress.com (Jetpack 12.1; WordPress 6.3)"
177.10.63.54 - - [21/Sep/2026:06:27:28 +0700] "POST /xmlrpc.php HTTP/1.1" 301 - "-" "WordPress.com; https://wordpress.com"
177.10.63.54 - - [21/Sep/2026:06:27:30 +0700] "GET / HTTP/1.1" 200 - "-" "WordPress.com; https://wordpress.com"
177.10.63.54 - - [21/Sep/2026:06:27:39 +0700] "POST /xmlrpc.php HTTP/1.1" 301 - "-" "Jetpack by WordPress.com"
177.10.63.54 - - [21/Sep/2026:06:27:40 +0700] "GET / HTTP/1.1" 200 - "-" "Jetpack by WordPress.com"
177.10.63.54 - - [21/Sep/2026:06:27:50 +0700] "POST /xmlrpc.php HTTP/1.1" 301 - "-" "Jetpack by WordPress.com"
177.10.63.54 - - [21/Sep/2026:06:27:51 +0700] "GET / HTTP/1.1" 200 - "-" "Jetpack by WordPress.com"
177.10.63.54 - - [21/Sep/2026:06:28:00 +0700] "POST /xmlrpc.php HTTP/1.1" 301 - "-" "Jetpack by WordPress.com"
177.10.63.54 - - [21/Sep/2026:06:28:02 +0700] "GET / HTTP/1.1" 200 - "-" "Jetpack by WordPress.com"
198.252.107.178 - - [21/Sep/2026:06:28:12 +0700] "POST /wp-cron.php?doing_wp_cron=1789946892.1897990703582763671875 HTTP/1.1" 301 - "-" "WordPress/7.1.1; https://matin168d.com"
177.10.63.54 - - [21/Sep/2026:06:28:11 +0700] "POST /xmlrpc.php HTTP/1.1" 301 - "-" "Jetpack by WordPress.com (Jetpack 12.5; WordPress 6.2)"
177.10.63.54 - - [21/Sep/2026:06:28:13 +0700] "GET / HTTP/1.1" 200 - "-" "Jetpack by WordPress.com (Jetpack 12.5; WordPress 6.2)"
177.10.63.54 - - [21/Sep/2026:06:28:21 +0700] "POST /xmlrpc.php HTTP/1.1" 301 - "-" "Jetpack/13.0; WordPress/6.4; http://site84266987.com"
177.10.63.54 - - [21/Sep/2026:06:28:23 +0700] "GET / HTTP/1.1" 200 - "-" "Jetpack/13.0; WordPress/6.4; http://site84266987.com"
66.249.72.68 - - [21/Sep/2026:06:28:57 +0700] "GET /recommend.php?sitemap579.xml HTTP/1.1" 403 - "-" "Mozilla/5.0 (compatible; Googlebot/2.1; +http://www.google.com/bot.html)"
104.219.251.64 - - [21/Sep/2026:06:31:31 +0700] "GET /wp-login.php HTTP/1.1" 200 7160 "https://matin168hr.com/" "Mozilla/5.0 (X11; Linux x86_64) AppleWebKit/537.36 (KHTML, like Gecko) Chrome/148.0.0.0 Safari/537.36"
104.219.251.64 - - [21/Sep/2026:06:31:32 +0700] "POST /wp-login.php HTTP/1.1" 200 7584 "https://matin168hr.com/wp-login.php" "Mozilla/5.0 (X11; Linux x86_64) AppleWebKit/537.36 (KHTML, like Gecko) Chrome/148.0.0.0 Safari/537.36"
104.219.251.64 - - [21/Sep/2026:06:31:34 +0700] "GET /wp-json/wp/v2/users/me HTTP/1.1" 401 96 "https://matin168hr.com/" "Mozilla/5.0 (X11; Linux x86_64) AppleWebKit/537.36 (KHTML, like Gecko) Chrome/148.0.0.0 Safari/537.36"
198.204.240.234 - - [21/Sep/2026:06:32:53 +0700] "GET /wp-content/qqd523b6/edit.php HTTP/1.1" 200 6 "https://matin168d.com/wp-content/qqd523b6/edit.php" "Mozilla/5.0 (Windows NT 6.1; WOW64) AppleWebKit/535.7 (KHTML, like Gecko) Chrome/16.0.912.75 Safari/535.7"
198.204.240.234 - - [21/Sep/2026:06:32:33 +0700] "GET /wp-content/qqd523b6/edit.php HTTP/1.1" 200 - "https://matin168d.com/wp-content/qqd523b6/edit.php" "Mozilla/5.0 (compatible; MSIE 10.0; Windows NT 6.2; Trident/6.0)"
45.150.173.46 - - [21/Sep/2026:06:35:52 +0700] "GET /best-amatic-online-casinos-uk-2026/ HTTP/1.1" 200 - "https://matin168d.com/" "Mozilla/5.0 (X11; Linux x86_64) AppleWebKit/537.36 (KHTML, like Gecko) Chrome/136.0.0.0 Safari/537.36"
198.252.107.178 - - [21/Sep/2026:06:35:54 +0700] "POST /wp-cron.php?doing_wp_cron=1789947354.1746349334716796875000 HTTP/1.1" 301 - "-" "WordPress/7.1.1; https://matin168d.com"
98.159.234.177 - - [21/Sep/2026:06:35:56 +0700] "GET /best-amatic-online-casinos-uk-2026/ HTTP/1.1" 200 - "https://matin168d.com/" "Mozilla/5.0 (X11; Linux x86_64) AppleWebKit/537.36 (KHTML, like Gecko) Chrome/136.0.0.0 Safari/537.36"
158.173.3.209 - - [21/Sep/2026:06:35:58 +0700] "GET /best-amatic-online-casinos-uk-2026/ HTTP/1.1" 200 - "https://matin168d.com/" "Mozilla/5.0 (X11; Linux x86_64) AppleWebKit/537.36 (KHTML, like Gecko) Chrome/136.0.0.0 Safari/537.36"
66.249.72.68 - - [21/Sep/2026:06:36:50 +0700] "GET /recommend.php?sitemap528.xml HTTP/1.1" 403 - "-" "Mozilla/5.0 (compatible; Googlebot/2.1; +http://www.google.com/bot.html)"
66.249.72.67 - - [21/Sep/2026:06:39:40 +0700] "GET /furusato.php?sitemap21.xml HTTP/1.1" 403 - "-" "Mozilla/5.0 (compatible; Googlebot/2.1; +http://www.google.com/bot.html)"
147.224.161.222 - - [21/Sep/2026:06:42:29 +0700] "GET / HTTP/1.1" 200 - "http://matin168hr.com/" "Go-http-client/1.1"
198.252.107.178 - - [21/Sep/2026:06:42:32 +0700] "POST /wp-cron.php?doing_wp_cron=1789947752.5196869373321533203125 HTTP/1.1" 301 - "-" "WordPress/7.1.1; https://matin168d.com"
147.224.161.222 - - [21/Sep/2026:06:42:34 +0700] "GET /wp-includes/css/buttons.css HTTP/1.1" 200 13059 "http://matin168hr.com/wp-includes/css/buttons.css" "Go-http-client/1.1"
198.204.240.234 - - [21/Sep/2026:06:43:11 +0700] "GET /wp-content/qqd523b6/edit.php HTTP/1.1" 200 6 "https://matin168d.com/wp-content/qqd523b6/edit.php" "Mozilla/5.0 (Macintosh; U; PPC Mac OS X; ja-jp) AppleWebKit/523.10.6 (KHTML, like Gecko) Version/3.0.4 Safari/523.10.6"
198.204.240.234 - - [21/Sep/2026:06:43:08 +0700] "GET /wp-content/qqd523b6/edit.php HTTP/1.1" 200 15 "https://matin168d.com/wp-content/qqd523b6/edit.php" "Mozilla/5.0 (Macintosh; U; Intel Mac OS X 10_5_5; ja-jp) AppleWebKit/525.26.2 (KHTML, like Gecko) Version/3.2 Safari/525.26.12"
198.204.240.234 - - [21/Sep/2026:06:43:27 +0700] "GET /wp-content/qqd523b6/edit.php HTTP/1.1" 200 6 "https://matin168d.com/wp-content/qqd523b6/edit.php" "Mozilla/5.0 (compatible; MSIE 10.0; Windows NT 6.2; Win64; x64; Trident/6.0)"
198.204.240.234 - - [21/Sep/2026:06:42:50 +0700] "GET /wp-content/qqd523b6/edit.php HTTP/1.1" 200 - "https://matin168d.com/wp-content/qqd523b6/edit.php" "Mozilla/4.0 (compatible; MSIE 7.0; Windows NT 5.1)"
159.26.106.29 - - [21/Sep/2026:06:46:00 +0700] "GET /best-bingo-sites-uk-no-wagering-2026/ HTTP/1.1" 200 - "https://matin168d.com/" "Mozilla/5.0 (X11; Ubuntu; Linux x86_64; rv:136.0) Gecko/20100101 Firefox/136.0"
198.252.107.178 - - [21/Sep/2026:06:46:07 +0700] "POST /wp-cron.php?doing_wp_cron=1789947965.5581018924713134765625 HTTP/1.1" 301 - "-" "WordPress/7.1.1; https://matin168d.com"
159.26.106.29 - - [21/Sep/2026:06:46:07 +0700] "GET /best-bingo-sites-uk-no-wagering-2026/ HTTP/1.1" 200 - "https://matin168d.com/" "Mozilla/5.0 (X11; Ubuntu; Linux x86_64; rv:136.0) Gecko/20100101 Firefox/136.0"
159.26.106.29 - - [21/Sep/2026:06:46:13 +0700] "GET /best-bingo-sites-uk-no-wagering-2026/ HTTP/1.1" 200 - "https://matin168d.com/" "Mozilla/5.0 (X11; Ubuntu; Linux x86_64; rv:136.0) Gecko/20100101 Firefox/136.0"
155.138.156.38 - - [21/Sep/2026:06:47:53 +0700] "GET / HTTP/1.1" 200 - "-" "Mozilla/5.0 (Windows NT 10.0; Win64; x64) AppleWebKit/537.36 (KHTML, like Gecko) Chrome/137.0.0.0 Safari/537.36"
198.252.107.178 - - [21/Sep/2026:06:48:00 +0700] "POST /wp-cron.php?doing_wp_cron=1789948080.1880469322204589843750 HTTP/1.1" 301 - "-" "WordPress/7.1.1; https://matin168d.com"
155.138.156.38 - - [21/Sep/2026:06:48:01 +0700] "GET / HTTP/1.1" 200 - "-" "Mozilla/5.0 (Windows NT 10.0; Win64; x64) AppleWebKit/537.36 (KHTML, like Gecko) Chrome/137.0.0.0 Safari/537.36"
155.138.156.38 - - [21/Sep/2026:06:48:05 +0700] "GET / HTTP/1.1" 200 - "-" "Mozilla/5.0 (Windows NT 10.0; Win64; x64) AppleWebKit/537.36 (KHTML, like Gecko) Chrome/137.0.0.0 Safari/537.36"
66.249.72.67 - - [21/Sep/2026:06:49:08 +0700] "GET /recommend.php?sitemap479.xml HTTP/1.1" 403 - "-" "Mozilla/5.0 (compatible; Googlebot/2.1; +http://www.google.com/bot.html)"
2001:4ca0:108:42::24 - - [21/Sep/2026:06:51:34 +0700] "GET /robots.txt HTTP/1.1" 200 258 "-" "Mozilla/5.0 (Windows NT 10.0; Win64; x64) AppleWebKit/537.36 (KHTML, like Gecko) Chrome/103.0.5060.134 Safari/537.36"
198.204.240.234 - - [21/Sep/2026:06:55:15 +0700] "GET /wp-content/qqd523b6/edit.php HTTP/1.1" 200 6 "https://matin168d.com/wp-content/qqd523b6/edit.php" "Mozilla/5.0 (Macintosh; Intel Mac OS X 10_6_8) AppleWebKit/534.24 (KHTML, like Gecko) Chrome/11.0.696.71 Safari/534.24"
198.204.240.234 - - [21/Sep/2026:06:55:22 +0700] "GET /wp-content/qqd523b6/edit.php HTTP/1.1" 200 6 "https://matin168d.com/wp-content/qqd523b6/edit.php" "Mozilla/5.0 (Macintosh; Intel Mac OS X 10_7_2) AppleWebKit/535.2 (KHTML, like Gecko) Chrome/15.0.874.106 Safari/535.2"
45.117.63.156 - - [21/Sep/2026:06:55:23 +0700] "GET /best-barcrest-online-casinos-uk-2026/ HTTP/1.1" 200 - "https://matin168d.com/" "Mozilla/5.0 (Windows NT 10.0; Win64; x64) AppleWebKit/537.36 (KHTML, like Gecko) Chrome/137.0.0.0 Safari/537.36"
45.117.63.156 - - [21/Sep/2026:06:55:11 +0700] "GET /best-barcrest-online-casinos-uk-2026/ HTTP/1.1" 200 - "https://matin168d.com/" "Mozilla/5.0 (Windows NT 10.0; Win64; x64) AppleWebKit/537.36 (KHTML, like Gecko) Chrome/137.0.0.0 Safari/537.36"
45.117.63.156 - - [21/Sep/2026:06:55:41 +0700] "GET /best-barcrest-online-casinos-uk-2026/ HTTP/1.1" 200 - "https://matin168d.com/" "Mozilla/5.0 (Windows NT 10.0; Win64; x64) AppleWebKit/537.36 (KHTML, like Gecko) Chrome/137.0.0.0 Safari/537.36"
198.252.107.178 - - [21/Sep/2026:06:55:45 +0700] "POST /wp-cron.php?doing_wp_cron=1789948543.9024379253387451171875 HTTP/1.1" 301 - "-" "WordPress/7.1.1; https://matin168d.com"
198.252.107.178 - - [21/Sep/2026:06:55:42 +0700] "POST /wp-cron.php?doing_wp_cron=1789948539.4121959209442138671875 HTTP/1.1" 301 - "-" "WordPress/7.1.1; https://matin168d.com"
198.204.240.234 - - [21/Sep/2026:06:55:05 +0700] "GET /wp-content/qqd523b6/edit.php HTTP/1.1" 200 - "https://matin168d.com/wp-content/qqd523b6/edit.php" "Mozilla/4.0 (compatible; MSIE 7.0; Windows NT 5.1; SV1)"
2001:41d0:304:300::3de9 - - [21/Sep/2026:06:57:39 +0700] "GET /wp-login.php HTTP/1.1" 200 7160 "http://matin168d.com/" "Mozilla/5.0 (Windows NT 10.0; Win64; x64) AppleWebKit/537.36 (KHTML, like Gecko) Chrome/149.0.0.0 Safari/537.36"
2001:41d0:304:300::3de9 - - [21/Sep/2026:06:57:45 +0700] "POST /wp-login.php HTTP/1.1" 200 7584 "http://matin168d.com/wp-login.php" "Mozilla/5.0 (Windows NT 10.0; Win64; x64) AppleWebKit/537.36 (KHTML, like Gecko) Chrome/149.0.0.0 Safari/537.36"
2a06:98c0:3600::103 - - [21/Sep/2026:07:00:24 +0700] "GET /wp-admin/install.php?step=1 HTTP/1.1" 200 1368 "-" "http://matin168hr.com/wp-admin/install.php?step=1"
198.252.107.178 - - [21/Sep/2026:07:00:25 +0700] "POST /wp-cron.php?doing_wp_cron=1789948825.6958739757537841796875 HTTP/1.1" 301 - "-" "WordPress/7.1.1; https://matin168d.com"
148.113.128.164 - - [21/Sep/2026:07:01:46 +0700] "GET /robots.txt HTTP/1.1" 200 258 "-" "Mozilla/5.0 (compatible; AhrefsBot/7.0; +http://ahrefs.com/robot/)"
92.222.104.197 - - [21/Sep/2026:07:01:47 +0700] "GET /sitemap983.xml HTTP/1.1" 200 13 "-" "Mozilla/5.0 (compatible; AhrefsBot/7.0; +http://ahrefs.com/robot/)"
66.249.72.66 - - [21/Sep/2026:07:02:29 +0700] "GET /furusato.php?sitemap36.xml HTTP/1.1" 403 - "-" "Mozilla/5.0 (compatible; Googlebot/2.1; +http://www.google.com/bot.html)"
198.204.240.234 - - [21/Sep/2026:07:02:28 +0700] "GET /wp-content/qqd523b6/edit.php HTTP/1.1" 200 6 "https://matin168d.com/wp-content/qqd523b6/edit.php" "Mozilla/5.0 (compatible; MSIE 10.0; Windows NT 6.2; Win64; x64; Trident/6.0)"
66.249.72.64 - - [21/Sep/2026:07:02:48 +0700] "GET /furusato.php?sitemap775.xml HTTP/1.1" 403 - "-" "Mozilla/5.0 (compatible; Googlebot/2.1; +http://www.google.com/bot.html)"
198.204.240.234 - - [21/Sep/2026:07:02:52 +0700] "GET /wp-content/qqd523b6/edit.php HTTP/1.1" 200 6 "https://matin168d.com/wp-content/qqd523b6/edit.php" "Mozilla/5.0 (X11; Linux i686) AppleWebKit/535.2 (KHTML, like Gecko) Ubuntu/10.04 Chromium/15.0.874.106 Chrome/15.0.874.106 Safari/535.2"
198.204.240.234 - - [21/Sep/2026:07:02:08 +0700] "GET /wp-content/qqd523b6/edit.php HTTP/1.1" 200 - "https://matin168d.com/wp-content/qqd523b6/edit.php" "Mozilla/5.0 (compatible; MSIE 10.0; Windows NT 6.2; WOW64; Trident/6.0)"
66.249.72.64 - - [21/Sep/2026:07:03:51 +0700] "GET /furusato.php?sitemap226.xml HTTP/1.1" 403 - "-" "Mozilla/5.0 (compatible; Googlebot/2.1; +http://www.google.com/bot.html)"
92.222.104.205 - - [21/Sep/2026:07:08:17 +0700] "GET /sitemap736.xml HTTP/1.1" 200 13 "-" "Mozilla/5.0 (compatible; AhrefsBot/7.0; +http://ahrefs.com/robot/)"
198.252.107.178 - - [21/Sep/2026:07:10:03 +0700] "POST /wp-cron.php?doing_wp_cron=1789949403.0953869819641113281250 HTTP/1.1" 301 - "-" "WordPress/7.1.1; https://matin168d.com"
51.79.192.65 - - [21/Sep/2026:07:09:59 +0700] "GET /best-bingo-casinos-uk-2026/ HTTP/1.1" 200 - "https://matin168d.com/" "Mozilla/5.0 (Windows NT 10.0; Win64; x64) AppleWebKit/537.36 (KHTML, like Gecko) Chrome/124.0.0.0 Safari/537.36"
51.79.192.65 - - [21/Sep/2026:07:10:04 +0700] "GET /best-bingo-casinos-uk-2026/ HTTP/1.1" 200 - "https://matin168d.com/" "Mozilla/5.0 (Windows NT 10.0; Win64; x64) AppleWebKit/537.36 (KHTML, like Gecko) Chrome/124.0.0.0 Safari/537.36"
51.79.192.65 - - [21/Sep/2026:07:10:05 +0700] "GET /best-bingo-casinos-uk-2026/ HTTP/1.1" 200 - "https://matin168d.com/" "Mozilla/5.0 (Windows NT 10.0; Win64; x64) AppleWebKit/537.36 (KHTML, like Gecko) Chrome/124.0.0.0 Safari/537.36"
109.206.181.70 - - [21/Sep/2026:07:12:24 +0700] "GET / HTTP/1.1" 200 - "-" "Mozilla/5.0 (Windows NT 10.0; Win64; x64) AppleWebKit/537.36 (KHTML, like Gecko) obsidian/1.8.4 Chrome/130.0.6723.191 Electron/33.3.2 Safari/537.36"
198.252.107.178 - - [21/Sep/2026:07:12:26 +0700] "POST /wp-cron.php?doing_wp_cron=1789949546.1028389930725097656250 HTTP/1.1" 301 - "-" "WordPress/7.1.1; https://matin168d.com"
109.206.181.70 - - [21/Sep/2026:07:12:27 +0700] "GET / HTTP/1.1" 200 - "-" "Mozilla/5.0 (Windows NT 10.0; Win64; x64) AppleWebKit/537.36 (KHTML, like Gecko) obsidian/1.8.4 Chrome/130.0.6723.191 Electron/33.3.2 Safari/537.36"
109.206.181.70 - - [21/Sep/2026:07:12:30 +0700] "GET / HTTP/1.1" 200 - "-" "Mozilla/5.0 (Windows NT 10.0; Win64; x64) AppleWebKit/537.36 (KHTML, like Gecko) obsidian/1.8.4 Chrome/130.0.6723.191 Electron/33.3.2 Safari/537.36"
51.79.168.112 - - [21/Sep/2026:07:13:09 +0700] "GET /best-betsoft-online-casinos-uk-2026/ HTTP/1.1" 200 - "https://matin168d.com/" "Mozilla/5.0 (Windows NT 10.0; Win64; x64) AppleWebKit/537.36 (KHTML, like Gecko) Chrome/146.0.0.0 Safari/537.36"
51.79.168.112 - - [21/Sep/2026:07:13:11 +0700] "GET /best-betsoft-online-casinos-uk-2026/ HTTP/1.1" 200 - "https://matin168d.com/" "Mozilla/5.0 (Windows NT 10.0; Win64; x64) AppleWebKit/537.36 (KHTML, like Gecko) Chrome/146.0.0.0 Safari/537.36"
51.79.168.112 - - [21/Sep/2026:07:13:13 +0700] "GET /best-betsoft-online-casinos-uk-2026/ HTTP/1.1" 200 - "https://matin168d.com/" "Mozilla/5.0 (Windows NT 10.0; Win64; x64) AppleWebKit/537.36 (KHTML, like Gecko) Chrome/146.0.0.0 Safari/537.36"
198.204.240.234 - - [21/Sep/2026:07:14:11 +0700] "GET /wp-content/qqd523b6/edit.php HTTP/1.1" 200 15 "https://matin168d.com/wp-content/qqd523b6/edit.php" "Mozilla/4.0 (compatible; MSIE 8.0; Windows NT 5.1; Trident/4.0; .NET CLR 2.0.50727; InfoPath.1"
198.204.240.234 - - [21/Sep/2026:07:14:51 +0700] "GET /wp-content/qqd523b6/edit.php HTTP/1.1" 200 6 "https://matin168d.com/wp-content/qqd523b6/edit.php" "Mozilla/5.0 (Macintosh; U; PPC Mac OS X; ja-jp) AppleWebKit/522.11.1 (KHTML, like Gecko) Version/3.0.3 Safari/522.12.1"
198.204.240.234 - - [21/Sep/2026:07:14:31 +0700] "GET /wp-content/qqd523b6/edit.php HTTP/1.1" 200 - "https://matin168d.com/wp-content/qqd523b6/edit.php" "Mozilla/5.0 (Macintosh; Intel Mac OS X 10_6_8) AppleWebKit/535.1 (KHTML, like Gecko) Chrome/13.0.782.220 Safari/535.1"
2001:4ca0:108:42::24 - - [21/Sep/2026:07:17:55 +0700] "GET /robots.txt HTTP/1.1" 200 258 "-" "Mozilla/5.0 (Windows NT 10.0; Win64; x64) AppleWebKit/537.36 (KHTML, like Gecko) Chrome/103.0.5060.134 Safari/537.36"
165.99.15.62 - - [21/Sep/2026:07:18:18 +0700] "GET /best-bingo-sites-uk-no-wagering-2026/ HTTP/1.1" 200 - "https://matin168d.com/" "Mozilla/5.0 (Windows NT 10.0; Win64; x64; rv:137.0) Gecko/20100101 Firefox/137.0"
198.252.107.178 - - [21/Sep/2026:07:18:21 +0700] "POST /wp-cron.php?doing_wp_cron=1789949901.7304620742797851562500 HTTP/1.1" 301 - "-" "WordPress/7.1.1; https://matin168d.com"
165.99.15.37 - - [21/Sep/2026:07:18:23 +0700] "GET /best-bingo-sites-uk-no-wagering-2026/ HTTP/1.1" 200 - "https://matin168d.com/" "Mozilla/5.0 (Windows NT 10.0; Win64; x64; rv:137.0) Gecko/20100101 Firefox/137.0"
165.99.15.14 - - [21/Sep/2026:07:18:26 +0700] "GET /best-bingo-sites-uk-no-wagering-2026/ HTTP/1.1" 200 - "https://matin168d.com/" "Mozilla/5.0 (Windows NT 10.0; Win64; x64; rv:137.0) Gecko/20100101 Firefox/137.0"
66.249.72.69 - - [21/Sep/2026:07:21:08 +0700] "GET /furusato.php?sitemap113.xml HTTP/1.1" 403 - "-" "Mozilla/5.0 (compatible; Googlebot/2.1; +http://www.google.com/bot.html)"
198.204.240.234 - - [21/Sep/2026:07:21:27 +0700] "GET /wp-content/qqd523b6/edit.php HTTP/1.1" 200 6 "https://matin168d.com/wp-content/qqd523b6/edit.php" "Mozilla/5.0 (Macintosh; Intel Mac OS X 10_6_8) AppleWebKit/535.1 (KHTML, like Gecko) Chrome/13.0.782.112 Safari/535.1"
66.249.72.67 - - [21/Sep/2026:07:21:42 +0700] "GET /recommend.php?sitemap674.xml HTTP/1.1" 403 - "-" "Mozilla/5.0 (compatible; Googlebot/2.1; +http://www.google.com/bot.html)"
198.204.240.234 - - [21/Sep/2026:07:21:06 +0700] "GET /wp-content/qqd523b6/edit.php HTTP/1.1" 200 - "https://matin168d.com/wp-content/qqd523b6/edit.php" "Mozilla/5.0 (compatible; MSIE 10.0; Windows NT 6.2; WOW64; Trident/6.0)"
66.249.72.68 - - [21/Sep/2026:07:23:09 +0700] "GET /recommend.php?sitemap631.xml HTTP/1.1" 403 - "-" "Mozilla/5.0 (compatible; Googlebot/2.1; +http://www.google.com/bot.html)"
66.249.72.66 - - [21/Sep/2026:07:26:11 +0700] "GET /furusato.php?sitemap234.xml HTTP/1.1" 403 - "-" "Mozilla/5.0 (compatible; Googlebot/2.1; +http://www.google.com/bot.html)"
104.207.33.115 - - [21/Sep/2026:07:26:09 +0700] "GET / HTTP/1.1" 200 - "-" "Mozilla/5.0 (Windows NT 10.0; Win64; x64) AppleWebKit/537.36 (KHTML, like Gecko) Chrome/145.0.0.0 Safari/537.36"
198.252.107.178 - - [21/Sep/2026:07:26:14 +0700] "POST /wp-cron.php?doing_wp_cron=1789950374.1666140556335449218750 HTTP/1.1" 301 - "-" "WordPress/7.1.1; https://matin168d.com"
198.204.240.234 - - [21/Sep/2026:07:26:15 +0700] "GET /wp-content/qqd523b6/edit.php HTTP/1.1" 200 6 "https://matin168d.com/wp-content/qqd523b6/edit.php" "Mozilla/5.0 (Macintosh; Intel Mac OS X 10_6_8) AppleWebKit/535.1 (KHTML, like Gecko) Chrome/13.0.782.112 Safari/535.1"
65.111.31.138 - - [21/Sep/2026:07:26:16 +0700] "GET / HTTP/1.1" 200 - "-" "Mozilla/5.0 (Windows NT 10.0; Win64; x64) AppleWebKit/537.36 (KHTML, like Gecko) Chrome/145.0.0.0 Safari/537.36"
209.50.185.230 - - [21/Sep/2026:07:26:18 +0700] "GET / HTTP/1.1" 200 - "-" "Mozilla/5.0 (Windows NT 10.0; Win64; x64) AppleWebKit/537.36 (KHTML, like Gecko) Chrome/145.0.0.0 Safari/537.36"
62.60.130.232 - - [21/Sep/2026:07:26:27 +0700] "GET / HTTP/1.1" 200 - "-" "Mozilla/5.0 (Windows NT 10.0; Win64; x64) AppleWebKit/537.36 (KHTML, like Gecko) Chrome/90.0.4430.85 Safari/537.36"
62.60.130.232 - - [21/Sep/2026:07:26:32 +0700] "GET / HTTP/1.1" 200 - "-" "Mozilla/5.0 (Windows NT 10.0; Win64; x64) AppleWebKit/537.36 (KHTML, like Gecko) Chrome/90.0.4430.85 Safari/537.36"
62.60.130.232 - - [21/Sep/2026:07:26:37 +0700] "GET / HTTP/1.1" 200 - "-" "Mozilla/5.0 (Windows NT 10.0; Win64; x64) AppleWebKit/537.36 (KHTML, like Gecko) Chrome/90.0.4430.85 Safari/537.36"
62.60.130.232 - - [21/Sep/2026:07:26:46 +0700] "GET /filefuns.php HTTP/1.1" 301 - "-" "Mozilla/5.0 (Windows NT 10.0; Win64; x64) AppleWebKit/537.36 (KHTML, like Gecko) Chrome/90.0.4430.85 Safari/537.36"
62.60.130.232 - - [21/Sep/2026:07:26:49 +0700] "GET / HTTP/1.1" 200 - "-" "Mozilla/5.0 (Windows NT 10.0; Win64; x64) AppleWebKit/537.36 (KHTML, like Gecko) Chrome/90.0.4430.85 Safari/537.36"
62.60.130.232 - - [21/Sep/2026:07:26:52 +0700] "GET /txets.php HTTP/1.1" 301 - "-" "Mozilla/5.0 (Windows NT 10.0; Win64; x64) AppleWebKit/537.36 (KHTML, like Gecko) Chrome/90.0.4430.85 Safari/537.36"
62.60.130.232 - - [21/Sep/2026:07:26:55 +0700] "GET / HTTP/1.1" 200 - "-" "Mozilla/5.0 (Windows NT 10.0; Win64; x64) AppleWebKit/537.36 (KHTML, like Gecko) Chrome/90.0.4430.85 Safari/537.36"
62.60.130.232 - - [21/Sep/2026:07:26:58 +0700] "GET /postnews.php HTTP/1.1" 301 - "-" "Mozilla/5.0 (Windows NT 10.0; Win64; x64) AppleWebKit/537.36 (KHTML, like Gecko) Chrome/90.0.4430.85 Safari/537.36"
62.60.130.232 - - [21/Sep/2026:07:27:01 +0700] "GET / HTTP/1.1" 200 - "-" "Mozilla/5.0 (Windows NT 10.0; Win64; x64) AppleWebKit/537.36 (KHTML, like Gecko) Chrome/90.0.4430.85 Safari/537.36"
198.204.240.234 - - [21/Sep/2026:07:25:55 +0700] "GET /wp-content/qqd523b6/edit.php HTTP/1.1" 200 - "https://matin168d.com/wp-content/qqd523b6/edit.php" "Mozilla/4.0 (compatible; MSIE 7.0; Windows NT 6.0; SLCC1; .NET CLR 2.0.50727; Media Center PC 5.0; .NET CLR 3.0.04506; InfoPath.1)"
66.249.72.64 - - [21/Sep/2026:07:29:25 +0700] "GET /furusato.php?sitemap393.xml HTTP/1.1" 403 - "-" "Mozilla/5.0 (compatible; Googlebot/2.1; +http://www.google.com/bot.html)"
213.209.159.133 - - [21/Sep/2026:07:29:45 +0700] "GET / HTTP/1.1" 200 - "https://matin168hr.com/" "Mozilla/5.0 (compatible; jscrawler/0.1; +https://github.com/)"
198.252.107.178 - - [21/Sep/2026:07:29:47 +0700] "POST /wp-cron.php?doing_wp_cron=1789950587.7607100009918212890625 HTTP/1.1" 301 - "-" "WordPress/7.1.1; https://matin168d.com"
204.12.240.98 - - [21/Sep/2026:07:29:48 +0700] "GET /19209xafaait36mewttmf97 HTTP/1.1" 200 116333 "-" "Googlebot/2.1 (+http://www.google.com/bot.html)"
204.12.240.98 - - [21/Sep/2026:07:29:50 +0700] "GET /furusato.php?9785xaeaalh58mewttmd99 HTTP/1.1" 403 120252 "-" "Googlebot/2.1 (+http://www.google.com/bot.html)"
213.209.159.133 - - [21/Sep/2026:07:29:56 +0700] "GET /.netrc HTTP/1.1" 301 - "https://matin168hr.com/.netrc" "Mozilla/5.0 (compatible; jscrawler/0.1; +https://github.com/)"
213.209.159.133 - - [21/Sep/2026:07:29:56 +0700] "GET /api/.env HTTP/1.1" 301 - "https://matin168hr.com/api/.env" "Mozilla/5.0 (compatible; jscrawler/0.1; +https://github.com/)"
213.209.159.133 - - [21/Sep/2026:07:29:56 +0700] "GET /%2Fbackend%2F.env HTTP/1.1" 301 - "https://matin168hr.com/%2fbackend%2f%2eenv" "Mozilla/5.0 (compatible; jscrawler/0.1; +https://github.com/)"
213.209.159.133 - - [21/Sep/2026:07:29:56 +0700] "GET /.env.dev HTTP/1.1" 301 - "https://matin168hr.com/.env.dev" "Mozilla/5.0 (compatible; jscrawler/0.1; +https://github.com/)"
213.209.159.133 - - [21/Sep/2026:07:29:56 +0700] "GET /src/.env HTTP/1.1" 301 - "https://matin168hr.com/src/.env" "Mozilla/5.0 (compatible; jscrawler/0.1; +https://github.com/)"
213.209.159.133 - - [21/Sep/2026:07:29:56 +0700] "GET /.env.save HTTP/1.1" 301 - "https://matin168hr.com/.env.save" "Mozilla/5.0 (compatible; jscrawler/0.1; +https://github.com/)"
213.209.159.133 - - [21/Sep/2026:07:29:57 +0700] "GET /.env.staging HTTP/1.1" 301 - "https://matin168hr.com/.env.staging" "Mozilla/5.0 (compatible; jscrawler/0.1; +https://github.com/)"
213.209.159.133 - - [21/Sep/2026:07:29:56 +0700] "GET /.npmrc HTTP/1.1" 301 - "https://matin168hr.com/.npmrc" "Mozilla/5.0 (compatible; jscrawler/0.1; +https://github.com/)"
213.209.159.133 - - [21/Sep/2026:07:29:57 +0700] "GET /info.php HTTP/1.1" 301 - "https://matin168hr.com/info.php" "Mozilla/5.0 (compatible; jscrawler/0.1; +https://github.com/)"
213.209.159.133 - - [21/Sep/2026:07:29:57 +0700] "GET /.env HTTP/1.1" 301 - "https://matin168hr.com/.env" "Mozilla/5.0 (compatible; jscrawler/0.1; +https://github.com/)"
213.209.159.133 - - [21/Sep/2026:07:29:57 +0700] "GET /.env.production HTTP/1.1" 301 - "https://matin168hr.com/.env.production" "Mozilla/5.0 (compatible; jscrawler/0.1; +https://github.com/)"
213.209.159.133 - - [21/Sep/2026:07:29:58 +0700] "GET /.env.local HTTP/1.1" 301 - "https://matin168hr.com/.env.local" "Mozilla/5.0 (compatible; jscrawler/0.1; +https://github.com/)"
213.209.159.133 - - [21/Sep/2026:07:29:58 +0700] "GET /phpinfo.php HTTP/1.1" 301 - "https://matin168hr.com/phpinfo.php" "Mozilla/5.0 (compatible; jscrawler/0.1; +https://github.com/)"
213.209.159.133 - - [21/Sep/2026:07:29:58 +0700] "GET /.env~ HTTP/1.1" 301 - "https://matin168hr.com/.env~" "Mozilla/5.0 (compatible; jscrawler/0.1; +https://github.com/)"
213.209.159.133 - - [21/Sep/2026:07:29:58 +0700] "GET /.env.backup HTTP/1.1" 301 - "https://matin168hr.com/.env.backup" "Mozilla/5.0 (compatible; jscrawler/0.1; +https://github.com/)"
213.209.159.133 - - [21/Sep/2026:07:29:58 +0700] "GET / HTTP/1.1" 200 - "https://matin168d.com/.netrc" "Mozilla/5.0 (compatible; jscrawler/0.1; +https://github.com/)"
213.209.159.133 - - [21/Sep/2026:07:29:58 +0700] "GET /test.php HTTP/1.1" 301 - "https://matin168hr.com/test.php" "Mozilla/5.0 (compatible; jscrawler/0.1; +https://github.com/)"
213.209.159.133 - - [21/Sep/2026:07:29:58 +0700] "GET / HTTP/1.1" 200 - "https://matin168d.com/api/.env" "Mozilla/5.0 (compatible; jscrawler/0.1; +https://github.com/)"
213.209.159.133 - - [21/Sep/2026:07:29:58 +0700] "GET /php-info.php HTTP/1.1" 301 - "https://matin168hr.com/php-info.php" "Mozilla/5.0 (compatible; jscrawler/0.1; +https://github.com/)"
213.209.159.133 - - [21/Sep/2026:07:29:58 +0700] "GET / HTTP/1.1" 200 - "https://matin168d.com/%2Fbackend%2F.env" "Mozilla/5.0 (compatible; jscrawler/0.1; +https://github.com/)"
213.209.159.133 - - [21/Sep/2026:07:29:58 +0700] "GET /.env.development HTTP/1.1" 301 - "https://matin168hr.com/.env.development" "Mozilla/5.0 (compatible; jscrawler/0.1; +https://github.com/)"
213.209.159.133 - - [21/Sep/2026:07:29:58 +0700] "GET / HTTP/1.1" 200 - "https://matin168d.com/.env.dev" "Mozilla/5.0 (compatible; jscrawler/0.1; +https://github.com/)"
213.209.159.133 - - [21/Sep/2026:07:29:59 +0700] "GET /.env.bak HTTP/1.1" 301 - "https://matin168hr.com/.env.bak" "Mozilla/5.0 (compatible; jscrawler/0.1; +https://github.com/)"
213.209.159.133 - - [21/Sep/2026:07:29:58 +0700] "GET / HTTP/1.1" 200 - "https://matin168d.com/src/.env" "Mozilla/5.0 (compatible; jscrawler/0.1; +https://github.com/)"
213.209.159.133 - - [21/Sep/2026:07:30:00 +0700] "GET /actuator/configprops HTTP/1.1" 301 - "https://matin168hr.com/actuator/configprops" "Mozilla/5.0 (compatible; jscrawler/0.1; +https://github.com/)"
213.209.159.133 - - [21/Sep/2026:07:30:00 +0700] "GET / HTTP/1.1" 200 - "https://matin168d.com/.env.staging" "Mozilla/5.0 (compatible; jscrawler/0.1; +https://github.com/)"
213.209.159.133 - - [21/Sep/2026:07:29:59 +0700] "GET / HTTP/1.1" 200 - "https://matin168d.com/.env.save" "Mozilla/5.0 (compatible; jscrawler/0.1; +https://github.com/)"
213.209.159.133 - - [21/Sep/2026:07:30:00 +0700] "GET /.kube/config HTTP/1.1" 301 - "https://matin168hr.com/.kube/config" "Mozilla/5.0 (compatible; jscrawler/0.1; +https://github.com/)"
213.209.159.133 - - [21/Sep/2026:07:30:00 +0700] "GET /php_info.php HTTP/1.1" 301 - "https://matin168hr.com/php_info.php" "Mozilla/5.0 (compatible; jscrawler/0.1; +https://github.com/)"
213.209.159.133 - - [21/Sep/2026:07:30:00 +0700] "GET /pi.php HTTP/1.1" 301 - "https://matin168hr.com/pi.php" "Mozilla/5.0 (compatible; jscrawler/0.1; +https://github.com/)"
213.209.159.133 - - [21/Sep/2026:07:30:00 +0700] "GET /backend/.env HTTP/1.1" 301 - "https://matin168hr.com/backend/.env" "Mozilla/5.0 (compatible; jscrawler/0.1; +https://github.com/)"
213.209.159.133 - - [21/Sep/2026:07:30:00 +0700] "GET /debug/vars HTTP/1.1" 301 - "https://matin168hr.com/debug/vars" "Mozilla/5.0 (compatible; jscrawler/0.1; +https://github.com/)"
213.209.159.133 - - [21/Sep/2026:07:30:00 +0700] "GET /.env.prod HTTP/1.1" 301 - "https://matin168hr.com/.env.prod" "Mozilla/5.0 (compatible; jscrawler/0.1; +https://github.com/)"
213.209.159.133 - - [21/Sep/2026:07:30:00 +0700] "GET /actuator/env HTTP/1.1" 301 - "https://matin168hr.com/actuator/env" "Mozilla/5.0 (compatible; jscrawler/0.1; +https://github.com/)"
213.209.159.133 - - [21/Sep/2026:07:30:00 +0700] "GET /.env.swp HTTP/1.1" 301 - "https://matin168hr.com/.env.swp" "Mozilla/5.0 (compatible; jscrawler/0.1; +https://github.com/)"
213.209.159.133 - - [21/Sep/2026:07:30:00 +0700] "GET / HTTP/1.1" 200 - "https://matin168d.com/.npmrc" "Mozilla/5.0 (compatible; jscrawler/0.1; +https://github.com/)"
213.209.159.133 - - [21/Sep/2026:07:30:00 +0700] "GET /_phpinfo.php HTTP/1.1" 301 - "https://matin168hr.com/_phpinfo.php" "Mozilla/5.0 (compatible; jscrawler/0.1; +https://github.com/)"
213.209.159.133 - - [21/Sep/2026:07:30:00 +0700] "GET /.env.old HTTP/1.1" 301 - "https://matin168hr.com/.env.old" "Mozilla/5.0 (compatible; jscrawler/0.1; +https://github.com/)"
213.209.159.133 - - [21/Sep/2026:07:30:01 +0700] "GET /.aws/config HTTP/1.1" 301 - "https://matin168hr.com/.aws/config" "Mozilla/5.0 (compatible; jscrawler/0.1; +https://github.com/)"
213.209.159.133 - - [21/Sep/2026:07:30:01 +0700] "GET /.docker/config.json HTTP/1.1" 301 - "https://matin168hr.com/.docker/config.json" "Mozilla/5.0 (compatible; jscrawler/0.1; +https://github.com/)"
213.209.159.133 - - [21/Sep/2026:07:30:01 +0700] "GET /%2F.env HTTP/1.1" 301 - "https://matin168hr.com/%2f%2eenv" "Mozilla/5.0 (compatible; jscrawler/0.1; +https://github.com/)"
213.209.159.133 - - [21/Sep/2026:07:30:02 +0700] "GET /.pypirc HTTP/1.1" 301 - "https://matin168hr.com/.pypirc" "Mozilla/5.0 (compatible; jscrawler/0.1; +https://github.com/)"
213.209.159.133 - - [21/Sep/2026:07:30:03 +0700] "GET /server-status HTTP/1.1" 301 - "https://matin168hr.com/server-status" "Mozilla/5.0 (compatible; jscrawler/0.1; +https://github.com/)"
213.209.159.133 - - [21/Sep/2026:07:30:02 +0700] "GET /.env HTTP/1.1" 301 - "https://matin168hr.com/%2eenv" "Mozilla/5.0 (compatible; jscrawler/0.1; +https://github.com/)"
213.209.159.133 - - [21/Sep/2026:07:30:04 +0700] "GET /app/.env HTTP/1.1" 301 - "https://matin168hr.com/app/.env" "Mozilla/5.0 (compatible; jscrawler/0.1; +https://github.com/)"
213.209.159.133 - - [21/Sep/2026:07:30:04 +0700] "GET /.env.stage HTTP/1.1" 301 - "https://matin168hr.com/.env.stage" "Mozilla/5.0 (compatible; jscrawler/0.1; +https://github.com/)"
213.209.159.133 - - [21/Sep/2026:07:30:05 +0700] "GET /%2F.aws%2Fcredentials HTTP/1.1" 301 - "https://matin168hr.com/%2f%2eaws%2fcredentials" "Mozilla/5.0 (compatible; jscrawler/0.1; +https://github.com/)"
213.209.159.133 - - [21/Sep/2026:07:30:04 +0700] "GET /i.php HTTP/1.1" 301 - "https://matin168hr.com/i.php" "Mozilla/5.0 (compatible; jscrawler/0.1; +https://github.com/)"
213.209.159.133 - - [21/Sep/2026:07:30:05 +0700] "GET /.git-credentials HTTP/1.1" 301 - "https://matin168hr.com/.git-credentials" "Mozilla/5.0 (compatible; jscrawler/0.1; +https://github.com/)"
213.209.159.133 - - [21/Sep/2026:07:30:06 +0700] "GET / HTTP/1.1" 200 - "https://matin168d.com/.env" "Mozilla/5.0 (compatible; jscrawler/0.1; +https://github.com/)"
213.209.159.133 - - [21/Sep/2026:07:30:06 +0700] "GET / HTTP/1.1" 200 - "https://matin168d.com/info.php" "Mozilla/5.0 (compatible; jscrawler/0.1; +https://github.com/)"
66.249.72.66 - - [21/Sep/2026:07:34:03 +0700] "GET /recommend.php?sitemap945.xml HTTP/1.1" 403 - "-" "Mozilla/5.0 (compatible; Googlebot/2.1; +http://www.google.com/bot.html)"
185.245.80.217 - - [21/Sep/2026:07:36:31 +0700] "GET /19209xafaait36mewttmf97 HTTP/1.1" 200 7006 "-" "Mozilla/5.0 (Windows NT 10.0; Win64; x64) AppleWebKit/537.36 (KHTML, like Gecko) Chrome/149.0.0.0 Safari/537.36"
51.89.45.121 - - [21/Sep/2026:07:36:51 +0700] "GET /best-betsoft-online-casinos-uk-2026/ HTTP/1.1" 200 - "https://matin168d.com/" "Mozilla/5.0 (Windows NT 10.0; Win64; x64) AppleWebKit/537.36 (KHTML, like Gecko) Chrome/131.0.0.0 Safari/537.36 Edg/131.0.0.0"
51.89.45.121 - - [21/Sep/2026:07:36:59 +0700] "GET /best-betsoft-online-casinos-uk-2026/ HTTP/1.1" 200 - "https://matin168d.com/" "Mozilla/5.0 (Windows NT 10.0; Win64; x64) AppleWebKit/537.36 (KHTML, like Gecko) Chrome/131.0.0.0 Safari/537.36 Edg/131.0.0.0"
51.89.45.121 - - [21/Sep/2026:07:37:03 +0700] "GET /best-betsoft-online-casinos-uk-2026/ HTTP/1.1" 200 - "https://matin168d.com/" "Mozilla/5.0 (Windows NT 10.0; Win64; x64) AppleWebKit/537.36 (KHTML, like Gecko) Chrome/131.0.0.0 Safari/537.36 Edg/131.0.0.0"
198.252.107.178 - - [21/Sep/2026:07:37:28 +0700] "POST /wp-cron.php?doing_wp_cron=1789951018.0974628925323486328125 HTTP/1.1" 301 - "-" "WordPress/7.1.1; https://matin168d.com"
198.204.240.234 - - [21/Sep/2026:07:37:40 +0700] "GET /wp-content/qqd523b6/edit.php HTTP/1.1" 200 6 "https://matin168d.com/wp-content/qqd523b6/edit.php" "Mozilla/4.0 (compatible; MSIE 7.0; Windows NT 6.0; SLCC1; .NET CLR 2.0.50727; Media Center PC 5.0; .NET CLR 3.0.04506)"
198.204.240.234 - - [21/Sep/2026:07:37:57 +0700] "GET /wp-content/qqd523b6/edit.php HTTP/1.1" 200 6 "https://matin168d.com/wp-content/qqd523b6/edit.php" "Mozilla/5.0 (compatible; MSIE 10.0; Windows NT 6.2; ARM; Trident/6.0)"
216.227.145.218 - - [21/Sep/2026:07:38:39 +0700] "GET /19209xafaait36mewttmf97 HTTP/1.1" 200 115657 "-" "Googlebot/2.1 (+http://www.google.com/bot.html)"
216.227.145.218 - - [21/Sep/2026:07:38:46 +0700] "GET /furusato.php?9785xaeaalh58mewttmd99 HTTP/1.1" 403 120452 "-" "Googlebot/2.1 (+http://www.google.com/bot.html)"
