198.252.107.178 - - [21/Sep/2026:00:25:12 +0700] "POST /wp-cron.php?doing_wp_cron=1789925112.0364589691162109375000 HTTP/1.1" 301 - "-" "WordPress/7.1.1; https://matin168d.com"
173.239.254.165 - - [21/Sep/2026:00:25:11 +0700] "POST /wp-login.php HTTP/1.1" 200 7532 "-" "Mozilla/5.0 (Windows NT 10.0; Win64; x64) AppleWebKit/537.36 Chrome/129.0.0.0 Safari/537.36"
198.204.240.234 - - [21/Sep/2026:00:25:34 +0700] "GET /wp-content/qqd523b6/edit.php HTTP/1.1" 200 6 "https://matin168d.com/wp-content/qqd523b6/edit.php" "Mozilla/5.0 (Windows NT 6.1) AppleWebKit/534.24 (KHTML, like Gecko) Chrome/11.0.696.65 Safari/534.24"
198.204.240.234 - - [21/Sep/2026:00:26:12 +0700] "GET /wp-content/qqd523b6/edit.php HTTP/1.1" 200 6 "https://matin168d.com/wp-content/qqd523b6/edit.php" "Mozilla/5.0 (Macintosh; U; PPC Mac OS X; ja-jp) AppleWebKit/523.12 (KHTML, like Gecko) Version/3.0.4 Safari/523.12"
45.3.55.118 - - [21/Sep/2026:00:26:19 +0700] "GET /best-bgaming-online-casinos-uk-2026/ HTTP/1.1" 200 - "https://matin168d.com/" "Mozilla/5.0 (Linux; Android 10; K) AppleWebKit/537.36 (KHTML, like Gecko) Chrome/147.0.0.0 Mobile Safari/537.36"
198.252.107.178 - - [21/Sep/2026:00:26:21 +0700] "POST /wp-cron.php?doing_wp_cron=1789925180.9296200275421142578125 HTTP/1.1" 301 - "-" "WordPress/7.1.1; https://matin168d.com"
162.241.203.222 - - [21/Sep/2026:00:26:22 +0700] "GET /wp-login.php HTTP/1.1" 200 7160 "http://matin168d.com/" "Mozilla/5.0 (Macintosh; Intel Mac OS X 10_15_7) AppleWebKit/537.36 (KHTML, like Gecko) Chrome/148.0.0.0 Safari/537.36"
65.111.9.132 - - [21/Sep/2026:00:26:23 +0700] "GET /best-bgaming-online-casinos-uk-2026/ HTTP/1.1" 200 - "https://matin168d.com/" "Mozilla/5.0 (Linux; Android 10; K) AppleWebKit/537.36 (KHTML, like Gecko) Chrome/147.0.0.0 Mobile Safari/537.36"
162.241.203.222 - - [21/Sep/2026:00:26:24 +0700] "POST /wp-login.php HTTP/1.1" 200 7532 "http://matin168d.com/wp-login.php" "Mozilla/5.0 (Macintosh; Intel Mac OS X 10_15_7) AppleWebKit/537.36 (KHTML, like Gecko) Chrome/148.0.0.0 Safari/537.36"
65.111.2.69 - - [21/Sep/2026:00:26:26 +0700] "GET /best-bgaming-online-casinos-uk-2026/ HTTP/1.1" 200 - "https://matin168d.com/" "Mozilla/5.0 (Linux; Android 10; K) AppleWebKit/537.36 (KHTML, like Gecko) Chrome/147.0.0.0 Mobile Safari/537.36"
198.204.240.234 - - [21/Sep/2026:00:25:14 +0700] "GET /wp-content/qqd523b6/edit.php HTTP/1.1" 200 - "https://matin168d.com/wp-content/qqd523b6/edit.php" "Mozilla/5.0 (Windows; U; Windows NT 5.1; en-US) AppleWebKit/534.16 (KHTML, like Gecko) Chrome/10.0.648.151 Safari/534.16"
198.252.107.178 - - [21/Sep/2026:00:28:44 +0700] "POST /wp-cron.php?doing_wp_cron=1789925324.9006009101867675781250 HTTP/1.1" 301 - "-" "WordPress/7.1.1; https://matin168d.com"
69.163.181.83 - - [21/Sep/2026:00:28:44 +0700] "GET /wp-content/plugins/all-404-redirect-to-homepage/all-404-redirect-to-homepage-other.php HTTP/1.1" 301 - "-" "Mozilla/5.0 (Windows NT 10.0; Win64; x64; rv:62.0) Gecko/20100101 Firefox/62.0"
69.163.181.83 - - [21/Sep/2026:00:28:46 +0700] "GET / HTTP/1.1" 200 - "-" "Mozilla/5.0 (Windows NT 10.0; Win64; x64; rv:62.0) Gecko/20100101 Firefox/62.0"
160.250.130.168 - - [21/Sep/2026:00:28:49 +0700] "GET /wp-content/plugins/all-404-redirect-to-homepage/all-404-redirect-to-homepage-other.php HTTP/1.1" 301 - "-" "Mozilla/5.0 (Windows NT 10.0; Win64; x64; rv:62.0) Gecko/20100101 Firefox/62.0"
160.250.130.168 - - [21/Sep/2026:00:28:50 +0700] "GET / HTTP/1.1" 200 - "-" "Mozilla/5.0 (Windows NT 10.0; Win64; x64; rv:62.0) Gecko/20100101 Firefox/62.0"
69.163.181.83 - - [21/Sep/2026:00:28:53 +0700] "GET /wp-content/plugins/all-404-redirect-to-homepage/all-404-redirect-to-homepage-other.php HTTP/1.1" 301 - "-" "Mozilla/5.0 (Windows NT 10.0; Win64; x64; rv:62.0) Gecko/20100101 Firefox/62.0"
69.163.181.83 - - [21/Sep/2026:00:28:55 +0700] "GET / HTTP/1.1" 200 - "-" "Mozilla/5.0 (Windows NT 10.0; Win64; x64; rv:62.0) Gecko/20100101 Firefox/62.0"
160.251.229.79 - - [21/Sep/2026:00:28:58 +0700] "GET /wp-content/plugins/all-404-redirect-to-homepage/all-404-redirect-to-homepage-other.php HTTP/1.1" 301 - "-" "Mozilla/5.0 (Windows NT 10.0; Win64; x64; rv:62.0) Gecko/20100101 Firefox/62.0"
160.251.229.79 - - [21/Sep/2026:00:29:02 +0700] "GET / HTTP/1.1" 200 - "-" "Mozilla/5.0 (Windows NT 10.0; Win64; x64; rv:62.0) Gecko/20100101 Firefox/62.0"
20.237.251.56 - - [21/Sep/2026:00:29:05 +0700] "GET /wp-content/plugins/all-404-redirect-to-homepage/all-404-redirect-to-homepage-other.php HTTP/1.1" 301 - "-" "Mozilla/5.0 (Windows NT 10.0; Win64; x64; rv:62.0) Gecko/20100101 Firefox/62.0"
20.237.251.56 - - [21/Sep/2026:00:29:07 +0700] "GET / HTTP/1.1" 200 - "-" "Mozilla/5.0 (Windows NT 10.0; Win64; x64; rv:62.0) Gecko/20100101 Firefox/62.0"
20.237.251.56 - - [21/Sep/2026:00:29:11 +0700] "GET /wp-content/plugins/all-404-redirect-to-homepage/all-404-redirect-to-homepage-other.php HTTP/1.1" 301 - "-" "Mozilla/5.0 (Windows NT 10.0; Win64; x64; rv:62.0) Gecko/20100101 Firefox/62.0"
20.237.251.56 - - [21/Sep/2026:00:29:13 +0700] "GET / HTTP/1.1" 200 - "-" "Mozilla/5.0 (Windows NT 10.0; Win64; x64; rv:62.0) Gecko/20100101 Firefox/62.0"
69.163.181.83 - - [21/Sep/2026:00:29:33 +0700] "GET /wp-content/plugins/all-404-redirect-to-homepage/all-404-redirect-to-homepage-other.php HTTP/1.1" 301 - "-" "Mozilla/5.0 (Windows NT 10.0; Win64; x64; rv:62.0) Gecko/20100101 Firefox/62.0"
69.163.181.83 - - [21/Sep/2026:00:29:39 +0700] "GET / HTTP/1.1" 200 - "-" "Mozilla/5.0 (Windows NT 10.0; Win64; x64; rv:62.0) Gecko/20100101 Firefox/62.0"
69.163.181.83 - - [21/Sep/2026:00:29:43 +0700] "GET /wp-content/plugins/all-404-redirect-to-homepage/all-404-redirect-to-homepage-other.php HTTP/1.1" 301 - "-" "Mozilla/5.0 (Windows NT 10.0; Win64; x64; rv:62.0) Gecko/20100101 Firefox/62.0"
198.252.107.178 - - [21/Sep/2026:00:29:47 +0700] "POST /wp-cron.php?doing_wp_cron=1789925387.3114991188049316406250 HTTP/1.1" 301 - "-" "WordPress/7.1.1; https://matin168d.com"
69.163.181.83 - - [21/Sep/2026:00:29:46 +0700] "GET / HTTP/1.1" 200 - "-" "Mozilla/5.0 (Windows NT 10.0; Win64; x64; rv:62.0) Gecko/20100101 Firefox/62.0"
162.241.54.84 - - [21/Sep/2026:00:29:49 +0700] "GET /wp-content/plugins/all-404-redirect-to-homepage/all-404-redirect-to-homepage-other.php HTTP/1.1" 301 - "-" "Mozilla/5.0 (Windows NT 10.0; Win64; x64; rv:62.0) Gecko/20100101 Firefox/62.0"
162.241.54.84 - - [21/Sep/2026:00:29:52 +0700] "GET / HTTP/1.1" 200 - "-" "Mozilla/5.0 (Windows NT 10.0; Win64; x64; rv:62.0) Gecko/20100101 Firefox/62.0"
51.75.236.153 - - [21/Sep/2026:00:31:08 +0700] "GET /sitemap736.xml HTTP/1.1" 200 13 "-" "Mozilla/5.0 (compatible; AhrefsBot/7.0; +http://ahrefs.com/robot/)"
62.60.130.27 - - [21/Sep/2026:00:35:43 +0700] "GET /wp-login.php HTTP/1.1" 200 7160 "https://www.linkedin.com/" "Mozilla/5.0 (Windows NT 11.0; Win64; x64) AppleWebKit/537.36 (KHTML, like Gecko) Chrome/120.0.6099.130 Safari/537.36"
198.252.107.178 - - [21/Sep/2026:00:35:48 +0700] "POST /wp-cron.php?doing_wp_cron=1789925747.8636701107025146484375 HTTP/1.1" 301 - "-" "WordPress/7.1.1; https://matin168d.com"
62.60.130.27 - - [21/Sep/2026:00:35:49 +0700] "GET /wp-login.php HTTP/1.1" 200 7160 "-" "Mozilla/5.0 (Windows NT 10.0; Win64; x64) AppleWebKit/537.36 (KHTML, like Gecko) Chrome/121.0.0.0 Safari/537.36 Edg/121.0.2277.83"
62.60.130.27 - - [21/Sep/2026:00:35:50 +0700] "GET /wp-admin/ HTTP/1.1" 302 - "-" "Mozilla/5.0 (Macintosh; Intel Mac OS X 13_6_2) AppleWebKit/537.36 (KHTML, like Gecko) Chrome/121.0.6167.85 Safari/537.36"
62.60.130.27 - - [21/Sep/2026:00:35:52 +0700] "GET /wp-login.php?redirect_to=https%3A%2F%2Fmatin168d.com%2Fwp-admin%2F&reauth=1 HTTP/1.1" 200 7160 "-" "Mozilla/5.0 (Macintosh; Intel Mac OS X 13_6_2) AppleWebKit/537.36 (KHTML, like Gecko) Chrome/121.0.6167.85 Safari/537.36"
198.204.240.234 - - [21/Sep/2026:00:38:10 +0700] "GET /wp-content/qqd523b6/edit.php HTTP/1.1" 200 6 "https://matin168d.com/wp-content/qqd523b6/edit.php" "Mozilla/5.0 (Windows NT 6.1) AppleWebKit/535.1 (KHTML, like Gecko) Chrome/13.0.782.107 Safari/535.1"
198.204.240.234 - - [21/Sep/2026:00:37:49 +0700] "GET /wp-content/qqd523b6/edit.php HTTP/1.1" 200 - "https://matin168d.com/wp-content/qqd523b6/edit.php" "Mozilla/4.0 (compatible; MSIE 7.0; Windows NT 5.1; .NET CLR 1.1.4322; .NET CLR 2.0.50727)"
94.23.188.222 - - [21/Sep/2026:00:39:38 +0700] "GET /?sitemap344.xml HTTP/1.1" 200 13 "-" "Mozilla/5.0 (compatible; AhrefsBot/7.0; +http://ahrefs.com/robot/)"
173.239.254.150 - - [21/Sep/2026:00:40:26 +0700] "POST /wp-login.php HTTP/1.1" 200 7532 "-" "Mozilla/5.0 (Windows NT 10.0; Win64; x64) AppleWebKit/537.36 Chrome/129.0.0.0 Safari/537.36"
198.252.107.178 - - [21/Sep/2026:00:40:27 +0700] "POST /wp-cron.php?doing_wp_cron=1789926027.0069000720977783203125 HTTP/1.1" 301 - "-" "WordPress/7.1.1; https://matin168d.com"
104.234.19.84 - - [21/Sep/2026:00:44:22 +0700] "GET /wp-login.php HTTP/1.1" 200 7160 "-" "Mozilla/5.0"
104.234.19.84 - - [21/Sep/2026:00:44:24 +0700] "GET /?author=1 HTTP/1.1" 301 - "-" "Mozilla/5.0"
104.234.19.84 - - [21/Sep/2026:00:44:26 +0700] "GET /?feed=rss2 HTTP/1.1" 200 183294 "-" "Mozilla/5.0"
198.204.240.234 - - [21/Sep/2026:00:45:45 +0700] "GET /wp-content/qqd523b6/edit.php HTTP/1.1" 200 6 "https://matin168d.com/wp-content/qqd523b6/edit.php" "Mozilla/5.0 (Macintosh; U; Intel Mac OS X 10_6_3; ja-jp) AppleWebKit/531.21.11 (KHTML, like Gecko) Version/4.0.4 Safari/531.21.10"
51.79.192.65 - - [21/Sep/2026:00:45:59 +0700] "GET /best-barcrest-online-casinos-uk-2026/ HTTP/1.1" 200 - "https://matin168d.com/" "Mozilla/5.0 (X11; Linux x86_64; rv:138.0) Gecko/20100101 Firefox/138.0"
198.252.107.178 - - [21/Sep/2026:00:46:04 +0700] "POST /wp-cron.php?doing_wp_cron=1789926363.8819770812988281250000 HTTP/1.1" 301 - "-" "WordPress/7.1.1; https://matin168d.com"
51.79.192.65 - - [21/Sep/2026:00:46:05 +0700] "GET /best-barcrest-online-casinos-uk-2026/ HTTP/1.1" 200 - "https://matin168d.com/" "Mozilla/5.0 (X11; Linux x86_64; rv:138.0) Gecko/20100101 Firefox/138.0"
51.79.192.65 - - [21/Sep/2026:00:46:07 +0700] "GET /best-barcrest-online-casinos-uk-2026/ HTTP/1.1" 200 - "https://matin168d.com/" "Mozilla/5.0 (X11; Linux x86_64; rv:138.0) Gecko/20100101 Firefox/138.0"
198.204.240.234 - - [21/Sep/2026:00:45:24 +0700] "GET /wp-content/qqd523b6/edit.php HTTP/1.1" 200 - "https://matin168d.com/wp-content/qqd523b6/edit.php" "Mozilla/5.0 (Macintosh; Intel Mac OS X 10.5; rv:8.0.1) Gecko/20100101 Firefox/8.0.1"
198.204.240.234 - - [21/Sep/2026:00:50:34 +0700] "GET /wp-content/qqd523b6/edit.php HTTP/1.1" 200 6 "https://matin168d.com/wp-content/qqd523b6/edit.php" "Mozilla/5.0 (Windows NT 6.1; WOW64; rv:5.0) Gecko/20100101 Firefox/5.0"
172.245.102.56 - - [21/Sep/2026:00:51:25 +0700] "POST /wp-login.php HTTP/1.1" 200 7532 "-" "Mozilla/5.0 (Windows NT 10.0; Win64; x64) AppleWebKit/537.36 Chrome/129.0.0.0 Safari/537.36"
198.252.107.178 - - [21/Sep/2026:00:51:26 +0700] "POST /wp-cron.php?doing_wp_cron=1789926686.9275190830230712890625 HTTP/1.1" 301 - "-" "WordPress/7.1.1; https://matin168d.com"
198.204.240.234 - - [21/Sep/2026:00:50:14 +0700] "GET /wp-content/qqd523b6/edit.php HTTP/1.1" 200 - "https://matin168d.com/wp-content/qqd523b6/edit.php" "Mozilla/5.0 (compatible; MSIE 10.0; Windows NT 6.2; WOW64; Trident/6.0)"
108.179.252.135 - - [21/Sep/2026:00:51:41 +0700] "GET /wp-login.php HTTP/1.1" 200 7160 "http://matin168d.com/" "Mozilla/5.0 (Macintosh; Intel Mac OS X 10_15_7) AppleWebKit/537.36 (KHTML, like Gecko) Chrome/149.0.0.0 Safari/537.36"
108.179.252.135 - - [21/Sep/2026:00:51:42 +0700] "POST /wp-login.php HTTP/1.1" 200 7584 "http://matin168d.com/wp-login.php" "Mozilla/5.0 (Macintosh; Intel Mac OS X 10_15_7) AppleWebKit/537.36 (KHTML, like Gecko) Chrome/149.0.0.0 Safari/537.36"
95.216.2.144 - - [21/Sep/2026:00:52:12 +0700] "GET /best-bingo-sites-uk-no-wagering-2026/ HTTP/1.1" 200 - "https://matin168d.com/" "Mozilla/5.0 (Macintosh; Intel Mac OS X 10_15_7) AppleWebKit/605.1.15 (KHTML, like Gecko) Version/17.6 Safari/605.1.15"
95.216.2.144 - - [21/Sep/2026:00:52:15 +0700] "GET /best-bingo-sites-uk-no-wagering-2026/ HTTP/1.1" 200 - "https://matin168d.com/" "Mozilla/5.0 (Macintosh; Intel Mac OS X 10_15_7) AppleWebKit/605.1.15 (KHTML, like Gecko) Version/17.6 Safari/605.1.15"
66.249.72.67 - - [21/Sep/2026:00:52:16 +0700] "GET /furusato.php?sitemap250.xml HTTP/1.1" 403 - "-" "Mozilla/5.0 (compatible; Googlebot/2.1; +http://www.google.com/bot.html)"
95.216.2.144 - - [21/Sep/2026:00:52:19 +0700] "GET /best-bingo-sites-uk-no-wagering-2026/ HTTP/1.1" 200 - "https://matin168d.com/" "Mozilla/5.0 (Macintosh; Intel Mac OS X 10_15_7) AppleWebKit/605.1.15 (KHTML, like Gecko) Version/17.6 Safari/605.1.15"
193.37.33.218 - - [21/Sep/2026:00:55:28 +0700] "POST /wp-login.php HTTP/1.1" 200 7532 "-" "Mozilla/5.0 (Macintosh; Intel Mac OS X 10_15_7) AppleWebKit/605.1.15 Version/17.0 Safari/605.1.15"
198.252.107.178 - - [21/Sep/2026:00:55:29 +0700] "POST /wp-cron.php?doing_wp_cron=1789926928.9522271156311035156250 HTTP/1.1" 301 - "-" "WordPress/7.1.1; https://matin168d.com"
198.252.107.178 - - [21/Sep/2026:00:59:27 +0700] "POST /wp-cron.php?doing_wp_cron=1789927167.3158569335937500000000 HTTP/1.1" 301 - "-" "WordPress/7.1.1; https://matin168d.com"
91.244.197.105 - - [21/Sep/2026:00:59:26 +0700] "POST /xmlrpc.php HTTP/1.1" 301 - "-" "Mozilla/5.0 (Macintosh; Intel Mac OS X 10_15_7) AppleWebKit/537.36 (KHTML, like Gecko) Chrome/149.0.0.0 Safari/537.36"
91.244.197.105 - - [21/Sep/2026:00:59:28 +0700] "GET / HTTP/1.1" 200 - "https://matin168d.com/xmlrpc.php" "Mozilla/5.0 (Macintosh; Intel Mac OS X 10_15_7) AppleWebKit/537.36 (KHTML, like Gecko) Chrome/149.0.0.0 Safari/537.36"
91.244.197.105 - - [21/Sep/2026:00:59:30 +0700] "GET /wp-json/wp/v2/users/me HTTP/1.1" 401 96 "-" "Mozilla/5.0 (Macintosh; Intel Mac OS X 10_15_7) AppleWebKit/537.36 (KHTML, like Gecko) Chrome/149.0.0.0 Safari/537.36"
209.141.37.195 - - [21/Sep/2026:01:01:52 +0700] "GET /wp-login.php HTTP/1.1" 200 7160 "-" "Mozilla/5.0 (Macintosh; Intel Mac OS X 10_6_8) AppleWebKit/537.36 (KHTML, like Gecko) Chrome/36.0.1985.125 Safari/537.36"
198.252.107.178 - - [21/Sep/2026:01:01:54 +0700] "POST /wp-cron.php?doing_wp_cron=1789927314.3449509143829345703125 HTTP/1.1" 301 - "-" "WordPress/7.1.1; https://matin168d.com"
198.204.240.234 - - [21/Sep/2026:01:02:12 +0700] "GET /wp-content/qqd523b6/edit.php HTTP/1.1" 200 6 "https://matin168d.com/wp-content/qqd523b6/edit.php" "Mozilla/5.0 (compatible; MSIE 10.0; Windows NT 6.2; Win64; x64; Trident/6.0)"
209.141.37.195 - - [21/Sep/2026:01:02:40 +0700] "GET /wp-login.php HTTP/1.1" 200 7160 "-" "Mozilla/5.0 (Macintosh; Intel Mac OS X 10_6_8) AppleWebKit/537.36 (KHTML, like Gecko) Chrome/36.0.1985.125 Safari/537.36"
209.141.37.195 - - [21/Sep/2026:01:02:41 +0700] "GET /wp-admin/themes.php HTTP/1.1" 302 - "-" "python-requests/2.34.2"
209.141.37.195 - - [21/Sep/2026:01:02:43 +0700] "GET /wp-login.php?redirect_to=https%3A%2F%2Fmatin168d.com%2Fwp-admin%2Fthemes.php&reauth=1 HTTP/1.1" 200 7170 "-" "python-requests/2.34.2"
209.141.37.195 - - [21/Sep/2026:01:02:44 +0700] "GET /wp-admin/plugin-install.php?tab=upload HTTP/1.1" 302 - "-" "python-requests/2.34.2"
209.141.37.195 - - [21/Sep/2026:01:02:45 +0700] "GET /wp-login.php?redirect_to=https%3A%2F%2Fmatin168d.com%2Fwp-admin%2Fplugin-install.php%3Ftab%3Dupload&reauth=1 HTTP/1.1" 200 7189 "-" "python-requests/2.34.2"
198.204.240.234 - - [21/Sep/2026:01:01:52 +0700] "GET /wp-content/qqd523b6/edit.php HTTP/1.1" 200 - "https://matin168d.com/wp-content/qqd523b6/edit.php" "Opera/9.80 (Windows NT 6.1; U; ja) Presto/2.9.168 Version/11.50"
66.249.72.66 - - [21/Sep/2026:01:03:29 +0700] "GET /robots.txt HTTP/1.1" 304 - "-" "Mozilla/5.0 (compatible; Googlebot/2.1; +http://www.google.com/bot.html)"
51.68.247.206 - - [21/Sep/2026:01:05:00 +0700] "GET /sitemap100.xml HTTP/1.1" 200 13 "-" "Mozilla/5.0 (compatible; AhrefsBot/7.0; +http://ahrefs.com/robot/)"
198.204.240.234 - - [21/Sep/2026:01:06:11 +0700] "GET /wp-content/qqd523b6/edit.php HTTP/1.1" 200 6 "https://matin168d.com/wp-content/qqd523b6/edit.php" "Mozilla/5.0 (Windows NT 10.0; WOW64) AppleWebKit/537.36 (KHTML, like Gecko) Chrome/74.0.3729.131 Safari/537.36"
198.204.240.234 - - [21/Sep/2026:01:05:51 +0700] "GET /wp-content/qqd523b6/edit.php HTTP/1.1" 200 - "https://matin168d.com/wp-content/qqd523b6/edit.php" "Mozilla/5.0 (Windows NT 6.1; WOW64; rv:5.0) Gecko/20100101 Firefox/5.0"
198.252.107.178 - - [21/Sep/2026:01:10:41 +0700] "POST /wp-cron.php?doing_wp_cron=1789927841.2782011032104492187500 HTTP/1.1" 301 - "-" "WordPress/7.1.1; https://matin168d.com"
193.19.109.43 - - [21/Sep/2026:01:10:40 +0700] "POST /wp-login.php HTTP/1.1" 200 7532 "-" "Mozilla/5.0 (Windows NT 10.0; Win64; rv:143.0) Gecko/20100101 Firefox/143.0"
85.203.46.226 - - [21/Sep/2026:01:11:15 +0700] "GET /best-bingo-sites-uk-no-wagering-2026/ HTTP/1.1" 200 - "https://matin168d.com/" "Mozilla/5.0 (Macintosh; Intel Mac OS X 10_15_7) AppleWebKit/537.36"
195.177.93.175 - - [21/Sep/2026:01:11:20 +0700] "GET /best-bingo-sites-uk-no-wagering-2026/ HTTP/1.1" 200 - "https://matin168d.com/" "Mozilla/5.0 (Macintosh; Intel Mac OS X 10_15_7) AppleWebKit/537.36"
45.132.195.99 - - [21/Sep/2026:01:11:22 +0700] "GET /best-bingo-sites-uk-no-wagering-2026/ HTTP/1.1" 200 - "https://matin168d.com/" "Mozilla/5.0 (Macintosh; Intel Mac OS X 10_15_7) AppleWebKit/537.36"
198.204.240.234 - - [21/Sep/2026:01:14:44 +0700] "GET /wp-content/qqd523b6/edit.php HTTP/1.1" 200 6 "https://matin168d.com/wp-content/qqd523b6/edit.php" "Mozilla/5.0 (Windows NT 5.1; rv:6.0) Gecko/20100101 Firefox/6.0"
198.204.240.234 - - [21/Sep/2026:01:14:24 +0700] "GET /wp-content/qqd523b6/edit.php HTTP/1.1" 200 - "https://matin168d.com/wp-content/qqd523b6/edit.php" "Mozilla/5.0 (compatible; MSIE 10.0; Windows NT 6.2; WOW64; Trident/6.0)"
51.79.192.65 - - [21/Sep/2026:01:19:36 +0700] "GET /best-barcrest-online-casinos-uk-2026/ HTTP/1.1" 200 - "https://matin168d.com/" "Mozilla/5.0 (Windows NT 10.0; Win64; x64) AppleWebKit/537.36 (KHTML, like Gecko) Chrome/147.0.0.0 Safari/537.36"
198.252.107.178 - - [21/Sep/2026:01:19:40 +0700] "POST /wp-cron.php?doing_wp_cron=1789928380.1831080913543701171875 HTTP/1.1" 301 - "-" "WordPress/7.1.1; https://matin168d.com"
51.79.192.65 - - [21/Sep/2026:01:19:41 +0700] "GET /best-barcrest-online-casinos-uk-2026/ HTTP/1.1" 200 - "https://matin168d.com/" "Mozilla/5.0 (Windows NT 10.0; Win64; x64) AppleWebKit/537.36 (KHTML, like Gecko) Chrome/147.0.0.0 Safari/537.36"
51.79.192.65 - - [21/Sep/2026:01:19:42 +0700] "GET /best-barcrest-online-casinos-uk-2026/ HTTP/1.1" 200 - "https://matin168d.com/" "Mozilla/5.0 (Windows NT 10.0; Win64; x64) AppleWebKit/537.36 (KHTML, like Gecko) Chrome/147.0.0.0 Safari/537.36"
198.252.107.178 - - [21/Sep/2026:01:23:34 +0700] "POST /wp-cron.php?doing_wp_cron=1789928614.5933411121368408203125 HTTP/1.1" 301 - "-" "WordPress/7.1.1; https://matin168d.com"
2a06:98c0:3600::103 - - [21/Sep/2026:01:23:34 +0700] "GET /wp-admin/install.php?step=1 HTTP/1.1" 200 1368 "-" "http://matin168hr.com/wp-admin/install.php?step=1"
198.252.107.178 - - [21/Sep/2026:01:26:09 +0700] "POST /wp-cron.php?doing_wp_cron=1789928769.1125149726867675781250 HTTP/1.1" 301 - "-" "WordPress/7.1.1; https://matin168d.com"
193.19.109.45 - - [21/Sep/2026:01:26:08 +0700] "POST /wp-login.php HTTP/1.1" 200 7532 "-" "Mozilla/5.0 (Windows NT 10.0; Win64; rv:143.0) Gecko/20100101 Firefox/143.0"
198.204.240.234 - - [21/Sep/2026:01:26:17 +0700] "GET /wp-content/qqd523b6/edit.php HTTP/1.1" 200 6 "https://matin168d.com/wp-content/qqd523b6/edit.php" "Mozilla/4.0 (compatible; MSIE 7.0; Windows NT 5.1; .NET CLR 1.1.4322; .NET CLR 2.0.50727; .NET CLR 3.0.04506.30)"
198.204.240.234 - - [21/Sep/2026:01:26:28 +0700] "GET /wp-content/qqd523b6/edit.php HTTP/1.1" 200 6 "https://matin168d.com/wp-content/qqd523b6/edit.php" "Mozilla/5.0 (Macintosh; Intel Mac OS X 10_6_8) AppleWebKit/534.30 (KHTML, like Gecko) Chrome/12.0.742.112 Safari/534.30"
136.144.33.192 - - [21/Sep/2026:01:27:15 +0700] "POST /wp-login.php HTTP/1.1" 200 7532 "-" "Mozilla/5.0 (Macintosh; Intel Mac OS X 10_15_7) AppleWebKit/605.1.15 Version/17.0 Safari/605.1.15"
198.252.107.178 - - [21/Sep/2026:01:27:16 +0700] "POST /wp-cron.php?doing_wp_cron=1789928836.2026040554046630859375 HTTP/1.1" 301 - "-" "WordPress/7.1.1; https://matin168d.com"
198.204.240.234 - - [21/Sep/2026:01:26:07 +0700] "GET /wp-content/qqd523b6/edit.php HTTP/1.1" 200 - "https://matin168d.com/wp-content/qqd523b6/edit.php" "Mozilla/5.0 (Macintosh; U; PPC Mac OS X; ja-jp) AppleWebKit/522.11.1 (KHTML, like Gecko) Version/3.0.3 Safari/522.12.1"
209.50.189.63 - - [21/Sep/2026:01:31:25 +0700] "GET /best-bgaming-online-casinos-uk-2026/ HTTP/1.1" 200 - "https://matin168d.com/" "Mozilla/5.0 (Windows NT 10.0; Win64; x64) AppleWebKit/537.36 (KHTML, like Gecko) Chrome/122.0.0.0 Safari/537.36"
198.252.107.178 - - [21/Sep/2026:01:31:26 +0700] "POST /wp-cron.php?doing_wp_cron=1789929086.8522429466247558593750 HTTP/1.1" 301 - "-" "WordPress/7.1.1; https://matin168d.com"
209.50.170.186 - - [21/Sep/2026:01:31:29 +0700] "GET /best-bgaming-online-casinos-uk-2026/ HTTP/1.1" 200 - "https://matin168d.com/" "Mozilla/5.0 (Windows NT 10.0; Win64; x64) AppleWebKit/537.36 (KHTML, like Gecko) Chrome/122.0.0.0 Safari/537.36"
209.50.174.73 - - [21/Sep/2026:01:31:31 +0700] "GET /best-bgaming-online-casinos-uk-2026/ HTTP/1.1" 200 - "https://matin168d.com/" "Mozilla/5.0 (Windows NT 10.0; Win64; x64) AppleWebKit/537.36 (KHTML, like Gecko) Chrome/122.0.0.0 Safari/537.36"
159.65.140.153 - - [21/Sep/2026:01:32:48 +0700] "GET / HTTP/1.1" 200 - "binance.com" "Mozilla/5.0 (Windows NT 10.0; Win64; x64) AppleWebKit/537.36 (KHTML, like Gecko) Chrome/90.0.4430.85 Safari/537.36"
5.39.109.169 - - [21/Sep/2026:01:34:26 +0700] "GET /sitemap983.xml HTTP/1.1" 200 13 "-" "Mozilla/5.0 (compatible; AhrefsBot/7.0; +http://ahrefs.com/robot/)"
66.249.75.231 - - [21/Sep/2026:01:34:28 +0700] "GET /robots.txt HTTP/1.1" 200 258 "-" "Mozilla/5.0 (compatible; Googlebot/2.1; +http://www.google.com/bot.html)"
66.249.75.232 - - [21/Sep/2026:01:34:29 +0700] "GET / HTTP/1.1" 200 118091 "-" "Mozilla/5.0 (Linux; Android 6.0.1; Nexus 5X Build/MMB29P) AppleWebKit/537.36 (KHTML, like Gecko) Chrome/153.0.8010.47 Mobile Safari/537.36 (compatible; Googlebot/2.1; +http://www.google.com/bot.html)"
2001:4ca0:108:42::24 - - [21/Sep/2026:01:36:51 +0700] "GET /robots.txt HTTP/1.1" 200 258 "-" "Mozilla/5.0 (Windows NT 10.0; Win64; x64) AppleWebKit/537.36 (KHTML, like Gecko) Chrome/103.0.5060.134 Safari/537.36"
198.204.240.234 - - [21/Sep/2026:01:38:22 +0700] "GET /wp-content/qqd523b6/edit.php HTTP/1.1" 200 15 "https://matin168d.com/wp-content/qqd523b6/edit.php" "Mozilla/5.0 (compatible; MSIE 9.0; Windows NT 6.1; WOW64; Trident/5.0)"
198.204.240.234 - - [21/Sep/2026:01:39:02 +0700] "GET /wp-content/qqd523b6/edit.php HTTP/1.1" 200 6 "https://matin168d.com/wp-content/qqd523b6/edit.php" "Mozilla/5.0 (Macintosh; U; PPC Mac OS X; ja-jp) AppleWebKit/523.10.6 (KHTML, like Gecko) Version/3.0.4 Safari/523.10.6"
66.249.75.231 - - [21/Sep/2026:01:39:20 +0700] "GET / HTTP/1.1" 200 117899 "-" "Mozilla/5.0 (compatible; Googlebot/2.1; +http://www.google.com/bot.html)"
66.249.75.232 - - [21/Sep/2026:01:39:23 +0700] "GET / HTTP/1.1" 200 118264 "-" "Mozilla/5.0 (Linux; Android 6.0.1; Nexus 5X Build/MMB29P) AppleWebKit/537.36 (KHTML, like Gecko) Chrome/99.0.4844.84 Mobile Safari/537.36 (compatible; Googlebot/2.1; +http://www.google.com/bot.html)"
198.204.240.234 - - [21/Sep/2026:01:38:42 +0700] "GET /wp-content/qqd523b6/edit.php HTTP/1.1" 200 - "https://matin168d.com/wp-content/qqd523b6/edit.php" "Mozilla/5.0 (Windows NT 5.1) AppleWebKit/535.2 (KHTML, like Gecko) Chrome/15.0.874.120 Safari/535.2"
66.249.75.231 - - [21/Sep/2026:01:40:25 +0700] "GET /favicon.ico HTTP/1.1" 200 107615 "-" "Googlebot-Image/1.0"
173.239.254.159 - - [21/Sep/2026:01:41:06 +0700] "POST /wp-login.php HTTP/1.1" 200 7532 "-" "Mozilla/5.0 (Windows NT 10.0; Win64; x64) AppleWebKit/537.36 Chrome/129.0.0.0 Safari/537.36"
198.252.107.178 - - [21/Sep/2026:01:41:08 +0700] "POST /wp-cron.php?doing_wp_cron=1789929668.4168360233306884765625 HTTP/1.1" 301 - "-" "WordPress/7.1.1; https://matin168d.com"
162.144.3.204 - - [21/Sep/2026:01:41:11 +0700] "POST /xmlrpc.php HTTP/1.1" 301 - "-" "Mozilla/5.0 (X11; Linux x86_64) AppleWebKit/537.36 (KHTML, like Gecko) Chrome/150.0.0.0 Safari/537.36"
162.144.3.204 - - [21/Sep/2026:01:41:13 +0700] "GET / HTTP/1.1" 200 - "https://matin168d.com/xmlrpc.php" "Mozilla/5.0 (X11; Linux x86_64) AppleWebKit/537.36 (KHTML, like Gecko) Chrome/150.0.0.0 Safari/537.36"
162.144.3.204 - - [21/Sep/2026:01:41:15 +0700] "GET /wp-json/wp/v2/users/me HTTP/1.1" 401 96 "-" "Mozilla/5.0 (X11; Linux x86_64) AppleWebKit/537.36 (KHTML, like Gecko) Chrome/150.0.0.0 Safari/537.36"
66.116.251.167 - - [21/Sep/2026:01:41:51 +0700] "GET /wp-login.php HTTP/1.1" 200 7160 "http://matin168d.com/" "Mozilla/5.0 (Windows NT 10.0; Win64; x64) AppleWebKit/537.36 (KHTML, like Gecko) Chrome/151.0.0.0 Safari/537.36"
66.116.251.167 - - [21/Sep/2026:01:41:52 +0700] "POST /wp-login.php HTTP/1.1" 200 7584 "http://matin168d.com/wp-login.php" "Mozilla/5.0 (Windows NT 10.0; Win64; x64) AppleWebKit/537.36 (KHTML, like Gecko) Chrome/151.0.0.0 Safari/537.36"
50.87.170.192 - - [21/Sep/2026:01:44:34 +0700] "GET /wp-login.php HTTP/1.1" 200 7160 "http://matin168d.com/" "Mozilla/5.0 (Windows NT 10.0; Win64; x64) AppleWebKit/537.36 (KHTML, like Gecko) Chrome/152.0.0.0 Safari/537.36"
50.87.170.192 - - [21/Sep/2026:01:44:35 +0700] "POST /wp-login.php HTTP/1.1" 200 7532 "http://matin168d.com/wp-login.php" "Mozilla/5.0 (Windows NT 10.0; Win64; x64) AppleWebKit/537.36 (KHTML, like Gecko) Chrome/152.0.0.0 Safari/537.36"
107.152.37.242 - - [21/Sep/2026:01:44:55 +0700] "GET / HTTP/1.1" 200 - "-" "Mozilla/5.0 (Windows NT 10.0; Win64; x64) AppleWebKit/537.36 (KHTML, like Gecko) Chrome/136.0.0.0 Safari/537.36"
107.152.37.242 - - [21/Sep/2026:01:44:58 +0700] "GET / HTTP/1.1" 200 - "-" "Mozilla/5.0 (Windows NT 10.0; Win64; x64) AppleWebKit/537.36 (KHTML, like Gecko) Chrome/136.0.0.0 Safari/537.36"
107.152.37.242 - - [21/Sep/2026:01:45:01 +0700] "GET / HTTP/1.1" 200 - "-" "Mozilla/5.0 (Windows NT 10.0; Win64; x64) AppleWebKit/537.36 (KHTML, like Gecko) Chrome/136.0.0.0 Safari/537.36"
198.204.240.234 - - [21/Sep/2026:01:46:20 +0700] "GET /wp-content/qqd523b6/edit.php HTTP/1.1" 200 6 "https://matin168d.com/wp-content/qqd523b6/edit.php" "Mozilla/5.0 (Macintosh; Intel Mac OS X 10_6_8) AppleWebKit/535.1 (KHTML, like Gecko) Chrome/13.0.782.220 Safari/535.1"
223.88.59.112 - - [21/Sep/2026:01:46:53 +0700] "GET / HTTP/1.1" 200 - "https://matin168d.com/" "User-Agent:Mozilla/5.0 (Windows NT 6.1; WOW64) AppleWebKit/537.36 (KHTML, like Gecko) Chrome/50.0.2661.102 Safari/537.36"
198.204.240.234 - - [21/Sep/2026:01:45:59 +0700] "GET /wp-content/qqd523b6/edit.php HTTP/1.1" 200 - "https://matin168d.com/wp-content/qqd523b6/edit.php" "Mozilla/5.0 (compatible; MSIE 10.0; Windows NT 6.2; ARM; Trident/6.0)"
198.204.240.234 - - [21/Sep/2026:01:50:37 +0700] "GET /wp-content/qqd523b6/edit.php HTTP/1.1" 200 6 "https://matin168d.com/wp-content/qqd523b6/edit.php" "Mozilla/5.0 (Windows NT 6.1) AppleWebKit/534.24 (KHTML, like Gecko) Chrome/11.0.696.65 Safari/534.24"
198.204.240.234 - - [21/Sep/2026:01:50:17 +0700] "GET /wp-content/qqd523b6/edit.php HTTP/1.1" 200 - "https://matin168d.com/wp-content/qqd523b6/edit.php" "Mozilla/4.0 (compatible; MSIE 7.0; Windows NT 5.1; SV1)"
198.252.107.178 - - [21/Sep/2026:01:52:30 +0700] "POST /wp-cron.php?doing_wp_cron=1789930350.4467849731445312500000 HTTP/1.1" 301 - "-" "WordPress/7.1.1; https://matin168d.com"
34.91.72.197 - - [21/Sep/2026:01:52:27 +0700] "GET / HTTP/1.1" 200 - "-" "Mozilla/5.0 (X11; Linux x86_64) AppleWebKit/537.36 (KHTML, like Gecko) Chrome/131.0.0.0 Safari/537.36"
34.91.72.197 - - [21/Sep/2026:01:52:32 +0700] "GET /.git/config HTTP/1.1" 301 - "-" "Mozilla/5.0 (X11; Linux x86_64) AppleWebKit/537.36 (KHTML, like Gecko) Chrome/131.0.0.0 Safari/537.36"
34.91.72.197 - - [21/Sep/2026:01:52:34 +0700] "GET / HTTP/1.1" 200 - "-" "Mozilla/5.0 (X11; Linux x86_64) AppleWebKit/537.36 (KHTML, like Gecko) Chrome/131.0.0.0 Safari/537.36"
34.91.72.197 - - [21/Sep/2026:01:52:36 +0700] "POST / HTTP/1.1" 200 - "-" "Mozilla/5.0 (X11; Linux x86_64) AppleWebKit/537.36 (KHTML, like Gecko) Chrome/131.0.0.0 Safari/537.36"
34.91.72.197 - - [21/Sep/2026:01:52:37 +0700] "GET /.env HTTP/1.1" 301 - "-" "Mozilla/5.0 (X11; Linux x86_64) AppleWebKit/537.36 (KHTML, like Gecko) Chrome/131.0.0.0 Safari/537.36"
34.91.72.197 - - [21/Sep/2026:01:52:39 +0700] "GET / HTTP/1.1" 200 - "-" "Mozilla/5.0 (X11; Linux x86_64) AppleWebKit/537.36 (KHTML, like Gecko) Chrome/131.0.0.0 Safari/537.36"
34.91.72.197 - - [21/Sep/2026:01:52:41 +0700] "GET /.env.local HTTP/1.1" 301 - "-" "Mozilla/5.0 (X11; Linux x86_64) AppleWebKit/537.36 (KHTML, like Gecko) Chrome/131.0.0.0 Safari/537.36"
34.91.72.197 - - [21/Sep/2026:01:52:42 +0700] "GET / HTTP/1.1" 200 - "-" "Mozilla/5.0 (X11; Linux x86_64) AppleWebKit/537.36 (KHTML, like Gecko) Chrome/131.0.0.0 Safari/537.36"
34.91.72.197 - - [21/Sep/2026:01:52:44 +0700] "GET /.env.production HTTP/1.1" 301 - "-" "Mozilla/5.0 (X11; Linux x86_64) AppleWebKit/537.36 (KHTML, like Gecko) Chrome/131.0.0.0 Safari/537.36"
34.91.72.197 - - [21/Sep/2026:01:52:46 +0700] "GET / HTTP/1.1" 200 - "-" "Mozilla/5.0 (X11; Linux x86_64) AppleWebKit/537.36 (KHTML, like Gecko) Chrome/131.0.0.0 Safari/537.36"
34.91.72.197 - - [21/Sep/2026:01:52:48 +0700] "GET /.env.staging HTTP/1.1" 301 - "-" "Mozilla/5.0 (X11; Linux x86_64) AppleWebKit/537.36 (KHTML, like Gecko) Chrome/131.0.0.0 Safari/537.36"
34.91.72.197 - - [21/Sep/2026:01:52:50 +0700] "GET / HTTP/1.1" 200 - "-" "Mozilla/5.0 (X11; Linux x86_64) AppleWebKit/537.36 (KHTML, like Gecko) Chrome/131.0.0.0 Safari/537.36"
34.91.72.197 - - [21/Sep/2026:01:52:52 +0700] "GET /.env.development HTTP/1.1" 301 - "-" "Mozilla/5.0 (X11; Linux x86_64) AppleWebKit/537.36 (KHTML, like Gecko) Chrome/131.0.0.0 Safari/537.36"
34.91.72.197 - - [21/Sep/2026:01:52:54 +0700] "GET / HTTP/1.1" 200 - "-" "Mozilla/5.0 (X11; Linux x86_64) AppleWebKit/537.36 (KHTML, like Gecko) Chrome/131.0.0.0 Safari/537.36"
34.91.72.197 - - [21/Sep/2026:01:52:56 +0700] "GET /.env.test HTTP/1.1" 301 - "-" "Mozilla/5.0 (X11; Linux x86_64) AppleWebKit/537.36 (KHTML, like Gecko) Chrome/131.0.0.0 Safari/537.36"
34.91.72.197 - - [21/Sep/2026:01:52:58 +0700] "GET / HTTP/1.1" 200 - "-" "Mozilla/5.0 (X11; Linux x86_64) AppleWebKit/537.36 (KHTML, like Gecko) Chrome/131.0.0.0 Safari/537.36"
34.91.72.197 - - [21/Sep/2026:01:52:59 +0700] "GET /.env.remote HTTP/1.1" 301 - "-" "Mozilla/5.0 (X11; Linux x86_64) AppleWebKit/537.36 (KHTML, like Gecko) Chrome/131.0.0.0 Safari/537.36"
34.91.72.197 - - [21/Sep/2026:01:53:01 +0700] "GET / HTTP/1.1" 200 - "-" "Mozilla/5.0 (X11; Linux x86_64) AppleWebKit/537.36 (KHTML, like Gecko) Chrome/131.0.0.0 Safari/537.36"
34.91.72.197 - - [21/Sep/2026:01:53:03 +0700] "GET /.env.bak HTTP/1.1" 301 - "-" "Mozilla/5.0 (X11; Linux x86_64) AppleWebKit/537.36 (KHTML, like Gecko) Chrome/131.0.0.0 Safari/537.36"
120.230.21.220 - - [21/Sep/2026:01:53:05 +0700] "GET / HTTP/1.1" 200 - "https://matin168d.com/" "User-Agent:Mozilla/5.0 (Windows NT 6.1; WOW64) AppleWebKit/537.36 (KHTML, like Gecko) Chrome/50.0.2661.102 Safari/537.36"
34.91.72.197 - - [21/Sep/2026:01:53:04 +0700] "GET / HTTP/1.1" 200 - "-" "Mozilla/5.0 (X11; Linux x86_64) AppleWebKit/537.36 (KHTML, like Gecko) Chrome/131.0.0.0 Safari/537.36"
34.91.72.197 - - [21/Sep/2026:01:53:06 +0700] "GET /.env.backup HTTP/1.1" 301 - "-" "Mozilla/5.0 (X11; Linux x86_64) AppleWebKit/537.36 (KHTML, like Gecko) Chrome/131.0.0.0 Safari/537.36"
34.91.72.197 - - [21/Sep/2026:01:53:08 +0700] "GET / HTTP/1.1" 200 - "-" "Mozilla/5.0 (X11; Linux x86_64) AppleWebKit/537.36 (KHTML, like Gecko) Chrome/131.0.0.0 Safari/537.36"
34.91.72.197 - - [21/Sep/2026:01:53:09 +0700] "GET /.env.save HTTP/1.1" 301 - "-" "Mozilla/5.0 (X11; Linux x86_64) AppleWebKit/537.36 (KHTML, like Gecko) Chrome/131.0.0.0 Safari/537.36"
34.91.72.197 - - [21/Sep/2026:01:53:11 +0700] "GET / HTTP/1.1" 200 - "-" "Mozilla/5.0 (X11; Linux x86_64) AppleWebKit/537.36 (KHTML, like Gecko) Chrome/131.0.0.0 Safari/537.36"
34.91.72.197 - - [21/Sep/2026:01:53:12 +0700] "GET /.env.old HTTP/1.1" 301 - "-" "Mozilla/5.0 (X11; Linux x86_64) AppleWebKit/537.36 (KHTML, like Gecko) Chrome/131.0.0.0 Safari/537.36"
34.91.72.197 - - [21/Sep/2026:01:53:14 +0700] "GET / HTTP/1.1" 200 - "-" "Mozilla/5.0 (X11; Linux x86_64) AppleWebKit/537.36 (KHTML, like Gecko) Chrome/131.0.0.0 Safari/537.36"
34.91.72.197 - - [21/Sep/2026:01:53:16 +0700] "GET /.env.sample HTTP/1.1" 301 - "-" "Mozilla/5.0 (X11; Linux x86_64) AppleWebKit/537.36 (KHTML, like Gecko) Chrome/131.0.0.0 Safari/537.36"
34.91.72.197 - - [21/Sep/2026:01:53:18 +0700] "GET / HTTP/1.1" 200 - "-" "Mozilla/5.0 (X11; Linux x86_64) AppleWebKit/537.36 (KHTML, like Gecko) Chrome/131.0.0.0 Safari/537.36"
34.91.72.197 - - [21/Sep/2026:01:53:20 +0700] "GET /.env.example HTTP/1.1" 301 - "-" "Mozilla/5.0 (X11; Linux x86_64) AppleWebKit/537.36 (KHTML, like Gecko) Chrome/131.0.0.0 Safari/537.36"
34.91.72.197 - - [21/Sep/2026:01:53:21 +0700] "GET / HTTP/1.1" 200 - "-" "Mozilla/5.0 (X11; Linux x86_64) AppleWebKit/537.36 (KHTML, like Gecko) Chrome/131.0.0.0 Safari/537.36"
34.91.72.197 - - [21/Sep/2026:01:53:23 +0700] "GET /.env.dev HTTP/1.1" 301 - "-" "Mozilla/5.0 (X11; Linux x86_64) AppleWebKit/537.36 (KHTML, like Gecko) Chrome/131.0.0.0 Safari/537.36"
34.91.72.197 - - [21/Sep/2026:01:53:24 +0700] "GET / HTTP/1.1" 200 - "-" "Mozilla/5.0 (X11; Linux x86_64) AppleWebKit/537.36 (KHTML, like Gecko) Chrome/131.0.0.0 Safari/537.36"
34.91.72.197 - - [21/Sep/2026:01:53:26 +0700] "GET /.env.prod HTTP/1.1" 301 - "-" "Mozilla/5.0 (X11; Linux x86_64) AppleWebKit/537.36 (KHTML, like Gecko) Chrome/131.0.0.0 Safari/537.36"
34.91.72.197 - - [21/Sep/2026:01:53:27 +0700] "GET / HTTP/1.1" 200 - "-" "Mozilla/5.0 (X11; Linux x86_64) AppleWebKit/537.36 (KHTML, like Gecko) Chrome/131.0.0.0 Safari/537.36"
34.91.72.197 - - [21/Sep/2026:01:53:29 +0700] "GET /.env.stage HTTP/1.1" 301 - "-" "Mozilla/5.0 (X11; Linux x86_64) AppleWebKit/537.36 (KHTML, like Gecko) Chrome/131.0.0.0 Safari/537.36"
198.252.107.178 - - [21/Sep/2026:01:53:30 +0700] "POST /wp-cron.php?doing_wp_cron=1789930410.7842540740966796875000 HTTP/1.1" 301 - "-" "WordPress/7.1.1; https://matin168d.com"
34.91.72.197 - - [21/Sep/2026:01:53:32 +0700] "GET / HTTP/1.1" 200 - "-" "Mozilla/5.0 (X11; Linux x86_64) AppleWebKit/537.36 (KHTML, like Gecko) Chrome/131.0.0.0 Safari/537.36"
34.91.72.197 - - [21/Sep/2026:01:53:33 +0700] "GET /.env.ci HTTP/1.1" 301 - "-" "Mozilla/5.0 (X11; Linux x86_64) AppleWebKit/537.36 (KHTML, like Gecko) Chrome/131.0.0.0 Safari/537.36"
34.91.72.197 - - [21/Sep/2026:01:53:35 +0700] "GET / HTTP/1.1" 200 - "-" "Mozilla/5.0 (X11; Linux x86_64) AppleWebKit/537.36 (KHTML, like Gecko) Chrome/131.0.0.0 Safari/537.36"
34.91.72.197 - - [21/Sep/2026:01:53:37 +0700] "GET /.env.docker HTTP/1.1" 301 - "-" "Mozilla/5.0 (X11; Linux x86_64) AppleWebKit/537.36 (KHTML, like Gecko) Chrome/131.0.0.0 Safari/537.36"
34.91.72.197 - - [21/Sep/2026:01:53:38 +0700] "GET / HTTP/1.1" 200 - "-" "Mozilla/5.0 (X11; Linux x86_64) AppleWebKit/537.36 (KHTML, like Gecko) Chrome/131.0.0.0 Safari/537.36"
34.91.72.197 - - [21/Sep/2026:01:53:39 +0700] "GET /.env.live HTTP/1.1" 301 - "-" "Mozilla/5.0 (X11; Linux x86_64) AppleWebKit/537.36 (KHTML, like Gecko) Chrome/131.0.0.0 Safari/537.36"
34.91.72.197 - - [21/Sep/2026:01:53:41 +0700] "GET / HTTP/1.1" 200 - "-" "Mozilla/5.0 (X11; Linux x86_64) AppleWebKit/537.36 (KHTML, like Gecko) Chrome/131.0.0.0 Safari/537.36"
34.91.72.197 - - [21/Sep/2026:01:53:43 +0700] "GET /.env.preprod HTTP/1.1" 301 - "-" "Mozilla/5.0 (X11; Linux x86_64) AppleWebKit/537.36 (KHTML, like Gecko) Chrome/131.0.0.0 Safari/537.36"
34.91.72.197 - - [21/Sep/2026:01:53:45 +0700] "GET / HTTP/1.1" 200 - "-" "Mozilla/5.0 (X11; Linux x86_64) AppleWebKit/537.36 (KHTML, like Gecko) Chrome/131.0.0.0 Safari/537.36"
34.91.72.197 - - [21/Sep/2026:01:53:46 +0700] "GET /.env.uat HTTP/1.1" 301 - "-" "Mozilla/5.0 (X11; Linux x86_64) AppleWebKit/537.36 (KHTML, like Gecko) Chrome/131.0.0.0 Safari/537.36"
34.91.72.197 - - [21/Sep/2026:01:53:48 +0700] "GET / HTTP/1.1" 200 - "-" "Mozilla/5.0 (X11; Linux x86_64) AppleWebKit/537.36 (KHTML, like Gecko) Chrome/131.0.0.0 Safari/537.36"
34.91.72.197 - - [21/Sep/2026:01:53:50 +0700] "GET /.env.dist HTTP/1.1" 301 - "-" "Mozilla/5.0 (X11; Linux x86_64) AppleWebKit/537.36 (KHTML, like Gecko) Chrome/131.0.0.0 Safari/537.36"
34.91.72.197 - - [21/Sep/2026:01:53:52 +0700] "GET / HTTP/1.1" 200 - "-" "Mozilla/5.0 (X11; Linux x86_64) AppleWebKit/537.36 (KHTML, like Gecko) Chrome/131.0.0.0 Safari/537.36"
34.91.72.197 - - [21/Sep/2026:01:53:54 +0700] "GET /.env.swp HTTP/1.1" 301 - "-" "Mozilla/5.0 (X11; Linux x86_64) AppleWebKit/537.36 (KHTML, like Gecko) Chrome/131.0.0.0 Safari/537.36"
34.91.72.197 - - [21/Sep/2026:01:53:56 +0700] "GET / HTTP/1.1" 200 - "-" "Mozilla/5.0 (X11; Linux x86_64) AppleWebKit/537.36 (KHTML, like Gecko) Chrome/131.0.0.0 Safari/537.36"
34.91.72.197 - - [21/Sep/2026:01:53:58 +0700] "GET /.env~ HTTP/1.1" 301 - "-" "Mozilla/5.0 (X11; Linux x86_64) AppleWebKit/537.36 (KHTML, like Gecko) Chrome/131.0.0.0 Safari/537.36"
34.91.72.197 - - [21/Sep/2026:01:54:00 +0700] "GET / HTTP/1.1" 200 - "-" "Mozilla/5.0 (X11; Linux x86_64) AppleWebKit/537.36 (KHTML, like Gecko) Chrome/131.0.0.0 Safari/537.36"
34.91.72.197 - - [21/Sep/2026:01:54:02 +0700] "GET /.env1 HTTP/1.1" 301 - "-" "Mozilla/5.0 (X11; Linux x86_64) AppleWebKit/537.36 (KHTML, like Gecko) Chrome/131.0.0.0 Safari/537.36"
34.91.72.197 - - [21/Sep/2026:01:54:04 +0700] "GET / HTTP/1.1" 200 - "-" "Mozilla/5.0 (X11; Linux x86_64) AppleWebKit/537.36 (KHTML, like Gecko) Chrome/131.0.0.0 Safari/537.36"
34.91.72.197 - - [21/Sep/2026:01:54:06 +0700] "GET /.env2 HTTP/1.1" 301 - "-" "Mozilla/5.0 (X11; Linux x86_64) AppleWebKit/537.36 (KHTML, like Gecko) Chrome/131.0.0.0 Safari/537.36"
34.91.72.197 - - [21/Sep/2026:01:54:07 +0700] "GET / HTTP/1.1" 200 - "-" "Mozilla/5.0 (X11; Linux x86_64) AppleWebKit/537.36 (KHTML, like Gecko) Chrome/131.0.0.0 Safari/537.36"
34.91.72.197 - - [21/Sep/2026:01:54:09 +0700] "GET /.env_copy HTTP/1.1" 301 - "-" "Mozilla/5.0 (X11; Linux x86_64) AppleWebKit/537.36 (KHTML, like Gecko) Chrome/131.0.0.0 Safari/537.36"
34.91.72.197 - - [21/Sep/2026:01:54:11 +0700] "GET / HTTP/1.1" 200 - "-" "Mozilla/5.0 (X11; Linux x86_64) AppleWebKit/537.36 (KHTML, like Gecko) Chrome/131.0.0.0 Safari/537.36"
34.91.72.197 - - [21/Sep/2026:01:54:13 +0700] "GET /.env.txt HTTP/1.1" 301 - "-" "Mozilla/5.0 (X11; Linux x86_64) AppleWebKit/537.36 (KHTML, like Gecko) Chrome/131.0.0.0 Safari/537.36"
34.91.72.197 - - [21/Sep/2026:01:54:15 +0700] "GET / HTTP/1.1" 200 - "-" "Mozilla/5.0 (X11; Linux x86_64) AppleWebKit/537.36 (KHTML, like Gecko) Chrome/131.0.0.0 Safari/537.36"
34.91.72.197 - - [21/Sep/2026:01:54:16 +0700] "GET /.env.json HTTP/1.1" 301 - "-" "Mozilla/5.0 (X11; Linux x86_64) AppleWebKit/537.36 (KHTML, like Gecko) Chrome/131.0.0.0 Safari/537.36"
34.91.72.197 - - [21/Sep/2026:01:54:18 +0700] "GET / HTTP/1.1" 200 - "-" "Mozilla/5.0 (X11; Linux x86_64) AppleWebKit/537.36 (KHTML, like Gecko) Chrome/131.0.0.0 Safari/537.36"
34.91.72.197 - - [21/Sep/2026:01:54:20 +0700] "GET /.env.yaml HTTP/1.1" 301 - "-" "Mozilla/5.0 (X11; Linux x86_64) AppleWebKit/537.36 (KHTML, like Gecko) Chrome/131.0.0.0 Safari/537.36"
34.91.72.197 - - [21/Sep/2026:01:54:21 +0700] "GET / HTTP/1.1" 200 - "-" "Mozilla/5.0 (X11; Linux x86_64) AppleWebKit/537.36 (KHTML, like Gecko) Chrome/131.0.0.0 Safari/537.36"
34.91.72.197 - - [21/Sep/2026:01:54:23 +0700] "GET /.env.yml HTTP/1.1" 301 - "-" "Mozilla/5.0 (X11; Linux x86_64) AppleWebKit/537.36 (KHTML, like Gecko) Chrome/131.0.0.0 Safari/537.36"
34.91.72.197 - - [21/Sep/2026:01:54:25 +0700] "GET / HTTP/1.1" 200 - "-" "Mozilla/5.0 (X11; Linux x86_64) AppleWebKit/537.36 (KHTML, like Gecko) Chrome/131.0.0.0 Safari/537.36"
34.91.72.197 - - [21/Sep/2026:01:54:27 +0700] "GET /app/.env HTTP/1.1" 301 - "-" "Mozilla/5.0 (X11; Linux x86_64) AppleWebKit/537.36 (KHTML, like Gecko) Chrome/131.0.0.0 Safari/537.36"
34.91.72.197 - - [21/Sep/2026:01:54:30 +0700] "GET / HTTP/1.1" 200 - "-" "Mozilla/5.0 (X11; Linux x86_64) AppleWebKit/537.36 (KHTML, like Gecko) Chrome/131.0.0.0 Safari/537.36"
34.91.72.197 - - [21/Sep/2026:01:54:35 +0700] "GET /apps/.env HTTP/1.1" 301 - "-" "Mozilla/5.0 (X11; Linux x86_64) AppleWebKit/537.36 (KHTML, like Gecko) Chrome/131.0.0.0 Safari/537.36"
198.252.107.178 - - [21/Sep/2026:01:54:43 +0700] "POST /wp-cron.php?doing_wp_cron=1789930474.3530199527740478515625 HTTP/1.1" 301 - "-" "WordPress/7.1.1; https://matin168d.com"
181.177.89.209 - - [21/Sep/2026:01:54:43 +0700] "POST /wp-login.php HTTP/1.1" 302 - "-" "Googlebot/2.1 (+http://www.google.com/bot.html)"
34.91.72.197 - - [21/Sep/2026:01:57:05 +0700] "GET /private/.env HTTP/1.1" 500 2482 "-" "Mozilla/5.0 (X11; Linux x86_64) AppleWebKit/537.36 (KHTML, like Gecko) Chrome/131.0.0.0 Safari/537.36"
34.91.72.197 - - [21/Sep/2026:01:55:06 +0700] "GET /api/.env HTTP/1.1" 500 2559 "-" "Mozilla/5.0 (X11; Linux x86_64) AppleWebKit/537.36 (KHTML, like Gecko) Chrome/131.0.0.0 Safari/537.36"
34.91.72.197 - - [21/Sep/2026:01:57:06 +0700] "GET /var/www/.env HTTP/1.1" 500 2482 "-" "Mozilla/5.0 (X11; Linux x86_64) AppleWebKit/537.36 (KHTML, like Gecko) Chrome/131.0.0.0 Safari/537.36"
34.91.72.197 - - [21/Sep/2026:01:57:06 +0700] "GET /storage/.env HTTP/1.1" 500 2482 "-" "Mozilla/5.0 (X11; Linux x86_64) AppleWebKit/537.36 (KHTML, like Gecko) Chrome/131.0.0.0 Safari/537.36"
34.91.72.197 - - [21/Sep/2026:01:57:07 +0700] "GET /var/www/html/.env HTTP/1.1" 500 2482 "-" "Mozilla/5.0 (X11; Linux x86_64) AppleWebKit/537.36 (KHTML, like Gecko) Chrome/131.0.0.0 Safari/537.36"
34.91.72.197 - - [21/Sep/2026:01:57:08 +0700] "GET /current/.env HTTP/1.1" 500 2482 "-" "Mozilla/5.0 (X11; Linux x86_64) AppleWebKit/537.36 (KHTML, like Gecko) Chrome/131.0.0.0 Safari/537.36"
34.91.72.197 - - [21/Sep/2026:01:57:09 +0700] "GET /release/.env HTTP/1.1" 500 2482 "-" "Mozilla/5.0 (X11; Linux x86_64) AppleWebKit/537.36 (KHTML, like Gecko) Chrome/131.0.0.0 Safari/537.36"
34.91.72.197 - - [21/Sep/2026:01:57:10 +0700] "GET /releases/.env HTTP/1.1" 500 2482 "-" "Mozilla/5.0 (X11; Linux x86_64) AppleWebKit/537.36 (KHTML, like Gecko) Chrome/131.0.0.0 Safari/537.36"
34.91.72.197 - - [21/Sep/2026:01:57:11 +0700] "GET /shared/.env HTTP/1.1" 301 - "-" "Mozilla/5.0 (X11; Linux x86_64) AppleWebKit/537.36 (KHTML, like Gecko) Chrome/131.0.0.0 Safari/537.36"
198.252.107.178 - - [21/Sep/2026:01:57:14 +0700] "POST /wp-cron.php?doing_wp_cron=1789930634.6336560249328613281250 HTTP/1.1" 301 - "-" "WordPress/7.1.1; https://matin168d.com"
34.91.72.197 - - [21/Sep/2026:01:57:16 +0700] "GET / HTTP/1.1" 200 - "-" "Mozilla/5.0 (X11; Linux x86_64) AppleWebKit/537.36 (KHTML, like Gecko) Chrome/131.0.0.0 Safari/537.36"
34.91.72.197 - - [21/Sep/2026:01:57:18 +0700] "GET /deploy/.env HTTP/1.1" 301 - "-" "Mozilla/5.0 (X11; Linux x86_64) AppleWebKit/537.36 (KHTML, like Gecko) Chrome/131.0.0.0 Safari/537.36"
34.91.72.197 - - [21/Sep/2026:01:57:20 +0700] "GET / HTTP/1.1" 200 - "-" "Mozilla/5.0 (X11; Linux x86_64) AppleWebKit/537.36 (KHTML, like Gecko) Chrome/131.0.0.0 Safari/537.36"
34.91.72.197 - - [21/Sep/2026:01:57:23 +0700] "GET /build/.env HTTP/1.1" 301 - "-" "Mozilla/5.0 (X11; Linux x86_64) AppleWebKit/537.36 (KHTML, like Gecko) Chrome/131.0.0.0 Safari/537.36"
34.91.72.197 - - [21/Sep/2026:01:57:26 +0700] "GET / HTTP/1.1" 200 - "-" "Mozilla/5.0 (X11; Linux x86_64) AppleWebKit/537.36 (KHTML, like Gecko) Chrome/131.0.0.0 Safari/537.36"
34.91.72.197 - - [21/Sep/2026:01:57:27 +0700] "GET /dist/.env HTTP/1.1" 301 - "-" "Mozilla/5.0 (X11; Linux x86_64) AppleWebKit/537.36 (KHTML, like Gecko) Chrome/131.0.0.0 Safari/537.36"
34.91.72.197 - - [21/Sep/2026:01:57:29 +0700] "GET / HTTP/1.1" 200 - "-" "Mozilla/5.0 (X11; Linux x86_64) AppleWebKit/537.36 (KHTML, like Gecko) Chrome/131.0.0.0 Safari/537.36"
34.91.72.197 - - [21/Sep/2026:01:57:31 +0700] "GET /public_html/.env HTTP/1.1" 301 - "-" "Mozilla/5.0 (X11; Linux x86_64) AppleWebKit/537.36 (KHTML, like Gecko) Chrome/131.0.0.0 Safari/537.36"
34.91.72.197 - - [21/Sep/2026:01:57:33 +0700] "GET / HTTP/1.1" 200 - "-" "Mozilla/5.0 (X11; Linux x86_64) AppleWebKit/537.36 (KHTML, like Gecko) Chrome/131.0.0.0 Safari/537.36"
34.91.72.197 - - [21/Sep/2026:01:57:35 +0700] "GET /htdocs/.env HTTP/1.1" 301 - "-" "Mozilla/5.0 (X11; Linux x86_64) AppleWebKit/537.36 (KHTML, like Gecko) Chrome/131.0.0.0 Safari/537.36"
34.91.72.197 - - [21/Sep/2026:01:57:36 +0700] "GET / HTTP/1.1" 200 - "-" "Mozilla/5.0 (X11; Linux x86_64) AppleWebKit/537.36 (KHTML, like Gecko) Chrome/131.0.0.0 Safari/537.36"
34.91.72.197 - - [21/Sep/2026:01:57:38 +0700] "GET /www/.env HTTP/1.1" 301 - "-" "Mozilla/5.0 (X11; Linux x86_64) AppleWebKit/537.36 (KHTML, like Gecko) Chrome/131.0.0.0 Safari/537.36"
34.91.72.197 - - [21/Sep/2026:01:57:40 +0700] "GET / HTTP/1.1" 200 - "-" "Mozilla/5.0 (X11; Linux x86_64) AppleWebKit/537.36 (KHTML, like Gecko) Chrome/131.0.0.0 Safari/537.36"
34.91.72.197 - - [21/Sep/2026:01:57:41 +0700] "GET /html/.env HTTP/1.1" 301 - "-" "Mozilla/5.0 (X11; Linux x86_64) AppleWebKit/537.36 (KHTML, like Gecko) Chrome/131.0.0.0 Safari/537.36"
34.91.72.197 - - [21/Sep/2026:01:57:43 +0700] "GET / HTTP/1.1" 200 - "-" "Mozilla/5.0 (X11; Linux x86_64) AppleWebKit/537.36 (KHTML, like Gecko) Chrome/131.0.0.0 Safari/537.36"
34.91.72.197 - - [21/Sep/2026:01:57:44 +0700] "GET /live/.env HTTP/1.1" 301 - "-" "Mozilla/5.0 (X11; Linux x86_64) AppleWebKit/537.36 (KHTML, like Gecko) Chrome/131.0.0.0 Safari/537.36"
34.91.72.197 - - [21/Sep/2026:01:57:46 +0700] "GET / HTTP/1.1" 200 - "-" "Mozilla/5.0 (X11; Linux x86_64) AppleWebKit/537.36 (KHTML, like Gecko) Chrome/131.0.0.0 Safari/537.36"
34.91.72.197 - - [21/Sep/2026:01:57:47 +0700] "GET /prod/.env HTTP/1.1" 301 - "-" "Mozilla/5.0 (X11; Linux x86_64) AppleWebKit/537.36 (KHTML, like Gecko) Chrome/131.0.0.0 Safari/537.36"
34.91.72.197 - - [21/Sep/2026:01:57:49 +0700] "GET / HTTP/1.1" 200 - "-" "Mozilla/5.0 (X11; Linux x86_64) AppleWebKit/537.36 (KHTML, like Gecko) Chrome/131.0.0.0 Safari/537.36"
34.91.72.197 - - [21/Sep/2026:01:57:51 +0700] "GET /dev/.env HTTP/1.1" 301 - "-" "Mozilla/5.0 (X11; Linux x86_64) AppleWebKit/537.36 (KHTML, like Gecko) Chrome/131.0.0.0 Safari/537.36"
34.91.72.197 - - [21/Sep/2026:01:57:52 +0700] "GET / HTTP/1.1" 200 - "-" "Mozilla/5.0 (X11; Linux x86_64) AppleWebKit/537.36 (KHTML, like Gecko) Chrome/131.0.0.0 Safari/537.36"
34.91.72.197 - - [21/Sep/2026:01:57:54 +0700] "GET /staging/.env HTTP/1.1" 301 - "-" "Mozilla/5.0 (X11; Linux x86_64) AppleWebKit/537.36 (KHTML, like Gecko) Chrome/131.0.0.0 Safari/537.36"
34.91.72.197 - - [21/Sep/2026:01:57:56 +0700] "GET / HTTP/1.1" 200 - "-" "Mozilla/5.0 (X11; Linux x86_64) AppleWebKit/537.36 (KHTML, like Gecko) Chrome/131.0.0.0 Safari/537.36"
34.91.72.197 - - [21/Sep/2026:01:57:59 +0700] "GET /opt/.env HTTP/1.1" 301 - "-" "Mozilla/5.0 (X11; Linux x86_64) AppleWebKit/537.36 (KHTML, like Gecko) Chrome/131.0.0.0 Safari/537.36"
34.91.72.197 - - [21/Sep/2026:01:58:01 +0700] "GET / HTTP/1.1" 200 - "-" "Mozilla/5.0 (X11; Linux x86_64) AppleWebKit/537.36 (KHTML, like Gecko) Chrome/131.0.0.0 Safari/537.36"
34.91.72.197 - - [21/Sep/2026:01:58:03 +0700] "GET /laravel/.env HTTP/1.1" 301 - "-" "Mozilla/5.0 (X11; Linux x86_64) AppleWebKit/537.36 (KHTML, like Gecko) Chrome/131.0.0.0 Safari/537.36"
34.91.72.197 - - [21/Sep/2026:01:58:05 +0700] "GET / HTTP/1.1" 200 - "-" "Mozilla/5.0 (X11; Linux x86_64) AppleWebKit/537.36 (KHTML, like Gecko) Chrome/131.0.0.0 Safari/537.36"
34.91.72.197 - - [21/Sep/2026:01:58:07 +0700] "GET /symfony/.env HTTP/1.1" 301 - "-" "Mozilla/5.0 (X11; Linux x86_64) AppleWebKit/537.36 (KHTML, like Gecko) Chrome/131.0.0.0 Safari/537.36"
34.91.72.197 - - [21/Sep/2026:01:58:11 +0700] "GET / HTTP/1.1" 200 - "-" "Mozilla/5.0 (X11; Linux x86_64) AppleWebKit/537.36 (KHTML, like Gecko) Chrome/131.0.0.0 Safari/537.36"
34.91.72.197 - - [21/Sep/2026:01:58:13 +0700] "GET /wordpress/.env HTTP/1.1" 301 - "-" "Mozilla/5.0 (X11; Linux x86_64) AppleWebKit/537.36 (KHTML, like Gecko) Chrome/131.0.0.0 Safari/537.36"
198.252.107.178 - - [21/Sep/2026:01:58:14 +0700] "POST /wp-cron.php?doing_wp_cron=1789930694.7020978927612304687500 HTTP/1.1" 301 - "-" "WordPress/7.1.1; https://matin168d.com"
34.91.72.197 - - [21/Sep/2026:01:58:15 +0700] "GET / HTTP/1.1" 200 - "-" "Mozilla/5.0 (X11; Linux x86_64) AppleWebKit/537.36 (KHTML, like Gecko) Chrome/131.0.0.0 Safari/537.36"
34.91.72.197 - - [21/Sep/2026:01:58:17 +0700] "GET /wp/.env HTTP/1.1" 301 - "-" "Mozilla/5.0 (X11; Linux x86_64) AppleWebKit/537.36 (KHTML, like Gecko) Chrome/131.0.0.0 Safari/537.36"
34.91.72.197 - - [21/Sep/2026:01:58:19 +0700] "GET / HTTP/1.1" 200 - "-" "Mozilla/5.0 (X11; Linux x86_64) AppleWebKit/537.36 (KHTML, like Gecko) Chrome/131.0.0.0 Safari/537.36"
34.91.72.197 - - [21/Sep/2026:01:58:21 +0700] "GET /cms/.env HTTP/1.1" 301 - "-" "Mozilla/5.0 (X11; Linux x86_64) AppleWebKit/537.36 (KHTML, like Gecko) Chrome/131.0.0.0 Safari/537.36"
34.91.72.197 - - [21/Sep/2026:01:58:22 +0700] "GET / HTTP/1.1" 200 - "-" "Mozilla/5.0 (X11; Linux x86_64) AppleWebKit/537.36 (KHTML, like Gecko) Chrome/131.0.0.0 Safari/537.36"
34.91.72.197 - - [21/Sep/2026:01:58:24 +0700] "GET /drupal/.env HTTP/1.1" 301 - "-" "Mozilla/5.0 (X11; Linux x86_64) AppleWebKit/537.36 (KHTML, like Gecko) Chrome/131.0.0.0 Safari/537.36"
34.91.72.197 - - [21/Sep/2026:01:58:25 +0700] "GET / HTTP/1.1" 200 - "-" "Mozilla/5.0 (X11; Linux x86_64) AppleWebKit/537.36 (KHTML, like Gecko) Chrome/131.0.0.0 Safari/537.36"
34.91.72.197 - - [21/Sep/2026:01:58:27 +0700] "GET /joomla/.env HTTP/1.1" 301 - "-" "Mozilla/5.0 (X11; Linux x86_64) AppleWebKit/537.36 (KHTML, like Gecko) Chrome/131.0.0.0 Safari/537.36"
34.91.72.197 - - [21/Sep/2026:01:58:28 +0700] "GET / HTTP/1.1" 200 - "-" "Mozilla/5.0 (X11; Linux x86_64) AppleWebKit/537.36 (KHTML, like Gecko) Chrome/131.0.0.0 Safari/537.36"
