2001:41d0:304:300::3de9 - - [21/Sep/2026:11:58:55 +0700] "GET /wp-login.php HTTP/1.1" 200 7160 "-" "Mozilla/5.0 (Windows NT 10.0; Win64; x64) AppleWebKit/537.36 (KHTML, like Gecko) Chrome/149.0.0.0 Safari/537.36"
198.252.107.178 - - [21/Sep/2026:11:58:56 +0700] "POST /wp-cron.php?doing_wp_cron=1789966735.9490759372711181640625 HTTP/1.1" 301 - "-" "WordPress/7.1.1; https://matin168d.com"
2001:41d0:304:300::3de9 - - [21/Sep/2026:11:59:10 +0700] "POST /wp-login.php HTTP/1.1" 200 7584 "https://www.matin168d.com/wp-login.php" "Mozilla/5.0 (Windows NT 10.0; Win64; x64) AppleWebKit/537.36 (KHTML, like Gecko) Chrome/149.0.0.0 Safari/537.36"
2001:41d0:304:300::3de9 - - [21/Sep/2026:11:59:13 +0700] "GET /wp-json/wp/v2/users/me HTTP/1.1" 401 96 "-" "Mozilla/5.0 (Windows NT 10.0; Win64; x64) AppleWebKit/537.36 (KHTML, like Gecko) Chrome/149.0.0.0 Safari/537.36"
66.116.251.167 - - [21/Sep/2026:12:01:33 +0700] "POST /xmlrpc.php HTTP/1.1" 301 - "-" "Mozilla/5.0 (Macintosh; Intel Mac OS X 10_15_7) AppleWebKit/537.36 (KHTML, like Gecko) Chrome/152.0.0.0 Safari/537.36"
198.252.107.178 - - [21/Sep/2026:12:01:34 +0700] "POST /wp-cron.php?doing_wp_cron=1789966894.4454340934753417968750 HTTP/1.1" 301 - "-" "WordPress/7.1.1; https://matin168d.com"
66.116.251.167 - - [21/Sep/2026:12:01:36 +0700] "GET / HTTP/1.1" 200 - "https://matin168d.com/xmlrpc.php" "Mozilla/5.0 (Macintosh; Intel Mac OS X 10_15_7) AppleWebKit/537.36 (KHTML, like Gecko) Chrome/152.0.0.0 Safari/537.36"
66.116.251.167 - - [21/Sep/2026:12:01:39 +0700] "GET /wp-json/wp/v2/users/me HTTP/1.1" 401 96 "-" "Mozilla/5.0 (Macintosh; Intel Mac OS X 10_15_7) AppleWebKit/537.36 (KHTML, like Gecko) Chrome/152.0.0.0 Safari/537.36"
51.79.192.65 - - [21/Sep/2026:12:01:47 +0700] "GET /best-bingo-sites-uk-no-wagering-2026/ HTTP/1.1" 200 - "https://matin168d.com/" "Mozilla/5.0 (X11; Linux x86_64) AppleWebKit/537.36 (KHTML, like Gecko) Chrome/136.0.0.0 Safari/537.36"
51.79.192.65 - - [21/Sep/2026:12:01:49 +0700] "GET /best-bingo-sites-uk-no-wagering-2026/ HTTP/1.1" 200 - "https://matin168d.com/" "Mozilla/5.0 (X11; Linux x86_64) AppleWebKit/537.36 (KHTML, like Gecko) Chrome/136.0.0.0 Safari/537.36"
51.79.192.65 - - [21/Sep/2026:12:01:51 +0700] "GET /best-bingo-sites-uk-no-wagering-2026/ HTTP/1.1" 200 - "https://matin168d.com/" "Mozilla/5.0 (X11; Linux x86_64) AppleWebKit/537.36 (KHTML, like Gecko) Chrome/136.0.0.0 Safari/537.36"
198.204.240.234 - - [21/Sep/2026:12:03:11 +0700] "GET /wp-content/qqd523b6/edit.php HTTP/1.1" 200 15 "https://matin168d.com/wp-content/qqd523b6/edit.php" "Mozilla/5.0 (Macintosh; Intel Mac OS X 10_8) AppleWebKit/536.25 (KHTML, like Gecko) Version/6.0 Safari/536.25"
198.204.240.234 - - [21/Sep/2026:12:03:34 +0700] "GET /wp-content/qqd523b6/edit.php HTTP/1.1" 200 6 "https://matin168d.com/wp-content/qqd523b6/edit.php" "Mozilla/5.0 (compatible; MSIE 9.0; Windows NT 6.1; WOW64; Trident/5.0; Sleipnir/2.9.8)"
66.249.72.67 - - [21/Sep/2026:12:03:46 +0700] "GET /recommend.php?sitemap276.xml HTTP/1.1" 403 - "-" "Mozilla/5.0 (compatible; Googlebot/2.1; +http://www.google.com/bot.html)"
198.204.240.234 - - [21/Sep/2026:12:02:51 +0700] "GET /wp-content/qqd523b6/edit.php HTTP/1.1" 200 - "https://matin168d.com/wp-content/qqd523b6/edit.php" "Mozilla/5.0 (X11; Linux i686) AppleWebKit/535.2 (KHTML, like Gecko) Ubuntu/10.04 Chromium/15.0.874.106 Chrome/15.0.874.106 Safari/535.2"
2600:3c03::2000:36ff:fe59:1d1b - - [21/Sep/2026:12:05:21 +0700] "GET /wp-admin/css/ HTTP/1.1" 301 - "binance.com" "Mozilla/5.0 (Windows NT 10.0; Win64; x64) AppleWebKit/537.36 (KHTML, like Gecko) Chrome/90.0.4430.85 Safari/537.36"
198.252.107.178 - - [21/Sep/2026:12:05:27 +0700] "POST /wp-cron.php?doing_wp_cron=1789967127.2670879364013671875000 HTTP/1.1" 301 - "-" "WordPress/7.1.1; https://matin168d.com"
2600:3c03::2000:36ff:fe59:1d1b - - [21/Sep/2026:12:05:28 +0700] "GET / HTTP/1.1" 200 - "binance.com" "Mozilla/5.0 (Windows NT 10.0; Win64; x64) AppleWebKit/537.36 (KHTML, like Gecko) Chrome/90.0.4430.85 Safari/537.36"
159.223.165.52 - - [21/Sep/2026:12:07:18 +0700] "POST /wp-login.php HTTP/1.1" 200 7531 "-" "Mozilla/5.0"
198.252.107.178 - - [21/Sep/2026:12:07:21 +0700] "POST /wp-cron.php?doing_wp_cron=1789967241.4295570850372314453125 HTTP/1.1" 301 - "-" "WordPress/7.1.1; https://matin168d.com"
66.249.72.68 - - [21/Sep/2026:12:10:41 +0700] "GET /furusato.php?sitemap564.xml HTTP/1.1" 403 - "-" "Mozilla/5.0 (compatible; Googlebot/2.1; +http://www.google.com/bot.html)"
198.204.240.234 - - [21/Sep/2026:12:12:46 +0700] "GET /wp-content/qqd523b6/edit.php HTTP/1.1" 200 6 "https://matin168d.com/wp-content/qqd523b6/edit.php" "Mozilla/4.0 (compatible; MSIE 7.0; Windows NT 5.1)"
66.249.72.68 - - [21/Sep/2026:12:12:56 +0700] "GET /recommend.php?sitemap111.xml HTTP/1.1" 403 - "-" "Mozilla/5.0 (compatible; Googlebot/2.1; +http://www.google.com/bot.html)"
198.204.240.234 - - [21/Sep/2026:12:13:07 +0700] "GET /wp-content/qqd523b6/edit.php HTTP/1.1" 200 6 "https://matin168d.com/wp-content/qqd523b6/edit.php" "Mozilla/5.0 (Macintosh; U; Intel Mac OS X; ja-jp) AppleWebKit/523.10.3 (KHTML, like Gecko) Version/3.0.4 Safari/523.10"
198.204.240.234 - - [21/Sep/2026:12:12:26 +0700] "GET /wp-content/qqd523b6/edit.php HTTP/1.1" 200 - "https://matin168d.com/wp-content/qqd523b6/edit.php" "Mozilla/5.0 (Macintosh; U; PPC Mac OS X; ja-jp) AppleWebKit/522.11.1 (KHTML, like Gecko) Version/3.0.3 Safari/522.12.1"
102.134.101.35 - - [21/Sep/2026:12:15:35 +0700] "GET /wp-login.php HTTP/1.1" 200 7160 "-" "Mozilla/5.0 (X11; Linux x86_64) AppleWebKit/537.36 (KHTML, like Gecko) Chrome/151.0.0.0 Safari/537.36"
198.252.107.178 - - [21/Sep/2026:12:15:46 +0700] "POST /wp-cron.php?doing_wp_cron=1789967740.5773379802703857421875 HTTP/1.1" 301 - "-" "WordPress/7.1.1; https://matin168d.com"
102.134.101.35 - - [21/Sep/2026:12:15:50 +0700] "POST /wp-login.php HTTP/1.1" 200 7584 "https://www.matin168d.com/wp-login.php" "Mozilla/5.0 (X11; Linux x86_64) AppleWebKit/537.36 (KHTML, like Gecko) Chrome/151.0.0.0 Safari/537.36"
102.134.101.35 - - [21/Sep/2026:12:15:56 +0700] "GET /wp-json/wp/v2/users/me HTTP/1.1" 401 96 "-" "Mozilla/5.0 (X11; Linux x86_64) AppleWebKit/537.36 (KHTML, like Gecko) Chrome/151.0.0.0 Safari/537.36"
159.223.165.52 - - [21/Sep/2026:12:16:02 +0700] "POST /wp-login.php HTTP/1.1" 200 7531 "-" "Mozilla/5.0"
66.249.72.64 - - [21/Sep/2026:12:20:17 +0700] "GET /furusato.php?sitemap731.xml HTTP/1.1" 403 - "-" "Mozilla/5.0 (compatible; Googlebot/2.1; +http://www.google.com/bot.html)"
139.28.219.68 - - [21/Sep/2026:12:20:51 +0700] "GET / HTTP/1.1" 200 - "-" "Mozilla/5.0 (Windows NT 10.0; Win64; x64) AppleWebKit/537.36 (KHTML, like Gecko) Chrome/78.0.3904.108 Safari/537.36"
198.252.107.178 - - [21/Sep/2026:12:20:56 +0700] "POST /wp-cron.php?doing_wp_cron=1789968056.0843920707702636718750 HTTP/1.1" 301 - "-" "WordPress/7.1.1; https://matin168d.com"
139.28.219.68 - - [21/Sep/2026:12:20:57 +0700] "GET //wp-includes/wlwmanifest.xml HTTP/1.1" 301 - "-" "Mozilla/5.0 (Windows NT 10.0; Win64; x64) AppleWebKit/537.36 (KHTML, like Gecko) Chrome/78.0.3904.108 Safari/537.36"
139.28.219.68 - - [21/Sep/2026:12:20:59 +0700] "GET //xmlrpc.php?rsd HTTP/1.1" 301 - "-" "Mozilla/5.0 (Windows NT 10.0; Win64; x64) AppleWebKit/537.36 (KHTML, like Gecko) Chrome/78.0.3904.108 Safari/537.36"
139.28.219.68 - - [21/Sep/2026:12:21:00 +0700] "GET / HTTP/1.1" 200 - "-" "Mozilla/5.0 (Windows NT 10.0; Win64; x64) AppleWebKit/537.36 (KHTML, like Gecko) Chrome/78.0.3904.108 Safari/537.36"
139.28.219.68 - - [21/Sep/2026:12:21:04 +0700] "GET //blog/wp-includes/wlwmanifest.xml HTTP/1.1" 301 - "-" "Mozilla/5.0 (Windows NT 10.0; Win64; x64) AppleWebKit/537.36 (KHTML, like Gecko) Chrome/78.0.3904.108 Safari/537.36"
139.28.219.68 - - [21/Sep/2026:12:21:06 +0700] "GET //web/wp-includes/wlwmanifest.xml HTTP/1.1" 301 - "-" "Mozilla/5.0 (Windows NT 10.0; Win64; x64) AppleWebKit/537.36 (KHTML, like Gecko) Chrome/78.0.3904.108 Safari/537.36"
139.28.219.68 - - [21/Sep/2026:12:21:07 +0700] "GET //wordpress/wp-includes/wlwmanifest.xml HTTP/1.1" 301 - "-" "Mozilla/5.0 (Windows NT 10.0; Win64; x64) AppleWebKit/537.36 (KHTML, like Gecko) Chrome/78.0.3904.108 Safari/537.36"
139.28.219.68 - - [21/Sep/2026:12:21:09 +0700] "GET //website/wp-includes/wlwmanifest.xml HTTP/1.1" 301 - "-" "Mozilla/5.0 (Windows NT 10.0; Win64; x64) AppleWebKit/537.36 (KHTML, like Gecko) Chrome/78.0.3904.108 Safari/537.36"
139.28.219.68 - - [21/Sep/2026:12:21:12 +0700] "GET //wp/wp-includes/wlwmanifest.xml HTTP/1.1" 301 - "-" "Mozilla/5.0 (Windows NT 10.0; Win64; x64) AppleWebKit/537.36 (KHTML, like Gecko) Chrome/78.0.3904.108 Safari/537.36"
139.28.219.68 - - [21/Sep/2026:12:21:15 +0700] "GET //news/wp-includes/wlwmanifest.xml HTTP/1.1" 301 - "-" "Mozilla/5.0 (Windows NT 10.0; Win64; x64) AppleWebKit/537.36 (KHTML, like Gecko) Chrome/78.0.3904.108 Safari/537.36"
139.28.219.68 - - [21/Sep/2026:12:21:16 +0700] "GET //2018/wp-includes/wlwmanifest.xml HTTP/1.1" 301 - "-" "Mozilla/5.0 (Windows NT 10.0; Win64; x64) AppleWebKit/537.36 (KHTML, like Gecko) Chrome/78.0.3904.108 Safari/537.36"
139.28.219.68 - - [21/Sep/2026:12:21:18 +0700] "GET //2019/wp-includes/wlwmanifest.xml HTTP/1.1" 301 - "-" "Mozilla/5.0 (Windows NT 10.0; Win64; x64) AppleWebKit/537.36 (KHTML, like Gecko) Chrome/78.0.3904.108 Safari/537.36"
139.28.219.68 - - [21/Sep/2026:12:21:20 +0700] "GET //shop/wp-includes/wlwmanifest.xml HTTP/1.1" 301 - "-" "Mozilla/5.0 (Windows NT 10.0; Win64; x64) AppleWebKit/537.36 (KHTML, like Gecko) Chrome/78.0.3904.108 Safari/537.36"
165.99.15.49 - - [21/Sep/2026:12:21:21 +0700] "GET /best-bingo-sites-uk-no-wagering-2026/ HTTP/1.1" 200 - "https://matin168d.com/" "Mozilla/5.0 (Windows NT 10.0; Win64; x64) AppleWebKit/537.36 (KHTML, like Gecko) Chrome/130.0.0.0 Safari/537.36"
139.28.219.68 - - [21/Sep/2026:12:21:22 +0700] "GET //wp1/wp-includes/wlwmanifest.xml HTTP/1.1" 301 - "-" "Mozilla/5.0 (Windows NT 10.0; Win64; x64) AppleWebKit/537.36 (KHTML, like Gecko) Chrome/78.0.3904.108 Safari/537.36"
165.99.15.55 - - [21/Sep/2026:12:21:23 +0700] "GET /best-bingo-sites-uk-no-wagering-2026/ HTTP/1.1" 200 - "https://matin168d.com/" "Mozilla/5.0 (Windows NT 10.0; Win64; x64) AppleWebKit/537.36 (KHTML, like Gecko) Chrome/130.0.0.0 Safari/537.36"
139.28.219.68 - - [21/Sep/2026:12:21:24 +0700] "GET //test/wp-includes/wlwmanifest.xml HTTP/1.1" 301 - "-" "Mozilla/5.0 (Windows NT 10.0; Win64; x64) AppleWebKit/537.36 (KHTML, like Gecko) Chrome/78.0.3904.108 Safari/537.36"
165.99.15.66 - - [21/Sep/2026:12:21:26 +0700] "GET /best-bingo-sites-uk-no-wagering-2026/ HTTP/1.1" 200 - "https://matin168d.com/" "Mozilla/5.0 (Windows NT 10.0; Win64; x64) AppleWebKit/537.36 (KHTML, like Gecko) Chrome/130.0.0.0 Safari/537.36"
139.28.219.68 - - [21/Sep/2026:12:21:26 +0700] "GET //media/wp-includes/wlwmanifest.xml HTTP/1.1" 301 - "-" "Mozilla/5.0 (Windows NT 10.0; Win64; x64) AppleWebKit/537.36 (KHTML, like Gecko) Chrome/78.0.3904.108 Safari/537.36"
139.28.219.68 - - [21/Sep/2026:12:21:28 +0700] "GET //wp2/wp-includes/wlwmanifest.xml HTTP/1.1" 301 - "-" "Mozilla/5.0 (Windows NT 10.0; Win64; x64) AppleWebKit/537.36 (KHTML, like Gecko) Chrome/78.0.3904.108 Safari/537.36"
139.28.219.68 - - [21/Sep/2026:12:21:30 +0700] "GET //site/wp-includes/wlwmanifest.xml HTTP/1.1" 301 - "-" "Mozilla/5.0 (Windows NT 10.0; Win64; x64) AppleWebKit/537.36 (KHTML, like Gecko) Chrome/78.0.3904.108 Safari/537.36"
139.28.219.68 - - [21/Sep/2026:12:21:32 +0700] "GET //cms/wp-includes/wlwmanifest.xml HTTP/1.1" 301 - "-" "Mozilla/5.0 (Windows NT 10.0; Win64; x64) AppleWebKit/537.36 (KHTML, like Gecko) Chrome/78.0.3904.108 Safari/537.36"
139.28.219.68 - - [21/Sep/2026:12:21:34 +0700] "GET //sito/wp-includes/wlwmanifest.xml HTTP/1.1" 301 - "-" "Mozilla/5.0 (Windows NT 10.0; Win64; x64) AppleWebKit/537.36 (KHTML, like Gecko) Chrome/78.0.3904.108 Safari/537.36"
159.223.165.52 - - [21/Sep/2026:12:24:55 +0700] "POST /wp-login.php HTTP/1.1" 200 7531 "-" "Mozilla/5.0"
198.252.107.178 - - [21/Sep/2026:12:24:57 +0700] "POST /wp-cron.php?doing_wp_cron=1789968297.0554440021514892578125 HTTP/1.1" 301 - "-" "WordPress/7.1.1; https://matin168d.com"
5.196.78.175 - - [21/Sep/2026:12:25:18 +0700] "GET /best-bgaming-online-casinos-uk-2026/ HTTP/1.1" 200 - "https://matin168d.com/" "Mozilla/5.0 (Windows NT 10.0) AppleWebKit/537.36 (KHTML, like Gecko) Chrome/114.0.0.0 Safari/537.36"
5.196.78.175 - - [21/Sep/2026:12:25:21 +0700] "GET /best-bgaming-online-casinos-uk-2026/ HTTP/1.1" 200 - "https://matin168d.com/" "Mozilla/5.0 (Windows NT 10.0) AppleWebKit/537.36 (KHTML, like Gecko) Chrome/114.0.0.0 Safari/537.36"
5.196.78.175 - - [21/Sep/2026:12:25:23 +0700] "GET /best-bgaming-online-casinos-uk-2026/ HTTP/1.1" 200 - "https://matin168d.com/" "Mozilla/5.0 (Windows NT 10.0) AppleWebKit/537.36 (KHTML, like Gecko) Chrome/114.0.0.0 Safari/537.36"
198.204.240.234 - - [21/Sep/2026:12:25:42 +0700] "GET /wp-content/qqd523b6/edit.php HTTP/1.1" 200 6 "https://matin168d.com/wp-content/qqd523b6/edit.php" "Mozilla/5.0 (Macintosh; U; PPC Mac OS X; ja-jp) AppleWebKit/523.10.6 (KHTML, like Gecko) Version/3.0.4 Safari/523.10.6"
198.204.240.234 - - [21/Sep/2026:12:25:22 +0700] "GET /wp-content/qqd523b6/edit.php HTTP/1.1" 200 - "https://matin168d.com/wp-content/qqd523b6/edit.php" "Mozilla/5.0 (Windows NT 6.1) AppleWebKit/535.1 (KHTML, like Gecko) Chrome/13.0.782.107 Safari/535.1"
85.203.46.5 - - [21/Sep/2026:12:29:43 +0700] "GET /best-amatic-online-casinos-uk-2026/ HTTP/1.1" 200 - "https://matin168d.com/" "Mozilla/5.0 (Windows NT 10.0; Win64; x64) AppleWebKit/537.36 (KHTML, like Gecko) Chrome/126.0.0.0 Safari/537.36"
198.252.107.178 - - [21/Sep/2026:12:29:46 +0700] "POST /wp-cron.php?doing_wp_cron=1789968586.8916618824005126953125 HTTP/1.1" 301 - "-" "WordPress/7.1.1; https://matin168d.com"
150.251.225.207 - - [21/Sep/2026:12:29:48 +0700] "GET /best-amatic-online-casinos-uk-2026/ HTTP/1.1" 200 - "https://matin168d.com/" "Mozilla/5.0 (Windows NT 10.0; Win64; x64) AppleWebKit/537.36 (KHTML, like Gecko) Chrome/126.0.0.0 Safari/537.36"
85.203.46.39 - - [21/Sep/2026:12:29:51 +0700] "GET /best-amatic-online-casinos-uk-2026/ HTTP/1.1" 200 - "https://matin168d.com/" "Mozilla/5.0 (Windows NT 10.0; Win64; x64) AppleWebKit/537.36 (KHTML, like Gecko) Chrome/126.0.0.0 Safari/537.36"
82.139.195.158 - - [21/Sep/2026:12:29:55 +0700] "GET /best-bingo-casinos-uk-2026/ HTTP/1.1" 200 - "https://matin168d.com/" "Mozilla/5.0 (Windows NT 10.0; Win64; x64) AppleWebKit/537.36 (KHTML, like Gecko) obsidian/1.6.5 Chrome/124.0.6367.243 Electron/30.1.2 Safari/537.36"
158.173.67.82 - - [21/Sep/2026:12:29:58 +0700] "GET /best-bingo-casinos-uk-2026/ HTTP/1.1" 200 - "https://matin168d.com/" "Mozilla/5.0 (Windows NT 10.0; Win64; x64) AppleWebKit/537.36 (KHTML, like Gecko) obsidian/1.6.5 Chrome/124.0.6367.243 Electron/30.1.2 Safari/537.36"
158.173.74.110 - - [21/Sep/2026:12:30:00 +0700] "GET /best-bingo-casinos-uk-2026/ HTTP/1.1" 200 - "https://matin168d.com/" "Mozilla/5.0 (Windows NT 10.0; Win64; x64) AppleWebKit/537.36 (KHTML, like Gecko) obsidian/1.6.5 Chrome/124.0.6367.243 Electron/30.1.2 Safari/537.36"
159.223.165.52 - - [21/Sep/2026:12:33:42 +0700] "POST /wp-login.php HTTP/1.1" 200 7531 "-" "Mozilla/5.0"
198.252.107.178 - - [21/Sep/2026:12:33:44 +0700] "POST /wp-cron.php?doing_wp_cron=1789968824.4139699935913085937500 HTTP/1.1" 301 - "-" "WordPress/7.1.1; https://matin168d.com"
66.249.72.66 - - [21/Sep/2026:12:33:57 +0700] "GET /furusato.php?sitemap551.xml HTTP/1.1" 403 - "-" "Mozilla/5.0 (compatible; Googlebot/2.1; +http://www.google.com/bot.html)"
198.204.240.234 - - [21/Sep/2026:12:34:34 +0700] "GET /wp-content/qqd523b6/edit.php HTTP/1.1" 200 15 "https://matin168d.com/wp-content/qqd523b6/edit.php" "Mozilla/5.0 (Macintosh; Intel Mac OS X 10_6_8) AppleWebKit/535.1 (KHTML, like Gecko) Chrome/13.0.782.220 Safari/535.1"
198.204.240.234 - - [21/Sep/2026:12:34:54 +0700] "GET /wp-content/qqd523b6/edit.php HTTP/1.1" 200 6 "https://matin168d.com/wp-content/qqd523b6/edit.php" "Mozilla/4.0 (compatible; MSIE 7.0; Windows NT 5.1; .NET CLR 1.1.4322; .NET CLR 2.0.50727)"
134.185.85.61 - - [21/Sep/2026:12:35:35 +0700] "POST /wp-login.php HTTP/1.1" 200 7532 "-" "Mozilla/5.0 (Windows NT 10.0; Win64; rv:143.0) Gecko/20100101 Firefox/143.0"
45.148.10.15 - - [21/Sep/2026:12:35:34 +0700] "POST /?rest_route=/batch/v1 HTTP/1.1" 207 16 "-" "Mozilla/5.0 (Windows NT 10.0; Win64; x64) AppleWebKit/537.36 (KHTML, like Gecko) Chrome/120.0.0.0 Safari/537.36"
198.252.107.178 - - [21/Sep/2026:12:35:36 +0700] "POST /wp-cron.php?doing_wp_cron=1789968936.6768119335174560546875 HTTP/1.1" 301 - "-" "WordPress/7.1.1; https://matin168d.com"
45.148.10.15 - - [21/Sep/2026:12:35:37 +0700] "GET /wp-json/ HTTP/1.1" 200 280120 "-" "Mozilla/5.0 (Windows NT 10.0; Win64; x64) AppleWebKit/537.36 (KHTML, like Gecko) Chrome/120.0.0.0 Safari/537.36"
198.252.107.178 - - [21/Sep/2026:12:35:37 +0700] "POST /wp-cron.php?doing_wp_cron=1789968937.3119289875030517578125 HTTP/1.1" 301 - "-" "WordPress/7.1.1; https://matin168d.com"
45.148.10.15 - - [21/Sep/2026:12:35:40 +0700] "POST /index.php?rest_route=/batch/v1 HTTP/1.1" 207 16 "-" "Mozilla/5.0 (Windows NT 10.0; Win64; x64) AppleWebKit/537.36 (KHTML, like Gecko) Chrome/120.0.0.0 Safari/537.36"
45.148.10.15 - - [21/Sep/2026:12:35:42 +0700] "GET /wp-login.php HTTP/1.1" 200 7160 "-" "Mozilla/5.0 (Windows NT 10.0; Win64; x64) AppleWebKit/537.36 (KHTML, like Gecko) Chrome/120.0.0.0 Safari/537.36"
45.148.10.15 - - [21/Sep/2026:12:35:43 +0700] "GET /wp-json/gravitysmtp/v1/tests/mock-data?page=gravitysmtp-settings HTTP/1.1" 404 114 "-" "Mozilla/5.0 (Windows NT 10.0; Win64; x64) AppleWebKit/537.36 (KHTML, like Gecko) Chrome/120.0.0.0 Safari/537.36"
198.204.240.234 - - [21/Sep/2026:12:34:14 +0700] "GET /wp-content/qqd523b6/edit.php HTTP/1.1" 200 - "https://matin168d.com/wp-content/qqd523b6/edit.php" "Mozilla/4.0 (compatible; MSIE 6.0; X11; Linux i686; ja) Opera 10.10"
45.148.10.15 - - [21/Sep/2026:12:35:44 +0700] "GET /?rest_route=/gravitysmtp/v1/tests/mock-data&page=gravitysmtp-settings HTTP/1.1" 404 114 "-" "Mozilla/5.0 (Macintosh; Intel Mac OS X 10_15_7) AppleWebKit/605.1.15 (KHTML, like Gecko) Version/17.0 Safari/605.1.15"
45.148.10.15 - - [21/Sep/2026:12:35:46 +0700] "GET /wp-json/gravitysmtp/v1/tests/mock-data?page=gravitysmtp-connections HTTP/1.1" 404 114 "-" "Mozilla/5.0 (X11; Linux x86_64; rv:121.0) Gecko/20100101 Firefox/121.0"
45.148.10.15 - - [21/Sep/2026:12:35:47 +0700] "GET /?rest_route=/gravitysmtp/v1/tests/mock-data&page=gravitysmtp-connections HTTP/1.1" 404 114 "-" "Mozilla/5.0 (Windows NT 10.0; Win64; x64; rv:121.0) Gecko/20100101 Firefox/121.0"
45.148.10.15 - - [21/Sep/2026:12:35:49 +0700] "GET /index.php?rest_route=/gravitysmtp/v1/tests/mock-data&page=gravitysmtp-settings HTTP/1.1" 404 114 "-" "Mozilla/5.0 (iPhone; CPU iPhone OS 17_0 like Mac OS X) AppleWebKit/605.1.15 (KHTML, like Gecko) Version/17.0 Mobile/15E148 Safari/604.1"
45.148.10.15 - - [21/Sep/2026:12:35:52 +0700] "GET /wp-json/gravitysmtp/v1/tests/mock-data HTTP/1.1" 404 114 "-" "Mozilla/5.0 (Linux; Android 13; SM-S918B) AppleWebKit/537.36 (KHTML, like Gecko) Chrome/120.0.0.0 Mobile Safari/537.36"
45.148.10.15 - - [21/Sep/2026:12:35:54 +0700] "POST /wp/index.php?rest_route=/batch/v1 HTTP/1.1" 207 16 "-" "Mozilla/5.0 (Windows NT 10.0; Win64; x64) AppleWebKit/537.36 (KHTML, like Gecko) Chrome/120.0.0.0 Safari/537.36"
45.148.10.15 - - [21/Sep/2026:12:35:57 +0700] "POST /wordpress/index.php?rest_route=/batch/v1 HTTP/1.1" 207 16 "-" "Mozilla/5.0 (Windows NT 10.0; Win64; x64) AppleWebKit/537.36 (KHTML, like Gecko) Chrome/120.0.0.0 Safari/537.36"
45.148.10.15 - - [21/Sep/2026:12:36:00 +0700] "POST /blog/index.php?rest_route=/batch/v1 HTTP/1.1" 207 16 "-" "Mozilla/5.0 (Windows NT 10.0; Win64; x64) AppleWebKit/537.36 (KHTML, like Gecko) Chrome/120.0.0.0 Safari/537.36"
198.204.240.234 - - [21/Sep/2026:12:36:07 +0700] "GET /wp-content/qqd523b6/edit.php HTTP/1.1" 200 6 "https://matin168d.com/wp-content/qqd523b6/edit.php" "Mozilla/5.0 (Macintosh; Intel Mac OS X 10_8) AppleWebKit/536.25 (KHTML, like Gecko) Version/6.0 Safari/536.25"
198.204.240.234 - - [21/Sep/2026:12:35:46 +0700] "GET /wp-content/qqd523b6/edit.php HTTP/1.1" 200 - "https://matin168d.com/wp-content/qqd523b6/edit.php" "Mozilla/5.0 (Macintosh; U; Intel Mac OS X; ja-jp) AppleWebKit/523.10.3 (KHTML, like Gecko) Version/3.0.4 Safari/523.10"
66.249.72.64 - - [21/Sep/2026:12:38:24 +0700] "GET /recommend.php?sitemap409.xml HTTP/1.1" 403 - "-" "Mozilla/5.0 (compatible; Googlebot/2.1; +http://www.google.com/bot.html)"
2a06:98c0:3600::103 - - [21/Sep/2026:12:38:52 +0700] "GET /wp-admin/install.php?step=1 HTTP/1.1" 200 1368 "-" "http://matin168hr.com/wp-admin/install.php?step=1"
198.252.107.178 - - [21/Sep/2026:12:38:53 +0700] "POST /wp-cron.php?doing_wp_cron=1789969133.2219328880310058593750 HTTP/1.1" 301 - "-" "WordPress/7.1.1; https://matin168d.com"
88.117.86.63 - - [21/Sep/2026:12:41:13 +0700] "GET /wp-login.php HTTP/1.1" 200 7160 "https://matin168hr.com/" "Mozilla/5.0 (Macintosh; Intel Mac OS X 10_15_7) AppleWebKit/537.36 (KHTML, like Gecko) Chrome/148.0.0.0 Safari/537.36"
198.252.107.178 - - [21/Sep/2026:12:41:14 +0700] "POST /wp-cron.php?doing_wp_cron=1789969274.0781149864196777343750 HTTP/1.1" 301 - "-" "WordPress/7.1.1; https://matin168d.com"
88.117.86.63 - - [21/Sep/2026:12:41:15 +0700] "POST /wp-login.php HTTP/1.1" 200 7530 "https://matin168hr.com/wp-login.php" "Mozilla/5.0 (Macintosh; Intel Mac OS X 10_15_7) AppleWebKit/537.36 (KHTML, like Gecko) Chrome/148.0.0.0 Safari/537.36"
159.223.165.52 - - [21/Sep/2026:12:42:29 +0700] "POST /wp-login.php HTTP/1.1" 200 7531 "-" "Mozilla/5.0"
198.252.107.178 - - [21/Sep/2026:12:42:30 +0700] "POST /wp-cron.php?doing_wp_cron=1789969350.5928349494934082031250 HTTP/1.1" 301 - "-" "WordPress/7.1.1; https://matin168d.com"
198.204.240.234 - - [21/Sep/2026:12:48:26 +0700] "GET /wp-content/qqd523b6/edit.php HTTP/1.1" 200 6 "https://matin168d.com/wp-content/qqd523b6/edit.php" "Mozilla/5.0 (Macintosh; Intel Mac OS X 10.7; rv:7.0.1) Gecko/20100101 Firefox/7.0.1"
198.204.240.234 - - [21/Sep/2026:12:48:06 +0700] "GET /wp-content/qqd523b6/edit.php HTTP/1.1" 200 - "https://matin168d.com/wp-content/qqd523b6/edit.php" "Mozilla/5.0 (Windows; U; Windows NT 5.1; en-US) AppleWebKit/534.16 (KHTML, like Gecko) Chrome/10.0.648.151 Safari/534.16"
66.249.72.64 - - [21/Sep/2026:12:49:49 +0700] "GET /recommend.php?sitemap301.xml HTTP/1.1" 403 - "-" "Mozilla/5.0 (compatible; Googlebot/2.1; +http://www.google.com/bot.html)"
159.223.165.52 - - [21/Sep/2026:12:51:22 +0700] "POST /wp-login.php HTTP/1.1" 200 7531 "-" "Mozilla/5.0"
198.252.107.178 - - [21/Sep/2026:12:51:26 +0700] "POST /wp-cron.php?doing_wp_cron=1789969886.1115560531616210937500 HTTP/1.1" 301 - "-" "WordPress/7.1.1; https://matin168d.com"
66.249.72.64 - - [21/Sep/2026:12:51:53 +0700] "GET /recommend.php?sitemap855.xml HTTP/1.1" 403 - "-" "Mozilla/5.0 (compatible; Googlebot/2.1; +http://www.google.com/bot.html)"
124.123.155.24 - - [21/Sep/2026:12:52:01 +0700] "POST /xmlrpc.php HTTP/1.1" 301 - "-" "Jetpack/12.0; WordPress/6.3; http://site61121373.com"
124.123.155.24 - - [21/Sep/2026:12:52:04 +0700] "GET / HTTP/1.1" 200 - "-" "Jetpack/12.0; WordPress/6.3; http://site61121373.com"
124.123.155.24 - - [21/Sep/2026:12:52:09 +0700] "POST /xmlrpc.php HTTP/1.1" 301 - "-" "Jetpack by WordPress.com"
124.123.155.24 - - [21/Sep/2026:12:52:10 +0700] "GET / HTTP/1.1" 200 - "-" "Jetpack by WordPress.com"
124.123.155.24 - - [21/Sep/2026:12:52:20 +0700] "POST /xmlrpc.php HTTP/1.1" 301 - "-" "Jetpack by WordPress.com"
124.123.155.24 - - [21/Sep/2026:12:52:21 +0700] "GET / HTTP/1.1" 200 - "-" "Jetpack by WordPress.com"
124.123.155.24 - - [21/Sep/2026:12:52:31 +0700] "POST /xmlrpc.php HTTP/1.1" 301 - "-" "Jetpack/12.1; WordPress/6.2; http://site77443607.com"
198.252.107.178 - - [21/Sep/2026:12:52:32 +0700] "POST /wp-cron.php?doing_wp_cron=1789969951.9869449138641357421875 HTTP/1.1" 301 - "-" "WordPress/7.1.1; https://matin168d.com"
124.123.155.24 - - [21/Sep/2026:12:52:33 +0700] "GET / HTTP/1.1" 200 - "-" "Jetpack/12.1; WordPress/6.2; http://site77443607.com"
124.123.155.24 - - [21/Sep/2026:12:52:41 +0700] "POST /xmlrpc.php HTTP/1.1" 301 - "-" "WordPress.com; https://wordpress.com"
124.123.155.24 - - [21/Sep/2026:12:52:43 +0700] "GET / HTTP/1.1" 200 - "-" "WordPress.com; https://wordpress.com"
124.123.155.24 - - [21/Sep/2026:12:52:52 +0700] "POST /xmlrpc.php HTTP/1.1" 301 - "-" "WordPress.com; https://wordpress.com"
124.123.155.24 - - [21/Sep/2026:12:52:53 +0700] "GET / HTTP/1.1" 200 - "-" "WordPress.com; https://wordpress.com"
124.123.155.24 - - [21/Sep/2026:12:53:02 +0700] "POST /xmlrpc.php HTTP/1.1" 301 - "-" "Jetpack by WordPress.com (Jetpack 13.0; WordPress 6.2)"
124.123.155.24 - - [21/Sep/2026:12:53:04 +0700] "GET / HTTP/1.1" 200 - "-" "Jetpack by WordPress.com (Jetpack 13.0; WordPress 6.2)"
124.123.155.24 - - [21/Sep/2026:12:53:13 +0700] "POST /xmlrpc.php HTTP/1.1" 301 - "-" "WordPress.com; https://wordpress.com"
124.123.155.24 - - [21/Sep/2026:12:53:15 +0700] "GET / HTTP/1.1" 200 - "-" "WordPress.com; https://wordpress.com"
124.123.155.24 - - [21/Sep/2026:12:53:23 +0700] "POST /xmlrpc.php HTTP/1.1" 301 - "-" "WordPress.com; https://wordpress.com"
124.123.155.24 - - [21/Sep/2026:12:53:25 +0700] "GET / HTTP/1.1" 200 - "-" "WordPress.com; https://wordpress.com"
124.123.155.24 - - [21/Sep/2026:12:53:34 +0700] "POST /xmlrpc.php HTTP/1.1" 301 - "-" "WordPress.com; https://wordpress.com"
198.252.107.178 - - [21/Sep/2026:12:53:35 +0700] "POST /wp-cron.php?doing_wp_cron=1789970015.4227540493011474609375 HTTP/1.1" 301 - "-" "WordPress/7.1.1; https://matin168d.com"
124.123.155.24 - - [21/Sep/2026:12:53:36 +0700] "GET / HTTP/1.1" 200 - "-" "WordPress.com; https://wordpress.com"
124.123.155.24 - - [21/Sep/2026:12:53:44 +0700] "POST /xmlrpc.php HTTP/1.1" 301 - "-" "Jetpack/13.0; WordPress/6.1; http://site31396998.com"
124.123.155.24 - - [21/Sep/2026:12:53:46 +0700] "GET / HTTP/1.1" 200 - "-" "Jetpack/13.0; WordPress/6.1; http://site31396998.com"