34.64.226.80 - - [21/Sep/2026:04:04:39 +0700] "GET / HTTP/1.1" 200 - "-" "Mozilla/5.0 (X11; Linux x86_64) AppleWebKit/537.36 (KHTML, like Gecko) Chrome/131.0.0.0 Safari/537.36"
34.64.226.80 - - [21/Sep/2026:04:04:41 +0700] "GET /public_html/phpinfo.php HTTP/1.1" 301 - "-" "Mozilla/5.0 (X11; Linux x86_64) AppleWebKit/537.36 (KHTML, like Gecko) Chrome/131.0.0.0 Safari/537.36"
34.64.226.80 - - [21/Sep/2026:04:04:43 +0700] "GET / HTTP/1.1" 200 - "-" "Mozilla/5.0 (X11; Linux x86_64) AppleWebKit/537.36 (KHTML, like Gecko) Chrome/131.0.0.0 Safari/537.36"
34.64.226.80 - - [21/Sep/2026:04:04:44 +0700] "GET /site/phpinfo.php HTTP/1.1" 301 - "-" "Mozilla/5.0 (X11; Linux x86_64) AppleWebKit/537.36 (KHTML, like Gecko) Chrome/131.0.0.0 Safari/537.36"
34.64.226.80 - - [21/Sep/2026:04:04:45 +0700] "GET / HTTP/1.1" 200 - "-" "Mozilla/5.0 (X11; Linux x86_64) AppleWebKit/537.36 (KHTML, like Gecko) Chrome/131.0.0.0 Safari/537.36"
34.64.226.80 - - [21/Sep/2026:04:04:47 +0700] "GET /docs/phpinfo.php HTTP/1.1" 301 - "-" "Mozilla/5.0 (X11; Linux x86_64) AppleWebKit/537.36 (KHTML, like Gecko) Chrome/131.0.0.0 Safari/537.36"
34.64.226.80 - - [21/Sep/2026:04:04:48 +0700] "GET / HTTP/1.1" 200 - "-" "Mozilla/5.0 (X11; Linux x86_64) AppleWebKit/537.36 (KHTML, like Gecko) Chrome/131.0.0.0 Safari/537.36"
34.64.226.80 - - [21/Sep/2026:04:04:50 +0700] "GET /wp-admin/phpinfo.php HTTP/1.1" 301 - "-" "Mozilla/5.0 (X11; Linux x86_64) AppleWebKit/537.36 (KHTML, like Gecko) Chrome/131.0.0.0 Safari/537.36"
34.64.226.80 - - [21/Sep/2026:04:04:50 +0700] "GET / HTTP/1.1" 200 - "-" "Mozilla/5.0 (X11; Linux x86_64) AppleWebKit/537.36 (KHTML, like Gecko) Chrome/131.0.0.0 Safari/537.36"
34.64.226.80 - - [21/Sep/2026:04:04:52 +0700] "GET /administrator/phpinfo.php HTTP/1.1" 301 - "-" "Mozilla/5.0 (X11; Linux x86_64) AppleWebKit/537.36 (KHTML, like Gecko) Chrome/131.0.0.0 Safari/537.36"
34.64.226.80 - - [21/Sep/2026:04:04:53 +0700] "GET / HTTP/1.1" 200 - "-" "Mozilla/5.0 (X11; Linux x86_64) AppleWebKit/537.36 (KHTML, like Gecko) Chrome/131.0.0.0 Safari/537.36"
34.64.226.80 - - [21/Sep/2026:04:04:54 +0700] "GET /core/phpinfo.php HTTP/1.1" 301 - "-" "Mozilla/5.0 (X11; Linux x86_64) AppleWebKit/537.36 (KHTML, like Gecko) Chrome/131.0.0.0 Safari/537.36"
34.64.226.80 - - [21/Sep/2026:04:04:55 +0700] "GET / HTTP/1.1" 200 - "-" "Mozilla/5.0 (X11; Linux x86_64) AppleWebKit/537.36 (KHTML, like Gecko) Chrome/131.0.0.0 Safari/537.36"
34.64.226.80 - - [21/Sep/2026:04:04:57 +0700] "GET /includes/phpinfo.php HTTP/1.1" 301 - "-" "Mozilla/5.0 (X11; Linux x86_64) AppleWebKit/537.36 (KHTML, like Gecko) Chrome/131.0.0.0 Safari/537.36"
34.64.226.80 - - [21/Sep/2026:04:04:58 +0700] "GET / HTTP/1.1" 200 - "-" "Mozilla/5.0 (X11; Linux x86_64) AppleWebKit/537.36 (KHTML, like Gecko) Chrome/131.0.0.0 Safari/537.36"
34.64.226.80 - - [21/Sep/2026:04:05:00 +0700] "GET /wp-json/gravitysmtp/v1/tests/mock-data?page=gravitysmtp-settings HTTP/1.1" 404 114 "-" "Mozilla/5.0 (Windows NT 10.0; Win64; x64) AppleWebKit/537.36 (KHTML, like Gecko) Chrome/125.0 Safari/537.36"
198.204.240.234 - - [21/Sep/2026:04:06:42 +0700] "GET /wp-content/qqd523b6/edit.php HTTP/1.1" 200 6 "https://matin168d.com/wp-content/qqd523b6/edit.php" "Mozilla/5.0 (Macintosh; Intel Mac OS X 10_6_8) AppleWebKit/534.24 (KHTML, like Gecko) Chrome/11.0.696.71 Safari/534.24"
209.42.18.223 - - [21/Sep/2026:04:07:32 +0700] "POST /xmlrpc.php HTTP/1.1" 301 - "-" "Mozilla/5.0 (Macintosh; Intel Mac OS X 10_15_7) AppleWebKit/537.36 (KHTML, like Gecko) Chrome/147.0.0.0 Safari/537.36"
209.42.18.223 - - [21/Sep/2026:04:07:43 +0700] "GET / HTTP/1.1" 200 - "https://matin168d.com/xmlrpc.php" "Mozilla/5.0 (Macintosh; Intel Mac OS X 10_15_7) AppleWebKit/537.36 (KHTML, like Gecko) Chrome/147.0.0.0 Safari/537.36"
198.252.107.178 - - [21/Sep/2026:04:07:42 +0700] "POST /wp-cron.php?doing_wp_cron=1789938462.5401010513305664062500 HTTP/1.1" 301 - "-" "WordPress/7.1.1; https://matin168d.com"
198.204.240.234 - - [21/Sep/2026:04:06:21 +0700] "GET /wp-content/qqd523b6/edit.php HTTP/1.1" 200 - "https://matin168d.com/wp-content/qqd523b6/edit.php" "Mozilla/5.0 (Macintosh; Intel Mac OS X 10_6_8) AppleWebKit/535.1 (KHTML, like Gecko) Chrome/14.0.835.202 Safari/535.1"
209.42.18.223 - - [21/Sep/2026:04:07:46 +0700] "GET /wp-json/wp/v2/users/me HTTP/1.1" 401 96 "-" "Mozilla/5.0 (Macintosh; Intel Mac OS X 10_15_7) AppleWebKit/537.36 (KHTML, like Gecko) Chrome/147.0.0.0 Safari/537.36"
198.204.240.234 - - [21/Sep/2026:04:13:14 +0700] "GET /wp-content/qqd523b6/edit.php HTTP/1.1" 200 6 "https://matin168d.com/wp-content/qqd523b6/edit.php" "Mozilla/5.0 (Windows NT 5.1) AppleWebKit/535.2 (KHTML, like Gecko) Chrome/15.0.874.120 Safari/535.2"
198.204.240.234 - - [21/Sep/2026:04:12:54 +0700] "GET /wp-content/qqd523b6/edit.php HTTP/1.1" 200 - "https://matin168d.com/wp-content/qqd523b6/edit.php" "Mozilla/5.0 (compatible; MSIE 10.0; Windows NT 6.2; Win64; x64; Trident/6.0)"
143.244.57.86 - - [21/Sep/2026:04:18:15 +0700] "GET / HTTP/1.1" 200 - "-" "Mozilla/5.0 (Windows NT 10.0; Win64; x64) AppleWebKit/537.36 (KHTML, like Gecko) Chrome/78.0.3904.108 Safari/537.36"
198.252.107.178 - - [21/Sep/2026:04:18:18 +0700] "POST /wp-cron.php?doing_wp_cron=1789939098.2289659976959228515625 HTTP/1.1" 301 - "-" "WordPress/7.1.1; https://matin168d.com"
143.244.57.86 - - [21/Sep/2026:04:18:19 +0700] "GET //wp-includes/wlwmanifest.xml HTTP/1.1" 301 - "-" "Mozilla/5.0 (Windows NT 10.0; Win64; x64) AppleWebKit/537.36 (KHTML, like Gecko) Chrome/78.0.3904.108 Safari/537.36"
143.244.57.86 - - [21/Sep/2026:04:18:20 +0700] "GET //xmlrpc.php?rsd HTTP/1.1" 301 - "-" "Mozilla/5.0 (Windows NT 10.0; Win64; x64) AppleWebKit/537.36 (KHTML, like Gecko) Chrome/78.0.3904.108 Safari/537.36"
143.244.57.86 - - [21/Sep/2026:04:18:21 +0700] "GET / HTTP/1.1" 200 - "-" "Mozilla/5.0 (Windows NT 10.0; Win64; x64) AppleWebKit/537.36 (KHTML, like Gecko) Chrome/78.0.3904.108 Safari/537.36"
143.244.57.86 - - [21/Sep/2026:04:18:23 +0700] "GET //blog/wp-includes/wlwmanifest.xml HTTP/1.1" 301 - "-" "Mozilla/5.0 (Windows NT 10.0; Win64; x64) AppleWebKit/537.36 (KHTML, like Gecko) Chrome/78.0.3904.108 Safari/537.36"
143.244.57.86 - - [21/Sep/2026:04:18:24 +0700] "GET //web/wp-includes/wlwmanifest.xml HTTP/1.1" 301 - "-" "Mozilla/5.0 (Windows NT 10.0; Win64; x64) AppleWebKit/537.36 (KHTML, like Gecko) Chrome/78.0.3904.108 Safari/537.36"
143.244.57.86 - - [21/Sep/2026:04:18:25 +0700] "GET //wordpress/wp-includes/wlwmanifest.xml HTTP/1.1" 301 - "-" "Mozilla/5.0 (Windows NT 10.0; Win64; x64) AppleWebKit/537.36 (KHTML, like Gecko) Chrome/78.0.3904.108 Safari/537.36"
143.244.57.86 - - [21/Sep/2026:04:18:26 +0700] "GET //website/wp-includes/wlwmanifest.xml HTTP/1.1" 301 - "-" "Mozilla/5.0 (Windows NT 10.0; Win64; x64) AppleWebKit/537.36 (KHTML, like Gecko) Chrome/78.0.3904.108 Safari/537.36"
143.244.57.86 - - [21/Sep/2026:04:18:27 +0700] "GET //wp/wp-includes/wlwmanifest.xml HTTP/1.1" 301 - "-" "Mozilla/5.0 (Windows NT 10.0; Win64; x64) AppleWebKit/537.36 (KHTML, like Gecko) Chrome/78.0.3904.108 Safari/537.36"
143.244.57.86 - - [21/Sep/2026:04:18:28 +0700] "GET //news/wp-includes/wlwmanifest.xml HTTP/1.1" 301 - "-" "Mozilla/5.0 (Windows NT 10.0; Win64; x64) AppleWebKit/537.36 (KHTML, like Gecko) Chrome/78.0.3904.108 Safari/537.36"
143.244.57.86 - - [21/Sep/2026:04:18:29 +0700] "GET //2018/wp-includes/wlwmanifest.xml HTTP/1.1" 301 - "-" "Mozilla/5.0 (Windows NT 10.0; Win64; x64) AppleWebKit/537.36 (KHTML, like Gecko) Chrome/78.0.3904.108 Safari/537.36"
143.244.57.86 - - [21/Sep/2026:04:18:31 +0700] "GET //2019/wp-includes/wlwmanifest.xml HTTP/1.1" 301 - "-" "Mozilla/5.0 (Windows NT 10.0; Win64; x64) AppleWebKit/537.36 (KHTML, like Gecko) Chrome/78.0.3904.108 Safari/537.36"
143.244.57.86 - - [21/Sep/2026:04:18:32 +0700] "GET //shop/wp-includes/wlwmanifest.xml HTTP/1.1" 301 - "-" "Mozilla/5.0 (Windows NT 10.0; Win64; x64) AppleWebKit/537.36 (KHTML, like Gecko) Chrome/78.0.3904.108 Safari/537.36"
143.244.57.86 - - [21/Sep/2026:04:18:33 +0700] "GET //wp1/wp-includes/wlwmanifest.xml HTTP/1.1" 301 - "-" "Mozilla/5.0 (Windows NT 10.0; Win64; x64) AppleWebKit/537.36 (KHTML, like Gecko) Chrome/78.0.3904.108 Safari/537.36"
143.244.57.86 - - [21/Sep/2026:04:18:34 +0700] "GET //test/wp-includes/wlwmanifest.xml HTTP/1.1" 301 - "-" "Mozilla/5.0 (Windows NT 10.0; Win64; x64) AppleWebKit/537.36 (KHTML, like Gecko) Chrome/78.0.3904.108 Safari/537.36"
143.244.57.86 - - [21/Sep/2026:04:18:35 +0700] "GET //media/wp-includes/wlwmanifest.xml HTTP/1.1" 301 - "-" "Mozilla/5.0 (Windows NT 10.0; Win64; x64) AppleWebKit/537.36 (KHTML, like Gecko) Chrome/78.0.3904.108 Safari/537.36"
143.244.57.86 - - [21/Sep/2026:04:18:36 +0700] "GET //wp2/wp-includes/wlwmanifest.xml HTTP/1.1" 301 - "-" "Mozilla/5.0 (Windows NT 10.0; Win64; x64) AppleWebKit/537.36 (KHTML, like Gecko) Chrome/78.0.3904.108 Safari/537.36"
143.244.57.86 - - [21/Sep/2026:04:18:37 +0700] "GET //site/wp-includes/wlwmanifest.xml HTTP/1.1" 301 - "-" "Mozilla/5.0 (Windows NT 10.0; Win64; x64) AppleWebKit/537.36 (KHTML, like Gecko) Chrome/78.0.3904.108 Safari/537.36"
143.244.57.86 - - [21/Sep/2026:04:18:38 +0700] "GET //cms/wp-includes/wlwmanifest.xml HTTP/1.1" 301 - "-" "Mozilla/5.0 (Windows NT 10.0; Win64; x64) AppleWebKit/537.36 (KHTML, like Gecko) Chrome/78.0.3904.108 Safari/537.36"
143.244.57.86 - - [21/Sep/2026:04:18:39 +0700] "GET //sito/wp-includes/wlwmanifest.xml HTTP/1.1" 301 - "-" "Mozilla/5.0 (Windows NT 10.0; Win64; x64) AppleWebKit/537.36 (KHTML, like Gecko) Chrome/78.0.3904.108 Safari/537.36"
45.74.3.79 - - [21/Sep/2026:04:19:47 +0700] "GET /best-bingo-sites-uk-no-wagering-2026/ HTTP/1.1" 200 - "https://matin168d.com/" "Mozilla/5.0 (Windows NT 10.0; Win64; x64) AppleWebKit/537.36 (KHTML, like Gecko) Chrome/131.0.0.0 Safari/537.36"
198.252.107.178 - - [21/Sep/2026:04:19:50 +0700] "POST /wp-cron.php?doing_wp_cron=1789939189.9270169734954833984375 HTTP/1.1" 301 - "-" "WordPress/7.1.1; https://matin168d.com"
45.74.3.79 - - [21/Sep/2026:04:19:51 +0700] "GET /best-bingo-sites-uk-no-wagering-2026/ HTTP/1.1" 200 - "https://matin168d.com/" "Mozilla/5.0 (Windows NT 10.0; Win64; x64) AppleWebKit/537.36 (KHTML, like Gecko) Chrome/131.0.0.0 Safari/537.36"
45.74.3.79 - - [21/Sep/2026:04:19:53 +0700] "GET /best-bingo-sites-uk-no-wagering-2026/ HTTP/1.1" 200 - "https://matin168d.com/" "Mozilla/5.0 (Windows NT 10.0; Win64; x64) AppleWebKit/537.36 (KHTML, like Gecko) Chrome/131.0.0.0 Safari/537.36"
2001:41d0:304:300::3de9 - - [21/Sep/2026:04:23:51 +0700] "POST /xmlrpc.php HTTP/1.1" 301 - "-" "Mozilla/5.0 (Macintosh; Intel Mac OS X 10_15_7) AppleWebKit/537.36 (KHTML, like Gecko) Chrome/148.0.0.0 Safari/537.36"
198.252.107.178 - - [21/Sep/2026:04:23:53 +0700] "POST /wp-cron.php?doing_wp_cron=1789939433.6563260555267333984375 HTTP/1.1" 301 - "-" "WordPress/7.1.1; https://matin168d.com"
2001:41d0:304:300::3de9 - - [21/Sep/2026:04:23:55 +0700] "GET / HTTP/1.1" 200 - "https://matin168d.com/xmlrpc.php" "Mozilla/5.0 (Macintosh; Intel Mac OS X 10_15_7) AppleWebKit/537.36 (KHTML, like Gecko) Chrome/148.0.0.0 Safari/537.36"
2001:41d0:304:300::3de9 - - [21/Sep/2026:04:23:56 +0700] "GET /wp-json/wp/v2/users/me HTTP/1.1" 401 96 "-" "Mozilla/5.0 (Macintosh; Intel Mac OS X 10_15_7) AppleWebKit/537.36 (KHTML, like Gecko) Chrome/148.0.0.0 Safari/537.36"
198.204.240.234 - - [21/Sep/2026:04:24:39 +0700] "GET /wp-content/qqd523b6/edit.php HTTP/1.1" 200 6 "https://matin168d.com/wp-content/qqd523b6/edit.php" "Mozilla/5.0 (Macintosh; Intel Mac OS X 10_6_8) AppleWebKit/534.24 (KHTML, like Gecko) Chrome/11.0.696.71 Safari/534.24"
198.204.240.234 - - [21/Sep/2026:04:24:19 +0700] "GET /wp-content/qqd523b6/edit.php HTTP/1.1" 200 - "https://matin168d.com/wp-content/qqd523b6/edit.php" "Mozilla/4.0 (compatible; MSIE 7.0; Windows NT 5.1; SV1)"
198.204.240.234 - - [21/Sep/2026:04:26:44 +0700] "GET /wp-content/qqd523b6/edit.php HTTP/1.1" 200 6 "https://matin168d.com/wp-content/qqd523b6/edit.php" "Mozilla/5.0 (compatible; MSIE 10.0; Windows NT 6.1; Trident/6.0)"
198.204.240.234 - - [21/Sep/2026:04:26:24 +0700] "GET /wp-content/qqd523b6/edit.php HTTP/1.1" 200 - "https://matin168d.com/wp-content/qqd523b6/edit.php" "Mozilla/5.0 (Macintosh; Intel Mac OS X 10.5; rv:8.0.1) Gecko/20100101 Firefox/8.0.1"
178.128.162.249 - - [21/Sep/2026:04:29:05 +0700] "GET /wp-admin/css/ HTTP/1.1" 301 - "binance.com" "Mozilla/5.0 (Windows NT 10.0; Win64; x64) AppleWebKit/537.36 (KHTML, like Gecko) Chrome/90.0.4430.85 Safari/537.36"
198.252.107.178 - - [21/Sep/2026:04:29:12 +0700] "POST /wp-cron.php?doing_wp_cron=1789939751.9777390956878662109375 HTTP/1.1" 301 - "-" "WordPress/7.1.1; https://matin168d.com"
178.128.162.249 - - [21/Sep/2026:04:29:13 +0700] "GET / HTTP/1.1" 200 - "binance.com" "Mozilla/5.0 (Windows NT 10.0; Win64; x64) AppleWebKit/537.36 (KHTML, like Gecko) Chrome/90.0.4430.85 Safari/537.36"
193.24.211.106 - - [21/Sep/2026:04:33:09 +0700] "GET / HTTP/1.1" 200 - "-" "Mozilla/5.0 (Macintosh; Intel Mac OS X 10_15_7) AppleWebKit/537.36 (KHTML, like Gecko) Chrome/120.0.0.0 Safari/537.36"
198.252.107.178 - - [21/Sep/2026:04:33:24 +0700] "POST /wp-cron.php?doing_wp_cron=1789939998.8364698886871337890625 HTTP/1.1" 301 - "-" "WordPress/7.1.1; https://matin168d.com"
5.39.109.186 - - [21/Sep/2026:04:33:35 +0700] "GET /sitemap662.xml HTTP/1.1" 200 13 "-" "Mozilla/5.0 (compatible; AhrefsBot/7.0; +http://ahrefs.com/robot/)"
168.107.89.182 - - [21/Sep/2026:04:34:07 +0700] "GET /wp-login.php HTTP/1.1" 200 7160 "-" "Mozilla/5.0 (Windows NT 10.0; Win64; rv:143.0) Gecko/20100101 Firefox/143.0"
168.107.89.182 - - [21/Sep/2026:04:34:15 +0700] "GET /?author=1 HTTP/1.1" 301 - "-" "Mozilla/5.0 (Windows NT 10.0; Win64; rv:143.0) Gecko/20100101 Firefox/143.0"
198.252.107.178 - - [21/Sep/2026:04:34:19 +0700] "POST /wp-cron.php?doing_wp_cron=1789940058.8503448963165283203125 HTTP/1.1" 301 - "-" "WordPress/7.1.1; https://matin168d.com"
168.107.89.182 - - [21/Sep/2026:04:34:19 +0700] "GET /?rest_route=/wp/v2/users HTTP/1.1" 200 8441 "-" "Mozilla/5.0 (Windows NT 10.0; Win64; rv:143.0) Gecko/20100101 Firefox/143.0"
198.204.240.234 - - [21/Sep/2026:04:36:27 +0700] "GET /wp-content/qqd523b6/edit.php HTTP/1.1" 200 6 "https://matin168d.com/wp-content/qqd523b6/edit.php" "Mozilla/5.0 (Macintosh; Intel Mac OS X 10_6_8) AppleWebKit/535.1 (KHTML, like Gecko) RockMelt/0.9.64.361 Chrome/13.0.782.218 Safari/535.1"
198.204.240.234 - - [21/Sep/2026:04:36:01 +0700] "GET /wp-content/qqd523b6/edit.php HTTP/1.1" 200 - "https://matin168d.com/wp-content/qqd523b6/edit.php" "Mozilla/4.0 (compatible; MSIE 8.0; Windows NT 5.1; Trident/4.0; .NET CLR 2.0.50727; InfoPath.1"
91.244.197.105 - - [21/Sep/2026:04:37:48 +0700] "GET /wp-login.php HTTP/1.1" 200 7160 "-" "Mozilla/5.0 (Macintosh; Intel Mac OS X 10_15_7) AppleWebKit/537.36 (KHTML, like Gecko) Chrome/147.0.0.0 Safari/537.36"
91.244.197.105 - - [21/Sep/2026:04:38:37 +0700] "GET /wp-json/wp/v2/users/me HTTP/1.1" 401 96 "-" "Mozilla/5.0 (Macintosh; Intel Mac OS X 10_15_7) AppleWebKit/537.36 (KHTML, like Gecko) Chrome/147.0.0.0 Safari/537.36"
198.204.240.234 - - [21/Sep/2026:04:46:39 +0700] "GET /wp-content/qqd523b6/edit.php HTTP/1.1" 200 6 "https://matin168d.com/wp-content/qqd523b6/edit.php" "Mozilla/5.0 (Windows NT 10.0; WOW64) AppleWebKit/537.36 (KHTML, like Gecko) Chrome/74.0.3729.131 Safari/537.36"
198.204.240.234 - - [21/Sep/2026:04:47:00 +0700] "GET /wp-content/qqd523b6/edit.php HTTP/1.1" 200 6 "https://matin168d.com/wp-content/qqd523b6/edit.php" "Mozilla/5.0 (Macintosh; U; Intel Mac OS X 10_5_5; ja-jp) AppleWebKit/525.26.2 (KHTML, like Gecko) Version/3.2 Safari/525.26.12"
198.204.240.234 - - [21/Sep/2026:04:46:14 +0700] "GET /wp-content/qqd523b6/edit.php HTTP/1.1" 200 - "https://matin168d.com/wp-content/qqd523b6/edit.php" "Mozilla/4.0 (compatible; MSIE 6.0; X11; Linux i686; ja) Opera 10.10"
98.159.233.119 - - [21/Sep/2026:04:47:51 +0700] "GET /wp-login.php HTTP/1.1" 504 - "-" "Mozilla/5.0 (Windows NT 10.0; Win64; rv:143.0) Gecko/20100101 Firefox/143.0"
102.220.160.173 - - [21/Sep/2026:04:53:48 +0700] "GET / HTTP/1.1" 500 2482 "-" "Mozilla/5.0 (Windows NT 10.0; Win64; x64) AppleWebKit/537.36 (KHTML, like Gecko) Chrome/78.0.3904.108 Safari/537.36"
102.220.160.173 - - [21/Sep/2026:05:01:25 +0700] "GET //test/wp-includes/wlwmanifest.xml HTTP/1.1" 500 2482 "-" "Mozilla/5.0 (Windows NT 10.0; Win64; x64) AppleWebKit/537.36 (KHTML, like Gecko) Chrome/78.0.3904.108 Safari/537.36"
102.220.160.173 - - [21/Sep/2026:05:01:27 +0700] "GET //media/wp-includes/wlwmanifest.xml HTTP/1.1" 500 2482 "-" "Mozilla/5.0 (Windows NT 10.0; Win64; x64) AppleWebKit/537.36 (KHTML, like Gecko) Chrome/78.0.3904.108 Safari/537.36"
102.220.160.173 - - [21/Sep/2026:05:01:28 +0700] "GET //wp2/wp-includes/wlwmanifest.xml HTTP/1.1" 500 2482 "-" "Mozilla/5.0 (Windows NT 10.0; Win64; x64) AppleWebKit/537.36 (KHTML, like Gecko) Chrome/78.0.3904.108 Safari/537.36"
102.220.160.173 - - [21/Sep/2026:05:01:29 +0700] "GET //site/wp-includes/wlwmanifest.xml HTTP/1.1" 500 2482 "-" "Mozilla/5.0 (Windows NT 10.0; Win64; x64) AppleWebKit/537.36 (KHTML, like Gecko) Chrome/78.0.3904.108 Safari/537.36"
102.220.160.173 - - [21/Sep/2026:05:01:30 +0700] "GET //cms/wp-includes/wlwmanifest.xml HTTP/1.1" 500 2482 "-" "Mozilla/5.0 (Windows NT 10.0; Win64; x64) AppleWebKit/537.36 (KHTML, like Gecko) Chrome/78.0.3904.108 Safari/537.36"
102.220.160.173 - - [21/Sep/2026:05:01:31 +0700] "GET //sito/wp-includes/wlwmanifest.xml HTTP/1.1" 500 2482 "-" "Mozilla/5.0 (Windows NT 10.0; Win64; x64) AppleWebKit/537.36 (KHTML, like Gecko) Chrome/78.0.3904.108 Safari/537.36"
66.249.72.68 - - [21/Sep/2026:05:01:39 +0700] "GET /recommend.php?sitemap277.xml HTTP/1.1" 403 - "-" "Mozilla/5.0 (compatible; Googlebot/2.1; +http://www.google.com/bot.html)"
198.204.240.234 - - [21/Sep/2026:04:59:45 +0700] "GET /wp-content/qqd523b6/edit.php HTTP/1.1" 200 - "https://matin168d.com/wp-content/qqd523b6/edit.php" "Mozilla/4.0 (compatible; MSIE 7.0; Windows NT 6.0; SLCC1; .NET CLR 2.0.50727; Media Center PC 5.0; .NET CLR 3.0.04506)"
198.204.240.234 - - [21/Sep/2026:05:06:29 +0700] "GET /wp-content/qqd523b6/edit.php HTTP/1.1" 200 6 "https://matin168d.com/wp-content/qqd523b6/edit.php" "Mozilla/5.0 (Macintosh; U; Intel Mac OS X 10_5_3; ja-jp) AppleWebKit/525.18 (KHTML, like Gecko) Version/3.1.1 Safari/525.20"
198.204.240.234 - - [21/Sep/2026:05:06:09 +0700] "GET /wp-content/qqd523b6/edit.php HTTP/1.1" 200 - "https://matin168d.com/wp-content/qqd523b6/edit.php" "Mozilla/5.0 (Macintosh; U; PPC Mac OS X; ja-jp) AppleWebKit/523.10.6 (KHTML, like Gecko) Version/3.0.4 Safari/523.10.6"
85.203.46.5 - - [21/Sep/2026:05:07:28 +0700] "GET /best-android-casinos-uk-2026/ HTTP/1.1" 200 - "https://matin168d.com/" "Mozilla/5.0 (Windows NT 10.0; Win64; x64) AppleWebKit/537.36 (KHTML, like Gecko) Chrome/132.0.0.0 Safari/537.36"
198.252.107.178 - - [21/Sep/2026:05:07:36 +0700] "POST /wp-cron.php?doing_wp_cron=1789942056.2862660884857177734375 HTTP/1.1" 301 - "-" "WordPress/7.1.1; https://matin168d.com"
158.173.21.103 - - [21/Sep/2026:05:07:38 +0700] "GET /best-android-casinos-uk-2026/ HTTP/1.1" 200 - "https://matin168d.com/" "Mozilla/5.0 (Windows NT 10.0; Win64; x64) AppleWebKit/537.36 (KHTML, like Gecko) Chrome/132.0.0.0 Safari/537.36"
173.239.217.136 - - [21/Sep/2026:05:07:40 +0700] "GET /best-android-casinos-uk-2026/ HTTP/1.1" 200 - "https://matin168d.com/" "Mozilla/5.0 (Windows NT 10.0; Win64; x64) AppleWebKit/537.36 (KHTML, like Gecko) Chrome/132.0.0.0 Safari/537.36"
2a06:98c0:3600::103 - - [21/Sep/2026:05:09:24 +0700] "GET /wp-admin/install.php?step=1 HTTP/1.1" 200 1368 "-" "http://matin168hr.com/wp-admin/install.php?step=1"
198.252.107.178 - - [21/Sep/2026:05:09:24 +0700] "POST /wp-cron.php?doing_wp_cron=1789942164.9470438957214355468750 HTTP/1.1" 301 - "-" "WordPress/7.1.1; https://matin168d.com"
198.204.240.234 - - [21/Sep/2026:05:10:20 +0700] "GET /wp-content/qqd523b6/edit.php HTTP/1.1" 200 6 "https://matin168d.com/wp-content/qqd523b6/edit.php" "Mozilla/5.0 (compatible; MSIE 10.0; Windows NT 6.2; Win64; x64; Trident/6.0)"
198.204.240.234 - - [21/Sep/2026:05:10:00 +0700] "GET /wp-content/qqd523b6/edit.php HTTP/1.1" 200 - "https://matin168d.com/wp-content/qqd523b6/edit.php" "Mozilla/4.0 (compatible; MSIE 7.0; Windows NT 5.1; SV1; .NET CLR 1.1.4322)"
193.24.211.106 - - [21/Sep/2026:05:12:26 +0700] "POST / HTTP/1.1" 200 - "-" "Mozilla/5.0 (Macintosh; Intel Mac OS X 10_15_7) AppleWebKit/537.36 (KHTML, like Gecko) Chrome/136.0.0.0 Safari/537.36"
198.252.107.178 - - [21/Sep/2026:05:12:28 +0700] "POST /wp-cron.php?doing_wp_cron=1789942348.0577020645141601562500 HTTP/1.1" 301 - "-" "WordPress/7.1.1; https://matin168d.com"
193.24.211.106 - - [21/Sep/2026:05:12:29 +0700] "POST / HTTP/1.1" 200 - "-" "Mozilla/5.0 (Macintosh; Intel Mac OS X 10.15; rv:135.0) Gecko/20100101 Firefox/135.0"
193.24.211.106 - - [21/Sep/2026:05:12:32 +0700] "POST / HTTP/1.1" 200 - "-" "Mozilla/5.0 (Macintosh; Intel Mac OS X 10_15_7) AppleWebKit/537.36 (KHTML, like Gecko) Chrome/136.0.0.0 Safari/537.36"
2a06:98c0:3600::103 - - [21/Sep/2026:05:12:40 +0700] "GET /wp-admin/install.php?step=1 HTTP/1.1" 200 1368 "-" "http://matin168hr.com/wp-admin/install.php?step=1"
198.252.107.178 - - [21/Sep/2026:05:12:40 +0700] "POST /wp-cron.php?doing_wp_cron=1789942360.8596379756927490234375 HTTP/1.1" 301 - "-" "WordPress/7.1.1; https://matin168d.com"
212.32.50.119 - - [21/Sep/2026:05:12:46 +0700] "POST / HTTP/1.1" 200 - "-" "Mozilla/5.0 (Macintosh; Intel Mac OS X 10_15_7) AppleWebKit/605.1.15 (KHTML, like Gecko) Version/18.4 Safari/605.1.15"
149.34.243.94 - - [21/Sep/2026:05:12:54 +0700] "POST / HTTP/1.1" 200 - "-" "Mozilla/5.0 (Macintosh; Intel Mac OS X 10_15_7) AppleWebKit/605.1.15 (KHTML, like Gecko) Version/18.4 Safari/605.1.15"
192.42.116.108 - - [21/Sep/2026:05:13:08 +0700] "POST / HTTP/1.1" 200 - "-" "Mozilla/5.0 (Macintosh; Intel Mac OS X 10_15_7) AppleWebKit/605.1.15 (KHTML, like Gecko) Version/18.4 Safari/605.1.15"
89.234.157.254 - - [21/Sep/2026:05:13:11 +0700] "POST / HTTP/1.1" 200 - "-" "Mozilla/5.0 (Macintosh; Intel Mac OS X 10_15_7) AppleWebKit/605.1.15 (KHTML, like Gecko) Version/18.4 Safari/605.1.15"
176.125.229.136 - - [21/Sep/2026:05:13:14 +0700] "POST / HTTP/1.1" 200 - "-" "Mozilla/5.0 (Macintosh; Intel Mac OS X 10_15_7) AppleWebKit/605.1.15 (KHTML, like Gecko) Version/18.4 Safari/605.1.15"
141.239.158.222 - - [21/Sep/2026:05:13:23 +0700] "POST / HTTP/1.1" 200 - "-" "Mozilla/5.0 (Macintosh; Intel Mac OS X 10_15_7) AppleWebKit/605.1.15 (KHTML, like Gecko) Version/18.4 Safari/605.1.15"
208.167.242.44 - - [21/Sep/2026:05:15:54 +0700] "GET /best-bgaming-online-casinos-uk-2026/ HTTP/1.1" 200 - "https://matin168d.com/" "Mozilla/5.0 (X11; Ubuntu; Linux x86_64; rv:138.0) Gecko/20100101 Firefox/138.0"
198.252.107.178 - - [21/Sep/2026:05:15:56 +0700] "POST /wp-cron.php?doing_wp_cron=1789942556.5574979782104492187500 HTTP/1.1" 301 - "-" "WordPress/7.1.1; https://matin168d.com"
208.167.242.44 - - [21/Sep/2026:05:15:57 +0700] "GET /best-bgaming-online-casinos-uk-2026/ HTTP/1.1" 200 - "https://matin168d.com/" "Mozilla/5.0 (X11; Ubuntu; Linux x86_64; rv:138.0) Gecko/20100101 Firefox/138.0"
208.167.242.44 - - [21/Sep/2026:05:16:00 +0700] "GET /best-bgaming-online-casinos-uk-2026/ HTTP/1.1" 200 - "https://matin168d.com/" "Mozilla/5.0 (X11; Ubuntu; Linux x86_64; rv:138.0) Gecko/20100101 Firefox/138.0"
93.159.20.1 - - [21/Sep/2026:05:19:11 +0700] "POST /xmlrpc.php HTTP/1.1" 301 - "-" "Mozilla/5.0 (X11; Linux x86_64) AppleWebKit/537.36 (KHTML, like Gecko) Chrome/151.0.0.0 Safari/537.36"
198.252.107.178 - - [21/Sep/2026:05:19:15 +0700] "POST /wp-cron.php?doing_wp_cron=1789942755.4198451042175292968750 HTTP/1.1" 301 - "-" "WordPress/7.1.1; https://matin168d.com"
83.7.255.198 - - [21/Sep/2026:05:19:18 +0700] "GET / HTTP/1.1" 200 - "https://www.matin168d.com/" "Mozilla/5.0 (X11; Linux x86_64) AppleWebKit/537.36 (KHTML, like Gecko) Chrome/151.0.0.0 Safari/537.36"
198.204.240.234 - - [21/Sep/2026:05:22:04 +0700] "GET /wp-content/qqd523b6/edit.php HTTP/1.1" 200 6 "https://matin168d.com/wp-content/qqd523b6/edit.php" "Mozilla/5.0 (Macintosh; Intel Mac OS X 10_6_8) AppleWebKit/534.30 (KHTML, like Gecko) Chrome/12.0.742.112 Safari/534.30"
65.111.15.113 - - [21/Sep/2026:05:22:06 +0700] "GET /best-betsoft-online-casinos-uk-2026/ HTTP/1.1" 200 - "https://matin168d.com/" "Mozilla/5.0 (Macintosh; Intel Mac OS X 10_15_7) AppleWebKit/537.36 (KHTML, like Gecko) Chrome/129.0.0.0 Safari/537.36"
198.252.107.178 - - [21/Sep/2026:05:22:10 +0700] "POST /wp-cron.php?doing_wp_cron=1789942930.5386779308319091796875 HTTP/1.1" 301 - "-" "WordPress/7.1.1; https://matin168d.com"
104.207.38.142 - - [21/Sep/2026:05:22:12 +0700] "GET /best-betsoft-online-casinos-uk-2026/ HTTP/1.1" 200 - "https://matin168d.com/" "Mozilla/5.0 (Macintosh; Intel Mac OS X 10_15_7) AppleWebKit/537.36 (KHTML, like Gecko) Chrome/129.0.0.0 Safari/537.36"
45.3.44.19 - - [21/Sep/2026:05:22:16 +0700] "GET /best-betsoft-online-casinos-uk-2026/ HTTP/1.1" 200 - "https://matin168d.com/" "Mozilla/5.0 (Macintosh; Intel Mac OS X 10_15_7) AppleWebKit/537.36 (KHTML, like Gecko) Chrome/129.0.0.0 Safari/537.36"
198.204.240.234 - - [21/Sep/2026:05:21:44 +0700] "GET /wp-content/qqd523b6/edit.php HTTP/1.1" 200 - "https://matin168d.com/wp-content/qqd523b6/edit.php" "Mozilla/4.0 (compatible; MSIE 7.0; Windows NT 5.1; .NET CLR 1.1.4322; .NET CLR 2.0.50727; .NET CLR 3.0.04506.30)"
198.252.107.178 - - [21/Sep/2026:05:24:10 +0700] "POST /wp-cron.php?doing_wp_cron=1789943050.1765110492706298828125 HTTP/1.1" 301 - "-" "WordPress/7.1.1; https://matin168d.com"
162.240.171.12 - - [21/Sep/2026:05:25:51 +0700] "GET /wp-login.php HTTP/1.1" 200 7160 "-" "Mozilla/5.0 (X11; Linux x86_64) AppleWebKit/537.36 (KHTML, like Gecko) Chrome/150.0.0.0 Safari/537.36"
198.252.107.178 - - [21/Sep/2026:05:25:54 +0700] "POST /wp-cron.php?doing_wp_cron=1789943154.3304278850555419921875 HTTP/1.1" 301 - "-" "WordPress/7.1.1; https://matin168d.com"
162.240.171.12 - - [21/Sep/2026:05:25:55 +0700] "POST /wp-login.php HTTP/1.1" 200 7584 "https://matin168d.com/wp-login.php" "Mozilla/5.0 (X11; Linux x86_64) AppleWebKit/537.36 (KHTML, like Gecko) Chrome/150.0.0.0 Safari/537.36"
162.240.171.12 - - [21/Sep/2026:05:25:57 +0700] "GET /wp-json/wp/v2/users/me HTTP/1.1" 401 96 "-" "Mozilla/5.0 (X11; Linux x86_64) AppleWebKit/537.36 (KHTML, like Gecko) Chrome/150.0.0.0 Safari/537.36"
198.204.240.234 - - [21/Sep/2026:05:26:06 +0700] "GET /wp-content/qqd523b6/edit.php HTTP/1.1" 200 6 "https://matin168d.com/wp-content/qqd523b6/edit.php" "Mozilla/5.0 (Macintosh; U; PPC Mac OS X; ja-jp) AppleWebKit/523.12.2 (KHTML, like Gecko) Version/3.0.4 Safari/523.12.2"
198.204.240.234 - - [21/Sep/2026:05:25:46 +0700] "GET /wp-content/qqd523b6/edit.php HTTP/1.1" 200 - "https://matin168d.com/wp-content/qqd523b6/edit.php" "Mozilla/5.0 (Macintosh; U; PPC Mac OS X; ja-jp) AppleWebKit/523.12.2 (KHTML, like Gecko) Version/3.0.4 Safari/523.12.2"
68.67.112.5 - - [21/Sep/2026:05:30:44 +0700] "GET /robots.txt HTTP/1.1" 304 - "-" "Mozilla/5.0 AppleWebKit/537.36 (KHTML, like Gecko; compatible; YouBot/1.0; +https://docs.you.com/youbot; env:prod) Chrome/142.0.0.0 Safari/537.36"
198.252.107.178 - - [21/Sep/2026:05:30:47 +0700] "POST /wp-cron.php?doing_wp_cron=1789943447.7392730712890625000000 HTTP/1.1" 301 - "-" "WordPress/7.1.1; https://matin168d.com"
68.67.112.5 - - [21/Sep/2026:05:30:45 +0700] "GET /aviator-casino-game-uk-2026/ HTTP/1.1" 200 - "-" "Mozilla/5.0 AppleWebKit/537.36 (KHTML, like Gecko; compatible; YouBot/1.0; +https://docs.you.com/youbot; env:prod) Chrome/142.0.0.0 Safari/537.36"
66.249.72.69 - - [21/Sep/2026:05:30:53 +0700] "GET /robots.txt HTTP/1.1" 304 - "-" "Mozilla/5.0 (compatible; Googlebot/2.1; +http://www.google.com/bot.html)"
66.249.72.67 - - [21/Sep/2026:05:30:54 +0700] "GET /furusato.php?sitemap90.xml HTTP/1.1" 403 - "-" "Mozilla/5.0 (compatible; Googlebot/2.1; +http://www.google.com/bot.html)"
66.249.72.67 - - [21/Sep/2026:05:32:06 +0700] "GET /recommend.php?sitemap628.xml HTTP/1.1" 403 - "-" "Mozilla/5.0 (compatible; Googlebot/2.1; +http://www.google.com/bot.html)"
198.252.107.178 - - [21/Sep/2026:05:32:57 +0700] "POST /wp-cron.php?doing_wp_cron=1789943577.1930470466613769531250 HTTP/1.1" 301 - "-" "WordPress/7.1.1; https://matin168d.com"
217.165.216.45 - - [21/Sep/2026:05:32:54 +0700] "GET /best-betsoft-online-casinos-uk-2026/ HTTP/1.1" 200 - "https://matin168d.com/" "Mozilla/5.0 (Windows NT 10.0; Win64; x64; rv:136.0) Gecko/20100101 Firefox/136.0"
217.165.216.45 - - [21/Sep/2026:05:32:59 +0700] "GET /best-betsoft-online-casinos-uk-2026/ HTTP/1.1" 200 - "https://matin168d.com/" "Mozilla/5.0 (Windows NT 10.0; Win64; x64; rv:136.0) Gecko/20100101 Firefox/136.0"
217.165.216.45 - - [21/Sep/2026:05:33:01 +0700] "GET /best-betsoft-online-casinos-uk-2026/ HTTP/1.1" 200 - "https://matin168d.com/" "Mozilla/5.0 (Windows NT 10.0; Win64; x64; rv:136.0) Gecko/20100101 Firefox/136.0"
5.157.0.145 - - [21/Sep/2026:05:33:26 +0700] "GET /best-betsoft-online-casinos-uk-2026/ HTTP/1.1" 200 - "https://matin168d.com/" "Mozilla/5.0 (Windows NT 10.0; WOW64) AppleWebKit/537.36 (KHTML, like Gecko) Chrome/114.0.0.0 Safari/537.36 Vivaldi/5.3.2679.68"
191.102.166.154 - - [21/Sep/2026:05:33:28 +0700] "GET /best-betsoft-online-casinos-uk-2026/ HTTP/1.1" 200 - "https://matin168d.com/" "Mozilla/5.0 (Windows NT 10.0; WOW64) AppleWebKit/537.36 (KHTML, like Gecko) Chrome/114.0.0.0 Safari/537.36 Vivaldi/5.3.2679.68"
107.175.152.84 - - [21/Sep/2026:05:33:31 +0700] "GET /best-betsoft-online-casinos-uk-2026/ HTTP/1.1" 200 - "https://matin168d.com/" "Mozilla/5.0 (Windows NT 10.0; WOW64) AppleWebKit/537.36 (KHTML, like Gecko) Chrome/114.0.0.0 Safari/537.36 Vivaldi/5.3.2679.68"
66.249.72.67 - - [21/Sep/2026:05:34:06 +0700] "GET /furusato.php?shopdetail/M32538248515/ HTTP/1.1" 403 142911 "-" "Mozilla/5.0 (compatible; Googlebot/2.1; +http://www.google.com/bot.html)"
198.204.240.234 - - [21/Sep/2026:05:34:11 +0700] "GET /wp-content/qqd523b6/edit.php HTTP/1.1" 200 6 "https://matin168d.com/wp-content/qqd523b6/edit.php" "Mozilla/5.0 (Macintosh; Intel Mac OS X 10_7_2) AppleWebKit/535.2 (KHTML, like Gecko) Chrome/15.0.874.106 Safari/535.2"
66.249.72.67 - - [21/Sep/2026:05:34:19 +0700] "GET /recommend.php?sitemap25.xml HTTP/1.1" 403 - "-" "Mozilla/5.0 (compatible; Googlebot/2.1; +http://www.google.com/bot.html)"
108.167.161.158 - - [21/Sep/2026:05:34:56 +0700] "POST /xmlrpc.php HTTP/1.1" 301 - "-" "Mozilla/5.0 (Windows NT 10.0; Win64; x64) AppleWebKit/537.36 (KHTML, like Gecko) Chrome/148.0.0.0 Safari/537.36"
198.252.107.178 - - [21/Sep/2026:05:34:57 +0700] "POST /wp-cron.php?doing_wp_cron=1789943697.7986860275268554687500 HTTP/1.1" 301 - "-" "WordPress/7.1.1; https://matin168d.com"
108.167.161.158 - - [21/Sep/2026:05:34:59 +0700] "GET / HTTP/1.1" 200 - "https://matin168d.com/xmlrpc.php" "Mozilla/5.0 (Windows NT 10.0; Win64; x64) AppleWebKit/537.36 (KHTML, like Gecko) Chrome/148.0.0.0 Safari/537.36"
108.167.161.158 - - [21/Sep/2026:05:35:00 +0700] "GET /wp-json/wp/v2/users/me HTTP/1.1" 401 96 "-" "Mozilla/5.0 (Windows NT 10.0; Win64; x64) AppleWebKit/537.36 (KHTML, like Gecko) Chrome/148.0.0.0 Safari/537.36"
198.204.240.234 - - [21/Sep/2026:05:33:51 +0700] "GET /wp-content/qqd523b6/edit.php HTTP/1.1" 200 - "https://matin168d.com/wp-content/qqd523b6/edit.php" "Mozilla/5.0 (compatible; MSIE 9.0; Windows NT 6.1; WOW64; Trident/5.0; Sleipnir/2.9.8)"
45.117.63.156 - - [21/Sep/2026:05:35:49 +0700] "GET /best-bingo-casinos-uk-2026/ HTTP/1.1" 200 - "https://matin168d.com/" "Mozilla/5.0 (Windows NT 10.0; Win64; x64) AppleWebKit/537.36 (KHTML, like Gecko) obsidian/1.6.5 Chrome/124.0.6367.243 Electron/30.1.2 Safari/537.36"
198.252.107.178 - - [21/Sep/2026:05:36:10 +0700] "POST /wp-cron.php?doing_wp_cron=1789943769.9885609149932861328125 HTTP/1.1" 301 - "-" "WordPress/7.1.1; https://matin168d.com"
176.31.139.12 - - [21/Sep/2026:05:36:17 +0700] "GET /sitemap736.xml HTTP/1.1" 200 13 "-" "Mozilla/5.0 (compatible; AhrefsBot/7.0; +http://ahrefs.com/robot/)"
171.234.8.238 - - [21/Sep/2026:05:36:16 +0700] "GET /best-amatic-online-casinos-uk-2026/ HTTP/1.1" 200 - "https://matin168d.com/" "Mozilla/5.0 (Macintosh; Intel Mac OS X 10_15_7) AppleWebKit/537.36 (KHTML, like Gecko) Chrome/130.0.0.0 Safari/537.36"
171.234.8.238 - - [21/Sep/2026:05:36:19 +0700] "GET /best-amatic-online-casinos-uk-2026/ HTTP/1.1" 200 - "https://matin168d.com/" "Mozilla/5.0 (Macintosh; Intel Mac OS X 10_15_7) AppleWebKit/537.36 (KHTML, like Gecko) Chrome/130.0.0.0 Safari/537.36"
45.117.63.156 - - [21/Sep/2026:05:36:11 +0700] "GET /best-bingo-casinos-uk-2026/ HTTP/1.1" 200 - "https://matin168d.com/" "Mozilla/5.0 (Windows NT 10.0; Win64; x64) AppleWebKit/537.36 (KHTML, like Gecko) obsidian/1.6.5 Chrome/124.0.6367.243 Electron/30.1.2 Safari/537.36"
45.117.63.156 - - [21/Sep/2026:05:36:27 +0700] "GET /best-bingo-casinos-uk-2026/ HTTP/1.1" 200 - "https://matin168d.com/" "Mozilla/5.0 (Windows NT 10.0; Win64; x64) AppleWebKit/537.36 (KHTML, like Gecko) obsidian/1.6.5 Chrome/124.0.6367.243 Electron/30.1.2 Safari/537.36"
202.155.143.185 - - [21/Sep/2026:05:38:06 +0700] "GET /best-bingo-sites-uk-no-wagering-2026/ HTTP/1.1" 200 - "https://matin168d.com/" "Mozilla/5.0 (Windows NT 10.0; Win64; x64) AppleWebKit/537.36 (KHTML, like Gecko) Chrome/147.0.0.0 Safari/537.36 OPR/131.0.0.0"
198.252.107.178 - - [21/Sep/2026:05:38:08 +0700] "POST /wp-cron.php?doing_wp_cron=1789943888.0684299468994140625000 HTTP/1.1" 301 - "-" "WordPress/7.1.1; https://matin168d.com"
202.155.143.185 - - [21/Sep/2026:05:38:09 +0700] "GET /best-bingo-sites-uk-no-wagering-2026/ HTTP/1.1" 200 - "https://matin168d.com/" "Mozilla/5.0 (Windows NT 10.0; Win64; x64) AppleWebKit/537.36 (KHTML, like Gecko) Chrome/147.0.0.0 Safari/537.36 OPR/131.0.0.0"
202.155.143.185 - - [21/Sep/2026:05:38:10 +0700] "GET /best-bingo-sites-uk-no-wagering-2026/ HTTP/1.1" 200 - "https://matin168d.com/" "Mozilla/5.0 (Windows NT 10.0; Win64; x64) AppleWebKit/537.36 (KHTML, like Gecko) Chrome/147.0.0.0 Safari/537.36 OPR/131.0.0.0"
66.249.72.69 - - [21/Sep/2026:05:38:58 +0700] "GET /recommend.php?sitemap977.xml HTTP/1.1" 403 - "-" "Mozilla/5.0 (compatible; Googlebot/2.1; +http://www.google.com/bot.html)"
66.249.72.68 - - [21/Sep/2026:05:39:09 +0700] "GET /recommend.php?sitemap457.xml HTTP/1.1" 403 - "-" "Mozilla/5.0 (compatible; Googlebot/2.1; +http://www.google.com/bot.html)"
51.68.247.193 - - [21/Sep/2026:05:42:19 +0700] "GET /sitemap100.xml HTTP/1.1" 200 13 "-" "Mozilla/5.0 (compatible; AhrefsBot/7.0; +http://ahrefs.com/robot/)"
146.70.194.246 - - [21/Sep/2026:05:42:12 +0700] "GET / HTTP/1.1" 200 - "-" "Mozilla/5.0 (Windows NT 10.0; Win64; x64) AppleWebKit/537.36 (KHTML, like Gecko) Chrome/78.0.3904.108 Safari/537.36"
198.252.107.178 - - [21/Sep/2026:05:42:20 +0700] "POST /wp-cron.php?doing_wp_cron=1789944140.1749889850616455078125 HTTP/1.1" 301 - "-" "WordPress/7.1.1; https://matin168d.com"
146.70.194.246 - - [21/Sep/2026:05:42:21 +0700] "GET //wp-includes/wlwmanifest.xml HTTP/1.1" 301 - "-" "Mozilla/5.0 (Windows NT 10.0; Win64; x64) AppleWebKit/537.36 (KHTML, like Gecko) Chrome/78.0.3904.108 Safari/537.36"
146.70.194.246 - - [21/Sep/2026:05:42:23 +0700] "GET //xmlrpc.php?rsd HTTP/1.1" 301 - "-" "Mozilla/5.0 (Windows NT 10.0; Win64; x64) AppleWebKit/537.36 (KHTML, like Gecko) Chrome/78.0.3904.108 Safari/537.36"
146.70.194.246 - - [21/Sep/2026:05:42:25 +0700] "GET / HTTP/1.1" 200 - "-" "Mozilla/5.0 (Windows NT 10.0; Win64; x64) AppleWebKit/537.36 (KHTML, like Gecko) Chrome/78.0.3904.108 Safari/537.36"
146.70.194.246 - - [21/Sep/2026:05:42:29 +0700] "GET //blog/wp-includes/wlwmanifest.xml HTTP/1.1" 301 - "-" "Mozilla/5.0 (Windows NT 10.0; Win64; x64) AppleWebKit/537.36 (KHTML, like Gecko) Chrome/78.0.3904.108 Safari/537.36"
146.70.194.246 - - [21/Sep/2026:05:42:30 +0700] "GET //web/wp-includes/wlwmanifest.xml HTTP/1.1" 301 - "-" "Mozilla/5.0 (Windows NT 10.0; Win64; x64) AppleWebKit/537.36 (KHTML, like Gecko) Chrome/78.0.3904.108 Safari/537.36"
146.70.194.246 - - [21/Sep/2026:05:42:34 +0700] "GET //wordpress/wp-includes/wlwmanifest.xml HTTP/1.1" 301 - "-" "Mozilla/5.0 (Windows NT 10.0; Win64; x64) AppleWebKit/537.36 (KHTML, like Gecko) Chrome/78.0.3904.108 Safari/537.36"
146.70.194.246 - - [21/Sep/2026:05:42:35 +0700] "GET //website/wp-includes/wlwmanifest.xml HTTP/1.1" 301 - "-" "Mozilla/5.0 (Windows NT 10.0; Win64; x64) AppleWebKit/537.36 (KHTML, like Gecko) Chrome/78.0.3904.108 Safari/537.36"
146.70.194.246 - - [21/Sep/2026:05:42:37 +0700] "GET //wp/wp-includes/wlwmanifest.xml HTTP/1.1" 301 - "-" "Mozilla/5.0 (Windows NT 10.0; Win64; x64) AppleWebKit/537.36 (KHTML, like Gecko) Chrome/78.0.3904.108 Safari/537.36"
146.70.194.246 - - [21/Sep/2026:05:42:40 +0700] "GET //news/wp-includes/wlwmanifest.xml HTTP/1.1" 301 - "-" "Mozilla/5.0 (Windows NT 10.0; Win64; x64) AppleWebKit/537.36 (KHTML, like Gecko) Chrome/78.0.3904.108 Safari/537.36"
146.70.194.246 - - [21/Sep/2026:05:42:41 +0700] "GET //2018/wp-includes/wlwmanifest.xml HTTP/1.1" 301 - "-" "Mozilla/5.0 (Windows NT 10.0; Win64; x64) AppleWebKit/537.36 (KHTML, like Gecko) Chrome/78.0.3904.108 Safari/537.36"
146.70.194.246 - - [21/Sep/2026:05:42:43 +0700] "GET //2019/wp-includes/wlwmanifest.xml HTTP/1.1" 301 - "-" "Mozilla/5.0 (Windows NT 10.0; Win64; x64) AppleWebKit/537.36 (KHTML, like Gecko) Chrome/78.0.3904.108 Safari/537.36"
146.70.194.246 - - [21/Sep/2026:05:42:45 +0700] "GET //shop/wp-includes/wlwmanifest.xml HTTP/1.1" 301 - "-" "Mozilla/5.0 (Windows NT 10.0; Win64; x64) AppleWebKit/537.36 (KHTML, like Gecko) Chrome/78.0.3904.108 Safari/537.36"
146.70.194.246 - - [21/Sep/2026:05:42:46 +0700] "GET //wp1/wp-includes/wlwmanifest.xml HTTP/1.1" 301 - "-" "Mozilla/5.0 (Windows NT 10.0; Win64; x64) AppleWebKit/537.36 (KHTML, like Gecko) Chrome/78.0.3904.108 Safari/537.36"
146.70.194.246 - - [21/Sep/2026:05:42:49 +0700] "GET //test/wp-includes/wlwmanifest.xml HTTP/1.1" 301 - "-" "Mozilla/5.0 (Windows NT 10.0; Win64; x64) AppleWebKit/537.36 (KHTML, like Gecko) Chrome/78.0.3904.108 Safari/537.36"
146.70.194.246 - - [21/Sep/2026:05:42:52 +0700] "GET //media/wp-includes/wlwmanifest.xml HTTP/1.1" 301 - "-" "Mozilla/5.0 (Windows NT 10.0; Win64; x64) AppleWebKit/537.36 (KHTML, like Gecko) Chrome/78.0.3904.108 Safari/537.36"
146.70.194.246 - - [21/Sep/2026:05:42:53 +0700] "GET //wp2/wp-includes/wlwmanifest.xml HTTP/1.1" 301 - "-" "Mozilla/5.0 (Windows NT 10.0; Win64; x64) AppleWebKit/537.36 (KHTML, like Gecko) Chrome/78.0.3904.108 Safari/537.36"
146.70.194.246 - - [21/Sep/2026:05:42:55 +0700] "GET //site/wp-includes/wlwmanifest.xml HTTP/1.1" 301 - "-" "Mozilla/5.0 (Windows NT 10.0; Win64; x64) AppleWebKit/537.36 (KHTML, like Gecko) Chrome/78.0.3904.108 Safari/537.36"
202.155.143.185 - - [21/Sep/2026:05:42:56 +0700] "GET /best-bingo-sites-uk-no-wagering-2026/ HTTP/1.1" 200 - "https://matin168d.com/" "Mozilla/5.0 (Windows NT 10.0; Win64; x64) AppleWebKit/537.36 (KHTML, like Gecko) Chrome/131.0.0.0 Safari/537.36"
146.70.194.246 - - [21/Sep/2026:05:42:57 +0700] "GET //cms/wp-includes/wlwmanifest.xml HTTP/1.1" 301 - "-" "Mozilla/5.0 (Windows NT 10.0; Win64; x64) AppleWebKit/537.36 (KHTML, like Gecko) Chrome/78.0.3904.108 Safari/537.36"
146.70.194.246 - - [21/Sep/2026:05:42:59 +0700] "GET //sito/wp-includes/wlwmanifest.xml HTTP/1.1" 301 - "-" "Mozilla/5.0 (Windows NT 10.0; Win64; x64) AppleWebKit/537.36 (KHTML, like Gecko) Chrome/78.0.3904.108 Safari/537.36"
202.155.143.185 - - [21/Sep/2026:05:42:59 +0700] "GET /best-bingo-sites-uk-no-wagering-2026/ HTTP/1.1" 200 - "https://matin168d.com/" "Mozilla/5.0 (Windows NT 10.0; Win64; x64) AppleWebKit/537.36 (KHTML, like Gecko) Chrome/131.0.0.0 Safari/537.36"
202.155.143.185 - - [21/Sep/2026:05:43:02 +0700] "GET /best-bingo-sites-uk-no-wagering-2026/ HTTP/1.1" 200 - "https://matin168d.com/" "Mozilla/5.0 (Windows NT 10.0; Win64; x64) AppleWebKit/537.36 (KHTML, like Gecko) Chrome/131.0.0.0 Safari/537.36"
65.111.13.232 - - [21/Sep/2026:05:44:56 +0700] "GET /best-bingo-sites-uk-no-wagering-2026/ HTTP/1.1" 200 - "https://matin168d.com/" "Mozilla/5.0 (Windows NT 10.0; Win64; x64; rv:138.0) Gecko/20100101 Firefox/138.0"
209.50.160.49 - - [21/Sep/2026:05:45:07 +0700] "GET /best-bingo-sites-uk-no-wagering-2026/ HTTP/1.1" 200 - "https://matin168d.com/" "Mozilla/5.0 (Windows NT 10.0; Win64; x64; rv:138.0) Gecko/20100101 Firefox/138.0"
198.252.107.178 - - [21/Sep/2026:05:45:05 +0700] "POST /wp-cron.php?doing_wp_cron=1789944304.8800148963928222656250 HTTP/1.1" 301 - "-" "WordPress/7.1.1; https://matin168d.com"
45.3.45.51 - - [21/Sep/2026:05:45:13 +0700] "GET /best-bingo-sites-uk-no-wagering-2026/ HTTP/1.1" 200 - "https://matin168d.com/" "Mozilla/5.0 (Windows NT 10.0; Win64; x64; rv:138.0) Gecko/20100101 Firefox/138.0"
198.204.240.234 - - [21/Sep/2026:05:46:13 +0700] "GET /wp-content/qqd523b6/edit.php HTTP/1.1" 200 6 "https://matin168d.com/wp-content/qqd523b6/edit.php" "Mozilla/5.0 (Macintosh; Intel Mac OS X 10_6_8) AppleWebKit/534.30 (KHTML, like Gecko) Chrome/12.0.742.112 Safari/534.30"
198.204.240.234 - - [21/Sep/2026:05:46:24 +0700] "GET /wp-content/qqd523b6/edit.php HTTP/1.1" 200 6 "https://matin168d.com/wp-content/qqd523b6/edit.php" "Mozilla/5.0 (compatible; MSIE 10.0; Windows NT 6.2; ARM; Trident/6.0)"
198.204.240.234 - - [21/Sep/2026:05:45:23 +0700] "GET /wp-content/qqd523b6/edit.php HTTP/1.1" 200 - "https://matin168d.com/wp-content/qqd523b6/edit.php" "Mozilla/4.0 (compatible; MSIE 7.0; Windows NT 6.0; SLCC1; .NET CLR 2.0.50727; Media Center PC 5.0; .NET CLR 3.0.04506)"
198.204.240.234 - - [21/Sep/2026:05:47:04 +0700] "GET /wp-content/qqd523b6/edit.php HTTP/1.1" 200 6 "https://matin168d.com/wp-content/qqd523b6/edit.php" "Mozilla/5.0 (Macintosh; Intel Mac OS X 10_6_8) AppleWebKit/535.1 (KHTML, like Gecko) Chrome/13.0.782.220 Safari/535.1"
198.204.240.234 - - [21/Sep/2026:05:46:53 +0700] "GET /wp-content/qqd523b6/edit.php HTTP/1.1" 200 - "https://matin168d.com/wp-content/qqd523b6/edit.php" "Mozilla/5.0 (Windows NT 6.1; WOW64; rv:9.0.1) Gecko/20100101 Firefox/9.0.1"
183.134.40.84 - - [21/Sep/2026:05:50:03 +0700] "GET / HTTP/1.1" 200 - "-" "Dalvik/2.1.0 (Linux; U; Android 9.0; ZTE BA520 Build/MRA58K)"
198.252.107.178 - - [21/Sep/2026:05:50:36 +0700] "POST /wp-cron.php?doing_wp_cron=1789944611.7527749538421630859375 HTTP/1.1" 301 - "-" "WordPress/7.1.1; https://matin168d.com"
183.134.40.84 - - [21/Sep/2026:05:50:53 +0700] "GET /favicon.ico HTTP/1.1" 302 - "-" "Dalvik/2.1.0 (Linux; U; Android 9.0; ZTE BA520 Build/MRA58K)"
66.249.72.66 - - [21/Sep/2026:05:53:22 +0700] "GET /furusato.php?sitemap754.xml HTTP/1.1" 403 - "-" "Mozilla/5.0 (compatible; Googlebot/2.1; +http://www.google.com/bot.html)"
198.204.240.234 - - [21/Sep/2026:05:58:50 +0700] "GET /wp-content/qqd523b6/edit.php HTTP/1.1" 500 2482 "https://matin168d.com/wp-content/qqd523b6/edit.php" "Mozilla/4.0 (compatible; MSIE 7.0; Windows NT 5.1; .NET CLR 1.1.4322; .NET CLR 2.0.50727)"
62.228.30.59 - - [21/Sep/2026:06:11:47 +0700] "GET /wp-login.php HTTP/1.1" 500 2482 "-" "Mozilla/5.0 (X11; Linux x86_64) AppleWebKit/537.36 (KHTML, like Gecko) Chrome/146.0.0.0 Safari/537.36"
177.10.63.54 - - [21/Sep/2026:06:11:59 +0700] "POST /xmlrpc.php HTTP/1.1" 301 - "-" "Jetpack/12.0; WordPress/6.3; http://site77246325.com"
198.252.107.178 - - [21/Sep/2026:06:12:06 +0700] "POST /wp-cron.php?doing_wp_cron=1789945926.0921399593353271484375 HTTP/1.1" 301 - "-" "WordPress/7.1.1; https://matin168d.com"
177.10.63.54 - - [21/Sep/2026:06:12:18 +0700] "POST /xmlrpc.php HTTP/1.1" 301 - "-" "Jetpack by WordPress.com (Jetpack 12.5; WordPress 6.4)"
177.10.63.54 - - [21/Sep/2026:06:12:20 +0700] "GET / HTTP/1.1" 200 - "-" "Jetpack by WordPress.com (Jetpack 12.5; WordPress 6.4)"
177.10.63.54 - - [21/Sep/2026:06:12:28 +0700] "POST /xmlrpc.php HTTP/1.1" 301 - "-" "WordPress.com; https://wordpress.com"
177.10.63.54 - - [21/Sep/2026:06:12:29 +0700] "GET / HTTP/1.1" 200 - "-" "WordPress.com; https://wordpress.com"
177.10.63.54 - - [21/Sep/2026:06:12:39 +0700] "POST /xmlrpc.php HTTP/1.1" 301 - "-" "Jetpack by WordPress.com (Jetpack 12.5; WordPress 6.1)"
177.10.63.54 - - [21/Sep/2026:06:12:41 +0700] "GET / HTTP/1.1" 200 - "-" "Jetpack by WordPress.com (Jetpack 12.5; WordPress 6.1)"
177.10.63.54 - - [21/Sep/2026:06:12:49 +0700] "POST /xmlrpc.php HTTP/1.1" 301 - "-" "WordPress.com; https://wordpress.com"
177.10.63.54 - - [21/Sep/2026:06:12:52 +0700] "GET / HTTP/1.1" 200 - "-" "WordPress.com; https://wordpress.com"
177.10.63.54 - - [21/Sep/2026:06:13:00 +0700] "POST /xmlrpc.php HTTP/1.1" 301 - "-" "Jetpack by WordPress.com"
198.252.107.178 - - [21/Sep/2026:06:14:26 +0700] "POST /wp-cron.php?doing_wp_cron=1789946066.7368230819702148437500 HTTP/1.1" 301 - "-" "WordPress/7.1.1; https://matin168d.com"
177.10.63.54 - - [21/Sep/2026:06:14:25 +0700] "POST /xmlrpc.php HTTP/1.1" 301 - "-" "Jetpack/12.1; WordPress/6.1; http://site63682618.com"
177.10.63.54 - - [21/Sep/2026:06:14:28 +0700] "GET / HTTP/1.1" 200 - "-" "Jetpack/12.1; WordPress/6.1; http://site63682618.com"
177.10.63.54 - - [21/Sep/2026:06:14:34 +0700] "POST /xmlrpc.php HTTP/1.1" 301 - "-" "Jetpack/12.1; WordPress/6.2; http://site78145654.com"
177.10.63.54 - - [21/Sep/2026:06:14:36 +0700] "GET / HTTP/1.1" 200 - "-" "Jetpack/12.1; WordPress/6.2; http://site78145654.com"
177.10.63.54 - - [21/Sep/2026:06:14:45 +0700] "POST /xmlrpc.php HTTP/1.1" 301 - "-" "Jetpack/12.0; WordPress/6.2; http://site79416235.com"
177.10.63.54 - - [21/Sep/2026:06:14:47 +0700] "GET / HTTP/1.1" 200 - "-" "Jetpack/12.0; WordPress/6.2; http://site79416235.com"
177.10.63.54 - - [21/Sep/2026:06:14:56 +0700] "POST /xmlrpc.php HTTP/1.1" 301 - "-" "Jetpack/12.0; WordPress/6.2; http://site20454322.com"
177.10.63.54 - - [21/Sep/2026:06:14:58 +0700] "GET / HTTP/1.1" 200 - "-" "Jetpack/12.0; WordPress/6.2; http://site20454322.com"
177.10.63.54 - - [21/Sep/2026:06:15:07 +0700] "POST /xmlrpc.php HTTP/1.1" 301 - "-" "WordPress.com; https://wordpress.com"
177.10.63.54 - - [21/Sep/2026:06:15:08 +0700] "GET / HTTP/1.1" 200 - "-" "WordPress.com; https://wordpress.com"
177.10.63.54 - - [21/Sep/2026:06:15:17 +0700] "POST /xmlrpc.php HTTP/1.1" 301 - "-" "WordPress.com; https://wordpress.com"
177.10.63.54 - - [21/Sep/2026:06:15:19 +0700] "GET / HTTP/1.1" 200 - "-" "WordPress.com; https://wordpress.com"
198.252.107.178 - - [21/Sep/2026:06:15:29 +0700] "POST /wp-cron.php?doing_wp_cron=1789946129.2357718944549560546875 HTTP/1.1" 301 - "-" "WordPress/7.1.1; https://matin168d.com"
177.10.63.54 - - [21/Sep/2026:06:15:28 +0700] "POST /xmlrpc.php HTTP/1.1" 301 - "-" "WordPress.com; https://wordpress.com"
177.10.63.54 - - [21/Sep/2026:06:15:30 +0700] "GET / HTTP/1.1" 200 - "-" "WordPress.com; https://wordpress.com"
177.10.63.54 - - [21/Sep/2026:06:15:39 +0700] "POST /xmlrpc.php HTTP/1.1" 301 - "-" "Jetpack by WordPress.com"
177.10.63.54 - - [21/Sep/2026:06:15:40 +0700] "GET / HTTP/1.1" 200 - "-" "Jetpack by WordPress.com"
177.10.63.54 - - [21/Sep/2026:06:15:49 +0700] "POST /xmlrpc.php HTTP/1.1" 301 - "-" "Jetpack by WordPress.com (Jetpack 13.0; WordPress 6.1)"
177.10.63.54 - - [21/Sep/2026:06:15:50 +0700] "GET / HTTP/1.1" 200 - "-" "Jetpack by WordPress.com (Jetpack 13.0; WordPress 6.1)"
177.10.63.54 - - [21/Sep/2026:06:16:00 +0700] "POST /xmlrpc.php HTTP/1.1" 301 - "-" "WordPress.com; https://wordpress.com"
177.10.63.54 - - [21/Sep/2026:06:16:01 +0700] "GET / HTTP/1.1" 200 - "-" "WordPress.com; https://wordpress.com"
177.10.63.54 - - [21/Sep/2026:06:16:10 +0700] "POST /xmlrpc.php HTTP/1.1" 301 - "-" "Jetpack by WordPress.com"
177.10.63.54 - - [21/Sep/2026:06:16:12 +0700] "GET / HTTP/1.1" 200 - "-" "Jetpack by WordPress.com"
2001:41d0:304:300::3de9 - - [21/Sep/2026:06:16:19 +0700] "GET /wp-login.php HTTP/1.1" 200 7160 "-" "Mozilla/5.0 (Macintosh; Intel Mac OS X 10_15_7) AppleWebKit/537.36 (KHTML, like Gecko) Chrome/150.0.0.0 Safari/537.36"
2001:41d0:304:300::3de9 - - [21/Sep/2026:06:16:20 +0700] "POST /wp-login.php HTTP/1.1" 200 7532 "https://matin168d.com/wp-login.php" "Mozilla/5.0 (Macintosh; Intel Mac OS X 10_15_7) AppleWebKit/537.36 (KHTML, like Gecko) Chrome/150.0.0.0 Safari/537.36"
2001:41d0:304:300::3de9 - - [21/Sep/2026:06:16:21 +0700] "GET /wp-json/wp/v2/users/me HTTP/1.1" 401 96 "-" "Mozilla/5.0 (Macintosh; Intel Mac OS X 10_15_7) AppleWebKit/537.36 (KHTML, like Gecko) Chrome/150.0.0.0 Safari/537.36"
177.10.63.54 - - [21/Sep/2026:06:16:21 +0700] "POST /xmlrpc.php HTTP/1.1" 301 - "-" "Jetpack by WordPress.com (Jetpack 12.0; WordPress 6.4)"
177.10.63.54 - - [21/Sep/2026:06:16:23 +0700] "GET / HTTP/1.1" 200 - "-" "Jetpack by WordPress.com (Jetpack 12.0; WordPress 6.4)"
198.252.107.178 - - [21/Sep/2026:06:16:33 +0700] "POST /wp-cron.php?doing_wp_cron=1789946193.4078710079193115234375 HTTP/1.1" 301 - "-" "WordPress/7.1.1; https://matin168d.com"
177.10.63.54 - - [21/Sep/2026:06:16:32 +0700] "POST /xmlrpc.php HTTP/1.1" 301 - "-" "Jetpack by WordPress.com (Jetpack 12.0; WordPress 6.1)"
177.10.63.54 - - [21/Sep/2026:06:16:34 +0700] "GET / HTTP/1.1" 200 - "-" "Jetpack by WordPress.com (Jetpack 12.0; WordPress 6.1)"
177.10.63.54 - - [21/Sep/2026:06:16:42 +0700] "POST /xmlrpc.php HTTP/1.1" 301 - "-" "Jetpack by WordPress.com"
177.10.63.54 - - [21/Sep/2026:06:16:43 +0700] "GET / HTTP/1.1" 200 - "-" "Jetpack by WordPress.com"
177.10.63.54 - - [21/Sep/2026:06:16:53 +0700] "POST /xmlrpc.php HTTP/1.1" 301 - "-" "Jetpack by WordPress.com (Jetpack 12.0; WordPress 6.4)"
177.10.63.54 - - [21/Sep/2026:06:16:54 +0700] "GET / HTTP/1.1" 200 - "-" "Jetpack by WordPress.com (Jetpack 12.0; WordPress 6.4)"
177.10.63.54 - - [21/Sep/2026:06:17:03 +0700] "POST /xmlrpc.php HTTP/1.1" 301 - "-" "WordPress.com; https://wordpress.com"
177.10.63.54 - - [21/Sep/2026:06:17:05 +0700] "GET / HTTP/1.1" 200 - "-" "WordPress.com; https://wordpress.com"
177.10.63.54 - - [21/Sep/2026:06:17:14 +0700] "POST /xmlrpc.php HTTP/1.1" 301 - "-" "Jetpack/12.1; WordPress/6.2; http://site40162971.com"
177.10.63.54 - - [21/Sep/2026:06:17:15 +0700] "GET / HTTP/1.1" 200 - "-" "Jetpack/12.1; WordPress/6.2; http://site40162971.com"
177.10.63.54 - - [21/Sep/2026:06:17:25 +0700] "POST /xmlrpc.php HTTP/1.1" 301 - "-" "Jetpack by WordPress.com (Jetpack 12.5; WordPress 6.2)"
