34.178.247.225 - - [20/Sep/2026:21:18:47 +0700] "GET /local/.env HTTP/1.1" 301 - "-" "Mozilla/5.0 (Windows NT 10.0; Win64; x64) AppleWebKit/537.36 (KHTML, like Gecko) Chrome/131.0.0.0 Safari/537.36"
198.252.107.178 - - [20/Sep/2026:21:18:51 +0700] "POST /wp-cron.php?doing_wp_cron=1789913931.2867019176483154296875 HTTP/1.1" 301 - "-" "WordPress/7.1.1; https://matin168d.com"
34.178.247.225 - - [20/Sep/2026:21:18:52 +0700] "GET / HTTP/1.1" 200 - "-" "Mozilla/5.0 (Windows NT 10.0; Win64; x64) AppleWebKit/537.36 (KHTML, like Gecko) Chrome/131.0.0.0 Safari/537.36"
34.178.247.225 - - [20/Sep/2026:21:18:57 +0700] "GET /portal/.env HTTP/1.1" 301 - "-" "Mozilla/5.0 (Windows NT 10.0; Win64; x64) AppleWebKit/537.36 (KHTML, like Gecko) Chrome/131.0.0.0 Safari/537.36"
43.161.251.162 - - [20/Sep/2026:21:18:58 +0700] "GET / HTTP/1.1" 200 - "http://matin168hr.com" "Mozilla/5.0 (iPhone; CPU iPhone OS 13_2_3 like Mac OS X) AppleWebKit/605.1.15 (KHTML, like Gecko) Version/13.0.3 Mobile/15E148 Safari/604.1"
34.178.247.225 - - [20/Sep/2026:21:19:01 +0700] "GET / HTTP/1.1" 200 - "-" "Mozilla/5.0 (Windows NT 10.0; Win64; x64) AppleWebKit/537.36 (KHTML, like Gecko) Chrome/131.0.0.0 Safari/537.36"
34.178.247.225 - - [20/Sep/2026:21:19:04 +0700] "GET /dashboard/.env HTTP/1.1" 301 - "-" "Mozilla/5.0 (Windows NT 10.0; Win64; x64) AppleWebKit/537.36 (KHTML, like Gecko) Chrome/131.0.0.0 Safari/537.36"
34.178.247.225 - - [20/Sep/2026:21:19:10 +0700] "GET / HTTP/1.1" 200 - "-" "Mozilla/5.0 (Windows NT 10.0; Win64; x64) AppleWebKit/537.36 (KHTML, like Gecko) Chrome/131.0.0.0 Safari/537.36"
34.178.247.225 - - [20/Sep/2026:21:19:19 +0700] "GET /panel/.env HTTP/1.1" 301 - "-" "Mozilla/5.0 (Windows NT 10.0; Win64; x64) AppleWebKit/537.36 (KHTML, like Gecko) Chrome/131.0.0.0 Safari/537.36"
34.178.247.225 - - [20/Sep/2026:21:19:27 +0700] "GET / HTTP/1.1" 200 - "-" "Mozilla/5.0 (Windows NT 10.0; Win64; x64) AppleWebKit/537.36 (KHTML, like Gecko) Chrome/131.0.0.0 Safari/537.36"
34.178.247.225 - - [20/Sep/2026:21:19:34 +0700] "GET /crm/.env HTTP/1.1" 301 - "-" "Mozilla/5.0 (Windows NT 10.0; Win64; x64) AppleWebKit/537.36 (KHTML, like Gecko) Chrome/131.0.0.0 Safari/537.36"
34.178.247.225 - - [20/Sep/2026:21:19:42 +0700] "GET /erp/.env HTTP/1.1" 301 - "-" "Mozilla/5.0 (Windows NT 10.0; Win64; x64) AppleWebKit/537.36 (KHTML, like Gecko) Chrome/131.0.0.0 Safari/537.36"
198.252.107.178 - - [20/Sep/2026:21:19:51 +0700] "POST /wp-cron.php?doing_wp_cron=1789913991.3658509254455566406250 HTTP/1.1" 301 - "-" "WordPress/7.1.1; https://matin168d.com"
34.178.247.225 - - [20/Sep/2026:21:19:50 +0700] "GET /shop/.env HTTP/1.1" 301 - "-" "Mozilla/5.0 (Windows NT 10.0; Win64; x64) AppleWebKit/537.36 (KHTML, like Gecko) Chrome/131.0.0.0 Safari/537.36"
34.178.247.225 - - [20/Sep/2026:21:19:58 +0700] "GET /store/.env HTTP/1.1" 504 - "-" "Mozilla/5.0 (Windows NT 10.0; Win64; x64) AppleWebKit/537.36 (KHTML, like Gecko) Chrome/131.0.0.0 Safari/537.36"
34.178.247.225 - - [20/Sep/2026:21:20:06 +0700] "GET /saas/.env HTTP/1.1" 504 - "-" "Mozilla/5.0 (Windows NT 10.0; Win64; x64) AppleWebKit/537.36 (KHTML, like Gecko) Chrome/131.0.0.0 Safari/537.36"
34.178.247.225 - - [20/Sep/2026:21:20:52 +0700] "GET /client/.env HTTP/1.1" 504 - "-" "Mozilla/5.0 (Windows NT 10.0; Win64; x64) AppleWebKit/537.36 (KHTML, like Gecko) Chrome/131.0.0.0 Safari/537.36"
198.204.240.234 - - [20/Sep/2026:21:48:04 +0700] "GET /wp-content/qqd523b6/edit.php HTTP/1.1" 200 6 "https://matin168d.com/wp-content/qqd523b6/edit.php" "Mozilla/5.0 (Macintosh; Intel Mac OS X 10.6; rv:6.0.2) Gecko/20100101 Firefox/6.0.2"
136.144.33.157 - - [20/Sep/2026:21:48:10 +0700] "POST /wp-login.php HTTP/1.1" 200 7532 "-" "Mozilla/5.0 (Windows NT 10.0; Win64; rv:143.0) Gecko/20100101 Firefox/143.0"
198.252.107.178 - - [20/Sep/2026:21:48:17 +0700] "POST /wp-cron.php?doing_wp_cron=1789915697.0267050266265869140625 HTTP/1.1" 301 - "-" "WordPress/7.1.1; https://matin168d.com"
198.204.240.234 - - [20/Sep/2026:21:47:43 +0700] "GET /wp-content/qqd523b6/edit.php HTTP/1.1" 200 - "https://matin168d.com/wp-content/qqd523b6/edit.php" "Mozilla/4.0 (compatible; MSIE 7.0; Windows NT 5.1; SV1; .NET CLR 1.1.4322; .NET CLR 2.0.50727; InfoPath.1)"
173.239.254.154 - - [20/Sep/2026:21:50:01 +0700] "POST /wp-login.php HTTP/1.1" 200 7532 "-" "Mozilla/5.0 (Windows NT 10.0; Win64; rv:143.0) Gecko/20100101 Firefox/143.0"
198.252.107.178 - - [20/Sep/2026:21:50:01 +0700] "POST /wp-cron.php?doing_wp_cron=1789915801.6925480365753173828125 HTTP/1.1" 301 - "-" "WordPress/7.1.1; https://matin168d.com"
198.204.240.234 - - [20/Sep/2026:21:52:46 +0700] "GET /wp-content/qqd523b6/edit.php HTTP/1.1" 200 6 "https://matin168d.com/wp-content/qqd523b6/edit.php" "Mozilla/5.0 (compatible; MSIE 10.0; Windows NT 6.2; WOW64; Trident/6.0)"
198.204.240.234 - - [20/Sep/2026:21:52:25 +0700] "GET /wp-content/qqd523b6/edit.php HTTP/1.1" 200 - "https://matin168d.com/wp-content/qqd523b6/edit.php" "Opera/9.80 (Windows NT 6.1; U; ja) Presto/2.9.168 Version/11.50"
198.204.240.234 - - [20/Sep/2026:22:03:52 +0700] "GET /wp-content/qqd523b6/edit.php HTTP/1.1" 200 6 "https://matin168d.com/wp-content/qqd523b6/edit.php" "Mozilla/4.0 (compatible; MSIE 7.0; Windows NT 5.1)"
51.81.104.35 - - [20/Sep/2026:22:04:51 +0700] "GET /robots.txt HTTP/1.1" 304 - "-" "Mozilla/5.0 (compatible; AhrefsBot/7.0; +http://ahrefs.com/robot/)"
5.39.1.229 - - [20/Sep/2026:22:04:53 +0700] "GET /sitemap736.xml HTTP/1.1" 200 13 "-" "Mozilla/5.0 (compatible; AhrefsBot/7.0; +http://ahrefs.com/robot/)"
198.204.240.234 - - [20/Sep/2026:22:03:32 +0700] "GET /wp-content/qqd523b6/edit.php HTTP/1.1" 200 - "https://matin168d.com/wp-content/qqd523b6/edit.php" "Mozilla/5.0 (Macintosh; U; PPC Mac OS X; ja-jp) AppleWebKit/523.12 (KHTML, like Gecko) Version/3.0.4 Safari/523.12"
155.2.194.43 - - [20/Sep/2026:22:05:47 +0700] "GET /best-5-reel-slots-uk-2026/ HTTP/1.1" 200 - "https://matin168d.com/" "Mozilla/5.0 (Linux; Android 10; K) AppleWebKit/537.36 (KHTML, like Gecko) Chrome/147.0.0.0 Mobile Safari/537.36"
198.252.107.178 - - [20/Sep/2026:22:05:52 +0700] "POST /wp-cron.php?doing_wp_cron=1789916751.8824510574340820312500 HTTP/1.1" 301 - "-" "WordPress/7.1.1; https://matin168d.com"
195.177.93.239 - - [20/Sep/2026:22:05:53 +0700] "GET /best-5-reel-slots-uk-2026/ HTTP/1.1" 200 - "https://matin168d.com/" "Mozilla/5.0 (Linux; Android 10; K) AppleWebKit/537.36 (KHTML, like Gecko) Chrome/147.0.0.0 Mobile Safari/537.36"
158.173.241.47 - - [20/Sep/2026:22:05:56 +0700] "GET /best-5-reel-slots-uk-2026/ HTTP/1.1" 200 - "https://matin168d.com/" "Mozilla/5.0 (Linux; Android 10; K) AppleWebKit/537.36 (KHTML, like Gecko) Chrome/147.0.0.0 Mobile Safari/537.36"
173.239.254.161 - - [20/Sep/2026:22:07:10 +0700] "POST /wp-login.php HTTP/1.1" 200 7532 "-" "Mozilla/5.0 (Windows NT 10.0; Win64; x64) AppleWebKit/537.36 Chrome/129.0.0.0 Safari/537.36"
198.252.107.178 - - [20/Sep/2026:22:07:12 +0700] "POST /wp-cron.php?doing_wp_cron=1789916832.4822471141815185546875 HTTP/1.1" 301 - "-" "WordPress/7.1.1; https://matin168d.com"
198.204.240.234 - - [20/Sep/2026:22:07:53 +0700] "GET /wp-content/qqd523b6/edit.php HTTP/1.1" 200 6 "https://matin168d.com/wp-content/qqd523b6/edit.php" "Mozilla/5.0 (Macintosh; Intel Mac OS X 10.7; rv:9.0.1) Gecko/20100101 Firefox/9.0.1"
198.204.240.234 - - [20/Sep/2026:22:07:32 +0700] "GET /wp-content/qqd523b6/edit.php HTTP/1.1" 200 - "https://matin168d.com/wp-content/qqd523b6/edit.php" "Mozilla/4.0 (compatible; MSIE 8.0; Windows NT 5.1; Trident/4.0; .NET CLR 2.0.50727; .NET CLR 3.0.04506.30; .NET CLR 3.0.04506.648)"
136.144.33.160 - - [20/Sep/2026:22:15:30 +0700] "POST /wp-login.php HTTP/1.1" 200 7532 "-" "Mozilla/5.0 (Windows NT 10.0; Win64; x64) AppleWebKit/537.36 Chrome/129.0.0.0 Safari/537.36"
198.252.107.178 - - [20/Sep/2026:22:15:37 +0700] "POST /wp-cron.php?doing_wp_cron=1789917337.7897310256958007812500 HTTP/1.1" 301 - "-" "WordPress/7.1.1; https://matin168d.com"
198.204.240.234 - - [20/Sep/2026:22:16:05 +0700] "GET /wp-content/qqd523b6/edit.php HTTP/1.1" 200 6 "https://matin168d.com/wp-content/qqd523b6/edit.php" "Mozilla/5.0 (Windows NT 6.1; WOW64) AppleWebKit/535.1 (KHTML, like Gecko) Chrome/14.0.835.202 Safari/535.1"
198.204.240.234 - - [20/Sep/2026:22:15:45 +0700] "GET /wp-content/qqd523b6/edit.php HTTP/1.1" 200 - "https://matin168d.com/wp-content/qqd523b6/edit.php" "Mozilla/4.0 (compatible; MSIE 8.0; Windows NT 5.1; Trident/4.0; .NET CLR 2.0.50727; .NET CLR 3.0.04506.30; .NET CLR 3.0.04506.648)"
2a06:98c0:3600::103 - - [20/Sep/2026:22:20:06 +0700] "GET /wp-admin/install.php?step=1 HTTP/1.1" 200 1368 "-" "http://matin168hr.com/wp-admin/install.php?step=1"
198.252.107.178 - - [20/Sep/2026:22:20:07 +0700] "POST /wp-cron.php?doing_wp_cron=1789917607.4809861183166503906250 HTTP/1.1" 301 - "-" "WordPress/7.1.1; https://matin168d.com"
146.70.194.238 - - [20/Sep/2026:22:21:17 +0700] "GET / HTTP/1.1" 200 - "-" "-"
146.70.194.238 - - [20/Sep/2026:22:21:25 +0700] "GET / HTTP/1.1" 200 - "-" "-"
146.70.194.238 - - [20/Sep/2026:22:21:32 +0700] "GET / HTTP/1.1" 200 - "-" "-"
146.70.194.238 - - [20/Sep/2026:22:21:38 +0700] "GET / HTTP/1.1" 200 - "-" "-"
146.70.194.238 - - [20/Sep/2026:22:21:43 +0700] "GET / HTTP/1.1" 200 - "-" "-"
146.70.194.238 - - [20/Sep/2026:22:21:53 +0700] "GET / HTTP/1.1" 200 - "-" "-"
146.70.194.238 - - [20/Sep/2026:22:22:02 +0700] "GET / HTTP/1.1" 200 - "-" "-"
146.70.194.238 - - [20/Sep/2026:22:22:08 +0700] "GET / HTTP/1.1" 200 - "-" "-"
146.70.194.238 - - [20/Sep/2026:22:22:19 +0700] "GET / HTTP/1.1" 200 - "-" "-"
193.19.109.40 - - [20/Sep/2026:22:22:22 +0700] "POST /wp-login.php HTTP/1.1" 200 7532 "-" "Mozilla/5.0 (Windows NT 10.0; Win64; x64) AppleWebKit/537.36 Chrome/129.0.0.0 Safari/537.36"
146.70.194.238 - - [20/Sep/2026:22:22:26 +0700] "GET / HTTP/1.1" 200 - "-" "-"
146.70.194.238 - - [20/Sep/2026:22:22:33 +0700] "GET / HTTP/1.1" 200 - "-" "-"
146.70.194.238 - - [20/Sep/2026:22:22:42 +0700] "GET / HTTP/1.1" 200 - "-" "-"
146.70.194.238 - - [20/Sep/2026:22:22:49 +0700] "GET / HTTP/1.1" 200 - "-" "-"
146.70.194.238 - - [20/Sep/2026:22:22:57 +0700] "GET / HTTP/1.1" 200 - "-" "-"
146.70.194.238 - - [20/Sep/2026:22:23:06 +0700] "GET / HTTP/1.1" 200 - "-" "-"
146.70.194.238 - - [20/Sep/2026:22:23:15 +0700] "GET / HTTP/1.1" 200 - "-" "-"
198.252.107.178 - - [20/Sep/2026:22:23:19 +0700] "POST /wp-cron.php?doing_wp_cron=1789917798.8276960849761962890625 HTTP/1.1" 301 - "-" "WordPress/7.1.1; https://matin168d.com"
146.70.194.238 - - [20/Sep/2026:22:23:23 +0700] "GET / HTTP/1.1" 200 - "-" "-"
146.70.194.238 - - [20/Sep/2026:22:23:32 +0700] "GET / HTTP/1.1" 200 - "-" "-"
146.70.194.238 - - [20/Sep/2026:22:23:40 +0700] "GET / HTTP/1.1" 200 - "-" "-"
146.70.194.238 - - [20/Sep/2026:22:23:46 +0700] "GET / HTTP/1.1" 200 - "-" "-"
146.70.194.238 - - [20/Sep/2026:22:23:54 +0700] "GET / HTTP/1.1" 200 - "-" "-"
146.70.194.238 - - [20/Sep/2026:22:24:01 +0700] "GET / HTTP/1.1" 200 - "-" "-"
146.70.194.238 - - [20/Sep/2026:22:24:09 +0700] "GET / HTTP/1.1" 200 - "-" "-"
146.70.194.238 - - [20/Sep/2026:22:24:17 +0700] "GET / HTTP/1.1" 200 - "-" "-"
198.252.107.178 - - [20/Sep/2026:22:24:20 +0700] "POST /wp-cron.php?doing_wp_cron=1789917860.3545179367065429687500 HTTP/1.1" 301 - "-" "WordPress/7.1.1; https://matin168d.com"
146.70.194.238 - - [20/Sep/2026:22:24:25 +0700] "GET / HTTP/1.1" 200 - "-" "-"
146.70.194.238 - - [20/Sep/2026:22:24:35 +0700] "GET / HTTP/1.1" 200 - "-" "-"
146.70.194.238 - - [20/Sep/2026:22:24:41 +0700] "GET / HTTP/1.1" 200 - "-" "-"
146.70.194.238 - - [20/Sep/2026:22:24:55 +0700] "GET / HTTP/1.1" 200 - "-" "-"
74.7.228.58 - - [20/Sep/2026:22:25:04 +0700] "GET /robots.txt HTTP/1.1" 304 - "-" "Mozilla/5.0 (Macintosh; Intel Mac OS X 10_15_7) AppleWebKit/537.36 (KHTML, like Gecko) Chrome/131.0.0.0 Safari/537.36; compatible; OAI-SearchBot/1.4; robots.txt; +https://openai.com/searchbot"
146.70.194.238 - - [20/Sep/2026:22:25:04 +0700] "GET / HTTP/1.1" 200 - "-" "-"
146.70.194.238 - - [20/Sep/2026:22:25:10 +0700] "GET / HTTP/1.1" 200 - "-" "-"
146.70.194.238 - - [20/Sep/2026:22:25:17 +0700] "GET / HTTP/1.1" 200 - "-" "-"
198.252.107.178 - - [20/Sep/2026:22:25:20 +0700] "POST /wp-cron.php?doing_wp_cron=1789917920.7559928894042968750000 HTTP/1.1" 301 - "-" "WordPress/7.1.1; https://matin168d.com"
146.70.194.238 - - [20/Sep/2026:22:25:26 +0700] "GET / HTTP/1.1" 200 - "-" "-"
146.70.194.238 - - [20/Sep/2026:22:25:32 +0700] "GET / HTTP/1.1" 200 - "-" "-"
146.70.194.238 - - [20/Sep/2026:22:25:40 +0700] "GET / HTTP/1.1" 200 - "-" "-"
146.70.194.238 - - [20/Sep/2026:22:25:48 +0700] "GET / HTTP/1.1" 200 - "-" "-"
146.70.194.238 - - [20/Sep/2026:22:25:58 +0700] "GET / HTTP/1.1" 200 - "-" "-"
146.70.194.238 - - [20/Sep/2026:22:26:08 +0700] "GET / HTTP/1.1" 200 - "-" "-"
146.70.194.238 - - [20/Sep/2026:22:26:22 +0700] "GET / HTTP/1.1" 200 - "-" "-"
198.252.107.178 - - [20/Sep/2026:22:26:24 +0700] "POST /wp-cron.php?doing_wp_cron=1789917984.7977619171142578125000 HTTP/1.1" 301 - "-" "WordPress/7.1.1; https://matin168d.com"
146.70.194.238 - - [20/Sep/2026:22:26:29 +0700] "GET / HTTP/1.1" 200 - "-" "-"
146.70.194.238 - - [20/Sep/2026:22:26:36 +0700] "GET / HTTP/1.1" 200 - "-" "-"
146.70.194.238 - - [20/Sep/2026:22:26:42 +0700] "GET / HTTP/1.1" 200 - "-" "-"
146.70.194.238 - - [20/Sep/2026:22:26:49 +0700] "GET / HTTP/1.1" 200 - "-" "-"
146.70.194.238 - - [20/Sep/2026:22:27:01 +0700] "GET / HTTP/1.1" 200 - "-" "-"
146.70.194.238 - - [20/Sep/2026:22:27:07 +0700] "GET / HTTP/1.1" 200 - "-" "-"
146.70.194.238 - - [20/Sep/2026:22:27:13 +0700] "GET / HTTP/1.1" 200 - "-" "-"
198.204.240.234 - - [20/Sep/2026:22:27:04 +0700] "GET /wp-content/qqd523b6/edit.php HTTP/1.1" 200 15 "https://matin168d.com/wp-content/qqd523b6/edit.php" "Mozilla/5.0 (Macintosh; U; Intel Mac OS X 10_6_3; ja-jp) AppleWebKit/531.21.11 (KHTML, like Gecko) Version/4.0.4 Safari/531.21.10"
146.70.194.238 - - [20/Sep/2026:22:27:23 +0700] "GET / HTTP/1.1" 200 - "-" "-"
198.204.240.234 - - [20/Sep/2026:22:27:25 +0700] "GET /wp-content/qqd523b6/edit.php HTTP/1.1" 200 6 "https://matin168d.com/wp-content/qqd523b6/edit.php" "Mozilla/5.0 (Macintosh; U; PPC Mac OS X 10_4_11; ja-jp) AppleWebKit/525.13 (KHTML, like Gecko) Version/3.1 Safari/525.13"
146.70.194.238 - - [20/Sep/2026:22:27:31 +0700] "GET / HTTP/1.1" 200 - "-" "-"
198.204.240.234 - - [20/Sep/2026:22:27:36 +0700] "GET /wp-content/qqd523b6/edit.php HTTP/1.1" 200 6 "https://matin168d.com/wp-content/qqd523b6/edit.php" "Mozilla/4.0 (compatible; MSIE 6.0; X11; Linux i686; ja) Opera 10.10"
198.204.240.234 - - [20/Sep/2026:22:27:37 +0700] "GET /wp-content/qqd523b6/edit.php HTTP/1.1" 200 6 "https://matin168d.com/wp-content/qqd523b6/edit.php" "Mozilla/5.0 (Macintosh; Intel Mac OS X 10_6_8) AppleWebKit/535.1 (KHTML, like Gecko) Chrome/13.0.782.112 Safari/535.1"
146.70.194.238 - - [20/Sep/2026:22:27:38 +0700] "GET / HTTP/1.1" 200 - "-" "-"
146.70.194.238 - - [20/Sep/2026:22:27:49 +0700] "GET / HTTP/1.1" 200 - "-" "-"
95.216.2.144 - - [20/Sep/2026:22:27:59 +0700] "GET /best-bingo-sites-uk-no-wagering-2026/ HTTP/1.1" 200 - "https://matin168d.com/" "Mozilla/5.0 (X11; Ubuntu; Linux x86_64; rv:136.0) Gecko/20100101 Firefox/136.0"
146.70.194.238 - - [20/Sep/2026:22:27:58 +0700] "GET / HTTP/1.1" 200 - "-" "-"
95.216.2.144 - - [20/Sep/2026:22:28:07 +0700] "GET /best-bingo-sites-uk-no-wagering-2026/ HTTP/1.1" 200 - "https://matin168d.com/" "Mozilla/5.0 (X11; Ubuntu; Linux x86_64; rv:136.0) Gecko/20100101 Firefox/136.0"
146.70.194.238 - - [20/Sep/2026:22:28:08 +0700] "GET / HTTP/1.1" 200 - "-" "-"
95.216.2.144 - - [20/Sep/2026:22:28:12 +0700] "GET /best-bingo-sites-uk-no-wagering-2026/ HTTP/1.1" 200 - "https://matin168d.com/" "Mozilla/5.0 (X11; Ubuntu; Linux x86_64; rv:136.0) Gecko/20100101 Firefox/136.0"
146.70.194.238 - - [20/Sep/2026:22:28:16 +0700] "GET / HTTP/1.1" 200 - "-" "-"
146.70.194.238 - - [20/Sep/2026:22:28:22 +0700] "GET / HTTP/1.1" 200 - "-" "-"
146.70.194.238 - - [20/Sep/2026:22:28:29 +0700] "GET / HTTP/1.1" 200 - "-" "-"
198.252.107.178 - - [20/Sep/2026:22:28:32 +0700] "POST /wp-cron.php?doing_wp_cron=1789918112.1235270500183105468750 HTTP/1.1" 301 - "-" "WordPress/7.1.1; https://matin168d.com"
146.70.194.238 - - [20/Sep/2026:22:28:36 +0700] "GET / HTTP/1.1" 200 - "-" "-"
198.204.240.234 - - [20/Sep/2026:22:27:16 +0700] "GET /wp-content/qqd523b6/edit.php HTTP/1.1" 200 - "https://matin168d.com/wp-content/qqd523b6/edit.php" "Mozilla/4.0 (compatible; MSIE 6.0; X11; Linux i686; ja) Opera 10.10"
168.126.234.244 - - [20/Sep/2026:22:28:42 +0700] "GET /best-bgaming-online-casinos-uk-2026/ HTTP/1.1" 200 - "https://matin168d.com/" "Mozilla/5.0 (Windows NT 10.0; Win64; x64) AppleWebKit/537.36 (KHTML, like Gecko) Chrome/136.0.0.0 Safari/537.36 Edg/136.0.0.0"
168.126.234.244 - - [20/Sep/2026:22:28:50 +0700] "GET /best-bgaming-online-casinos-uk-2026/ HTTP/1.1" 200 - "https://matin168d.com/" "Mozilla/5.0 (Windows NT 10.0; Win64; x64) AppleWebKit/537.36 (KHTML, like Gecko) Chrome/136.0.0.0 Safari/537.36 Edg/136.0.0.0"
146.70.194.238 - - [20/Sep/2026:22:28:52 +0700] "GET / HTTP/1.1" 200 - "-" "-"
146.70.194.238 - - [20/Sep/2026:22:28:55 +0700] "GET / HTTP/1.1" 200 - "-" "-"
168.126.234.244 - - [20/Sep/2026:22:28:57 +0700] "GET /best-bgaming-online-casinos-uk-2026/ HTTP/1.1" 200 - "https://matin168d.com/" "Mozilla/5.0 (Windows NT 10.0; Win64; x64) AppleWebKit/537.36 (KHTML, like Gecko) Chrome/136.0.0.0 Safari/537.36 Edg/136.0.0.0"
146.70.194.238 - - [20/Sep/2026:22:29:01 +0700] "GET / HTTP/1.1" 200 - "-" "-"
146.70.194.238 - - [20/Sep/2026:22:29:06 +0700] "GET / HTTP/1.1" 200 - "-" "-"
146.70.194.238 - - [20/Sep/2026:22:29:12 +0700] "GET / HTTP/1.1" 200 - "-" "-"
146.70.194.238 - - [20/Sep/2026:22:29:19 +0700] "GET / HTTP/1.1" 200 - "-" "-"
146.70.194.238 - - [20/Sep/2026:22:29:24 +0700] "GET / HTTP/1.1" 200 - "-" "-"
146.70.194.238 - - [20/Sep/2026:22:29:31 +0700] "GET / HTTP/1.1" 200 - "-" "-"
198.252.107.178 - - [20/Sep/2026:22:29:34 +0700] "POST /wp-cron.php?doing_wp_cron=1789918174.6948719024658203125000 HTTP/1.1" 301 - "-" "WordPress/7.1.1; https://matin168d.com"
146.70.194.238 - - [20/Sep/2026:22:29:50 +0700] "GET / HTTP/1.1" 200 - "-" "-"
146.70.194.238 - - [20/Sep/2026:22:29:51 +0700] "GET / HTTP/1.1" 200 - "-" "-"
146.70.194.238 - - [20/Sep/2026:22:29:56 +0700] "GET / HTTP/1.1" 200 - "-" "-"
146.70.194.238 - - [20/Sep/2026:22:30:06 +0700] "GET / HTTP/1.1" 200 - "-" "-"
146.70.194.238 - - [20/Sep/2026:22:30:14 +0700] "GET / HTTP/1.1" 200 - "-" "-"
146.70.194.238 - - [20/Sep/2026:22:30:19 +0700] "GET / HTTP/1.1" 200 - "-" "-"
51.75.236.139 - - [20/Sep/2026:22:30:22 +0700] "GET /?sitemapindex.xml HTTP/1.1" 200 13 "-" "Mozilla/5.0 (compatible; AhrefsBot/7.0; +http://ahrefs.com/robot/)"
146.70.194.238 - - [20/Sep/2026:22:30:24 +0700] "GET / HTTP/1.1" 200 - "-" "-"
146.70.194.238 - - [20/Sep/2026:22:30:31 +0700] "GET / HTTP/1.1" 200 - "-" "-"
146.70.194.238 - - [20/Sep/2026:22:30:38 +0700] "GET / HTTP/1.1" 200 - "-" "-"
146.70.194.238 - - [20/Sep/2026:22:30:48 +0700] "GET / HTTP/1.1" 200 - "-" "-"
146.70.194.238 - - [20/Sep/2026:22:31:00 +0700] "GET / HTTP/1.1" 200 - "-" "-"
146.70.194.238 - - [20/Sep/2026:22:31:08 +0700] "GET / HTTP/1.1" 200 - "-" "-"
146.70.194.238 - - [20/Sep/2026:22:31:15 +0700] "GET / HTTP/1.1" 200 - "-" "-"
146.70.194.238 - - [20/Sep/2026:22:31:22 +0700] "GET / HTTP/1.1" 200 - "-" "-"
146.70.194.238 - - [20/Sep/2026:22:31:30 +0700] "GET / HTTP/1.1" 200 - "-" "-"
146.70.194.238 - - [20/Sep/2026:22:31:41 +0700] "GET / HTTP/1.1" 200 - "-" "-"
146.70.194.238 - - [20/Sep/2026:22:31:48 +0700] "GET / HTTP/1.1" 200 - "-" "-"
146.70.194.238 - - [20/Sep/2026:22:31:56 +0700] "GET / HTTP/1.1" 200 - "-" "-"
146.70.194.238 - - [20/Sep/2026:22:32:01 +0700] "GET / HTTP/1.1" 200 - "-" "-"
146.70.194.238 - - [20/Sep/2026:22:32:06 +0700] "GET / HTTP/1.1" 200 - "-" "-"
146.70.194.238 - - [20/Sep/2026:22:32:14 +0700] "GET / HTTP/1.1" 200 - "-" "-"
146.70.194.238 - - [20/Sep/2026:22:32:19 +0700] "GET / HTTP/1.1" 200 - "-" "-"
146.70.194.238 - - [20/Sep/2026:22:32:23 +0700] "GET / HTTP/1.1" 200 - "-" "-"
146.70.194.238 - - [20/Sep/2026:22:32:29 +0700] "GET / HTTP/1.1" 200 - "-" "-"
146.70.194.238 - - [20/Sep/2026:22:32:34 +0700] "GET / HTTP/1.1" 200 - "-" "-"
146.70.194.238 - - [20/Sep/2026:22:32:41 +0700] "GET / HTTP/1.1" 200 - "-" "-"
146.70.194.238 - - [20/Sep/2026:22:32:45 +0700] "GET / HTTP/1.1" 200 - "-" "-"
146.70.194.238 - - [20/Sep/2026:22:32:52 +0700] "GET /wp-admin/network/ HTTP/1.1" 302 - "-" "-"
146.70.194.238 - - [20/Sep/2026:22:32:53 +0700] "GET /wp-login.php?redirect_to=https%3A%2F%2Fmatin168d.com%2Fwp-admin%2Fnetwork%2F&reauth=1 HTTP/1.1" 200 7168 "-" "-"
146.70.194.238 - - [20/Sep/2026:22:32:57 +0700] "GET /wp-admin/user/ HTTP/1.1" 302 - "-" "-"
146.70.194.238 - - [20/Sep/2026:22:33:00 +0700] "GET /wp-login.php?redirect_to=https%3A%2F%2Fmatin168d.com%2Fwp-admin%2Fuser%2F&reauth=1 HTTP/1.1" 200 7165 "-" "-"
146.70.194.238 - - [20/Sep/2026:22:33:05 +0700] "GET / HTTP/1.1" 200 - "-" "-"
146.70.194.238 - - [20/Sep/2026:22:33:10 +0700] "GET /wp-admin/ HTTP/1.1" 302 - "-" "-"
146.70.194.238 - - [20/Sep/2026:22:33:12 +0700] "GET /wp-login.php?redirect_to=https%3A%2F%2Fmatin168d.com%2Fwp-admin%2F&reauth=1 HTTP/1.1" 200 7160 "-" "-"
146.70.194.238 - - [20/Sep/2026:22:33:19 +0700] "GET / HTTP/1.1" 200 - "-" "-"
173.239.254.154 - - [20/Sep/2026:22:38:09 +0700] "POST /wp-login.php HTTP/1.1" 200 7532 "-" "Mozilla/5.0 (Windows NT 10.0; Win64; rv:143.0) Gecko/20100101 Firefox/143.0"
198.252.107.178 - - [20/Sep/2026:22:38:13 +0700] "POST /wp-cron.php?doing_wp_cron=1789918693.2588489055633544921875 HTTP/1.1" 301 - "-" "WordPress/7.1.1; https://matin168d.com"
198.204.240.234 - - [20/Sep/2026:22:39:13 +0700] "GET /wp-content/qqd523b6/edit.php HTTP/1.1" 200 6 "https://matin168d.com/wp-content/qqd523b6/edit.php" "Mozilla/5.0 (Windows NT 6.1; WOW64) AppleWebKit/535.1 (KHTML, like Gecko) Chrome/14.0.835.202 Safari/535.1"
198.204.240.234 - - [20/Sep/2026:22:38:53 +0700] "GET /wp-content/qqd523b6/edit.php HTTP/1.1" 200 - "https://matin168d.com/wp-content/qqd523b6/edit.php" "Mozilla/5.0 (compatible; MSIE 9.0; Windows NT 6.1; WOW64; Trident/5.0)"
136.144.33.192 - - [20/Sep/2026:22:40:51 +0700] "POST /wp-login.php HTTP/1.1" 200 7532 "-" "Mozilla/5.0 (Windows NT 10.0; Win64; rv:143.0) Gecko/20100101 Firefox/143.0"
198.252.107.178 - - [20/Sep/2026:22:40:52 +0700] "POST /wp-cron.php?doing_wp_cron=1789918852.6501500606536865234375 HTTP/1.1" 301 - "-" "WordPress/7.1.1; https://matin168d.com"
2001:4ca0:108:42::24 - - [20/Sep/2026:22:46:35 +0700] "GET /robots.txt HTTP/1.1" 200 258 "-" "Mozilla/5.0 (Windows NT 10.0; Win64; x64) AppleWebKit/537.36 (KHTML, like Gecko) Chrome/103.0.5060.134 Safari/537.36"
198.204.240.234 - - [20/Sep/2026:22:47:10 +0700] "GET /wp-content/qqd523b6/edit.php HTTP/1.1" 200 6 "https://matin168d.com/wp-content/qqd523b6/edit.php" "Mozilla/5.0 (Macintosh; Intel Mac OS X 10_6_8) AppleWebKit/535.7 (KHTML, like Gecko) Chrome/16.0.912.75 Safari/535.7"
198.204.240.234 - - [20/Sep/2026:22:46:50 +0700] "GET /wp-content/qqd523b6/edit.php HTTP/1.1" 200 - "https://matin168d.com/wp-content/qqd523b6/edit.php" "Mozilla/5.0 (Macintosh; U; Intel Mac OS X 10_6_3; ja-jp) AppleWebKit/531.21.11 (KHTML, like Gecko) Version/4.0.4 Safari/531.21.10"
198.204.240.234 - - [20/Sep/2026:22:51:35 +0700] "GET /wp-content/qqd523b6/edit.php HTTP/1.1" 200 6 "https://matin168d.com/wp-content/qqd523b6/edit.php" "Mozilla/5.0 (Macintosh; Intel Mac OS X 10_6_8) AppleWebKit/535.1 (KHTML, like Gecko) Chrome/13.0.782.220 Safari/535.1"
198.204.240.234 - - [20/Sep/2026:22:51:15 +0700] "GET /wp-content/qqd523b6/edit.php HTTP/1.1" 200 - "https://matin168d.com/wp-content/qqd523b6/edit.php" "Mozilla/4.0 (compatible; MSIE 8.0; Windows NT 5.1; Trident/4.0; EasyBits GO v1.0; InfoPath.1; .NET CLR 2.0.50727; .NET CLR 3.0.4506.2152; .NET CLR 3.5.30729)"
173.239.254.167 - - [20/Sep/2026:22:53:10 +0700] "POST /wp-login.php HTTP/1.1" 200 7532 "-" "Mozilla/5.0 (Macintosh; Intel Mac OS X 10_15_7) AppleWebKit/605.1.15 Version/17.0 Safari/605.1.15"
198.252.107.178 - - [20/Sep/2026:22:53:14 +0700] "POST /wp-cron.php?doing_wp_cron=1789919594.4816410541534423828125 HTTP/1.1" 301 - "-" "WordPress/7.1.1; https://matin168d.com"
51.79.192.65 - - [20/Sep/2026:22:57:36 +0700] "GET /best-bgaming-online-casinos-uk-2026/ HTTP/1.1" 200 - "https://matin168d.com/" "Mozilla/5.0 (Windows NT 10.0; Win64; x64) AppleWebKit/537.36 (KHTML, like Gecko) Chrome/142.0.0.0 Safari/537.36"
198.252.107.178 - - [20/Sep/2026:22:57:39 +0700] "POST /wp-cron.php?doing_wp_cron=1789919859.4476680755615234375000 HTTP/1.1" 301 - "-" "WordPress/7.1.1; https://matin168d.com"
51.79.192.65 - - [20/Sep/2026:22:57:41 +0700] "GET /best-bgaming-online-casinos-uk-2026/ HTTP/1.1" 200 - "https://matin168d.com/" "Mozilla/5.0 (Windows NT 10.0; Win64; x64) AppleWebKit/537.36 (KHTML, like Gecko) Chrome/142.0.0.0 Safari/537.36"
51.79.192.65 - - [20/Sep/2026:22:57:44 +0700] "GET /best-bgaming-online-casinos-uk-2026/ HTTP/1.1" 200 - "https://matin168d.com/" "Mozilla/5.0 (Windows NT 10.0; Win64; x64) AppleWebKit/537.36 (KHTML, like Gecko) Chrome/142.0.0.0 Safari/537.36"
194.5.48.170 - - [20/Sep/2026:22:58:38 +0700] "GET /wp-login.php HTTP/1.1" 200 7160 "-" "Mozilla/5.0 (Windows NT 10.0; Win64; x64) AppleWebKit/537.36 (KHTML, like Gecko) Chrome/120.0.0.0 Safari/537.36"
194.5.48.170 - - [20/Sep/2026:22:58:41 +0700] "GET /?author=1 HTTP/1.1" 301 - "-" "Mozilla/5.0 (Windows NT 10.0; Win64; x64) AppleWebKit/537.36 (KHTML, like Gecko) Chrome/120.0.0.0 Safari/537.36"
198.252.107.178 - - [20/Sep/2026:22:58:45 +0700] "POST /wp-cron.php?doing_wp_cron=1789919925.2589130401611328125000 HTTP/1.1" 301 - "-" "WordPress/7.1.1; https://matin168d.com"
194.5.48.170 - - [20/Sep/2026:22:58:46 +0700] "GET /?author=2 HTTP/1.1" 301 - "-" "Mozilla/5.0 (Windows NT 10.0; Win64; x64) AppleWebKit/537.36 (KHTML, like Gecko) Chrome/120.0.0.0 Safari/537.36"
194.5.48.170 - - [20/Sep/2026:22:58:48 +0700] "GET /?author=3 HTTP/1.1" 200 - "-" "Mozilla/5.0 (Windows NT 10.0; Win64; x64) AppleWebKit/537.36 (KHTML, like Gecko) Chrome/120.0.0.0 Safari/537.36"
194.5.48.170 - - [20/Sep/2026:22:58:51 +0700] "GET /?author=4 HTTP/1.1" 200 - "-" "Mozilla/5.0 (Windows NT 10.0; Win64; x64) AppleWebKit/537.36 (KHTML, like Gecko) Chrome/120.0.0.0 Safari/537.36"
194.5.48.170 - - [20/Sep/2026:22:58:53 +0700] "GET /?author=5 HTTP/1.1" 301 - "-" "Mozilla/5.0 (Windows NT 10.0; Win64; x64) AppleWebKit/537.36 (KHTML, like Gecko) Chrome/120.0.0.0 Safari/537.36"
194.5.48.170 - - [20/Sep/2026:22:58:56 +0700] "GET /?author=6 HTTP/1.1" 301 - "-" "Mozilla/5.0 (Windows NT 10.0; Win64; x64) AppleWebKit/537.36 (KHTML, like Gecko) Chrome/120.0.0.0 Safari/537.36"
194.5.48.170 - - [20/Sep/2026:22:58:58 +0700] "GET /?author=7 HTTP/1.1" 301 - "-" "Mozilla/5.0 (Windows NT 10.0; Win64; x64) AppleWebKit/537.36 (KHTML, like Gecko) Chrome/120.0.0.0 Safari/537.36"
194.5.48.170 - - [20/Sep/2026:22:59:00 +0700] "GET /?author=8 HTTP/1.1" 301 - "-" "Mozilla/5.0 (Windows NT 10.0; Win64; x64) AppleWebKit/537.36 (KHTML, like Gecko) Chrome/120.0.0.0 Safari/537.36"
194.5.48.170 - - [20/Sep/2026:22:59:03 +0700] "GET /?author=9 HTTP/1.1" 301 - "-" "Mozilla/5.0 (Windows NT 10.0; Win64; x64) AppleWebKit/537.36 (KHTML, like Gecko) Chrome/120.0.0.0 Safari/537.36"
194.5.48.170 - - [20/Sep/2026:22:59:05 +0700] "GET /?author=10 HTTP/1.1" 200 - "-" "Mozilla/5.0 (Windows NT 10.0; Win64; x64) AppleWebKit/537.36 (KHTML, like Gecko) Chrome/120.0.0.0 Safari/537.36"
194.5.48.170 - - [20/Sep/2026:22:59:08 +0700] "GET /?rest_route=/wp/v2/users HTTP/1.1" 200 8441 "-" "Mozilla/5.0 (Windows NT 10.0; Win64; x64) AppleWebKit/537.36 (KHTML, like Gecko) Chrome/120.0.0.0 Safari/537.36"
194.5.48.170 - - [20/Sep/2026:22:59:11 +0700] "POST /xmlrpc.php HTTP/1.1" 301 - "-" "Mozilla/5.0 (Windows NT 10.0; Win64; x64) AppleWebKit/537.36 (KHTML, like Gecko) Chrome/120.0.0.0 Safari/537.36"
31.30.166.200 - - [20/Sep/2026:22:59:32 +0700] "POST /xmlrpc.php HTTP/1.1" 301 - "-" "Mozilla/5.0 (Macintosh; Intel Mac OS X 10_15_7) AppleWebKit/537.36 (KHTML, like Gecko) Chrome/146.0.0.0 Safari/537.36"
89.102.177.195 - - [20/Sep/2026:22:59:36 +0700] "GET / HTTP/1.1" 200 - "https://www.matin168d.com/" "Mozilla/5.0 (Macintosh; Intel Mac OS X 10_15_7) AppleWebKit/537.36 (KHTML, like Gecko) Chrome/146.0.0.0 Safari/537.36"
198.204.240.234 - - [20/Sep/2026:23:02:33 +0700] "GET /wp-content/qqd523b6/edit.php HTTP/1.1" 200 15 "https://matin168d.com/wp-content/qqd523b6/edit.php" "Mozilla/5.0 (Macintosh; U; PPC Mac OS X 10_4_11; ja-jp) AppleWebKit/525.18 (KHTML, like Gecko) Version/3.1.2 Safari/525.22"
136.144.33.173 - - [20/Sep/2026:23:06:17 +0700] "POST /wp-login.php HTTP/1.1" 200 7532 "-" "Mozilla/5.0 (Windows NT 10.0; Win64; rv:143.0) Gecko/20100101 Firefox/143.0"
198.252.107.178 - - [20/Sep/2026:23:06:20 +0700] "POST /wp-cron.php?doing_wp_cron=1789920380.4412839412689208984375 HTTP/1.1" 301 - "-" "WordPress/7.1.1; https://matin168d.com"
198.204.240.234 - - [20/Sep/2026:23:06:33 +0700] "GET /wp-content/qqd523b6/edit.php HTTP/1.1" 200 6 "https://matin168d.com/wp-content/qqd523b6/edit.php" "Mozilla/4.0 (compatible; MSIE 7.0; Windows NT 5.1; .NET CLR 1.1.4322; .NET CLR 2.0.50727)"
198.204.240.234 - - [20/Sep/2026:23:06:12 +0700] "GET /wp-content/qqd523b6/edit.php HTTP/1.1" 200 - "https://matin168d.com/wp-content/qqd523b6/edit.php" "Mozilla/5.0 (Macintosh; Intel Mac OS X 10_6_8) AppleWebKit/534.24 (KHTML, like Gecko) Chrome/11.0.696.71 Safari/534.24"
173.239.254.174 - - [20/Sep/2026:23:08:46 +0700] "POST /wp-login.php HTTP/1.1" 200 7532 "-" "Mozilla/5.0 (Windows NT 10.0; Win64; x64) AppleWebKit/537.36 Chrome/129.0.0.0 Safari/537.36"
198.252.107.178 - - [20/Sep/2026:23:08:49 +0700] "POST /wp-cron.php?doing_wp_cron=1789920529.1397991180419921875000 HTTP/1.1" 301 - "-" "WordPress/7.1.1; https://matin168d.com"
37.59.204.158 - - [20/Sep/2026:23:11:15 +0700] "GET /?sitemap344.xml HTTP/1.1" 200 13 "-" "Mozilla/5.0 (compatible; AhrefsBot/7.0; +http://ahrefs.com/robot/)"
193.24.211.106 - - [20/Sep/2026:23:11:15 +0700] "POST / HTTP/1.1" 200 - "-" "Mozilla/5.0 (Macintosh; Intel Mac OS X 10_15_7) AppleWebKit/537.36 (KHTML, like Gecko) Chrome/136.0.0.0 Safari/537.36"
198.252.107.178 - - [20/Sep/2026:23:11:19 +0700] "POST /wp-cron.php?doing_wp_cron=1789920679.5670421123504638671875 HTTP/1.1" 301 - "-" "WordPress/7.1.1; https://matin168d.com"
193.24.211.106 - - [20/Sep/2026:23:11:20 +0700] "POST / HTTP/1.1" 200 - "-" "Mozilla/5.0 (Macintosh; Intel Mac OS X 10.15; rv:135.0) Gecko/20100101 Firefox/135.0"
193.24.211.106 - - [20/Sep/2026:23:11:23 +0700] "POST / HTTP/1.1" 200 - "-" "Mozilla/5.0 (Macintosh; Intel Mac OS X 10.15; rv:135.0) Gecko/20100101 Firefox/135.0"
217.79.116.198 - - [20/Sep/2026:23:11:39 +0700] "POST / HTTP/1.1" 200 - "-" "Mozilla/5.0 (Macintosh; Intel Mac OS X 10_15_7) AppleWebKit/605.1.15 (KHTML, like Gecko) Version/18.4 Safari/605.1.15"
146.70.59.139 - - [20/Sep/2026:23:12:02 +0700] "POST / HTTP/1.1" 200 - "-" "Mozilla/5.0 (Macintosh; Intel Mac OS X 10_15_7) AppleWebKit/605.1.15 (KHTML, like Gecko) Version/18.4 Safari/605.1.15"
191.96.36.106 - - [20/Sep/2026:23:12:10 +0700] "POST / HTTP/1.1" 200 - "-" "Mozilla/5.0 (Macintosh; Intel Mac OS X 10_15_7) AppleWebKit/605.1.15 (KHTML, like Gecko) Version/18.4 Safari/605.1.15"
37.19.197.235 - - [20/Sep/2026:23:12:14 +0700] "POST / HTTP/1.1" 200 - "-" "Mozilla/5.0 (Macintosh; Intel Mac OS X 10_15_7) AppleWebKit/605.1.15 (KHTML, like Gecko) Version/18.4 Safari/605.1.15"
34.64.76.118 - - [20/Sep/2026:23:13:00 +0700] "GET / HTTP/1.1" 200 - "-" "Mozilla/5.0 (Windows NT 10.0; Win64; x64) AppleWebKit/537.36 (KHTML, like Gecko) Chrome/131.0.0.0 Safari/537.36"
198.252.107.178 - - [20/Sep/2026:23:13:05 +0700] "POST /wp-cron.php?doing_wp_cron=1789920785.5094389915466308593750 HTTP/1.1" 301 - "-" "WordPress/7.1.1; https://matin168d.com"
34.64.76.118 - - [20/Sep/2026:23:13:06 +0700] "GET /.git/config HTTP/1.1" 301 - "-" "Mozilla/5.0 (Windows NT 10.0; Win64; x64) AppleWebKit/537.36 (KHTML, like Gecko) Chrome/131.0.0.0 Safari/537.36"
34.64.76.118 - - [20/Sep/2026:23:13:08 +0700] "GET / HTTP/1.1" 200 - "-" "Mozilla/5.0 (Windows NT 10.0; Win64; x64) AppleWebKit/537.36 (KHTML, like Gecko) Chrome/131.0.0.0 Safari/537.36"
34.64.76.118 - - [20/Sep/2026:23:13:11 +0700] "POST / HTTP/1.1" 200 - "-" "Mozilla/5.0 (Windows NT 10.0; Win64; x64) AppleWebKit/537.36 (KHTML, like Gecko) Chrome/131.0.0.0 Safari/537.36"
34.64.76.118 - - [20/Sep/2026:23:13:13 +0700] "GET /.env HTTP/1.1" 301 - "-" "Mozilla/5.0 (Windows NT 10.0; Win64; x64) AppleWebKit/537.36 (KHTML, like Gecko) Chrome/131.0.0.0 Safari/537.36"
34.64.76.118 - - [20/Sep/2026:23:13:16 +0700] "GET / HTTP/1.1" 200 - "-" "Mozilla/5.0 (Windows NT 10.0; Win64; x64) AppleWebKit/537.36 (KHTML, like Gecko) Chrome/131.0.0.0 Safari/537.36"
34.64.76.118 - - [20/Sep/2026:23:13:18 +0700] "GET /.env.local HTTP/1.1" 301 - "-" "Mozilla/5.0 (Windows NT 10.0; Win64; x64) AppleWebKit/537.36 (KHTML, like Gecko) Chrome/131.0.0.0 Safari/537.36"
34.64.76.118 - - [20/Sep/2026:23:13:20 +0700] "GET / HTTP/1.1" 200 - "-" "Mozilla/5.0 (Windows NT 10.0; Win64; x64) AppleWebKit/537.36 (KHTML, like Gecko) Chrome/131.0.0.0 Safari/537.36"
34.64.76.118 - - [20/Sep/2026:23:13:22 +0700] "GET /.env.production HTTP/1.1" 301 - "-" "Mozilla/5.0 (Windows NT 10.0; Win64; x64) AppleWebKit/537.36 (KHTML, like Gecko) Chrome/131.0.0.0 Safari/537.36"
34.64.76.118 - - [20/Sep/2026:23:13:23 +0700] "GET / HTTP/1.1" 200 - "-" "Mozilla/5.0 (Windows NT 10.0; Win64; x64) AppleWebKit/537.36 (KHTML, like Gecko) Chrome/131.0.0.0 Safari/537.36"
34.64.76.118 - - [20/Sep/2026:23:13:25 +0700] "GET /.env.staging HTTP/1.1" 301 - "-" "Mozilla/5.0 (Windows NT 10.0; Win64; x64) AppleWebKit/537.36 (KHTML, like Gecko) Chrome/131.0.0.0 Safari/537.36"
34.64.76.118 - - [20/Sep/2026:23:13:27 +0700] "GET / HTTP/1.1" 200 - "-" "Mozilla/5.0 (Windows NT 10.0; Win64; x64) AppleWebKit/537.36 (KHTML, like Gecko) Chrome/131.0.0.0 Safari/537.36"
34.64.76.118 - - [20/Sep/2026:23:13:28 +0700] "GET /.env.development HTTP/1.1" 301 - "-" "Mozilla/5.0 (Windows NT 10.0; Win64; x64) AppleWebKit/537.36 (KHTML, like Gecko) Chrome/131.0.0.0 Safari/537.36"
34.64.76.118 - - [20/Sep/2026:23:13:30 +0700] "GET / HTTP/1.1" 200 - "-" "Mozilla/5.0 (Windows NT 10.0; Win64; x64) AppleWebKit/537.36 (KHTML, like Gecko) Chrome/131.0.0.0 Safari/537.36"
34.64.76.118 - - [20/Sep/2026:23:13:32 +0700] "GET /.env.test HTTP/1.1" 301 - "-" "Mozilla/5.0 (Windows NT 10.0; Win64; x64) AppleWebKit/537.36 (KHTML, like Gecko) Chrome/131.0.0.0 Safari/537.36"
34.64.76.118 - - [20/Sep/2026:23:13:34 +0700] "GET / HTTP/1.1" 200 - "-" "Mozilla/5.0 (Windows NT 10.0; Win64; x64) AppleWebKit/537.36 (KHTML, like Gecko) Chrome/131.0.0.0 Safari/537.36"
34.64.76.118 - - [20/Sep/2026:23:13:36 +0700] "GET /.env.remote HTTP/1.1" 301 - "-" "Mozilla/5.0 (Windows NT 10.0; Win64; x64) AppleWebKit/537.36 (KHTML, like Gecko) Chrome/131.0.0.0 Safari/537.36"
34.64.76.118 - - [20/Sep/2026:23:13:38 +0700] "GET / HTTP/1.1" 200 - "-" "Mozilla/5.0 (Windows NT 10.0; Win64; x64) AppleWebKit/537.36 (KHTML, like Gecko) Chrome/131.0.0.0 Safari/537.36"
34.64.76.118 - - [20/Sep/2026:23:13:40 +0700] "GET /.env.bak HTTP/1.1" 301 - "-" "Mozilla/5.0 (Windows NT 10.0; Win64; x64) AppleWebKit/537.36 (KHTML, like Gecko) Chrome/131.0.0.0 Safari/537.36"
34.64.76.118 - - [20/Sep/2026:23:13:42 +0700] "GET / HTTP/1.1" 200 - "-" "Mozilla/5.0 (Windows NT 10.0; Win64; x64) AppleWebKit/537.36 (KHTML, like Gecko) Chrome/131.0.0.0 Safari/537.36"
34.64.76.118 - - [20/Sep/2026:23:13:44 +0700] "GET /.env.backup HTTP/1.1" 301 - "-" "Mozilla/5.0 (Windows NT 10.0; Win64; x64) AppleWebKit/537.36 (KHTML, like Gecko) Chrome/131.0.0.0 Safari/537.36"
34.64.76.118 - - [20/Sep/2026:23:13:46 +0700] "GET / HTTP/1.1" 200 - "-" "Mozilla/5.0 (Windows NT 10.0; Win64; x64) AppleWebKit/537.36 (KHTML, like Gecko) Chrome/131.0.0.0 Safari/537.36"
34.64.76.118 - - [20/Sep/2026:23:13:49 +0700] "GET /.env.save HTTP/1.1" 301 - "-" "Mozilla/5.0 (Windows NT 10.0; Win64; x64) AppleWebKit/537.36 (KHTML, like Gecko) Chrome/131.0.0.0 Safari/537.36"
34.64.76.118 - - [20/Sep/2026:23:13:51 +0700] "GET / HTTP/1.1" 200 - "-" "Mozilla/5.0 (Windows NT 10.0; Win64; x64) AppleWebKit/537.36 (KHTML, like Gecko) Chrome/131.0.0.0 Safari/537.36"
34.64.76.118 - - [20/Sep/2026:23:13:54 +0700] "GET /.env.old HTTP/1.1" 301 - "-" "Mozilla/5.0 (Windows NT 10.0; Win64; x64) AppleWebKit/537.36 (KHTML, like Gecko) Chrome/131.0.0.0 Safari/537.36"
34.64.76.118 - - [20/Sep/2026:23:13:55 +0700] "GET / HTTP/1.1" 200 - "-" "Mozilla/5.0 (Windows NT 10.0; Win64; x64) AppleWebKit/537.36 (KHTML, like Gecko) Chrome/131.0.0.0 Safari/537.36"
34.64.76.118 - - [20/Sep/2026:23:13:59 +0700] "GET /.env.sample HTTP/1.1" 301 - "-" "Mozilla/5.0 (Windows NT 10.0; Win64; x64) AppleWebKit/537.36 (KHTML, like Gecko) Chrome/131.0.0.0 Safari/537.36"
34.64.76.118 - - [20/Sep/2026:23:14:01 +0700] "GET / HTTP/1.1" 200 - "-" "Mozilla/5.0 (Windows NT 10.0; Win64; x64) AppleWebKit/537.36 (KHTML, like Gecko) Chrome/131.0.0.0 Safari/537.36"
34.64.76.118 - - [20/Sep/2026:23:14:04 +0700] "GET /.env.example HTTP/1.1" 301 - "-" "Mozilla/5.0 (Windows NT 10.0; Win64; x64) AppleWebKit/537.36 (KHTML, like Gecko) Chrome/131.0.0.0 Safari/537.36"
198.252.107.178 - - [20/Sep/2026:23:14:06 +0700] "POST /wp-cron.php?doing_wp_cron=1789920846.5768029689788818359375 HTTP/1.1" 301 - "-" "WordPress/7.1.1; https://matin168d.com"
34.64.76.118 - - [20/Sep/2026:23:14:07 +0700] "GET / HTTP/1.1" 200 - "-" "Mozilla/5.0 (Windows NT 10.0; Win64; x64) AppleWebKit/537.36 (KHTML, like Gecko) Chrome/131.0.0.0 Safari/537.36"
34.64.76.118 - - [20/Sep/2026:23:14:10 +0700] "GET /.env.dev HTTP/1.1" 301 - "-" "Mozilla/5.0 (Windows NT 10.0; Win64; x64) AppleWebKit/537.36 (KHTML, like Gecko) Chrome/131.0.0.0 Safari/537.36"
34.64.76.118 - - [20/Sep/2026:23:14:11 +0700] "GET / HTTP/1.1" 200 - "-" "Mozilla/5.0 (Windows NT 10.0; Win64; x64) AppleWebKit/537.36 (KHTML, like Gecko) Chrome/131.0.0.0 Safari/537.36"
34.64.76.118 - - [20/Sep/2026:23:14:14 +0700] "GET /.env.prod HTTP/1.1" 301 - "-" "Mozilla/5.0 (Windows NT 10.0; Win64; x64) AppleWebKit/537.36 (KHTML, like Gecko) Chrome/131.0.0.0 Safari/537.36"
34.64.76.118 - - [20/Sep/2026:23:14:15 +0700] "GET / HTTP/1.1" 200 - "-" "Mozilla/5.0 (Windows NT 10.0; Win64; x64) AppleWebKit/537.36 (KHTML, like Gecko) Chrome/131.0.0.0 Safari/537.36"
34.64.76.118 - - [20/Sep/2026:23:14:17 +0700] "GET /.env.stage HTTP/1.1" 301 - "-" "Mozilla/5.0 (Windows NT 10.0; Win64; x64) AppleWebKit/537.36 (KHTML, like Gecko) Chrome/131.0.0.0 Safari/537.36"
34.64.76.118 - - [20/Sep/2026:23:14:19 +0700] "GET / HTTP/1.1" 200 - "-" "Mozilla/5.0 (Windows NT 10.0; Win64; x64) AppleWebKit/537.36 (KHTML, like Gecko) Chrome/131.0.0.0 Safari/537.36"
34.64.76.118 - - [20/Sep/2026:23:14:20 +0700] "GET /.env.ci HTTP/1.1" 301 - "-" "Mozilla/5.0 (Windows NT 10.0; Win64; x64) AppleWebKit/537.36 (KHTML, like Gecko) Chrome/131.0.0.0 Safari/537.36"
34.64.76.118 - - [20/Sep/2026:23:14:23 +0700] "GET / HTTP/1.1" 200 - "-" "Mozilla/5.0 (Windows NT 10.0; Win64; x64) AppleWebKit/537.36 (KHTML, like Gecko) Chrome/131.0.0.0 Safari/537.36"
34.64.76.118 - - [20/Sep/2026:23:14:26 +0700] "GET /.env.docker HTTP/1.1" 301 - "-" "Mozilla/5.0 (Windows NT 10.0; Win64; x64) AppleWebKit/537.36 (KHTML, like Gecko) Chrome/131.0.0.0 Safari/537.36"
34.64.76.118 - - [20/Sep/2026:23:14:27 +0700] "GET / HTTP/1.1" 200 - "-" "Mozilla/5.0 (Windows NT 10.0; Win64; x64) AppleWebKit/537.36 (KHTML, like Gecko) Chrome/131.0.0.0 Safari/537.36"
34.64.76.118 - - [20/Sep/2026:23:14:30 +0700] "GET /.env.live HTTP/1.1" 301 - "-" "Mozilla/5.0 (Windows NT 10.0; Win64; x64) AppleWebKit/537.36 (KHTML, like Gecko) Chrome/131.0.0.0 Safari/537.36"
34.64.76.118 - - [20/Sep/2026:23:14:31 +0700] "GET / HTTP/1.1" 200 - "-" "Mozilla/5.0 (Windows NT 10.0; Win64; x64) AppleWebKit/537.36 (KHTML, like Gecko) Chrome/131.0.0.0 Safari/537.36"
34.64.76.118 - - [20/Sep/2026:23:14:33 +0700] "GET /.env.preprod HTTP/1.1" 301 - "-" "Mozilla/5.0 (Windows NT 10.0; Win64; x64) AppleWebKit/537.36 (KHTML, like Gecko) Chrome/131.0.0.0 Safari/537.36"
34.64.76.118 - - [20/Sep/2026:23:14:36 +0700] "GET / HTTP/1.1" 200 - "-" "Mozilla/5.0 (Windows NT 10.0; Win64; x64) AppleWebKit/537.36 (KHTML, like Gecko) Chrome/131.0.0.0 Safari/537.36"
34.64.76.118 - - [20/Sep/2026:23:14:39 +0700] "GET /.env.uat HTTP/1.1" 301 - "-" "Mozilla/5.0 (Windows NT 10.0; Win64; x64) AppleWebKit/537.36 (KHTML, like Gecko) Chrome/131.0.0.0 Safari/537.36"
34.64.76.118 - - [20/Sep/2026:23:14:42 +0700] "GET / HTTP/1.1" 200 - "-" "Mozilla/5.0 (Windows NT 10.0; Win64; x64) AppleWebKit/537.36 (KHTML, like Gecko) Chrome/131.0.0.0 Safari/537.36"
34.64.76.118 - - [20/Sep/2026:23:14:44 +0700] "GET /.env.dist HTTP/1.1" 301 - "-" "Mozilla/5.0 (Windows NT 10.0; Win64; x64) AppleWebKit/537.36 (KHTML, like Gecko) Chrome/131.0.0.0 Safari/537.36"
34.64.76.118 - - [20/Sep/2026:23:14:46 +0700] "GET / HTTP/1.1" 200 - "-" "Mozilla/5.0 (Windows NT 10.0; Win64; x64) AppleWebKit/537.36 (KHTML, like Gecko) Chrome/131.0.0.0 Safari/537.36"
34.64.76.118 - - [20/Sep/2026:23:14:48 +0700] "GET /.env.swp HTTP/1.1" 301 - "-" "Mozilla/5.0 (Windows NT 10.0; Win64; x64) AppleWebKit/537.36 (KHTML, like Gecko) Chrome/131.0.0.0 Safari/537.36"
34.64.76.118 - - [20/Sep/2026:23:14:50 +0700] "GET / HTTP/1.1" 200 - "-" "Mozilla/5.0 (Windows NT 10.0; Win64; x64) AppleWebKit/537.36 (KHTML, like Gecko) Chrome/131.0.0.0 Safari/537.36"
34.64.76.118 - - [20/Sep/2026:23:14:52 +0700] "GET /.env~ HTTP/1.1" 301 - "-" "Mozilla/5.0 (Windows NT 10.0; Win64; x64) AppleWebKit/537.36 (KHTML, like Gecko) Chrome/131.0.0.0 Safari/537.36"
34.64.76.118 - - [20/Sep/2026:23:14:54 +0700] "GET / HTTP/1.1" 200 - "-" "Mozilla/5.0 (Windows NT 10.0; Win64; x64) AppleWebKit/537.36 (KHTML, like Gecko) Chrome/131.0.0.0 Safari/537.36"
34.64.76.118 - - [20/Sep/2026:23:14:57 +0700] "GET /.env1 HTTP/1.1" 301 - "-" "Mozilla/5.0 (Windows NT 10.0; Win64; x64) AppleWebKit/537.36 (KHTML, like Gecko) Chrome/131.0.0.0 Safari/537.36"
34.64.76.118 - - [20/Sep/2026:23:14:59 +0700] "GET / HTTP/1.1" 200 - "-" "Mozilla/5.0 (Windows NT 10.0; Win64; x64) AppleWebKit/537.36 (KHTML, like Gecko) Chrome/131.0.0.0 Safari/537.36"
34.64.76.118 - - [20/Sep/2026:23:15:01 +0700] "GET /.env2 HTTP/1.1" 301 - "-" "Mozilla/5.0 (Windows NT 10.0; Win64; x64) AppleWebKit/537.36 (KHTML, like Gecko) Chrome/131.0.0.0 Safari/537.36"
34.64.76.118 - - [20/Sep/2026:23:15:04 +0700] "GET / HTTP/1.1" 200 - "-" "Mozilla/5.0 (Windows NT 10.0; Win64; x64) AppleWebKit/537.36 (KHTML, like Gecko) Chrome/131.0.0.0 Safari/537.36"
198.204.240.234 - - [20/Sep/2026:23:15:02 +0700] "GET /wp-content/qqd523b6/edit.php HTTP/1.1" 200 6 "https://matin168d.com/wp-content/qqd523b6/edit.php" "Mozilla/5.0 (Macintosh; Intel Mac OS X 10_6_8) AppleWebKit/534.24 (KHTML, like Gecko) Chrome/11.0.696.71 Safari/534.24"
34.64.76.118 - - [20/Sep/2026:23:15:06 +0700] "GET /.env_copy HTTP/1.1" 301 - "-" "Mozilla/5.0 (Windows NT 10.0; Win64; x64) AppleWebKit/537.36 (KHTML, like Gecko) Chrome/131.0.0.0 Safari/537.36"
198.252.107.178 - - [20/Sep/2026:23:15:09 +0700] "POST /wp-cron.php?doing_wp_cron=1789920909.4376189708709716796875 HTTP/1.1" 301 - "-" "WordPress/7.1.1; https://matin168d.com"
34.64.76.118 - - [20/Sep/2026:23:15:10 +0700] "GET / HTTP/1.1" 200 - "-" "Mozilla/5.0 (Windows NT 10.0; Win64; x64) AppleWebKit/537.36 (KHTML, like Gecko) Chrome/131.0.0.0 Safari/537.36"
34.64.76.118 - - [20/Sep/2026:23:15:13 +0700] "GET /.env.txt HTTP/1.1" 301 - "-" "Mozilla/5.0 (Windows NT 10.0; Win64; x64) AppleWebKit/537.36 (KHTML, like Gecko) Chrome/131.0.0.0 Safari/537.36"
34.64.76.118 - - [20/Sep/2026:23:15:16 +0700] "GET / HTTP/1.1" 200 - "-" "Mozilla/5.0 (Windows NT 10.0; Win64; x64) AppleWebKit/537.36 (KHTML, like Gecko) Chrome/131.0.0.0 Safari/537.36"
34.64.76.118 - - [20/Sep/2026:23:15:19 +0700] "GET /.env.json HTTP/1.1" 301 - "-" "Mozilla/5.0 (Windows NT 10.0; Win64; x64) AppleWebKit/537.36 (KHTML, like Gecko) Chrome/131.0.0.0 Safari/537.36"
34.64.76.118 - - [20/Sep/2026:23:15:22 +0700] "GET / HTTP/1.1" 200 - "-" "Mozilla/5.0 (Windows NT 10.0; Win64; x64) AppleWebKit/537.36 (KHTML, like Gecko) Chrome/131.0.0.0 Safari/537.36"
34.64.76.118 - - [20/Sep/2026:23:15:24 +0700] "GET /.env.yaml HTTP/1.1" 301 - "-" "Mozilla/5.0 (Windows NT 10.0; Win64; x64) AppleWebKit/537.36 (KHTML, like Gecko) Chrome/131.0.0.0 Safari/537.36"
34.64.76.118 - - [20/Sep/2026:23:15:26 +0700] "GET / HTTP/1.1" 200 - "-" "Mozilla/5.0 (Windows NT 10.0; Win64; x64) AppleWebKit/537.36 (KHTML, like Gecko) Chrome/131.0.0.0 Safari/537.36"
34.64.76.118 - - [20/Sep/2026:23:15:30 +0700] "GET /.env.yml HTTP/1.1" 301 - "-" "Mozilla/5.0 (Windows NT 10.0; Win64; x64) AppleWebKit/537.36 (KHTML, like Gecko) Chrome/131.0.0.0 Safari/537.36"
34.64.76.118 - - [20/Sep/2026:23:15:32 +0700] "GET / HTTP/1.1" 200 - "-" "Mozilla/5.0 (Windows NT 10.0; Win64; x64) AppleWebKit/537.36 (KHTML, like Gecko) Chrome/131.0.0.0 Safari/537.36"
34.64.76.118 - - [20/Sep/2026:23:15:35 +0700] "GET /app/.env HTTP/1.1" 301 - "-" "Mozilla/5.0 (Windows NT 10.0; Win64; x64) AppleWebKit/537.36 (KHTML, like Gecko) Chrome/131.0.0.0 Safari/537.36"
34.64.76.118 - - [20/Sep/2026:23:15:37 +0700] "GET / HTTP/1.1" 200 - "-" "Mozilla/5.0 (Windows NT 10.0; Win64; x64) AppleWebKit/537.36 (KHTML, like Gecko) Chrome/131.0.0.0 Safari/537.36"
34.64.76.118 - - [20/Sep/2026:23:15:40 +0700] "GET /apps/.env HTTP/1.1" 301 - "-" "Mozilla/5.0 (Windows NT 10.0; Win64; x64) AppleWebKit/537.36 (KHTML, like Gecko) Chrome/131.0.0.0 Safari/537.36"
34.64.76.118 - - [20/Sep/2026:23:15:41 +0700] "GET / HTTP/1.1" 200 - "-" "Mozilla/5.0 (Windows NT 10.0; Win64; x64) AppleWebKit/537.36 (KHTML, like Gecko) Chrome/131.0.0.0 Safari/537.36"
34.64.76.118 - - [20/Sep/2026:23:15:43 +0700] "GET /api/.env HTTP/1.1" 301 - "-" "Mozilla/5.0 (Windows NT 10.0; Win64; x64) AppleWebKit/537.36 (KHTML, like Gecko) Chrome/131.0.0.0 Safari/537.36"
34.64.76.118 - - [20/Sep/2026:23:15:46 +0700] "GET / HTTP/1.1" 200 - "-" "Mozilla/5.0 (Windows NT 10.0; Win64; x64) AppleWebKit/537.36 (KHTML, like Gecko) Chrome/131.0.0.0 Safari/537.36"
34.64.76.118 - - [20/Sep/2026:23:15:49 +0700] "GET /web/.env HTTP/1.1" 301 - "-" "Mozilla/5.0 (Windows NT 10.0; Win64; x64) AppleWebKit/537.36 (KHTML, like Gecko) Chrome/131.0.0.0 Safari/537.36"
34.64.76.118 - - [20/Sep/2026:23:15:52 +0700] "GET / HTTP/1.1" 200 - "-" "Mozilla/5.0 (Windows NT 10.0; Win64; x64) AppleWebKit/537.36 (KHTML, like Gecko) Chrome/131.0.0.0 Safari/537.36"
34.64.76.118 - - [20/Sep/2026:23:15:54 +0700] "GET /site/.env HTTP/1.1" 301 - "-" "Mozilla/5.0 (Windows NT 10.0; Win64; x64) AppleWebKit/537.36 (KHTML, like Gecko) Chrome/131.0.0.0 Safari/537.36"
34.64.76.118 - - [20/Sep/2026:23:15:56 +0700] "GET / HTTP/1.1" 200 - "-" "Mozilla/5.0 (Windows NT 10.0; Win64; x64) AppleWebKit/537.36 (KHTML, like Gecko) Chrome/131.0.0.0 Safari/537.36"
34.64.76.118 - - [20/Sep/2026:23:15:58 +0700] "GET /public/.env HTTP/1.1" 301 - "-" "Mozilla/5.0 (Windows NT 10.0; Win64; x64) AppleWebKit/537.36 (KHTML, like Gecko) Chrome/131.0.0.0 Safari/537.36"
34.64.76.118 - - [20/Sep/2026:23:16:01 +0700] "GET / HTTP/1.1" 200 - "-" "Mozilla/5.0 (Windows NT 10.0; Win64; x64) AppleWebKit/537.36 (KHTML, like Gecko) Chrome/131.0.0.0 Safari/537.36"
34.64.76.118 - - [20/Sep/2026:23:16:03 +0700] "GET /admin/.env HTTP/1.1" 301 - "-" "Mozilla/5.0 (Windows NT 10.0; Win64; x64) AppleWebKit/537.36 (KHTML, like Gecko) Chrome/131.0.0.0 Safari/537.36"
34.64.76.118 - - [20/Sep/2026:23:16:05 +0700] "GET / HTTP/1.1" 200 - "-" "Mozilla/5.0 (Windows NT 10.0; Win64; x64) AppleWebKit/537.36 (KHTML, like Gecko) Chrome/131.0.0.0 Safari/537.36"
34.64.76.118 - - [20/Sep/2026:23:16:07 +0700] "GET /backend/.env HTTP/1.1" 301 - "-" "Mozilla/5.0 (Windows NT 10.0; Win64; x64) AppleWebKit/537.36 (KHTML, like Gecko) Chrome/131.0.0.0 Safari/537.36"
34.64.76.118 - - [20/Sep/2026:23:16:09 +0700] "GET / HTTP/1.1" 200 - "-" "Mozilla/5.0 (Windows NT 10.0; Win64; x64) AppleWebKit/537.36 (KHTML, like Gecko) Chrome/131.0.0.0 Safari/537.36"
198.252.107.178 - - [20/Sep/2026:23:16:11 +0700] "POST /wp-cron.php?doing_wp_cron=1789920971.7377490997314453125000 HTTP/1.1" 301 - "-" "WordPress/7.1.1; https://matin168d.com"
34.64.76.118 - - [20/Sep/2026:23:16:12 +0700] "GET /server/.env HTTP/1.1" 301 - "-" "Mozilla/5.0 (Windows NT 10.0; Win64; x64) AppleWebKit/537.36 (KHTML, like Gecko) Chrome/131.0.0.0 Safari/537.36"
34.64.76.118 - - [20/Sep/2026:23:16:14 +0700] "GET / HTTP/1.1" 200 - "-" "Mozilla/5.0 (Windows NT 10.0; Win64; x64) AppleWebKit/537.36 (KHTML, like Gecko) Chrome/131.0.0.0 Safari/537.36"
198.204.240.234 - - [20/Sep/2026:23:14:41 +0700] "GET /wp-content/qqd523b6/edit.php HTTP/1.1" 200 - "https://matin168d.com/wp-content/qqd523b6/edit.php" "Mozilla/4.0 (compatible; MSIE 7.0; Windows NT 5.1; SV1)"
34.64.76.118 - - [20/Sep/2026:23:16:15 +0700] "GET /frontend/.env HTTP/1.1" 301 - "-" "Mozilla/5.0 (Windows NT 10.0; Win64; x64) AppleWebKit/537.36 (KHTML, like Gecko) Chrome/131.0.0.0 Safari/537.36"
34.64.76.118 - - [20/Sep/2026:23:16:17 +0700] "GET / HTTP/1.1" 200 - "-" "Mozilla/5.0 (Windows NT 10.0; Win64; x64) AppleWebKit/537.36 (KHTML, like Gecko) Chrome/131.0.0.0 Safari/537.36"
34.64.76.118 - - [20/Sep/2026:23:16:19 +0700] "GET /src/.env HTTP/1.1" 301 - "-" "Mozilla/5.0 (Windows NT 10.0; Win64; x64) AppleWebKit/537.36 (KHTML, like Gecko) Chrome/131.0.0.0 Safari/537.36"
34.64.76.118 - - [20/Sep/2026:23:16:22 +0700] "GET / HTTP/1.1" 200 - "-" "Mozilla/5.0 (Windows NT 10.0; Win64; x64) AppleWebKit/537.36 (KHTML, like Gecko) Chrome/131.0.0.0 Safari/537.36"
34.64.76.118 - - [20/Sep/2026:23:16:24 +0700] "GET /core/.env HTTP/1.1" 301 - "-" "Mozilla/5.0 (Windows NT 10.0; Win64; x64) AppleWebKit/537.36 (KHTML, like Gecko) Chrome/131.0.0.0 Safari/537.36"
34.64.76.118 - - [20/Sep/2026:23:16:25 +0700] "GET / HTTP/1.1" 200 - "-" "Mozilla/5.0 (Windows NT 10.0; Win64; x64) AppleWebKit/537.36 (KHTML, like Gecko) Chrome/131.0.0.0 Safari/537.36"
34.64.76.118 - - [20/Sep/2026:23:16:27 +0700] "GET /core/app/.env HTTP/1.1" 301 - "-" "Mozilla/5.0 (Windows NT 10.0; Win64; x64) AppleWebKit/537.36 (KHTML, like Gecko) Chrome/131.0.0.0 Safari/537.36"
