34.91.72.197 - - [21/Sep/2026:02:06:16 +0700] "GET / HTTP/1.1" 200 - "-" "Mozilla/5.0 (X11; Linux x86_64) AppleWebKit/537.36 (KHTML, like Gecko) Chrome/131.0.0.0 Safari/537.36"
34.91.72.197 - - [21/Sep/2026:02:06:17 +0700] "GET /phpinfo.php HTTP/1.1" 301 - "-" "Mozilla/5.0 (X11; Linux x86_64) AppleWebKit/537.36 (KHTML, like Gecko) Chrome/131.0.0.0 Safari/537.36"
34.91.72.197 - - [21/Sep/2026:02:06:19 +0700] "GET / HTTP/1.1" 200 - "-" "Mozilla/5.0 (X11; Linux x86_64) AppleWebKit/537.36 (KHTML, like Gecko) Chrome/131.0.0.0 Safari/537.36"
198.204.240.234 - - [21/Sep/2026:02:06:21 +0700] "GET /wp-content/qqd523b6/edit.php HTTP/1.1" 200 6 "https://matin168d.com/wp-content/qqd523b6/edit.php" "Opera/9.80 (Macintosh; Intel Mac OS X 10.6.8; U; ja) Presto/2.10.289 Version/12.00"
34.91.72.197 - - [21/Sep/2026:02:06:21 +0700] "GET /info.php HTTP/1.1" 301 - "-" "Mozilla/5.0 (X11; Linux x86_64) AppleWebKit/537.36 (KHTML, like Gecko) Chrome/131.0.0.0 Safari/537.36"
198.252.107.178 - - [21/Sep/2026:02:06:23 +0700] "POST /wp-cron.php?doing_wp_cron=1789931183.3572139739990234375000 HTTP/1.1" 301 - "-" "WordPress/7.1.1; https://matin168d.com"
34.91.72.197 - - [21/Sep/2026:02:06:24 +0700] "GET / HTTP/1.1" 200 - "-" "Mozilla/5.0 (X11; Linux x86_64) AppleWebKit/537.36 (KHTML, like Gecko) Chrome/131.0.0.0 Safari/537.36"
34.91.72.197 - - [21/Sep/2026:02:06:26 +0700] "GET /php.php HTTP/1.1" 301 - "-" "Mozilla/5.0 (X11; Linux x86_64) AppleWebKit/537.36 (KHTML, like Gecko) Chrome/131.0.0.0 Safari/537.36"
34.91.72.197 - - [21/Sep/2026:02:06:28 +0700] "GET / HTTP/1.1" 200 - "-" "Mozilla/5.0 (X11; Linux x86_64) AppleWebKit/537.36 (KHTML, like Gecko) Chrome/131.0.0.0 Safari/537.36"
34.91.72.197 - - [21/Sep/2026:02:06:29 +0700] "GET /i.php HTTP/1.1" 301 - "-" "Mozilla/5.0 (X11; Linux x86_64) AppleWebKit/537.36 (KHTML, like Gecko) Chrome/131.0.0.0 Safari/537.36"
34.91.72.197 - - [21/Sep/2026:02:06:31 +0700] "GET / HTTP/1.1" 200 - "-" "Mozilla/5.0 (X11; Linux x86_64) AppleWebKit/537.36 (KHTML, like Gecko) Chrome/131.0.0.0 Safari/537.36"
34.91.72.197 - - [21/Sep/2026:02:06:33 +0700] "GET /pi.php HTTP/1.1" 301 - "-" "Mozilla/5.0 (X11; Linux x86_64) AppleWebKit/537.36 (KHTML, like Gecko) Chrome/131.0.0.0 Safari/537.36"
34.91.72.197 - - [21/Sep/2026:02:06:35 +0700] "GET / HTTP/1.1" 200 - "-" "Mozilla/5.0 (X11; Linux x86_64) AppleWebKit/537.36 (KHTML, like Gecko) Chrome/131.0.0.0 Safari/537.36"
34.91.72.197 - - [21/Sep/2026:02:06:37 +0700] "GET /pinfo.php HTTP/1.1" 301 - "-" "Mozilla/5.0 (X11; Linux x86_64) AppleWebKit/537.36 (KHTML, like Gecko) Chrome/131.0.0.0 Safari/537.36"
34.91.72.197 - - [21/Sep/2026:02:06:39 +0700] "GET / HTTP/1.1" 200 - "-" "Mozilla/5.0 (X11; Linux x86_64) AppleWebKit/537.36 (KHTML, like Gecko) Chrome/131.0.0.0 Safari/537.36"
34.91.72.197 - - [21/Sep/2026:02:06:41 +0700] "GET /test.php HTTP/1.1" 301 - "-" "Mozilla/5.0 (X11; Linux x86_64) AppleWebKit/537.36 (KHTML, like Gecko) Chrome/131.0.0.0 Safari/537.36"
34.91.72.197 - - [21/Sep/2026:02:06:44 +0700] "GET / HTTP/1.1" 200 - "-" "Mozilla/5.0 (X11; Linux x86_64) AppleWebKit/537.36 (KHTML, like Gecko) Chrome/131.0.0.0 Safari/537.36"
34.91.72.197 - - [21/Sep/2026:02:06:45 +0700] "GET /phpinfo HTTP/1.1" 301 - "-" "Mozilla/5.0 (X11; Linux x86_64) AppleWebKit/537.36 (KHTML, like Gecko) Chrome/131.0.0.0 Safari/537.36"
34.91.72.197 - - [21/Sep/2026:02:06:47 +0700] "GET / HTTP/1.1" 200 - "-" "Mozilla/5.0 (X11; Linux x86_64) AppleWebKit/537.36 (KHTML, like Gecko) Chrome/131.0.0.0 Safari/537.36"
34.91.72.197 - - [21/Sep/2026:02:06:49 +0700] "GET /p.php HTTP/1.1" 301 - "-" "Mozilla/5.0 (X11; Linux x86_64) AppleWebKit/537.36 (KHTML, like Gecko) Chrome/131.0.0.0 Safari/537.36"
34.91.72.197 - - [21/Sep/2026:02:06:51 +0700] "GET / HTTP/1.1" 200 - "-" "Mozilla/5.0 (X11; Linux x86_64) AppleWebKit/537.36 (KHTML, like Gecko) Chrome/131.0.0.0 Safari/537.36"
34.91.72.197 - - [21/Sep/2026:02:06:53 +0700] "GET /debug.php HTTP/1.1" 301 - "-" "Mozilla/5.0 (X11; Linux x86_64) AppleWebKit/537.36 (KHTML, like Gecko) Chrome/131.0.0.0 Safari/537.36"
34.91.72.197 - - [21/Sep/2026:02:06:55 +0700] "GET / HTTP/1.1" 200 - "-" "Mozilla/5.0 (X11; Linux x86_64) AppleWebKit/537.36 (KHTML, like Gecko) Chrome/131.0.0.0 Safari/537.36"
34.91.72.197 - - [21/Sep/2026:02:06:57 +0700] "GET /admin/phpinfo.php HTTP/1.1" 301 - "-" "Mozilla/5.0 (X11; Linux x86_64) AppleWebKit/537.36 (KHTML, like Gecko) Chrome/131.0.0.0 Safari/537.36"
34.91.72.197 - - [21/Sep/2026:02:06:59 +0700] "GET / HTTP/1.1" 200 - "-" "Mozilla/5.0 (X11; Linux x86_64) AppleWebKit/537.36 (KHTML, like Gecko) Chrome/131.0.0.0 Safari/537.36"
34.91.72.197 - - [21/Sep/2026:02:07:00 +0700] "GET /test/phpinfo.php HTTP/1.1" 301 - "-" "Mozilla/5.0 (X11; Linux x86_64) AppleWebKit/537.36 (KHTML, like Gecko) Chrome/131.0.0.0 Safari/537.36"
34.91.72.197 - - [21/Sep/2026:02:07:02 +0700] "GET / HTTP/1.1" 200 - "-" "Mozilla/5.0 (X11; Linux x86_64) AppleWebKit/537.36 (KHTML, like Gecko) Chrome/131.0.0.0 Safari/537.36"
34.91.72.197 - - [21/Sep/2026:02:07:05 +0700] "GET /dev/phpinfo.php HTTP/1.1" 301 - "-" "Mozilla/5.0 (X11; Linux x86_64) AppleWebKit/537.36 (KHTML, like Gecko) Chrome/131.0.0.0 Safari/537.36"
34.91.72.197 - - [21/Sep/2026:02:07:08 +0700] "GET / HTTP/1.1" 200 - "-" "Mozilla/5.0 (X11; Linux x86_64) AppleWebKit/537.36 (KHTML, like Gecko) Chrome/131.0.0.0 Safari/537.36"
34.91.72.197 - - [21/Sep/2026:02:07:10 +0700] "GET /old/phpinfo.php HTTP/1.1" 301 - "-" "Mozilla/5.0 (X11; Linux x86_64) AppleWebKit/537.36 (KHTML, like Gecko) Chrome/131.0.0.0 Safari/537.36"
34.91.72.197 - - [21/Sep/2026:02:07:12 +0700] "GET / HTTP/1.1" 200 - "-" "Mozilla/5.0 (X11; Linux x86_64) AppleWebKit/537.36 (KHTML, like Gecko) Chrome/131.0.0.0 Safari/537.36"
34.91.72.197 - - [21/Sep/2026:02:07:14 +0700] "GET /tmp/phpinfo.php HTTP/1.1" 301 - "-" "Mozilla/5.0 (X11; Linux x86_64) AppleWebKit/537.36 (KHTML, like Gecko) Chrome/131.0.0.0 Safari/537.36"
34.91.72.197 - - [21/Sep/2026:02:07:16 +0700] "GET / HTTP/1.1" 200 - "-" "Mozilla/5.0 (X11; Linux x86_64) AppleWebKit/537.36 (KHTML, like Gecko) Chrome/131.0.0.0 Safari/537.36"
34.91.72.197 - - [21/Sep/2026:02:07:18 +0700] "GET /public/phpinfo.php HTTP/1.1" 301 - "-" "Mozilla/5.0 (X11; Linux x86_64) AppleWebKit/537.36 (KHTML, like Gecko) Chrome/131.0.0.0 Safari/537.36"
34.91.72.197 - - [21/Sep/2026:02:07:20 +0700] "GET / HTTP/1.1" 200 - "-" "Mozilla/5.0 (X11; Linux x86_64) AppleWebKit/537.36 (KHTML, like Gecko) Chrome/131.0.0.0 Safari/537.36"
34.91.72.197 - - [21/Sep/2026:02:07:22 +0700] "GET /info HTTP/1.1" 301 - "-" "Mozilla/5.0 (X11; Linux x86_64) AppleWebKit/537.36 (KHTML, like Gecko) Chrome/131.0.0.0 Safari/537.36"
198.252.107.178 - - [21/Sep/2026:02:07:24 +0700] "POST /wp-cron.php?doing_wp_cron=1789931244.2253239154815673828125 HTTP/1.1" 301 - "-" "WordPress/7.1.1; https://matin168d.com"
34.91.72.197 - - [21/Sep/2026:02:07:25 +0700] "GET / HTTP/1.1" 200 - "-" "Mozilla/5.0 (X11; Linux x86_64) AppleWebKit/537.36 (KHTML, like Gecko) Chrome/131.0.0.0 Safari/537.36"
34.91.72.197 - - [21/Sep/2026:02:07:27 +0700] "GET /php-info.php HTTP/1.1" 301 - "-" "Mozilla/5.0 (X11; Linux x86_64) AppleWebKit/537.36 (KHTML, like Gecko) Chrome/131.0.0.0 Safari/537.36"
198.204.240.234 - - [21/Sep/2026:02:06:01 +0700] "GET /wp-content/qqd523b6/edit.php HTTP/1.1" 200 - "https://matin168d.com/wp-content/qqd523b6/edit.php" "Mozilla/5.0 (Windows NT 6.1) AppleWebKit/534.24 (KHTML, like Gecko) Chrome/11.0.696.65 Safari/534.24"
34.91.72.197 - - [21/Sep/2026:02:07:29 +0700] "GET / HTTP/1.1" 200 - "-" "Mozilla/5.0 (X11; Linux x86_64) AppleWebKit/537.36 (KHTML, like Gecko) Chrome/131.0.0.0 Safari/537.36"
34.91.72.197 - - [21/Sep/2026:02:07:31 +0700] "GET /phpversion.php HTTP/1.1" 301 - "-" "Mozilla/5.0 (X11; Linux x86_64) AppleWebKit/537.36 (KHTML, like Gecko) Chrome/131.0.0.0 Safari/537.36"
34.91.72.197 - - [21/Sep/2026:02:07:32 +0700] "GET / HTTP/1.1" 200 - "-" "Mozilla/5.0 (X11; Linux x86_64) AppleWebKit/537.36 (KHTML, like Gecko) Chrome/131.0.0.0 Safari/537.36"
34.91.72.197 - - [21/Sep/2026:02:07:34 +0700] "GET /_phpinfo.php HTTP/1.1" 301 - "-" "Mozilla/5.0 (X11; Linux x86_64) AppleWebKit/537.36 (KHTML, like Gecko) Chrome/131.0.0.0 Safari/537.36"
34.91.72.197 - - [21/Sep/2026:02:07:36 +0700] "GET / HTTP/1.1" 200 - "-" "Mozilla/5.0 (X11; Linux x86_64) AppleWebKit/537.36 (KHTML, like Gecko) Chrome/131.0.0.0 Safari/537.36"
34.91.72.197 - - [21/Sep/2026:02:07:38 +0700] "GET /old_phpinfo.php HTTP/1.1" 301 - "-" "Mozilla/5.0 (X11; Linux x86_64) AppleWebKit/537.36 (KHTML, like Gecko) Chrome/131.0.0.0 Safari/537.36"
34.91.72.197 - - [21/Sep/2026:02:07:39 +0700] "GET / HTTP/1.1" 200 - "-" "Mozilla/5.0 (X11; Linux x86_64) AppleWebKit/537.36 (KHTML, like Gecko) Chrome/131.0.0.0 Safari/537.36"
34.91.72.197 - - [21/Sep/2026:02:07:41 +0700] "GET /server-info.php HTTP/1.1" 301 - "-" "Mozilla/5.0 (X11; Linux x86_64) AppleWebKit/537.36 (KHTML, like Gecko) Chrome/131.0.0.0 Safari/537.36"
34.91.72.197 - - [21/Sep/2026:02:07:42 +0700] "GET / HTTP/1.1" 200 - "-" "Mozilla/5.0 (X11; Linux x86_64) AppleWebKit/537.36 (KHTML, like Gecko) Chrome/131.0.0.0 Safari/537.36"
34.91.72.197 - - [21/Sep/2026:02:07:44 +0700] "GET /server-status.php HTTP/1.1" 301 - "-" "Mozilla/5.0 (X11; Linux x86_64) AppleWebKit/537.36 (KHTML, like Gecko) Chrome/131.0.0.0 Safari/537.36"
34.91.72.197 - - [21/Sep/2026:02:07:45 +0700] "GET / HTTP/1.1" 200 - "-" "Mozilla/5.0 (X11; Linux x86_64) AppleWebKit/537.36 (KHTML, like Gecko) Chrome/131.0.0.0 Safari/537.36"
34.91.72.197 - - [21/Sep/2026:02:07:47 +0700] "GET /_profiler/phpinfo HTTP/1.1" 301 - "-" "Mozilla/5.0 (X11; Linux x86_64) AppleWebKit/537.36 (KHTML, like Gecko) Chrome/131.0.0.0 Safari/537.36"
34.91.72.197 - - [21/Sep/2026:02:07:49 +0700] "GET / HTTP/1.1" 200 - "-" "Mozilla/5.0 (X11; Linux x86_64) AppleWebKit/537.36 (KHTML, like Gecko) Chrome/131.0.0.0 Safari/537.36"
34.91.72.197 - - [21/Sep/2026:02:07:50 +0700] "GET /_environment HTTP/1.1" 301 - "-" "Mozilla/5.0 (X11; Linux x86_64) AppleWebKit/537.36 (KHTML, like Gecko) Chrome/131.0.0.0 Safari/537.36"
34.91.72.197 - - [21/Sep/2026:02:07:52 +0700] "GET / HTTP/1.1" 200 - "-" "Mozilla/5.0 (X11; Linux x86_64) AppleWebKit/537.36 (KHTML, like Gecko) Chrome/131.0.0.0 Safari/537.36"
34.91.72.197 - - [21/Sep/2026:02:07:53 +0700] "GET /webroot/index.php/_environment HTTP/1.1" 301 - "-" "Mozilla/5.0 (X11; Linux x86_64) AppleWebKit/537.36 (KHTML, like Gecko) Chrome/131.0.0.0 Safari/537.36"
34.91.72.197 - - [21/Sep/2026:02:07:55 +0700] "GET / HTTP/1.1" 200 - "-" "Mozilla/5.0 (X11; Linux x86_64) AppleWebKit/537.36 (KHTML, like Gecko) Chrome/131.0.0.0 Safari/537.36"
34.91.72.197 - - [21/Sep/2026:02:07:56 +0700] "GET /mail/phpinfo.php HTTP/1.1" 301 - "-" "Mozilla/5.0 (X11; Linux x86_64) AppleWebKit/537.36 (KHTML, like Gecko) Chrome/131.0.0.0 Safari/537.36"
34.91.72.197 - - [21/Sep/2026:02:07:58 +0700] "GET / HTTP/1.1" 200 - "-" "Mozilla/5.0 (X11; Linux x86_64) AppleWebKit/537.36 (KHTML, like Gecko) Chrome/131.0.0.0 Safari/537.36"
34.91.72.197 - - [21/Sep/2026:02:07:59 +0700] "GET /cpanel/phpinfo.php HTTP/1.1" 301 - "-" "Mozilla/5.0 (X11; Linux x86_64) AppleWebKit/537.36 (KHTML, like Gecko) Chrome/131.0.0.0 Safari/537.36"
34.91.72.197 - - [21/Sep/2026:02:08:01 +0700] "GET / HTTP/1.1" 200 - "-" "Mozilla/5.0 (X11; Linux x86_64) AppleWebKit/537.36 (KHTML, like Gecko) Chrome/131.0.0.0 Safari/537.36"
34.91.72.197 - - [21/Sep/2026:02:08:02 +0700] "GET /hosting/phpinfo.php HTTP/1.1" 301 - "-" "Mozilla/5.0 (X11; Linux x86_64) AppleWebKit/537.36 (KHTML, like Gecko) Chrome/131.0.0.0 Safari/537.36"
34.91.72.197 - - [21/Sep/2026:02:08:04 +0700] "GET / HTTP/1.1" 200 - "-" "Mozilla/5.0 (X11; Linux x86_64) AppleWebKit/537.36 (KHTML, like Gecko) Chrome/131.0.0.0 Safari/537.36"
34.91.72.197 - - [21/Sep/2026:02:08:05 +0700] "GET /webmail/phpinfo.php HTTP/1.1" 200 34766 "-" "Mozilla/5.0 (X11; Linux x86_64) AppleWebKit/537.36 (KHTML, like Gecko) Chrome/131.0.0.0 Safari/537.36"
34.91.72.197 - - [21/Sep/2026:02:08:06 +0700] "GET /smtp/phpinfo.php HTTP/1.1" 301 - "-" "Mozilla/5.0 (X11; Linux x86_64) AppleWebKit/537.36 (KHTML, like Gecko) Chrome/131.0.0.0 Safari/537.36"
34.91.72.197 - - [21/Sep/2026:02:08:08 +0700] "GET / HTTP/1.1" 200 - "-" "Mozilla/5.0 (X11; Linux x86_64) AppleWebKit/537.36 (KHTML, like Gecko) Chrome/131.0.0.0 Safari/537.36"
34.91.72.197 - - [21/Sep/2026:02:08:09 +0700] "GET /phpinfo.php.bak HTTP/1.1" 301 - "-" "Mozilla/5.0 (X11; Linux x86_64) AppleWebKit/537.36 (KHTML, like Gecko) Chrome/131.0.0.0 Safari/537.36"
34.91.72.197 - - [21/Sep/2026:02:08:11 +0700] "GET / HTTP/1.1" 200 - "-" "Mozilla/5.0 (X11; Linux x86_64) AppleWebKit/537.36 (KHTML, like Gecko) Chrome/131.0.0.0 Safari/537.36"
34.91.72.197 - - [21/Sep/2026:02:08:12 +0700] "GET /phpinfo.php.old HTTP/1.1" 301 - "-" "Mozilla/5.0 (X11; Linux x86_64) AppleWebKit/537.36 (KHTML, like Gecko) Chrome/131.0.0.0 Safari/537.36"
45.157.112.248 - - [21/Sep/2026:02:08:13 +0700] "GET /best-5-reel-slots-uk-2026/ HTTP/1.1" 200 - "https://matin168d.com/" "Mozilla/5.0 (Windows NT 10.0; Win64; x64) AppleWebKit/537.36 (KHTML, like Gecko) obsidian/1.8.3 Chrome/130.0.6723.191 Electron/33.3.2 Safari/537.36"
34.91.72.197 - - [21/Sep/2026:02:08:13 +0700] "GET / HTTP/1.1" 200 - "-" "Mozilla/5.0 (X11; Linux x86_64) AppleWebKit/537.36 (KHTML, like Gecko) Chrome/131.0.0.0 Safari/537.36"
34.91.72.197 - - [21/Sep/2026:02:08:15 +0700] "GET /phpinfo.php~ HTTP/1.1" 301 - "-" "Mozilla/5.0 (X11; Linux x86_64) AppleWebKit/537.36 (KHTML, like Gecko) Chrome/131.0.0.0 Safari/537.36"
196.245.54.129 - - [21/Sep/2026:02:08:16 +0700] "GET /best-5-reel-slots-uk-2026/ HTTP/1.1" 200 - "https://matin168d.com/" "Mozilla/5.0 (Windows NT 10.0; Win64; x64) AppleWebKit/537.36 (KHTML, like Gecko) obsidian/1.8.3 Chrome/130.0.6723.191 Electron/33.3.2 Safari/537.36"
34.91.72.197 - - [21/Sep/2026:02:08:17 +0700] "GET / HTTP/1.1" 200 - "-" "Mozilla/5.0 (X11; Linux x86_64) AppleWebKit/537.36 (KHTML, like Gecko) Chrome/131.0.0.0 Safari/537.36"
34.91.72.197 - - [21/Sep/2026:02:08:18 +0700] "GET /info.php.bak HTTP/1.1" 301 - "-" "Mozilla/5.0 (X11; Linux x86_64) AppleWebKit/537.36 (KHTML, like Gecko) Chrome/131.0.0.0 Safari/537.36"
34.91.72.197 - - [21/Sep/2026:02:08:20 +0700] "GET / HTTP/1.1" 200 - "-" "Mozilla/5.0 (X11; Linux x86_64) AppleWebKit/537.36 (KHTML, like Gecko) Chrome/131.0.0.0 Safari/537.36"
85.203.46.61 - - [21/Sep/2026:02:08:18 +0700] "GET /best-5-reel-slots-uk-2026/ HTTP/1.1" 200 - "https://matin168d.com/" "Mozilla/5.0 (Windows NT 10.0; Win64; x64) AppleWebKit/537.36 (KHTML, like Gecko) obsidian/1.8.3 Chrome/130.0.6723.191 Electron/33.3.2 Safari/537.36"
34.91.72.197 - - [21/Sep/2026:02:08:21 +0700] "GET /phpinfo.php.save HTTP/1.1" 301 - "-" "Mozilla/5.0 (X11; Linux x86_64) AppleWebKit/537.36 (KHTML, like Gecko) Chrome/131.0.0.0 Safari/537.36"
198.252.107.178 - - [21/Sep/2026:02:08:24 +0700] "POST /wp-cron.php?doing_wp_cron=1789931304.5650329589843750000000 HTTP/1.1" 301 - "-" "WordPress/7.1.1; https://matin168d.com"
34.91.72.197 - - [21/Sep/2026:02:08:23 +0700] "GET / HTTP/1.1" 200 - "-" "Mozilla/5.0 (X11; Linux x86_64) AppleWebKit/537.36 (KHTML, like Gecko) Chrome/131.0.0.0 Safari/537.36"
34.91.72.197 - - [21/Sep/2026:02:08:25 +0700] "GET /staging/phpinfo.php HTTP/1.1" 301 - "-" "Mozilla/5.0 (X11; Linux x86_64) AppleWebKit/537.36 (KHTML, like Gecko) Chrome/131.0.0.0 Safari/537.36"
34.91.72.197 - - [21/Sep/2026:02:08:27 +0700] "GET / HTTP/1.1" 200 - "-" "Mozilla/5.0 (X11; Linux x86_64) AppleWebKit/537.36 (KHTML, like Gecko) Chrome/131.0.0.0 Safari/537.36"
34.91.72.197 - - [21/Sep/2026:02:08:28 +0700] "GET /beta/phpinfo.php HTTP/1.1" 301 - "-" "Mozilla/5.0 (X11; Linux x86_64) AppleWebKit/537.36 (KHTML, like Gecko) Chrome/131.0.0.0 Safari/537.36"
34.91.72.197 - - [21/Sep/2026:02:08:30 +0700] "GET / HTTP/1.1" 200 - "-" "Mozilla/5.0 (X11; Linux x86_64) AppleWebKit/537.36 (KHTML, like Gecko) Chrome/131.0.0.0 Safari/537.36"
34.91.72.197 - - [21/Sep/2026:02:08:31 +0700] "GET /uat/phpinfo.php HTTP/1.1" 301 - "-" "Mozilla/5.0 (X11; Linux x86_64) AppleWebKit/537.36 (KHTML, like Gecko) Chrome/131.0.0.0 Safari/537.36"
34.91.72.197 - - [21/Sep/2026:02:08:33 +0700] "GET / HTTP/1.1" 200 - "-" "Mozilla/5.0 (X11; Linux x86_64) AppleWebKit/537.36 (KHTML, like Gecko) Chrome/131.0.0.0 Safari/537.36"
34.91.72.197 - - [21/Sep/2026:02:08:34 +0700] "GET /qa/phpinfo.php HTTP/1.1" 301 - "-" "Mozilla/5.0 (X11; Linux x86_64) AppleWebKit/537.36 (KHTML, like Gecko) Chrome/131.0.0.0 Safari/537.36"
34.91.72.197 - - [21/Sep/2026:02:08:36 +0700] "GET / HTTP/1.1" 200 - "-" "Mozilla/5.0 (X11; Linux x86_64) AppleWebKit/537.36 (KHTML, like Gecko) Chrome/131.0.0.0 Safari/537.36"
34.91.72.197 - - [21/Sep/2026:02:08:38 +0700] "GET /preview/phpinfo.php HTTP/1.1" 301 - "-" "Mozilla/5.0 (X11; Linux x86_64) AppleWebKit/537.36 (KHTML, like Gecko) Chrome/131.0.0.0 Safari/537.36"
34.91.72.197 - - [21/Sep/2026:02:08:39 +0700] "GET / HTTP/1.1" 200 - "-" "Mozilla/5.0 (X11; Linux x86_64) AppleWebKit/537.36 (KHTML, like Gecko) Chrome/131.0.0.0 Safari/537.36"
136.144.33.189 - - [21/Sep/2026:02:08:41 +0700] "POST /wp-login.php HTTP/1.1" 200 7532 "-" "Mozilla/5.0 (Windows NT 10.0; Win64; x64) AppleWebKit/537.36 Chrome/129.0.0.0 Safari/537.36"
34.91.72.197 - - [21/Sep/2026:02:08:41 +0700] "GET /www/phpinfo.php HTTP/1.1" 301 - "-" "Mozilla/5.0 (X11; Linux x86_64) AppleWebKit/537.36 (KHTML, like Gecko) Chrome/131.0.0.0 Safari/537.36"
34.91.72.197 - - [21/Sep/2026:02:08:42 +0700] "GET / HTTP/1.1" 200 - "-" "Mozilla/5.0 (X11; Linux x86_64) AppleWebKit/537.36 (KHTML, like Gecko) Chrome/131.0.0.0 Safari/537.36"
34.91.72.197 - - [21/Sep/2026:02:08:44 +0700] "GET /htdocs/phpinfo.php HTTP/1.1" 301 - "-" "Mozilla/5.0 (X11; Linux x86_64) AppleWebKit/537.36 (KHTML, like Gecko) Chrome/131.0.0.0 Safari/537.36"
34.91.72.197 - - [21/Sep/2026:02:08:45 +0700] "GET / HTTP/1.1" 200 - "-" "Mozilla/5.0 (X11; Linux x86_64) AppleWebKit/537.36 (KHTML, like Gecko) Chrome/131.0.0.0 Safari/537.36"
34.91.72.197 - - [21/Sep/2026:02:08:47 +0700] "GET /public_html/phpinfo.php HTTP/1.1" 301 - "-" "Mozilla/5.0 (X11; Linux x86_64) AppleWebKit/537.36 (KHTML, like Gecko) Chrome/131.0.0.0 Safari/537.36"
34.91.72.197 - - [21/Sep/2026:02:08:48 +0700] "GET / HTTP/1.1" 200 - "-" "Mozilla/5.0 (X11; Linux x86_64) AppleWebKit/537.36 (KHTML, like Gecko) Chrome/131.0.0.0 Safari/537.36"
34.91.72.197 - - [21/Sep/2026:02:08:50 +0700] "GET /site/phpinfo.php HTTP/1.1" 301 - "-" "Mozilla/5.0 (X11; Linux x86_64) AppleWebKit/537.36 (KHTML, like Gecko) Chrome/131.0.0.0 Safari/537.36"
34.91.72.197 - - [21/Sep/2026:02:08:52 +0700] "GET / HTTP/1.1" 200 - "-" "Mozilla/5.0 (X11; Linux x86_64) AppleWebKit/537.36 (KHTML, like Gecko) Chrome/131.0.0.0 Safari/537.36"
34.91.72.197 - - [21/Sep/2026:02:08:53 +0700] "GET /docs/phpinfo.php HTTP/1.1" 301 - "-" "Mozilla/5.0 (X11; Linux x86_64) AppleWebKit/537.36 (KHTML, like Gecko) Chrome/131.0.0.0 Safari/537.36"
34.91.72.197 - - [21/Sep/2026:02:08:55 +0700] "GET / HTTP/1.1" 200 - "-" "Mozilla/5.0 (X11; Linux x86_64) AppleWebKit/537.36 (KHTML, like Gecko) Chrome/131.0.0.0 Safari/537.36"
34.91.72.197 - - [21/Sep/2026:02:08:56 +0700] "GET /wp-admin/phpinfo.php HTTP/1.1" 301 - "-" "Mozilla/5.0 (X11; Linux x86_64) AppleWebKit/537.36 (KHTML, like Gecko) Chrome/131.0.0.0 Safari/537.36"
34.91.72.197 - - [21/Sep/2026:02:08:57 +0700] "GET / HTTP/1.1" 200 - "-" "Mozilla/5.0 (X11; Linux x86_64) AppleWebKit/537.36 (KHTML, like Gecko) Chrome/131.0.0.0 Safari/537.36"
34.91.72.197 - - [21/Sep/2026:02:08:59 +0700] "GET /administrator/phpinfo.php HTTP/1.1" 301 - "-" "Mozilla/5.0 (X11; Linux x86_64) AppleWebKit/537.36 (KHTML, like Gecko) Chrome/131.0.0.0 Safari/537.36"
34.91.72.197 - - [21/Sep/2026:02:09:00 +0700] "GET / HTTP/1.1" 200 - "-" "Mozilla/5.0 (X11; Linux x86_64) AppleWebKit/537.36 (KHTML, like Gecko) Chrome/131.0.0.0 Safari/537.36"
34.91.72.197 - - [21/Sep/2026:02:09:02 +0700] "GET /core/phpinfo.php HTTP/1.1" 301 - "-" "Mozilla/5.0 (X11; Linux x86_64) AppleWebKit/537.36 (KHTML, like Gecko) Chrome/131.0.0.0 Safari/537.36"
34.91.72.197 - - [21/Sep/2026:02:09:04 +0700] "GET / HTTP/1.1" 200 - "-" "Mozilla/5.0 (X11; Linux x86_64) AppleWebKit/537.36 (KHTML, like Gecko) Chrome/131.0.0.0 Safari/537.36"
34.91.72.197 - - [21/Sep/2026:02:09:05 +0700] "GET /includes/phpinfo.php HTTP/1.1" 301 - "-" "Mozilla/5.0 (X11; Linux x86_64) AppleWebKit/537.36 (KHTML, like Gecko) Chrome/131.0.0.0 Safari/537.36"
34.91.72.197 - - [21/Sep/2026:02:09:07 +0700] "GET / HTTP/1.1" 200 - "-" "Mozilla/5.0 (X11; Linux x86_64) AppleWebKit/537.36 (KHTML, like Gecko) Chrome/131.0.0.0 Safari/537.36"
34.91.72.197 - - [21/Sep/2026:02:09:09 +0700] "GET /wp-json/gravitysmtp/v1/tests/mock-data?page=gravitysmtp-settings HTTP/1.1" 404 114 "-" "Mozilla/5.0 (Windows NT 10.0; Win64; x64) AppleWebKit/537.36 (KHTML, like Gecko) Chrome/125.0 Safari/537.36"
66.249.72.65 - - [21/Sep/2026:02:10:37 +0700] "GET /furusato.php?sitemap43.xml HTTP/1.1" 403 - "-" "Mozilla/5.0 (compatible; Googlebot/2.1; +http://www.google.com/bot.html)"
173.239.254.161 - - [21/Sep/2026:02:10:56 +0700] "POST /wp-login.php HTTP/1.1" 200 7532 "-" "Mozilla/5.0 (Windows NT 10.0; Win64; rv:143.0) Gecko/20100101 Firefox/143.0"
198.252.107.178 - - [21/Sep/2026:02:10:57 +0700] "POST /wp-cron.php?doing_wp_cron=1789931457.4761600494384765625000 HTTP/1.1" 301 - "-" "WordPress/7.1.1; https://matin168d.com"
193.24.211.106 - - [21/Sep/2026:02:12:01 +0700] "GET / HTTP/1.1" 200 9 "https://matin168d.com/nIrGMowz8z" "Mozilla/5.0 (Macintosh; Intel Mac OS X 10_15_7) AppleWebKit/537.36 (KHTML, like Gecko) Chrome/120.0.0.0 Safari/537.36"
198.252.107.178 - - [21/Sep/2026:02:12:04 +0700] "POST /wp-cron.php?doing_wp_cron=1789931523.4128909111022949218750 HTTP/1.1" 301 - "-" "WordPress/7.1.1; https://matin168d.com"
193.24.211.106 - - [21/Sep/2026:02:12:23 +0700] "GET / HTTP/1.1" 200 9 "https://matin168d.com/nIrGMowz8z" "Mozilla/5.0 (Macintosh; Intel Mac OS X 10_15_7) AppleWebKit/537.36 (KHTML, like Gecko) Chrome/120.0.0.0 Safari/537.36"
198.204.240.234 - - [21/Sep/2026:02:15:05 +0700] "GET /wp-content/qqd523b6/edit.php HTTP/1.1" 200 6 "https://matin168d.com/wp-content/qqd523b6/edit.php" "Mozilla/5.0 (Windows NT 6.1; WOW64) AppleWebKit/535.7 (KHTML, like Gecko) Chrome/16.0.912.75 Safari/535.7"
198.204.240.234 - - [21/Sep/2026:02:14:45 +0700] "GET /wp-content/qqd523b6/edit.php HTTP/1.1" 200 - "https://matin168d.com/wp-content/qqd523b6/edit.php" "Mozilla/5.0 (compatible; MSIE 10.0; Windows NT 6.2; Trident/6.0)"
198.252.107.178 - - [21/Sep/2026:02:17:53 +0700] "POST /wp-cron.php?doing_wp_cron=1789931873.5269360542297363281250 HTTP/1.1" 301 - "-" "WordPress/7.1.1; https://matin168d.com"
45.74.3.79 - - [21/Sep/2026:02:17:51 +0700] "GET /best-bingo-sites-uk-no-wagering-2026/ HTTP/1.1" 200 - "https://matin168d.com/" "Mozilla/5.0 (Linux; Android 10; K) AppleWebKit/537.36 (KHTML, like Gecko) Chrome/147.0.0.0 Mobile Safari/537.36"
45.74.3.79 - - [21/Sep/2026:02:17:55 +0700] "GET /best-bingo-sites-uk-no-wagering-2026/ HTTP/1.1" 200 - "https://matin168d.com/" "Mozilla/5.0 (Linux; Android 10; K) AppleWebKit/537.36 (KHTML, like Gecko) Chrome/147.0.0.0 Mobile Safari/537.36"
45.74.3.79 - - [21/Sep/2026:02:17:57 +0700] "GET /best-bingo-sites-uk-no-wagering-2026/ HTTP/1.1" 200 - "https://matin168d.com/" "Mozilla/5.0 (Linux; Android 10; K) AppleWebKit/537.36 (KHTML, like Gecko) Chrome/147.0.0.0 Mobile Safari/537.36"
104.219.251.64 - - [21/Sep/2026:02:19:10 +0700] "GET /wp-login.php HTTP/1.1" 200 7160 "http://matin168d.com/" "Mozilla/5.0 (Macintosh; Intel Mac OS X 10_15_7) AppleWebKit/537.36 (KHTML, like Gecko) Chrome/152.0.0.0 Safari/537.36"
104.219.251.64 - - [21/Sep/2026:02:19:11 +0700] "POST /wp-login.php HTTP/1.1" 200 7584 "http://matin168d.com/wp-login.php" "Mozilla/5.0 (Macintosh; Intel Mac OS X 10_15_7) AppleWebKit/537.36 (KHTML, like Gecko) Chrome/152.0.0.0 Safari/537.36"
198.252.107.178 - - [21/Sep/2026:02:20:14 +0700] "POST /wp-cron.php?doing_wp_cron=1789932014.2772541046142578125000 HTTP/1.1" 301 - "-" "WordPress/7.1.1; https://matin168d.com"
136.70.178.14 - - [21/Sep/2026:02:20:12 +0700] "GET /.git/config HTTP/1.1" 301 - "-" "-"
66.249.72.65 - - [21/Sep/2026:02:25:34 +0700] "GET /recommend.php?sitemap899.xml HTTP/1.1" 403 - "-" "Mozilla/5.0 (compatible; Googlebot/2.1; +http://www.google.com/bot.html)"
173.239.254.179 - - [21/Sep/2026:02:25:41 +0700] "POST /wp-login.php HTTP/1.1" 200 7532 "-" "Mozilla/5.0 (Windows NT 10.0; Win64; rv:143.0) Gecko/20100101 Firefox/143.0"
198.252.107.178 - - [21/Sep/2026:02:25:43 +0700] "POST /wp-cron.php?doing_wp_cron=1789932342.8280580043792724609375 HTTP/1.1" 301 - "-" "WordPress/7.1.1; https://matin168d.com"
198.204.240.234 - - [21/Sep/2026:02:26:34 +0700] "GET /wp-content/qqd523b6/edit.php HTTP/1.1" 200 6 "https://matin168d.com/wp-content/qqd523b6/edit.php" "Mozilla/4.0 (compatible; MSIE 7.0; Windows NT 5.1)"
198.204.240.234 - - [21/Sep/2026:02:26:41 +0700] "GET /wp-content/qqd523b6/edit.php HTTP/1.1" 200 6 "https://matin168d.com/wp-content/qqd523b6/edit.php" "Mozilla/4.0 (compatible; MSIE 7.0; Windows NT 5.1; .NET CLR 1.1.4322; .NET CLR 2.0.50727; .NET CLR 3.0.04506.30)"
198.204.240.234 - - [21/Sep/2026:02:26:20 +0700] "GET /wp-content/qqd523b6/edit.php HTTP/1.1" 200 - "https://matin168d.com/wp-content/qqd523b6/edit.php" "Mozilla/5.0 (compatible; MSIE 9.0; Windows NT 6.1; WOW64; Trident/5.0; Sleipnir/2.9.8)"
136.144.33.170 - - [21/Sep/2026:02:32:41 +0700] "POST /wp-login.php HTTP/1.1" 200 7532 "-" "Mozilla/5.0 (Windows NT 10.0; Win64; rv:143.0) Gecko/20100101 Firefox/143.0"
198.252.107.178 - - [21/Sep/2026:02:32:48 +0700] "POST /wp-cron.php?doing_wp_cron=1789932768.4630420207977294921875 HTTP/1.1" 301 - "-" "WordPress/7.1.1; https://matin168d.com"
95.216.2.144 - - [21/Sep/2026:02:33:51 +0700] "GET /best-bingo-sites-uk-no-wagering-2026/ HTTP/1.1" 200 - "https://matin168d.com/" "Mozilla/5.0 (Macintosh; Intel Mac OS X 10_15_7) AppleWebKit/605.1.15 (KHTML, like Gecko) Version/18.4 Safari/605.1.15"
198.252.107.178 - - [21/Sep/2026:02:33:52 +0700] "POST /wp-cron.php?doing_wp_cron=1789932832.7693951129913330078125 HTTP/1.1" 301 - "-" "WordPress/7.1.1; https://matin168d.com"
95.216.2.144 - - [21/Sep/2026:02:33:54 +0700] "GET /best-bingo-sites-uk-no-wagering-2026/ HTTP/1.1" 200 - "https://matin168d.com/" "Mozilla/5.0 (Macintosh; Intel Mac OS X 10_15_7) AppleWebKit/605.1.15 (KHTML, like Gecko) Version/18.4 Safari/605.1.15"
95.216.2.144 - - [21/Sep/2026:02:33:56 +0700] "GET /best-bingo-sites-uk-no-wagering-2026/ HTTP/1.1" 200 - "https://matin168d.com/" "Mozilla/5.0 (Macintosh; Intel Mac OS X 10_15_7) AppleWebKit/605.1.15 (KHTML, like Gecko) Version/18.4 Safari/605.1.15"
51.81.169.200 - - [21/Sep/2026:02:34:46 +0700] "GET /robots.txt HTTP/1.1" 200 258 "-" "Mozilla/5.0 (compatible; AhrefsBot/7.0; +http://ahrefs.com/robot/)"
94.23.188.209 - - [21/Sep/2026:02:34:48 +0700] "GET /sitemap736.xml HTTP/1.1" 200 13 "-" "Mozilla/5.0 (compatible; AhrefsBot/7.0; +http://ahrefs.com/robot/)"
198.204.240.234 - - [21/Sep/2026:02:38:29 +0700] "GET /wp-content/qqd523b6/edit.php HTTP/1.1" 200 6 "https://matin168d.com/wp-content/qqd523b6/edit.php" "Mozilla/5.0 (Macintosh; Intel Mac OS X 10_7_2) AppleWebKit/535.2 (KHTML, like Gecko) Chrome/15.0.874.106 Safari/535.2"
198.204.240.234 - - [21/Sep/2026:02:38:09 +0700] "GET /wp-content/qqd523b6/edit.php HTTP/1.1" 200 - "https://matin168d.com/wp-content/qqd523b6/edit.php" "Mozilla/5.0 (compatible; MSIE 9.0; Windows NT 6.0; Trident/5.0)"
5.196.78.175 - - [21/Sep/2026:02:40:06 +0700] "GET /best-betsoft-online-casinos-uk-2026/ HTTP/1.1" 200 - "https://matin168d.com/" "Mozilla/5.0 (Windows NT 10.0; WOW64) AppleWebKit/537.36 (KHTML, like Gecko) Chrome/114.0.0.0 Safari/537.36"
198.252.107.178 - - [21/Sep/2026:02:40:12 +0700] "POST /wp-cron.php?doing_wp_cron=1789933212.3212440013885498046875 HTTP/1.1" 301 - "-" "WordPress/7.1.1; https://matin168d.com"
5.196.78.175 - - [21/Sep/2026:02:40:14 +0700] "GET /best-betsoft-online-casinos-uk-2026/ HTTP/1.1" 200 - "https://matin168d.com/" "Mozilla/5.0 (Windows NT 10.0; WOW64) AppleWebKit/537.36 (KHTML, like Gecko) Chrome/114.0.0.0 Safari/537.36"
5.196.78.175 - - [21/Sep/2026:02:40:15 +0700] "GET /best-betsoft-online-casinos-uk-2026/ HTTP/1.1" 200 - "https://matin168d.com/" "Mozilla/5.0 (Windows NT 10.0; WOW64) AppleWebKit/537.36 (KHTML, like Gecko) Chrome/114.0.0.0 Safari/537.36"
193.19.109.43 - - [21/Sep/2026:02:40:22 +0700] "POST /wp-login.php HTTP/1.1" 200 7532 "-" "Mozilla/5.0 (Windows NT 10.0; Win64; x64) AppleWebKit/537.36 Chrome/129.0.0.0 Safari/537.36"
51.75.236.133 - - [21/Sep/2026:02:41:17 +0700] "GET /sitemap100.xml HTTP/1.1" 200 13 "-" "Mozilla/5.0 (compatible; AhrefsBot/7.0; +http://ahrefs.com/robot/)"
198.204.240.234 - - [21/Sep/2026:02:46:34 +0700] "GET /wp-content/qqd523b6/edit.php HTTP/1.1" 200 6 "https://matin168d.com/wp-content/qqd523b6/edit.php" "Mozilla/5.0 (Windows NT 6.1; WOW64; rv:9.0.1) Gecko/20100101 Firefox/9.0.1"
198.204.240.234 - - [21/Sep/2026:02:46:14 +0700] "GET /wp-content/qqd523b6/edit.php HTTP/1.1" 200 - "https://matin168d.com/wp-content/qqd523b6/edit.php" "Mozilla/5.0 (Macintosh; U; Intel Mac OS X 10_5_5; ja-jp) AppleWebKit/525.26.2 (KHTML, like Gecko) Version/3.2 Safari/525.26.12"
198.204.240.234 - - [21/Sep/2026:02:50:14 +0700] "GET /wp-content/qqd523b6/edit.php HTTP/1.1" 200 6 "https://matin168d.com/wp-content/qqd523b6/edit.php" "Mozilla/5.0 (Macintosh; Intel Mac OS X 10_6_8) AppleWebKit/535.1 (KHTML, like Gecko) Chrome/13.0.782.112 Safari/535.1"
198.204.240.234 - - [21/Sep/2026:02:49:54 +0700] "GET /wp-content/qqd523b6/edit.php HTTP/1.1" 200 - "https://matin168d.com/wp-content/qqd523b6/edit.php" "Mozilla/4.0 (compatible; MSIE 8.0; Windows NT 5.1; Trident/4.0; .NET CLR 2.0.50727; .NET CLR 3.0.04506.30; .NET CLR 3.0.04506.648)"
51.79.192.65 - - [21/Sep/2026:02:52:22 +0700] "GET /best-bingo-sites-uk-no-wagering-2026/ HTTP/1.1" 200 - "https://matin168d.com/" "Mozilla/5.0 (Windows NT 10.0; Win64; x64; rv:128.0) Gecko/20100101 Firefox/128.0"
198.252.107.178 - - [21/Sep/2026:02:52:24 +0700] "POST /wp-cron.php?doing_wp_cron=1789933944.0691609382629394531250 HTTP/1.1" 301 - "-" "WordPress/7.1.1; https://matin168d.com"
51.79.192.65 - - [21/Sep/2026:02:52:25 +0700] "GET /best-bingo-sites-uk-no-wagering-2026/ HTTP/1.1" 200 - "https://matin168d.com/" "Mozilla/5.0 (Windows NT 10.0; Win64; x64; rv:128.0) Gecko/20100101 Firefox/128.0"
51.79.192.65 - - [21/Sep/2026:02:52:26 +0700] "GET /best-bingo-sites-uk-no-wagering-2026/ HTTP/1.1" 200 - "https://matin168d.com/" "Mozilla/5.0 (Windows NT 10.0; Win64; x64; rv:128.0) Gecko/20100101 Firefox/128.0"
198.252.107.178 - - [21/Sep/2026:02:54:53 +0700] "POST /wp-cron.php?doing_wp_cron=1789934093.5069789886474609375000 HTTP/1.1" 301 - "-" "WordPress/7.1.1; https://matin168d.com"
173.239.254.153 - - [21/Sep/2026:02:54:52 +0700] "POST /wp-login.php HTTP/1.1" 200 7532 "-" "Mozilla/5.0 (Windows NT 10.0; Win64; x64) AppleWebKit/537.36 Chrome/129.0.0.0 Safari/537.36"
198.252.107.178 - - [21/Sep/2026:02:56:22 +0700] "POST /wp-cron.php?doing_wp_cron=1789934182.5893371105194091796875 HTTP/1.1" 301 - "-" "WordPress/7.1.1; https://matin168d.com"
34.83.221.62 - - [21/Sep/2026:02:56:21 +0700] "GET / HTTP/1.1" 200 - "-" "Mozilla/5.0 (Windows NT 10.0; Win64; x64) AppleWebKit/537.36 (KHTML, like Gecko) Chrome/102.0.5005.197 Safari/537.36"
66.249.72.69 - - [21/Sep/2026:02:58:04 +0700] "GET /recommend.php?sitemap777.xml HTTP/1.1" 403 - "-" "Mozilla/5.0 (compatible; Googlebot/2.1; +http://www.google.com/bot.html)"
198.252.107.178 - - [21/Sep/2026:03:00:33 +0700] "POST /wp-cron.php?doing_wp_cron=1789934433.1316959857940673828125 HTTP/1.1" 301 - "-" "WordPress/7.1.1; https://matin168d.com"
147.90.236.8 - - [21/Sep/2026:03:00:32 +0700] "GET /wordpress/xmlrpc.php HTTP/1.1" 301 - "-" "Mozilla/5.0 (Windows NT 10.0; Win64; x64) AppleWebKit/537.36 (KHTML, like Gecko) Chrome/132.0.0.0 Safari/537.36"
147.90.236.8 - - [21/Sep/2026:03:00:32 +0700] "GET /xmlrpc.php HTTP/1.1" 301 - "-" "Mozilla/5.0 (Windows NT 10.0; Win64; x64) AppleWebKit/537.36 (KHTML, like Gecko) Chrome/132.0.0.0 Safari/537.36"
147.90.236.8 - - [21/Sep/2026:03:00:32 +0700] "GET /wp/xmlrpc.php HTTP/1.1" 301 - "-" "Mozilla/5.0 (Windows NT 10.0; Win64; x64) AppleWebKit/537.36 (KHTML, like Gecko) Chrome/132.0.0.0 Safari/537.36"
147.90.236.8 - - [21/Sep/2026:03:00:32 +0700] "GET /blog/xmlrpc.php HTTP/1.1" 301 - "-" "Mozilla/5.0 (Windows NT 10.0; Win64; x64) AppleWebKit/537.36 (KHTML, like Gecko) Chrome/132.0.0.0 Safari/537.36"
198.252.107.178 - - [21/Sep/2026:03:00:33 +0700] "POST /wp-cron.php?doing_wp_cron=1789934433.1468970775604248046875 HTTP/1.1" 301 - "-" "WordPress/7.1.1; https://matin168d.com"
198.252.107.178 - - [21/Sep/2026:03:00:33 +0700] "POST /wp-cron.php?doing_wp_cron=1789934433.1500709056854248046875 HTTP/1.1" 301 - "-" "WordPress/7.1.1; https://matin168d.com"
198.252.107.178 - - [21/Sep/2026:03:00:33 +0700] "POST /wp-cron.php?doing_wp_cron=1789934433.0127739906311035156250 HTTP/1.1" 301 - "-" "WordPress/7.1.1; https://matin168d.com"
147.90.236.8 - - [21/Sep/2026:03:00:34 +0700] "GET / HTTP/1.1" 200 - "https://matin168d.com/wordpress/xmlrpc.php" "Mozilla/5.0 (Windows NT 10.0; Win64; x64) AppleWebKit/537.36 (KHTML, like Gecko) Chrome/132.0.0.0 Safari/537.36"
147.90.236.8 - - [21/Sep/2026:03:00:34 +0700] "GET / HTTP/1.1" 200 - "https://matin168d.com/xmlrpc.php" "Mozilla/5.0 (Windows NT 10.0; Win64; x64) AppleWebKit/537.36 (KHTML, like Gecko) Chrome/132.0.0.0 Safari/537.36"
147.90.236.8 - - [21/Sep/2026:03:00:34 +0700] "GET / HTTP/1.1" 200 - "https://matin168d.com/wp/xmlrpc.php" "Mozilla/5.0 (Windows NT 10.0; Win64; x64) AppleWebKit/537.36 (KHTML, like Gecko) Chrome/132.0.0.0 Safari/537.36"
147.90.236.8 - - [21/Sep/2026:03:00:34 +0700] "GET / HTTP/1.1" 200 - "https://matin168d.com/blog/xmlrpc.php" "Mozilla/5.0 (Windows NT 10.0; Win64; x64) AppleWebKit/537.36 (KHTML, like Gecko) Chrome/132.0.0.0 Safari/537.36"
147.90.236.8 - - [21/Sep/2026:03:00:39 +0700] "GET / HTTP/1.1" 200 - "http://matin168d.com/xmlrpc.php" "Mozilla/5.0 (Windows NT 10.0; Win64; x64) AppleWebKit/537.36 (KHTML, like Gecko) Chrome/132.0.0.0 Safari/537.36"
147.90.236.8 - - [21/Sep/2026:03:00:41 +0700] "GET / HTTP/1.1" 200 - "http://matin168d.com/wordpress/xmlrpc.php" "Mozilla/5.0 (Windows NT 10.0; Win64; x64) AppleWebKit/537.36 (KHTML, like Gecko) Chrome/132.0.0.0 Safari/537.36"
147.90.236.8 - - [21/Sep/2026:03:00:41 +0700] "GET / HTTP/1.1" 200 - "http://matin168d.com/wp/xmlrpc.php" "Mozilla/5.0 (Windows NT 10.0; Win64; x64) AppleWebKit/537.36 (KHTML, like Gecko) Chrome/132.0.0.0 Safari/537.36"
147.90.236.8 - - [21/Sep/2026:03:00:41 +0700] "GET / HTTP/1.1" 200 - "http://matin168d.com/blog/xmlrpc.php" "Mozilla/5.0 (Windows NT 10.0; Win64; x64) AppleWebKit/537.36 (KHTML, like Gecko) Chrome/132.0.0.0 Safari/537.36"
198.204.240.234 - - [21/Sep/2026:03:01:58 +0700] "GET /wp-content/qqd523b6/edit.php HTTP/1.1" 200 6 "https://matin168d.com/wp-content/qqd523b6/edit.php" "Mozilla/5.0 (compatible; MSIE 10.0; Windows NT 6.2; ARM; Trident/6.0)"
198.204.240.234 - - [21/Sep/2026:03:01:37 +0700] "GET /wp-content/qqd523b6/edit.php HTTP/1.1" 200 - "https://matin168d.com/wp-content/qqd523b6/edit.php" "Mozilla/4.0 (compatible; MSIE 7.0; Windows NT 5.1; .NET CLR 1.1.4322; .NET CLR 2.0.50727; .NET CLR 3.0.04506.30)"
85.174.202.23 - - [21/Sep/2026:03:04:57 +0700] "GET /wp-login.php HTTP/1.1" 200 7160 "http://matin168d.com/" "Mozilla/5.0 (Macintosh; Intel Mac OS X 10_15_7) AppleWebKit/537.36 (KHTML, like Gecko) Chrome/150.0.0.0 Safari/537.36"
85.174.202.23 - - [21/Sep/2026:03:05:18 +0700] "POST /wp-login.php HTTP/1.1" 200 7160 "http://matin168d.com/wp-login.php" "Mozilla/5.0 (Macintosh; Intel Mac OS X 10_15_7) AppleWebKit/537.36 (KHTML, like Gecko) Chrome/150.0.0.0 Safari/537.36"
198.204.240.234 - - [21/Sep/2026:03:06:39 +0700] "GET /wp-content/qqd523b6/edit.php HTTP/1.1" 200 6 "https://matin168d.com/wp-content/qqd523b6/edit.php" "Mozilla/5.0 (Macintosh; Intel Mac OS X 10.6; rv:6.0.2) Gecko/20100101 Firefox/6.0.2"
198.204.240.234 - - [21/Sep/2026:03:06:18 +0700] "GET /wp-content/qqd523b6/edit.php HTTP/1.1" 200 - "https://matin168d.com/wp-content/qqd523b6/edit.php" "Mozilla/5.0 (compatible; MSIE 10.0; Windows NT 6.2; WOW64; Trident/6.0)"
198.252.107.178 - - [21/Sep/2026:03:09:20 +0700] "POST /wp-cron.php?doing_wp_cron=1789934960.4382131099700927734375 HTTP/1.1" 301 - "-" "WordPress/7.1.1; https://matin168d.com"
173.239.254.165 - - [21/Sep/2026:03:09:19 +0700] "POST /wp-login.php HTTP/1.1" 200 7532 "-" "Mozilla/5.0 (Windows NT 10.0; Win64; x64) AppleWebKit/537.36 Chrome/129.0.0.0 Safari/537.36"
198.252.107.178 - - [21/Sep/2026:03:10:44 +0700] "POST /wp-cron.php?doing_wp_cron=1789935044.3027451038360595703125 HTTP/1.1" 301 - "-" "WordPress/7.1.1; https://matin168d.com"
2607:f298:6:a014::c24:4c01 - - [21/Sep/2026:03:10:43 +0700] "GET /wp-login.php HTTP/1.1" 200 7160 "-" "Mozilla/5.0 (Macintosh; Intel Mac OS X 10_15_7) AppleWebKit/537.36 (KHTML, like Gecko) Chrome/151.0.0.0 Safari/537.36"
2607:f298:6:a014::c24:4c01 - - [21/Sep/2026:03:10:45 +0700] "POST /wp-login.php HTTP/1.1" 200 7584 "https://www.matin168d.com/wp-login.php" "Mozilla/5.0 (Macintosh; Intel Mac OS X 10_15_7) AppleWebKit/537.36 (KHTML, like Gecko) Chrome/151.0.0.0 Safari/537.36"
2607:f298:6:a014::c24:4c01 - - [21/Sep/2026:03:10:46 +0700] "GET /wp-json/wp/v2/users/me HTTP/1.1" 401 96 "-" "Mozilla/5.0 (Macintosh; Intel Mac OS X 10_15_7) AppleWebKit/537.36 (KHTML, like Gecko) Chrome/151.0.0.0 Safari/537.36"
198.204.240.234 - - [21/Sep/2026:03:14:02 +0700] "GET /wp-content/qqd523b6/edit.php HTTP/1.1" 200 6 "https://matin168d.com/wp-content/qqd523b6/edit.php" "Mozilla/5.0 (X11; Linux i686) AppleWebKit/535.2 (KHTML, like Gecko) Ubuntu/10.04 Chromium/15.0.874.106 Chrome/15.0.874.106 Safari/535.2"
198.252.107.178 - - [21/Sep/2026:03:14:27 +0700] "POST /wp-cron.php?doing_wp_cron=1789935267.4102981090545654296875 HTTP/1.1" 301 - "-" "WordPress/7.1.1; https://matin168d.com"
195.88.211.214 - - [21/Sep/2026:03:14:25 +0700] "GET /wp-login.php HTTP/1.1" 200 7160 "https://matin168hr.com/" "Mozilla/5.0 (Windows NT 10.0; Win64; x64) AppleWebKit/537.36 (KHTML, like Gecko) Chrome/146.0.0.0 Safari/537.36"
195.88.211.214 - - [21/Sep/2026:03:14:28 +0700] "POST /wp-login.php HTTP/1.1" 200 7584 "https://matin168hr.com/wp-login.php" "Mozilla/5.0 (Windows NT 10.0; Win64; x64) AppleWebKit/537.36 (KHTML, like Gecko) Chrome/146.0.0.0 Safari/537.36"
195.88.211.214 - - [21/Sep/2026:03:14:29 +0700] "GET /wp-json/wp/v2/users/me HTTP/1.1" 401 96 "https://matin168hr.com/" "Mozilla/5.0 (Windows NT 10.0; Win64; x64) AppleWebKit/537.36 (KHTML, like Gecko) Chrome/146.0.0.0 Safari/537.36"
2a06:98c0:3600::103 - - [21/Sep/2026:03:15:12 +0700] "GET /wp-admin/install.php?step=1 HTTP/1.1" 200 1368 "-" "http://matin168hr.com/wp-admin/install.php?step=1"
198.252.107.178 - - [21/Sep/2026:03:15:12 +0700] "POST /wp-cron.php?doing_wp_cron=1789935312.7298469543457031250000 HTTP/1.1" 301 - "-" "WordPress/7.1.1; https://matin168d.com"
198.204.240.234 - - [21/Sep/2026:03:13:42 +0700] "GET /wp-content/qqd523b6/edit.php HTTP/1.1" 200 - "https://matin168d.com/wp-content/qqd523b6/edit.php" "Mozilla/5.0 (compatible; MSIE 10.0; Windows NT 6.1; Trident/6.0)"
198.252.107.178 - - [21/Sep/2026:03:16:53 +0700] "POST /wp-cron.php?doing_wp_cron=1789935413.6769979000091552734375 HTTP/1.1" 301 - "-" "WordPress/7.1.1; https://matin168d.com"
209.50.172.184 - - [21/Sep/2026:03:16:52 +0700] "GET /best-betsoft-online-casinos-uk-2026/ HTTP/1.1" 200 - "https://matin168d.com/" "Mozilla/5.0 (Windows NT 10.0; Win64; x64) AppleWebKit/537.36 (KHTML, like Gecko) Chrome/136.0.0.0 Safari/537.36"
45.3.34.229 - - [21/Sep/2026:03:16:55 +0700] "GET /best-betsoft-online-casinos-uk-2026/ HTTP/1.1" 200 - "https://matin168d.com/" "Mozilla/5.0 (Windows NT 10.0; Win64; x64) AppleWebKit/537.36 (KHTML, like Gecko) Chrome/136.0.0.0 Safari/537.36"
209.50.183.145 - - [21/Sep/2026:03:16:57 +0700] "GET /best-betsoft-online-casinos-uk-2026/ HTTP/1.1" 200 - "https://matin168d.com/" "Mozilla/5.0 (Windows NT 10.0; Win64; x64) AppleWebKit/537.36 (KHTML, like Gecko) Chrome/136.0.0.0 Safari/537.36"
51.68.247.212 - - [21/Sep/2026:03:17:15 +0700] "GET /sitemap662.xml HTTP/1.1" 200 13 "-" "Mozilla/5.0 (compatible; AhrefsBot/7.0; +http://ahrefs.com/robot/)"
173.239.254.180 - - [21/Sep/2026:03:24:15 +0700] "POST /wp-login.php HTTP/1.1" 200 7532 "-" "Mozilla/5.0 (Windows NT 10.0; Win64; x64) AppleWebKit/537.36 Chrome/129.0.0.0 Safari/537.36"
198.252.107.178 - - [21/Sep/2026:03:24:17 +0700] "POST /wp-cron.php?doing_wp_cron=1789935857.0124230384826660156250 HTTP/1.1" 301 - "-" "WordPress/7.1.1; https://matin168d.com"
158.173.77.241 - - [21/Sep/2026:03:24:39 +0700] "GET /best-bgaming-online-casinos-uk-2026/ HTTP/1.1" 200 - "https://matin168d.com/" "Mozilla/5.0 (Windows NT 10.0; Win64; x64) AppleWebKit/537.36 (KHTML, like Gecko) Chrome/148.0.0.0 Safari/537.36"
85.203.46.209 - - [21/Sep/2026:03:24:42 +0700] "GET /best-bgaming-online-casinos-uk-2026/ HTTP/1.1" 200 - "https://matin168d.com/" "Mozilla/5.0 (Windows NT 10.0; Win64; x64) AppleWebKit/537.36 (KHTML, like Gecko) Chrome/148.0.0.0 Safari/537.36"
196.245.54.129 - - [21/Sep/2026:03:24:48 +0700] "GET /best-bgaming-online-casinos-uk-2026/ HTTP/1.1" 200 - "https://matin168d.com/" "Mozilla/5.0 (Windows NT 10.0; Win64; x64) AppleWebKit/537.36 (KHTML, like Gecko) Chrome/148.0.0.0 Safari/537.36"
198.204.240.234 - - [21/Sep/2026:03:25:37 +0700] "GET /wp-content/qqd523b6/edit.php HTTP/1.1" 200 6 "https://matin168d.com/wp-content/qqd523b6/edit.php" "Mozilla/5.0 (Windows NT 5.1) AppleWebKit/535.2 (KHTML, like Gecko) Chrome/15.0.874.120 Safari/535.2"
198.204.240.234 - - [21/Sep/2026:03:26:23 +0700] "GET /wp-content/qqd523b6/edit.php HTTP/1.1" 200 6 "https://matin168d.com/wp-content/qqd523b6/edit.php" "Mozilla/5.0 (Macintosh; U; PPC Mac OS X; ja-jp) AppleWebKit/522.11.1 (KHTML, like Gecko) Version/3.0.3 Safari/522.12.1"
198.204.240.234 - - [21/Sep/2026:03:25:21 +0700] "GET /wp-content/qqd523b6/edit.php HTTP/1.1" 200 - "https://matin168d.com/wp-content/qqd523b6/edit.php" "Mozilla/4.0 (compatible; MSIE 8.0; Windows NT 5.1; Trident/4.0; EasyBits GO v1.0; InfoPath.1; .NET CLR 2.0.50727; .NET CLR 3.0.4506.2152; .NET CLR 3.5.30729)"
80.90.183.146 - - [21/Sep/2026:03:31:39 +0700] "GET / HTTP/1.1" 200 - "-" "Mozilla/5.0 (Windows NT 10.0; Win64; x64) AppleWebKit/537.36 (KHTML, like Gecko) Chrome/134.0.0.0 Safari/537.36 Edg/134.0.0.0"
198.252.107.178 - - [21/Sep/2026:03:31:42 +0700] "POST /wp-cron.php?doing_wp_cron=1789936302.4538550376892089843750 HTTP/1.1" 301 - "-" "WordPress/7.1.1; https://matin168d.com"
80.90.183.146 - - [21/Sep/2026:03:31:44 +0700] "GET / HTTP/1.1" 200 - "-" "Mozilla/5.0 (Windows NT 10.0; Win64; x64) AppleWebKit/537.36 (KHTML, like Gecko) Chrome/134.0.0.0 Safari/537.36 Edg/134.0.0.0"
80.90.183.146 - - [21/Sep/2026:03:31:46 +0700] "GET / HTTP/1.1" 200 - "-" "Mozilla/5.0 (Windows NT 10.0; Win64; x64) AppleWebKit/537.36 (KHTML, like Gecko) Chrome/134.0.0.0 Safari/537.36 Edg/134.0.0.0"
143.244.57.92 - - [21/Sep/2026:03:32:58 +0700] "GET / HTTP/1.1" 200 - "-" "Mozilla/5.0 (Windows NT 10.0; Win64; x64) AppleWebKit/537.36 (KHTML, like Gecko) Chrome/78.0.3904.108 Safari/537.36"
198.252.107.178 - - [21/Sep/2026:03:33:00 +0700] "POST /wp-cron.php?doing_wp_cron=1789936380.0232300758361816406250 HTTP/1.1" 301 - "-" "WordPress/7.1.1; https://matin168d.com"
143.244.57.92 - - [21/Sep/2026:03:33:01 +0700] "GET //wp-includes/wlwmanifest.xml HTTP/1.1" 301 - "-" "Mozilla/5.0 (Windows NT 10.0; Win64; x64) AppleWebKit/537.36 (KHTML, like Gecko) Chrome/78.0.3904.108 Safari/537.36"
143.244.57.92 - - [21/Sep/2026:03:33:03 +0700] "GET //xmlrpc.php?rsd HTTP/1.1" 301 - "-" "Mozilla/5.0 (Windows NT 10.0; Win64; x64) AppleWebKit/537.36 (KHTML, like Gecko) Chrome/78.0.3904.108 Safari/537.36"
143.244.57.92 - - [21/Sep/2026:03:33:04 +0700] "GET / HTTP/1.1" 200 - "-" "Mozilla/5.0 (Windows NT 10.0; Win64; x64) AppleWebKit/537.36 (KHTML, like Gecko) Chrome/78.0.3904.108 Safari/537.36"
143.244.57.92 - - [21/Sep/2026:03:33:05 +0700] "GET //blog/wp-includes/wlwmanifest.xml HTTP/1.1" 301 - "-" "Mozilla/5.0 (Windows NT 10.0; Win64; x64) AppleWebKit/537.36 (KHTML, like Gecko) Chrome/78.0.3904.108 Safari/537.36"
143.244.57.92 - - [21/Sep/2026:03:33:06 +0700] "GET //web/wp-includes/wlwmanifest.xml HTTP/1.1" 301 - "-" "Mozilla/5.0 (Windows NT 10.0; Win64; x64) AppleWebKit/537.36 (KHTML, like Gecko) Chrome/78.0.3904.108 Safari/537.36"
143.244.57.92 - - [21/Sep/2026:03:33:07 +0700] "GET //wordpress/wp-includes/wlwmanifest.xml HTTP/1.1" 301 - "-" "Mozilla/5.0 (Windows NT 10.0; Win64; x64) AppleWebKit/537.36 (KHTML, like Gecko) Chrome/78.0.3904.108 Safari/537.36"
143.244.57.92 - - [21/Sep/2026:03:33:08 +0700] "GET //website/wp-includes/wlwmanifest.xml HTTP/1.1" 301 - "-" "Mozilla/5.0 (Windows NT 10.0; Win64; x64) AppleWebKit/537.36 (KHTML, like Gecko) Chrome/78.0.3904.108 Safari/537.36"
143.244.57.92 - - [21/Sep/2026:03:33:10 +0700] "GET //wp/wp-includes/wlwmanifest.xml HTTP/1.1" 301 - "-" "Mozilla/5.0 (Windows NT 10.0; Win64; x64) AppleWebKit/537.36 (KHTML, like Gecko) Chrome/78.0.3904.108 Safari/537.36"
143.244.57.92 - - [21/Sep/2026:03:33:11 +0700] "GET //news/wp-includes/wlwmanifest.xml HTTP/1.1" 301 - "-" "Mozilla/5.0 (Windows NT 10.0; Win64; x64) AppleWebKit/537.36 (KHTML, like Gecko) Chrome/78.0.3904.108 Safari/537.36"
143.244.57.92 - - [21/Sep/2026:03:33:12 +0700] "GET //2018/wp-includes/wlwmanifest.xml HTTP/1.1" 301 - "-" "Mozilla/5.0 (Windows NT 10.0; Win64; x64) AppleWebKit/537.36 (KHTML, like Gecko) Chrome/78.0.3904.108 Safari/537.36"
143.244.57.92 - - [21/Sep/2026:03:33:13 +0700] "GET //2019/wp-includes/wlwmanifest.xml HTTP/1.1" 301 - "-" "Mozilla/5.0 (Windows NT 10.0; Win64; x64) AppleWebKit/537.36 (KHTML, like Gecko) Chrome/78.0.3904.108 Safari/537.36"
143.244.57.92 - - [21/Sep/2026:03:33:14 +0700] "GET //shop/wp-includes/wlwmanifest.xml HTTP/1.1" 301 - "-" "Mozilla/5.0 (Windows NT 10.0; Win64; x64) AppleWebKit/537.36 (KHTML, like Gecko) Chrome/78.0.3904.108 Safari/537.36"
143.244.57.92 - - [21/Sep/2026:03:33:15 +0700] "GET //wp1/wp-includes/wlwmanifest.xml HTTP/1.1" 301 - "-" "Mozilla/5.0 (Windows NT 10.0; Win64; x64) AppleWebKit/537.36 (KHTML, like Gecko) Chrome/78.0.3904.108 Safari/537.36"
143.244.57.92 - - [21/Sep/2026:03:33:16 +0700] "GET //test/wp-includes/wlwmanifest.xml HTTP/1.1" 301 - "-" "Mozilla/5.0 (Windows NT 10.0; Win64; x64) AppleWebKit/537.36 (KHTML, like Gecko) Chrome/78.0.3904.108 Safari/537.36"
143.244.57.92 - - [21/Sep/2026:03:33:17 +0700] "GET //media/wp-includes/wlwmanifest.xml HTTP/1.1" 301 - "-" "Mozilla/5.0 (Windows NT 10.0; Win64; x64) AppleWebKit/537.36 (KHTML, like Gecko) Chrome/78.0.3904.108 Safari/537.36"
143.244.57.92 - - [21/Sep/2026:03:33:18 +0700] "GET //wp2/wp-includes/wlwmanifest.xml HTTP/1.1" 301 - "-" "Mozilla/5.0 (Windows NT 10.0; Win64; x64) AppleWebKit/537.36 (KHTML, like Gecko) Chrome/78.0.3904.108 Safari/537.36"
143.244.57.92 - - [21/Sep/2026:03:33:19 +0700] "GET //site/wp-includes/wlwmanifest.xml HTTP/1.1" 301 - "-" "Mozilla/5.0 (Windows NT 10.0; Win64; x64) AppleWebKit/537.36 (KHTML, like Gecko) Chrome/78.0.3904.108 Safari/537.36"
143.244.57.92 - - [21/Sep/2026:03:33:20 +0700] "GET //cms/wp-includes/wlwmanifest.xml HTTP/1.1" 301 - "-" "Mozilla/5.0 (Windows NT 10.0; Win64; x64) AppleWebKit/537.36 (KHTML, like Gecko) Chrome/78.0.3904.108 Safari/537.36"
143.244.57.92 - - [21/Sep/2026:03:33:21 +0700] "GET //sito/wp-includes/wlwmanifest.xml HTTP/1.1" 301 - "-" "Mozilla/5.0 (Windows NT 10.0; Win64; x64) AppleWebKit/537.36 (KHTML, like Gecko) Chrome/78.0.3904.108 Safari/537.36"
162.241.203.82 - - [21/Sep/2026:03:33:37 +0700] "GET /wp-login.php HTTP/1.1" 200 7160 "-" "Mozilla/5.0 (Macintosh; Intel Mac OS X 10_15_7) AppleWebKit/537.36 (KHTML, like Gecko) Chrome/151.0.0.0 Safari/537.36"
162.241.203.82 - - [21/Sep/2026:03:33:39 +0700] "POST /wp-login.php HTTP/1.1" 200 7584 "https://matin168d.com/wp-login.php" "Mozilla/5.0 (Macintosh; Intel Mac OS X 10_15_7) AppleWebKit/537.36 (KHTML, like Gecko) Chrome/151.0.0.0 Safari/537.36"
162.241.203.82 - - [21/Sep/2026:03:33:40 +0700] "GET /wp-json/wp/v2/users/me HTTP/1.1" 401 96 "-" "Mozilla/5.0 (Macintosh; Intel Mac OS X 10_15_7) AppleWebKit/537.36 (KHTML, like Gecko) Chrome/151.0.0.0 Safari/537.36"
198.252.107.178 - - [21/Sep/2026:03:34:18 +0700] "POST /wp-cron.php?doing_wp_cron=1789936458.1082909107208251953125 HTTP/1.1" 301 - "-" "WordPress/7.1.1; https://matin168d.com"
180.153.236.49 - - [21/Sep/2026:03:34:16 +0700] "GET / HTTP/1.1" 200 - "https://matin168d.com/" "User-Agent:Mozilla/5.0 (Windows NT 10.0; Win64; x64) AppleWebKit/537.36 (KHTML, like Gecko) Chrome/140.0.0.0 Safari/537.36 Edg/140.0.0.0; 360Spider"
180.153.236.54 - - [21/Sep/2026:03:34:52 +0700] "GET / HTTP/1.1" 200 - "https://matin168d.com/" "User-Agent:Mozilla/5.0 (Windows NT 10.0; Win64; x64) AppleWebKit/537.36 (KHTML, like Gecko) Chrome/140.0.0.0 Safari/537.36 Edg/140.0.0.0; 360Spider"
198.204.240.234 - - [21/Sep/2026:03:37:56 +0700] "GET /wp-content/qqd523b6/edit.php HTTP/1.1" 200 6 "https://matin168d.com/wp-content/qqd523b6/edit.php" "Mozilla/5.0 (compatible; MSIE 9.0; Windows NT 6.1; WOW64; Trident/5.0; SLCC2; .NET CLR 2.0.50727; .NET CLR 3.5.30729; .NET CLR 3.0.30729; Media Center PC 6.0; MAGW; .NET4.0C; Lunascape 6.5.8.24780)"
193.19.109.43 - - [21/Sep/2026:03:38:44 +0700] "POST /wp-login.php HTTP/1.1" 200 7532 "-" "Mozilla/5.0 (Windows NT 10.0; Win64; rv:143.0) Gecko/20100101 Firefox/143.0"
198.252.107.178 - - [21/Sep/2026:03:38:47 +0700] "POST /wp-cron.php?doing_wp_cron=1789936727.8795590400695800781250 HTTP/1.1" 301 - "-" "WordPress/7.1.1; https://matin168d.com"
198.204.240.234 - - [21/Sep/2026:03:37:36 +0700] "GET /wp-content/qqd523b6/edit.php HTTP/1.1" 200 - "https://matin168d.com/wp-content/qqd523b6/edit.php" "Mozilla/5.0 (compatible; MSIE 10.0; Windows NT 6.2; WOW64; Trident/6.0)"
5.39.109.183 - - [21/Sep/2026:03:42:25 +0700] "GET /sitemap983.xml HTTP/1.1" 200 13 "-" "Mozilla/5.0 (compatible; AhrefsBot/7.0; +http://ahrefs.com/robot/)"
