139.59.1.130 - - [11/Mar/2026:20:16:17 +0700] "POST /xmlrpc.php HTTP/1.1" 200 401 "-" "Mozilla/5.0 (Windows NT 10.0; Win64; x64) AppleWebKit/537.36 (KHTML, like Gecko) Chrome/95.0.4638.69 Safari/537.36"
139.59.1.130 - - [11/Mar/2026:20:16:17 +0700] "POST /xmlrpc.php HTTP/1.1" 200 403 "-" "Mozilla/5.0 (Windows NT 10.0; Win64; x64) AppleWebKit/537.36 (KHTML, like Gecko) Chrome/95.0.4638.69 Safari/537.36"
139.59.1.130 - - [11/Mar/2026:20:16:18 +0700] "POST /xmlrpc.php HTTP/1.1" 200 401 "-" "Mozilla/5.0 (Windows NT 10.0; Win64; x64) AppleWebKit/537.36 (KHTML, like Gecko) Chrome/95.0.4638.69 Safari/537.36"
139.59.1.130 - - [11/Mar/2026:20:16:19 +0700] "POST /xmlrpc.php HTTP/1.1" 200 401 "-" "Mozilla/5.0 (Windows NT 10.0; Win64; x64) AppleWebKit/537.36 (KHTML, like Gecko) Chrome/95.0.4638.69 Safari/537.36"
139.59.1.130 - - [11/Mar/2026:20:16:20 +0700] "POST /xmlrpc.php HTTP/1.1" 200 401 "-" "Mozilla/5.0 (Windows NT 10.0; Win64; x64) AppleWebKit/537.36 (KHTML, like Gecko) Chrome/95.0.4638.69 Safari/537.36"
139.59.1.130 - - [11/Mar/2026:20:16:21 +0700] "POST /xmlrpc.php HTTP/1.1" 200 401 "-" "Mozilla/5.0 (Windows NT 10.0; Win64; x64) AppleWebKit/537.36 (KHTML, like Gecko) Chrome/95.0.4638.69 Safari/537.36"
139.59.1.130 - - [11/Mar/2026:20:16:21 +0700] "POST /xmlrpc.php HTTP/1.1" 200 401 "-" "Mozilla/5.0 (Windows NT 10.0; Win64; x64) AppleWebKit/537.36 (KHTML, like Gecko) Chrome/95.0.4638.69 Safari/537.36"
139.59.1.130 - - [11/Mar/2026:20:16:22 +0700] "POST /xmlrpc.php HTTP/1.1" 200 401 "-" "Mozilla/5.0 (Windows NT 10.0; Win64; x64) AppleWebKit/537.36 (KHTML, like Gecko) Chrome/95.0.4638.69 Safari/537.36"
1.47.129.13 - - [11/Mar/2026:20:16:22 +0700] "GET /apple-touch-icon-precomposed.png HTTP/1.1" 301 - "-" "NetworkingExtension/8623.1.14.10.9 Network/5569.60.39.0.3 iOS/26.2.1"
139.59.1.130 - - [11/Mar/2026:20:16:23 +0700] "POST /xmlrpc.php HTTP/1.1" 200 401 "-" "Mozilla/5.0 (Windows NT 10.0; Win64; x64) AppleWebKit/537.36 (KHTML, like Gecko) Chrome/95.0.4638.69 Safari/537.36"
139.59.1.130 - - [11/Mar/2026:20:16:23 +0700] "POST /xmlrpc.php HTTP/1.1" 200 401 "-" "Mozilla/5.0 (Windows NT 10.0; Win64; x64) AppleWebKit/537.36 (KHTML, like Gecko) Chrome/95.0.4638.69 Safari/537.36"
1.47.129.13 - - [11/Mar/2026:20:16:24 +0700] "GET /apple-touch-icon.png HTTP/1.1" 301 - "-" "NetworkingExtension/8623.1.14.10.9 Network/5569.60.39.0.3 iOS/26.2.1"
1.47.129.13 - - [11/Mar/2026:20:16:24 +0700] "GET /favicon.ico HTTP/1.1" 302 - "-" "NetworkingExtension/8623.1.14.10.9 Network/5569.60.39.0.3 iOS/26.2.1"
1.47.129.13 - - [11/Mar/2026:20:16:25 +0700] "GET /wp-content/uploads/2025/09/cropped-Profile_LUCA333-Logo3-32x32.webp HTTP/1.1" 200 514 "-" "NetworkingExtension/8623.1.14.10.9 Network/5569.60.39.0.3 iOS/26.2.1"
139.59.1.130 - - [11/Mar/2026:20:16:24 +0700] "POST /xmlrpc.php HTTP/1.1" 200 401 "-" "Mozilla/5.0 (Windows NT 10.0; Win64; x64) AppleWebKit/537.36 (KHTML, like Gecko) Chrome/95.0.4638.69 Safari/537.36"
1.47.129.13 - - [11/Mar/2026:20:16:24 +0700] "GET / HTTP/1.1" 200 146966 "-" "Mozilla/5.0 (Macintosh; Intel Mac OS X 10_11_1) AppleWebKit/601.2.4 (KHTML, like Gecko) Version/9.0.1 Safari/601.2.4 facebookexternalhit/1.1 Facebot Twitterbot/1.0"
139.59.1.130 - - [11/Mar/2026:20:16:25 +0700] "POST /xmlrpc.php HTTP/1.1" 200 401 "-" "Mozilla/5.0 (Windows NT 10.0; Win64; x64) AppleWebKit/537.36 (KHTML, like Gecko) Chrome/95.0.4638.69 Safari/537.36"
139.59.1.130 - - [11/Mar/2026:20:16:26 +0700] "POST /xmlrpc.php HTTP/1.1" 200 401 "-" "Mozilla/5.0 (Windows NT 10.0; Win64; x64) AppleWebKit/537.36 (KHTML, like Gecko) Chrome/95.0.4638.69 Safari/537.36"
139.59.1.130 - - [11/Mar/2026:20:16:27 +0700] "POST /xmlrpc.php HTTP/1.1" 200 401 "-" "Mozilla/5.0 (Windows NT 10.0; Win64; x64) AppleWebKit/537.36 (KHTML, like Gecko) Chrome/95.0.4638.69 Safari/537.36"
139.59.1.130 - - [11/Mar/2026:20:16:28 +0700] "POST /xmlrpc.php HTTP/1.1" 200 401 "-" "Mozilla/5.0 (Windows NT 10.0; Win64; x64) AppleWebKit/537.36 (KHTML, like Gecko) Chrome/95.0.4638.69 Safari/537.36"
139.59.1.130 - - [11/Mar/2026:20:16:28 +0700] "POST /xmlrpc.php HTTP/1.1" 200 401 "-" "Mozilla/5.0 (Windows NT 10.0; Win64; x64) AppleWebKit/537.36 (KHTML, like Gecko) Chrome/95.0.4638.69 Safari/537.36"
139.59.1.130 - - [11/Mar/2026:20:16:29 +0700] "POST /xmlrpc.php HTTP/1.1" 200 401 "-" "Mozilla/5.0 (Windows NT 10.0; Win64; x64) AppleWebKit/537.36 (KHTML, like Gecko) Chrome/95.0.4638.69 Safari/537.36"
139.59.1.130 - - [11/Mar/2026:20:16:30 +0700] "POST /xmlrpc.php HTTP/1.1" 200 401 "-" "Mozilla/5.0 (Windows NT 10.0; Win64; x64) AppleWebKit/537.36 (KHTML, like Gecko) Chrome/95.0.4638.69 Safari/537.36"
139.59.1.130 - - [11/Mar/2026:20:16:31 +0700] "POST /xmlrpc.php HTTP/1.1" 200 401 "-" "Mozilla/5.0 (Windows NT 10.0; Win64; x64) AppleWebKit/537.36 (KHTML, like Gecko) Chrome/95.0.4638.69 Safari/537.36"
139.59.1.130 - - [11/Mar/2026:20:16:32 +0700] "POST /xmlrpc.php HTTP/1.1" 200 401 "-" "Mozilla/5.0 (Windows NT 10.0; Win64; x64) AppleWebKit/537.36 (KHTML, like Gecko) Chrome/95.0.4638.69 Safari/537.36"
139.59.1.130 - - [11/Mar/2026:20:16:33 +0700] "POST /xmlrpc.php HTTP/1.1" 200 401 "-" "Mozilla/5.0 (Windows NT 10.0; Win64; x64) AppleWebKit/537.36 (KHTML, like Gecko) Chrome/95.0.4638.69 Safari/537.36"
139.59.1.130 - - [11/Mar/2026:20:16:33 +0700] "POST /xmlrpc.php HTTP/1.1" 200 401 "-" "Mozilla/5.0 (Windows NT 10.0; Win64; x64) AppleWebKit/537.36 (KHTML, like Gecko) Chrome/95.0.4638.69 Safari/537.36"
139.59.1.130 - - [11/Mar/2026:20:16:34 +0700] "POST /xmlrpc.php HTTP/1.1" 200 401 "-" "Mozilla/5.0 (Windows NT 10.0; Win64; x64) AppleWebKit/537.36 (KHTML, like Gecko) Chrome/95.0.4638.69 Safari/537.36"
157.66.55.46 - - [11/Mar/2026:20:16:35 +0700] "POST /xmlrpc.php HTTP/1.1" 200 403 "-" "Mozilla/5.0 (Linux; Android 13; Pixel 7) AppleWebKit/537.36 (KHTML, like Gecko) Chrome/119.0.0.0 Mobile Safari/537.36"
139.59.1.130 - - [11/Mar/2026:20:16:35 +0700] "POST /xmlrpc.php HTTP/1.1" 200 401 "-" "Mozilla/5.0 (Windows NT 10.0; Win64; x64) AppleWebKit/537.36 (KHTML, like Gecko) Chrome/95.0.4638.69 Safari/537.36"
139.59.1.130 - - [11/Mar/2026:20:16:36 +0700] "POST /xmlrpc.php HTTP/1.1" 200 401 "-" "Mozilla/5.0 (Windows NT 10.0; Win64; x64) AppleWebKit/537.36 (KHTML, like Gecko) Chrome/95.0.4638.69 Safari/537.36"
139.59.1.130 - - [11/Mar/2026:20:16:37 +0700] "POST /xmlrpc.php HTTP/1.1" 200 401 "-" "Mozilla/5.0 (Windows NT 10.0; Win64; x64) AppleWebKit/537.36 (KHTML, like Gecko) Chrome/95.0.4638.69 Safari/537.36"
139.59.1.130 - - [11/Mar/2026:20:16:37 +0700] "POST /xmlrpc.php HTTP/1.1" 200 401 "-" "Mozilla/5.0 (Windows NT 10.0; Win64; x64) AppleWebKit/537.36 (KHTML, like Gecko) Chrome/95.0.4638.69 Safari/537.36"
139.59.1.130 - - [11/Mar/2026:20:16:38 +0700] "POST /xmlrpc.php HTTP/1.1" 200 401 "-" "Mozilla/5.0 (Windows NT 10.0; Win64; x64) AppleWebKit/537.36 (KHTML, like Gecko) Chrome/95.0.4638.69 Safari/537.36"
139.59.1.130 - - [11/Mar/2026:20:16:39 +0700] "POST /xmlrpc.php HTTP/1.1" 200 401 "-" "Mozilla/5.0 (Windows NT 10.0; Win64; x64) AppleWebKit/537.36 (KHTML, like Gecko) Chrome/95.0.4638.69 Safari/537.36"
139.59.1.130 - - [11/Mar/2026:20:16:40 +0700] "POST /xmlrpc.php HTTP/1.1" 200 401 "-" "Mozilla/5.0 (Windows NT 10.0; Win64; x64) AppleWebKit/537.36 (KHTML, like Gecko) Chrome/95.0.4638.69 Safari/537.36"
139.59.1.130 - - [11/Mar/2026:20:16:40 +0700] "POST /xmlrpc.php HTTP/1.1" 200 401 "-" "Mozilla/5.0 (Windows NT 10.0; Win64; x64) AppleWebKit/537.36 (KHTML, like Gecko) Chrome/95.0.4638.69 Safari/537.36"
139.59.1.130 - - [11/Mar/2026:20:16:41 +0700] "POST /xmlrpc.php HTTP/1.1" 200 401 "-" "Mozilla/5.0 (Windows NT 10.0; Win64; x64) AppleWebKit/537.36 (KHTML, like Gecko) Chrome/95.0.4638.69 Safari/537.36"
139.59.1.130 - - [11/Mar/2026:20:16:42 +0700] "POST /xmlrpc.php HTTP/1.1" 200 401 "-" "Mozilla/5.0 (Windows NT 10.0; Win64; x64) AppleWebKit/537.36 (KHTML, like Gecko) Chrome/95.0.4638.69 Safari/537.36"
139.59.1.130 - - [11/Mar/2026:20:16:43 +0700] "POST /xmlrpc.php HTTP/1.1" 200 401 "-" "Mozilla/5.0 (Windows NT 10.0; Win64; x64) AppleWebKit/537.36 (KHTML, like Gecko) Chrome/95.0.4638.69 Safari/537.36"
157.66.55.46 - - [11/Mar/2026:20:16:43 +0700] "POST /xmlrpc.php HTTP/1.1" 200 403 "-" "Mozilla/5.0 (Windows NT 10.0; Win64; x64) AppleWebKit/537.36 (KHTML, like Gecko) Edge/120.0.2210.91"
139.59.1.130 - - [11/Mar/2026:20:16:43 +0700] "POST /xmlrpc.php HTTP/1.1" 200 401 "-" "Mozilla/5.0 (Windows NT 10.0; Win64; x64) AppleWebKit/537.36 (KHTML, like Gecko) Chrome/95.0.4638.69 Safari/537.36"
139.59.1.130 - - [11/Mar/2026:20:16:44 +0700] "POST /xmlrpc.php HTTP/1.1" 200 401 "-" "Mozilla/5.0 (Windows NT 10.0; Win64; x64) AppleWebKit/537.36 (KHTML, like Gecko) Chrome/95.0.4638.69 Safari/537.36"
139.59.1.130 - - [11/Mar/2026:20:16:45 +0700] "POST /xmlrpc.php HTTP/1.1" 200 401 "-" "Mozilla/5.0 (Windows NT 10.0; Win64; x64) AppleWebKit/537.36 (KHTML, like Gecko) Chrome/95.0.4638.69 Safari/537.36"
139.59.1.130 - - [11/Mar/2026:20:16:46 +0700] "POST /xmlrpc.php HTTP/1.1" 200 401 "-" "Mozilla/5.0 (Windows NT 10.0; Win64; x64) AppleWebKit/537.36 (KHTML, like Gecko) Chrome/95.0.4638.69 Safari/537.36"
139.59.1.130 - - [11/Mar/2026:20:16:47 +0700] "POST /xmlrpc.php HTTP/1.1" 200 401 "-" "Mozilla/5.0 (Windows NT 10.0; Win64; x64) AppleWebKit/537.36 (KHTML, like Gecko) Chrome/95.0.4638.69 Safari/537.36"
139.59.1.130 - - [11/Mar/2026:20:16:47 +0700] "POST /xmlrpc.php HTTP/1.1" 200 401 "-" "Mozilla/5.0 (Windows NT 10.0; Win64; x64) AppleWebKit/537.36 (KHTML, like Gecko) Chrome/95.0.4638.69 Safari/537.36"
139.59.1.130 - - [11/Mar/2026:20:16:48 +0700] "POST /xmlrpc.php HTTP/1.1" 200 401 "-" "Mozilla/5.0 (Windows NT 10.0; Win64; x64) AppleWebKit/537.36 (KHTML, like Gecko) Chrome/95.0.4638.69 Safari/537.36"
139.59.1.130 - - [11/Mar/2026:20:16:49 +0700] "POST /xmlrpc.php HTTP/1.1" 200 401 "-" "Mozilla/5.0 (Windows NT 10.0; Win64; x64) AppleWebKit/537.36 (KHTML, like Gecko) Chrome/95.0.4638.69 Safari/537.36"
139.59.1.130 - - [11/Mar/2026:20:16:50 +0700] "POST /xmlrpc.php HTTP/1.1" 200 401 "-" "Mozilla/5.0 (Windows NT 10.0; Win64; x64) AppleWebKit/537.36 (KHTML, like Gecko) Chrome/95.0.4638.69 Safari/537.36"
139.59.1.130 - - [11/Mar/2026:20:16:50 +0700] "POST /xmlrpc.php HTTP/1.1" 200 401 "-" "Mozilla/5.0 (Windows NT 10.0; Win64; x64) AppleWebKit/537.36 (KHTML, like Gecko) Chrome/95.0.4638.69 Safari/537.36"
49.230.249.140 - - [11/Mar/2026:20:16:51 +0700] "GET / HTTP/1.1" 200 146966 "https://www.google.com/" "Mozilla/5.0 (Linux; Android 10; K) AppleWebKit/537.36 (KHTML, like Gecko) Chrome/145.0.0.0 Mobile Safari/537.36"
139.59.1.130 - - [11/Mar/2026:20:16:51 +0700] "POST /xmlrpc.php HTTP/1.1" 200 401 "-" "Mozilla/5.0 (Windows NT 10.0; Win64; x64) AppleWebKit/537.36 (KHTML, like Gecko) Chrome/95.0.4638.69 Safari/537.36"
49.230.249.140 - - [11/Mar/2026:20:16:52 +0700] "GET /wp-includes/css/admin-bar.min.css?ver=6.9.1 HTTP/1.1" 304 - "https://luca333.co/" "Mozilla/5.0 (Linux; Android 10; K) AppleWebKit/537.36 (KHTML, like Gecko) Chrome/145.0.0.0 Mobile Safari/537.36"
139.59.1.130 - - [11/Mar/2026:20:16:52 +0700] "POST /xmlrpc.php HTTP/1.1" 200 401 "-" "Mozilla/5.0 (Windows NT 10.0; Win64; x64) AppleWebKit/537.36 (KHTML, like Gecko) Chrome/95.0.4638.69 Safari/537.36"
139.59.1.130 - - [11/Mar/2026:20:16:53 +0700] "POST /xmlrpc.php HTTP/1.1" 200 401 "-" "Mozilla/5.0 (Windows NT 10.0; Win64; x64) AppleWebKit/537.36 (KHTML, like Gecko) Chrome/95.0.4638.69 Safari/537.36"
139.59.1.130 - - [11/Mar/2026:20:16:53 +0700] "POST /xmlrpc.php HTTP/1.1" 200 401 "-" "Mozilla/5.0 (Windows NT 10.0; Win64; x64) AppleWebKit/537.36 (KHTML, like Gecko) Chrome/95.0.4638.69 Safari/537.36"
139.59.1.130 - - [11/Mar/2026:20:16:54 +0700] "POST /xmlrpc.php HTTP/1.1" 200 401 "-" "Mozilla/5.0 (Windows NT 10.0; Win64; x64) AppleWebKit/537.36 (KHTML, like Gecko) Chrome/95.0.4638.69 Safari/537.36"
139.59.1.130 - - [11/Mar/2026:20:16:55 +0700] "POST /xmlrpc.php HTTP/1.1" 200 401 "-" "Mozilla/5.0 (Windows NT 10.0; Win64; x64) AppleWebKit/537.36 (KHTML, like Gecko) Chrome/95.0.4638.69 Safari/537.36"
139.59.1.130 - - [11/Mar/2026:20:16:56 +0700] "POST /xmlrpc.php HTTP/1.1" 200 401 "-" "Mozilla/5.0 (Windows NT 10.0; Win64; x64) AppleWebKit/537.36 (KHTML, like Gecko) Chrome/95.0.4638.69 Safari/537.36"
139.59.1.130 - - [11/Mar/2026:20:16:56 +0700] "POST /xmlrpc.php HTTP/1.1" 200 401 "-" "Mozilla/5.0 (Windows NT 10.0; Win64; x64) AppleWebKit/537.36 (KHTML, like Gecko) Chrome/95.0.4638.69 Safari/537.36"
139.59.1.130 - - [11/Mar/2026:20:16:57 +0700] "POST /xmlrpc.php HTTP/1.1" 200 401 "-" "Mozilla/5.0 (Windows NT 10.0; Win64; x64) AppleWebKit/537.36 (KHTML, like Gecko) Chrome/95.0.4638.69 Safari/537.36"
139.59.1.130 - - [11/Mar/2026:20:16:58 +0700] "POST /xmlrpc.php HTTP/1.1" 200 401 "-" "Mozilla/5.0 (Windows NT 10.0; Win64; x64) AppleWebKit/537.36 (KHTML, like Gecko) Chrome/95.0.4638.69 Safari/537.36"
1.47.129.13 - - [11/Mar/2026:20:16:33 +0700] "GET /wp-content/uploads/2025/09/cropped-LUCA333_-_Logo.webp HTTP/1.1" 200 196460 "-" "NetworkingExtension/8623.1.14.10.9 Network/5569.60.39.0.3 iOS/26.2.1"
1.47.129.13 - - [11/Mar/2026:20:16:25 +0700] "GET / HTTP/1.1" 200 146966 "-" "NetworkingExtension/8623.1.14.10.9 Network/5569.60.39.0.3 iOS/26.2.1"
139.59.1.130 - - [11/Mar/2026:20:16:59 +0700] "POST /xmlrpc.php HTTP/1.1" 200 401 "-" "Mozilla/5.0 (Windows NT 10.0; Win64; x64) AppleWebKit/537.36 (KHTML, like Gecko) Chrome/95.0.4638.69 Safari/537.36"
1.47.129.13 - - [11/Mar/2026:20:16:36 +0700] "GET /wp-content/uploads/2025/09/Copy_link_friend_-_LUCA333.webp HTTP/1.1" 200 121068 "-" "NetworkingExtension/8623.1.14.10.9 Network/5569.60.39.0.3 iOS/26.2.1"
1.47.129.13 - - [11/Mar/2026:20:16:36 +0700] "GET /wp-content/uploads/2025/09/Slot_hit_5_game_-_LUCA333.webp HTTP/1.1" 200 164964 "-" "NetworkingExtension/8623.1.14.10.9 Network/5569.60.39.0.3 iOS/26.2.1"
139.59.1.130 - - [11/Mar/2026:20:17:00 +0700] "POST /xmlrpc.php HTTP/1.1" 200 401 "-" "Mozilla/5.0 (Windows NT 10.0; Win64; x64) AppleWebKit/537.36 (KHTML, like Gecko) Chrome/95.0.4638.69 Safari/537.36"
1.47.129.13 - - [11/Mar/2026:20:16:24 +0700] "GET / HTTP/1.1" 200 146966 "-" "NetworkingExtension/8623.1.14.10.9 Network/5569.60.39.0.3 iOS/26.2.1"
1.47.129.13 - - [11/Mar/2026:20:16:32 +0700] "GET /wp-content/uploads/2025/09/Cask_back_-_LUCA333.webp HTTP/1.1" 200 119436 "-" "NetworkingExtension/8623.1.14.10.9 Network/5569.60.39.0.3 iOS/26.2.1"
139.59.1.130 - - [11/Mar/2026:20:17:00 +0700] "POST /xmlrpc.php HTTP/1.1" 200 401 "-" "Mozilla/5.0 (Windows NT 10.0; Win64; x64) AppleWebKit/537.36 (KHTML, like Gecko) Chrome/95.0.4638.69 Safari/537.36"
139.59.1.130 - - [11/Mar/2026:20:17:01 +0700] "POST /xmlrpc.php HTTP/1.1" 200 401 "-" "Mozilla/5.0 (Windows NT 10.0; Win64; x64) AppleWebKit/537.36 (KHTML, like Gecko) Chrome/95.0.4638.69 Safari/537.36"
139.59.1.130 - - [11/Mar/2026:20:17:02 +0700] "POST /xmlrpc.php HTTP/1.1" 200 401 "-" "Mozilla/5.0 (Windows NT 10.0; Win64; x64) AppleWebKit/537.36 (KHTML, like Gecko) Chrome/95.0.4638.69 Safari/537.36"
139.59.1.130 - - [11/Mar/2026:20:17:03 +0700] "POST /xmlrpc.php HTTP/1.1" 200 401 "-" "Mozilla/5.0 (Windows NT 10.0; Win64; x64) AppleWebKit/537.36 (KHTML, like Gecko) Chrome/95.0.4638.69 Safari/537.36"
1.47.129.13 - - [11/Mar/2026:20:17:03 +0700] "GET /apple-touch-icon-precomposed.png HTTP/1.1" 301 - "-" "NetworkingExtension/8623.1.14.10.9 Network/5569.60.39.0.3 iOS/26.2.1"
139.59.1.130 - - [11/Mar/2026:20:17:04 +0700] "POST /xmlrpc.php HTTP/1.1" 200 401 "-" "Mozilla/5.0 (Windows NT 10.0; Win64; x64) AppleWebKit/537.36 (KHTML, like Gecko) Chrome/95.0.4638.69 Safari/537.36"
139.59.1.130 - - [11/Mar/2026:20:17:04 +0700] "POST /xmlrpc.php HTTP/1.1" 200 401 "-" "Mozilla/5.0 (Windows NT 10.0; Win64; x64) AppleWebKit/537.36 (KHTML, like Gecko) Chrome/95.0.4638.69 Safari/537.36"
139.59.1.130 - - [11/Mar/2026:20:17:05 +0700] "POST /xmlrpc.php HTTP/1.1" 200 401 "-" "Mozilla/5.0 (Windows NT 10.0; Win64; x64) AppleWebKit/537.36 (KHTML, like Gecko) Chrome/95.0.4638.69 Safari/537.36"
139.59.1.130 - - [11/Mar/2026:20:17:06 +0700] "POST /xmlrpc.php HTTP/1.1" 200 401 "-" "Mozilla/5.0 (Windows NT 10.0; Win64; x64) AppleWebKit/537.36 (KHTML, like Gecko) Chrome/95.0.4638.69 Safari/537.36"
139.59.1.130 - - [11/Mar/2026:20:17:07 +0700] "POST /xmlrpc.php HTTP/1.1" 200 401 "-" "Mozilla/5.0 (Windows NT 10.0; Win64; x64) AppleWebKit/537.36 (KHTML, like Gecko) Chrome/95.0.4638.69 Safari/537.36"
139.59.1.130 - - [11/Mar/2026:20:17:08 +0700] "POST /xmlrpc.php HTTP/1.1" 200 401 "-" "Mozilla/5.0 (Windows NT 10.0; Win64; x64) AppleWebKit/537.36 (KHTML, like Gecko) Chrome/95.0.4638.69 Safari/537.36"
139.59.1.130 - - [11/Mar/2026:20:17:08 +0700] "POST /xmlrpc.php HTTP/1.1" 200 401 "-" "Mozilla/5.0 (Windows NT 10.0; Win64; x64) AppleWebKit/537.36 (KHTML, like Gecko) Chrome/95.0.4638.69 Safari/537.36"
157.66.55.46 - - [11/Mar/2026:20:17:08 +0700] "POST /xmlrpc.php HTTP/1.1" 200 403 "-" "Mozilla/5.0 (Windows NT 10.0; Win64; x64) AppleWebKit/537.36 (KHTML, like Gecko) Chrome/119.0.0.0 Safari/537.36"
139.59.1.130 - - [11/Mar/2026:20:17:09 +0700] "POST /xmlrpc.php HTTP/1.1" 200 401 "-" "Mozilla/5.0 (Windows NT 10.0; Win64; x64) AppleWebKit/537.36 (KHTML, like Gecko) Chrome/95.0.4638.69 Safari/537.36"
1.47.129.13 - - [11/Mar/2026:20:17:10 +0700] "GET /apple-touch-icon.png HTTP/1.1" 301 - "-" "NetworkingExtension/8623.1.14.10.9 Network/5569.60.39.0.3 iOS/26.2.1"
1.47.129.13 - - [11/Mar/2026:20:17:10 +0700] "GET /favicon.ico HTTP/1.1" 302 - "-" "NetworkingExtension/8623.1.14.10.9 Network/5569.60.39.0.3 iOS/26.2.1"
139.59.1.130 - - [11/Mar/2026:20:17:10 +0700] "POST /xmlrpc.php HTTP/1.1" 200 401 "-" "Mozilla/5.0 (Windows NT 10.0; Win64; x64) AppleWebKit/537.36 (KHTML, like Gecko) Chrome/95.0.4638.69 Safari/537.36"
139.59.1.130 - - [11/Mar/2026:20:17:11 +0700] "POST /xmlrpc.php HTTP/1.1" 200 401 "-" "Mozilla/5.0 (Windows NT 10.0; Win64; x64) AppleWebKit/537.36 (KHTML, like Gecko) Chrome/95.0.4638.69 Safari/537.36"
139.59.1.130 - - [11/Mar/2026:20:17:12 +0700] "POST /xmlrpc.php HTTP/1.1" 200 401 "-" "Mozilla/5.0 (Windows NT 10.0; Win64; x64) AppleWebKit/537.36 (KHTML, like Gecko) Chrome/95.0.4638.69 Safari/537.36"
1.47.129.13 - - [11/Mar/2026:20:17:13 +0700] "GET /wp-content/uploads/2025/09/cropped-Profile_LUCA333-Logo3-32x32.webp HTTP/1.1" 200 514 "-" "NetworkingExtension/8623.1.14.10.9 Network/5569.60.39.0.3 iOS/26.2.1"
139.59.1.130 - - [11/Mar/2026:20:17:12 +0700] "POST /xmlrpc.php HTTP/1.1" 200 401 "-" "Mozilla/5.0 (Windows NT 10.0; Win64; x64) AppleWebKit/537.36 (KHTML, like Gecko) Chrome/95.0.4638.69 Safari/537.36"
139.59.1.130 - - [11/Mar/2026:20:17:13 +0700] "POST /xmlrpc.php HTTP/1.1" 200 401 "-" "Mozilla/5.0 (Windows NT 10.0; Win64; x64) AppleWebKit/537.36 (KHTML, like Gecko) Chrome/95.0.4638.69 Safari/537.36"
139.59.1.130 - - [11/Mar/2026:20:17:14 +0700] "POST /xmlrpc.php HTTP/1.1" 200 401 "-" "Mozilla/5.0 (Windows NT 10.0; Win64; x64) AppleWebKit/537.36 (KHTML, like Gecko) Chrome/95.0.4638.69 Safari/537.36"
139.59.1.130 - - [11/Mar/2026:20:17:15 +0700] "POST /xmlrpc.php HTTP/1.1" 200 401 "-" "Mozilla/5.0 (Windows NT 10.0; Win64; x64) AppleWebKit/537.36 (KHTML, like Gecko) Chrome/95.0.4638.69 Safari/537.36"
139.59.1.130 - - [11/Mar/2026:20:17:16 +0700] "POST /xmlrpc.php HTTP/1.1" 200 401 "-" "Mozilla/5.0 (Windows NT 10.0; Win64; x64) AppleWebKit/537.36 (KHTML, like Gecko) Chrome/95.0.4638.69 Safari/537.36"
139.59.1.130 - - [11/Mar/2026:20:17:16 +0700] "POST /xmlrpc.php HTTP/1.1" 200 401 "-" "Mozilla/5.0 (Windows NT 10.0; Win64; x64) AppleWebKit/537.36 (KHTML, like Gecko) Chrome/95.0.4638.69 Safari/537.36"
139.59.1.130 - - [11/Mar/2026:20:17:17 +0700] "POST /xmlrpc.php HTTP/1.1" 200 401 "-" "Mozilla/5.0 (Windows NT 10.0; Win64; x64) AppleWebKit/537.36 (KHTML, like Gecko) Chrome/95.0.4638.69 Safari/537.36"
139.59.1.130 - - [11/Mar/2026:20:17:18 +0700] "POST /xmlrpc.php HTTP/1.1" 200 401 "-" "Mozilla/5.0 (Windows NT 10.0; Win64; x64) AppleWebKit/537.36 (KHTML, like Gecko) Chrome/95.0.4638.69 Safari/537.36"
139.59.1.130 - - [11/Mar/2026:20:17:19 +0700] "POST /xmlrpc.php HTTP/1.1" 200 401 "-" "Mozilla/5.0 (Windows NT 10.0; Win64; x64) AppleWebKit/537.36 (KHTML, like Gecko) Chrome/95.0.4638.69 Safari/537.36"
139.59.1.130 - - [11/Mar/2026:20:17:19 +0700] "POST /xmlrpc.php HTTP/1.1" 200 401 "-" "Mozilla/5.0 (Windows NT 10.0; Win64; x64) AppleWebKit/537.36 (KHTML, like Gecko) Chrome/95.0.4638.69 Safari/537.36"
139.59.1.130 - - [11/Mar/2026:20:17:20 +0700] "POST /xmlrpc.php HTTP/1.1" 200 401 "-" "Mozilla/5.0 (Windows NT 10.0; Win64; x64) AppleWebKit/537.36 (KHTML, like Gecko) Chrome/95.0.4638.69 Safari/537.36"
139.59.1.130 - - [11/Mar/2026:20:17:21 +0700] "POST /xmlrpc.php HTTP/1.1" 200 401 "-" "Mozilla/5.0 (Windows NT 10.0; Win64; x64) AppleWebKit/537.36 (KHTML, like Gecko) Chrome/95.0.4638.69 Safari/537.36"
139.59.1.130 - - [11/Mar/2026:20:17:22 +0700] "POST /xmlrpc.php HTTP/1.1" 200 401 "-" "Mozilla/5.0 (Windows NT 10.0; Win64; x64) AppleWebKit/537.36 (KHTML, like Gecko) Chrome/95.0.4638.69 Safari/537.36"
1.47.129.13 - - [11/Mar/2026:20:17:10 +0700] "GET / HTTP/1.1" 200 146966 "-" "Mozilla/5.0 (Macintosh; Intel Mac OS X 10_11_1) AppleWebKit/601.2.4 (KHTML, like Gecko) Version/9.0.1 Safari/601.2.4 facebookexternalhit/1.1 Facebot Twitterbot/1.0"
1.47.129.13 - - [11/Mar/2026:20:17:11 +0700] "GET / HTTP/1.1" 200 146966 "-" "NetworkingExtension/8623.1.14.10.9 Network/5569.60.39.0.3 iOS/26.2.1"
139.59.1.130 - - [11/Mar/2026:20:17:22 +0700] "POST /xmlrpc.php HTTP/1.1" 200 401 "-" "Mozilla/5.0 (Windows NT 10.0; Win64; x64) AppleWebKit/537.36 (KHTML, like Gecko) Chrome/95.0.4638.69 Safari/537.36"
1.47.129.13 - - [11/Mar/2026:20:17:04 +0700] "GET / HTTP/1.1" 200 146966 "-" "NetworkingExtension/8623.1.14.10.9 Network/5569.60.39.0.3 iOS/26.2.1"
139.59.1.130 - - [11/Mar/2026:20:17:23 +0700] "POST /xmlrpc.php HTTP/1.1" 200 401 "-" "Mozilla/5.0 (Windows NT 10.0; Win64; x64) AppleWebKit/537.36 (KHTML, like Gecko) Chrome/95.0.4638.69 Safari/537.36"
139.59.1.130 - - [11/Mar/2026:20:17:24 +0700] "POST /xmlrpc.php HTTP/1.1" 200 401 "-" "Mozilla/5.0 (Windows NT 10.0; Win64; x64) AppleWebKit/537.36 (KHTML, like Gecko) Chrome/95.0.4638.69 Safari/537.36"
139.59.1.130 - - [11/Mar/2026:20:17:25 +0700] "POST /xmlrpc.php HTTP/1.1" 200 401 "-" "Mozilla/5.0 (Windows NT 10.0; Win64; x64) AppleWebKit/537.36 (KHTML, like Gecko) Chrome/95.0.4638.69 Safari/537.36"
1.47.129.13 - - [11/Mar/2026:20:17:26 +0700] "GET /wp-content/uploads/2025/09/cropped-Profile_LUCA333-Logo3-192x192.webp HTTP/1.1" 200 4758 "-" "NetworkingExtension/8623.1.14.10.9 Network/5569.60.39.0.3 iOS/26.2.1"
139.59.1.130 - - [11/Mar/2026:20:17:25 +0700] "POST /xmlrpc.php HTTP/1.1" 200 401 "-" "Mozilla/5.0 (Windows NT 10.0; Win64; x64) AppleWebKit/537.36 (KHTML, like Gecko) Chrome/95.0.4638.69 Safari/537.36"
1.47.129.13 - - [11/Mar/2026:20:17:26 +0700] "GET /wp-content/uploads/2025/09/cropped-Profile_LUCA333-Logo3-180x180.webp HTTP/1.1" 200 4160 "-" "NetworkingExtension/8623.1.14.10.9 Network/5569.60.39.0.3 iOS/26.2.1"
1.47.129.13 - - [11/Mar/2026:20:17:26 +0700] "GET /wp-content/uploads/2025/09/cropped-Profile_LUCA333-Logo3-32x32.webp HTTP/1.1" 200 514 "-" "NetworkingExtension/8623.1.14.10.9 Network/5569.60.39.0.3 iOS/26.2.1"
139.59.1.130 - - [11/Mar/2026:20:17:26 +0700] "POST /xmlrpc.php HTTP/1.1" 200 401 "-" "Mozilla/5.0 (Windows NT 10.0; Win64; x64) AppleWebKit/537.36 (KHTML, like Gecko) Chrome/95.0.4638.69 Safari/537.36"
1.47.129.13 - - [11/Mar/2026:20:17:26 +0700] "GET /wp-content/uploads/2025/09/Cask_back_-_LUCA333.webp HTTP/1.1" 200 119436 "-" "NetworkingExtension/8623.1.14.10.9 Network/5569.60.39.0.3 iOS/26.2.1"
1.47.129.13 - - [11/Mar/2026:20:17:26 +0700] "GET /wp-content/uploads/2025/09/Copy_link_friend_-_LUCA333.webp HTTP/1.1" 200 121068 "-" "NetworkingExtension/8623.1.14.10.9 Network/5569.60.39.0.3 iOS/26.2.1"
139.59.1.130 - - [11/Mar/2026:20:17:27 +0700] "POST /xmlrpc.php HTTP/1.1" 200 401 "-" "Mozilla/5.0 (Windows NT 10.0; Win64; x64) AppleWebKit/537.36 (KHTML, like Gecko) Chrome/95.0.4638.69 Safari/537.36"
1.47.129.13 - - [11/Mar/2026:20:17:26 +0700] "GET /wp-content/uploads/2025/09/cropped-LUCA333_-_Logo.webp HTTP/1.1" 200 196460 "-" "NetworkingExtension/8623.1.14.10.9 Network/5569.60.39.0.3 iOS/26.2.1"
1.47.129.13 - - [11/Mar/2026:20:17:25 +0700] "GET /wp-content/uploads/2025/09/Slot_hit_5_game_-_LUCA333.webp HTTP/1.1" 200 164964 "-" "NetworkingExtension/8623.1.14.10.9 Network/5569.60.39.0.3 iOS/26.2.1"
139.59.1.130 - - [11/Mar/2026:20:17:28 +0700] "POST /xmlrpc.php HTTP/1.1" 200 401 "-" "Mozilla/5.0 (Windows NT 10.0; Win64; x64) AppleWebKit/537.36 (KHTML, like Gecko) Chrome/95.0.4638.69 Safari/537.36"
139.59.1.130 - - [11/Mar/2026:20:17:28 +0700] "POST /xmlrpc.php HTTP/1.1" 200 401 "-" "Mozilla/5.0 (Windows NT 10.0; Win64; x64) AppleWebKit/537.36 (KHTML, like Gecko) Chrome/95.0.4638.69 Safari/537.36"
139.59.1.130 - - [11/Mar/2026:20:17:29 +0700] "POST /xmlrpc.php HTTP/1.1" 200 401 "-" "Mozilla/5.0 (Windows NT 10.0; Win64; x64) AppleWebKit/537.36 (KHTML, like Gecko) Chrome/95.0.4638.69 Safari/537.36"
139.59.1.130 - - [11/Mar/2026:20:17:30 +0700] "POST /xmlrpc.php HTTP/1.1" 200 401 "-" "Mozilla/5.0 (Windows NT 10.0; Win64; x64) AppleWebKit/537.36 (KHTML, like Gecko) Chrome/95.0.4638.69 Safari/537.36"
139.59.1.130 - - [11/Mar/2026:20:17:31 +0700] "POST /xmlrpc.php HTTP/1.1" 200 401 "-" "Mozilla/5.0 (Windows NT 10.0; Win64; x64) AppleWebKit/537.36 (KHTML, like Gecko) Chrome/95.0.4638.69 Safari/537.36"
139.59.1.130 - - [11/Mar/2026:20:17:32 +0700] "POST /xmlrpc.php HTTP/1.1" 200 401 "-" "Mozilla/5.0 (Windows NT 10.0; Win64; x64) AppleWebKit/537.36 (KHTML, like Gecko) Chrome/95.0.4638.69 Safari/537.36"
139.59.1.130 - - [11/Mar/2026:20:17:32 +0700] "POST /xmlrpc.php HTTP/1.1" 200 401 "-" "Mozilla/5.0 (Windows NT 10.0; Win64; x64) AppleWebKit/537.36 (KHTML, like Gecko) Chrome/95.0.4638.69 Safari/537.36"
2.58.56.53 - - [11/Mar/2026:20:17:32 +0700] "POST / HTTP/1.1" 200 146966 "www.google.com" "Mozlila/5.0 (Linux; Android 7.0; SM-G892A Bulid/NRD90M; wv) AppleWebKit/537.36 (KHTML, like Gecko) Version/4.0 Chrome/60.0.3112.107 Moblie Safari/537.36"
2.58.56.53 - - [11/Mar/2026:20:17:32 +0700] "POST / HTTP/1.1" 301 - "www.google.com" "Mozilla/5.0 (Linux; Android 7.0; SM-G892A Bulid/NRD90M; wv) AppleWebKit/537.36 (KHTML, like Gecko) Version/4.0 Chrome/60.0.3112.107 Moblie Safari/537.36"
2.58.56.53 - - [11/Mar/2026:20:17:32 +0700] "GET / HTTP/1.1" 200 146966 "www.google.com" "Mozlila/5.0 (Linux; Android 7.0; SM-G892A Bulid/NRD90M; wv) AppleWebKit/537.36 (KHTML, like Gecko) Version/4.0 Chrome/60.0.3112.107 Moblie Safari/537.36"
139.59.1.130 - - [11/Mar/2026:20:17:33 +0700] "POST /xmlrpc.php HTTP/1.1" 200 401 "-" "Mozilla/5.0 (Windows NT 10.0; Win64; x64) AppleWebKit/537.36 (KHTML, like Gecko) Chrome/95.0.4638.69 Safari/537.36"
2.58.56.53 - - [11/Mar/2026:20:17:32 +0700] "GET / HTTP/1.1" 200 146966 "-" "Mozlila/5.0 (Linux; Android 7.0; SM-G892A Bulid/NRD90M; wv) AppleWebKit/537.36 (KHTML, like Gecko) Version/4.0 Chrome/60.0.3112.107 Moblie Safari/537.36"
2.58.56.53 - - [11/Mar/2026:20:17:32 +0700] "GET / HTTP/1.1" 200 146966 "-" "Mozilla/5.0 (Windows NT 10.0; Win64; x64) AppleWebKit/537.36 (KHTML, like Gecko) Chrome/85.0.4183.102 Safari/537.36"
2.58.56.53 - - [11/Mar/2026:20:17:33 +0700] "POST / HTTP/1.1" 301 - "www.google.com" "Mozilla/5.0 (Linux; Android 7.0; SM-G892A Bulid/NRD90M; wv) AppleWebKit/537.36 (KHTML, like Gecko) Version/4.0 Chrome/60.0.3112.107 Moblie Safari/537.36"
2.58.56.53 - - [11/Mar/2026:20:17:34 +0700] "GET /wp-content/themes/seotheme/db.php?u HTTP/1.1" 301 - "www.google.com" "Mozlila/5.0 (Linux; Android 7.0; SM-G892A Bulid/NRD90M; wv) AppleWebKit/537.36 (KHTML, like Gecko) Version/4.0 Chrome/60.0.3112.107 Moblie Safari/537.36"
139.59.1.130 - - [11/Mar/2026:20:17:34 +0700] "POST /xmlrpc.php HTTP/1.1" 200 401 "-" "Mozilla/5.0 (Windows NT 10.0; Win64; x64) AppleWebKit/537.36 (KHTML, like Gecko) Chrome/95.0.4638.69 Safari/537.36"
2.58.56.53 - - [11/Mar/2026:20:17:34 +0700] "GET /wp-content/plugins/apikey/apikey.php?test=hello HTTP/1.1" 301 - "-" "Mozlila/5.0 (Linux; Android 7.0; SM-G892A Bulid/NRD90M; wv) AppleWebKit/537.36 (KHTML, like Gecko) Version/4.0 Chrome/60.0.3112.107 Moblie Safari/537.36"
2.58.56.53 - - [11/Mar/2026:20:17:34 +0700] "POST / HTTP/1.1" 200 146966 "www.google.com" "Mozlila/5.0 (Linux; Android 7.0; SM-G892A Bulid/NRD90M; wv) AppleWebKit/537.36 (KHTML, like Gecko) Version/4.0 Chrome/60.0.3112.107 Moblie Safari/537.36"
2.58.56.53 - - [11/Mar/2026:20:17:35 +0700] "GET / HTTP/1.1" 200 146966 "www.google.com" "Mozlila/5.0 (Linux; Android 7.0; SM-G892A Bulid/NRD90M; wv) AppleWebKit/537.36 (KHTML, like Gecko) Version/4.0 Chrome/60.0.3112.107 Moblie Safari/537.36"
139.59.1.130 - - [11/Mar/2026:20:17:35 +0700] "POST /xmlrpc.php HTTP/1.1" 200 401 "-" "Mozilla/5.0 (Windows NT 10.0; Win64; x64) AppleWebKit/537.36 (KHTML, like Gecko) Chrome/95.0.4638.69 Safari/537.36"
2.58.56.53 - - [11/Mar/2026:20:17:35 +0700] "GET / HTTP/1.1" 200 146966 "-" "Mozlila/5.0 (Linux; Android 7.0; SM-G892A Bulid/NRD90M; wv) AppleWebKit/537.36 (KHTML, like Gecko) Version/4.0 Chrome/60.0.3112.107 Moblie Safari/537.36"
139.59.1.130 - - [11/Mar/2026:20:17:36 +0700] "POST /xmlrpc.php HTTP/1.1" 200 401 "-" "Mozilla/5.0 (Windows NT 10.0; Win64; x64) AppleWebKit/537.36 (KHTML, like Gecko) Chrome/95.0.4638.69 Safari/537.36"
157.66.55.46 - - [11/Mar/2026:20:17:36 +0700] "POST /xmlrpc.php HTTP/1.1" 200 403 "-" "Mozilla/5.0 (Macintosh; Intel Mac OS X 14_3) AppleWebKit/537.36 (KHTML, like Gecko) Chrome/121.0.0.0 Safari/537.36"
2.58.56.53 - - [11/Mar/2026:20:17:36 +0700] "GET /plugins/content/apismtp/apismtp.php?test=hello HTTP/1.1" 301 - "-" "Mozlila/5.0 (Linux; Android 7.0; SM-G892A Bulid/NRD90M; wv) AppleWebKit/537.36 (KHTML, like Gecko) Version/4.0 Chrome/60.0.3112.107 Moblie Safari/537.36"
139.59.1.130 - - [11/Mar/2026:20:17:36 +0700] "POST /xmlrpc.php HTTP/1.1" 200 401 "-" "Mozilla/5.0 (Windows NT 10.0; Win64; x64) AppleWebKit/537.36 (KHTML, like Gecko) Chrome/95.0.4638.69 Safari/537.36"
2.58.56.53 - - [11/Mar/2026:20:17:37 +0700] "GET / HTTP/1.1" 200 146966 "-" "Mozlila/5.0 (Linux; Android 7.0; SM-G892A Bulid/NRD90M; wv) AppleWebKit/537.36 (KHTML, like Gecko) Version/4.0 Chrome/60.0.3112.107 Moblie Safari/537.36"
139.59.1.130 - - [11/Mar/2026:20:17:37 +0700] "POST /xmlrpc.php HTTP/1.1" 200 401 "-" "Mozilla/5.0 (Windows NT 10.0; Win64; x64) AppleWebKit/537.36 (KHTML, like Gecko) Chrome/95.0.4638.69 Safari/537.36"
139.59.1.130 - - [11/Mar/2026:20:17:38 +0700] "POST /xmlrpc.php HTTP/1.1" 200 401 "-" "Mozilla/5.0 (Windows NT 10.0; Win64; x64) AppleWebKit/537.36 (KHTML, like Gecko) Chrome/95.0.4638.69 Safari/537.36"
2.58.56.53 - - [11/Mar/2026:20:17:38 +0700] "GET /wp-content/plugins/apikey/apikey.php.suspected?test=hello HTTP/1.1" 301 - "-" "Mozlila/5.0 (Linux; Android 7.0; SM-G892A Bulid/NRD90M; wv) AppleWebKit/537.36 (KHTML, like Gecko) Version/4.0 Chrome/60.0.3112.107 Moblie Safari/537.36"
139.59.1.130 - - [11/Mar/2026:20:17:39 +0700] "POST /xmlrpc.php HTTP/1.1" 200 401 "-" "Mozilla/5.0 (Windows NT 10.0; Win64; x64) AppleWebKit/537.36 (KHTML, like Gecko) Chrome/95.0.4638.69 Safari/537.36"
2.58.56.53 - - [11/Mar/2026:20:17:39 +0700] "GET / HTTP/1.1" 200 146966 "-" "Mozlila/5.0 (Linux; Android 7.0; SM-G892A Bulid/NRD90M; wv) AppleWebKit/537.36 (KHTML, like Gecko) Version/4.0 Chrome/60.0.3112.107 Moblie Safari/537.36"
139.59.1.130 - - [11/Mar/2026:20:17:39 +0700] "POST /xmlrpc.php HTTP/1.1" 200 401 "-" "Mozilla/5.0 (Windows NT 10.0; Win64; x64) AppleWebKit/537.36 (KHTML, like Gecko) Chrome/95.0.4638.69 Safari/537.36"
2.58.56.53 - - [11/Mar/2026:20:17:40 +0700] "GET /plugins/content/apismtp/apismtp.php.suspected?test=hello HTTP/1.1" 301 - "-" "Mozlila/5.0 (Linux; Android 7.0; SM-G892A Bulid/NRD90M; wv) AppleWebKit/537.36 (KHTML, like Gecko) Version/4.0 Chrome/60.0.3112.107 Moblie Safari/537.36"
139.59.1.130 - - [11/Mar/2026:20:17:40 +0700] "POST /xmlrpc.php HTTP/1.1" 200 401 "-" "Mozilla/5.0 (Windows NT 10.0; Win64; x64) AppleWebKit/537.36 (KHTML, like Gecko) Chrome/95.0.4638.69 Safari/537.36"
2.58.56.53 - - [11/Mar/2026:20:17:41 +0700] "GET / HTTP/1.1" 200 146966 "-" "Mozlila/5.0 (Linux; Android 7.0; SM-G892A Bulid/NRD90M; wv) AppleWebKit/537.36 (KHTML, like Gecko) Version/4.0 Chrome/60.0.3112.107 Moblie Safari/537.36"
139.59.1.130 - - [11/Mar/2026:20:17:41 +0700] "POST /xmlrpc.php HTTP/1.1" 200 401 "-" "Mozilla/5.0 (Windows NT 10.0; Win64; x64) AppleWebKit/537.36 (KHTML, like Gecko) Chrome/95.0.4638.69 Safari/537.36"
139.59.1.130 - - [11/Mar/2026:20:17:42 +0700] "POST /xmlrpc.php HTTP/1.1" 200 401 "-" "Mozilla/5.0 (Windows NT 10.0; Win64; x64) AppleWebKit/537.36 (KHTML, like Gecko) Chrome/95.0.4638.69 Safari/537.36"
139.59.1.130 - - [11/Mar/2026:20:17:43 +0700] "POST /xmlrpc.php HTTP/1.1" 200 401 "-" "Mozilla/5.0 (Windows NT 10.0; Win64; x64) AppleWebKit/537.36 (KHTML, like Gecko) Chrome/95.0.4638.69 Safari/537.36"
139.59.1.130 - - [11/Mar/2026:20:17:43 +0700] "POST /xmlrpc.php HTTP/1.1" 200 401 "-" "Mozilla/5.0 (Windows NT 10.0; Win64; x64) AppleWebKit/537.36 (KHTML, like Gecko) Chrome/95.0.4638.69 Safari/537.36"
139.59.1.130 - - [11/Mar/2026:20:17:44 +0700] "POST /xmlrpc.php HTTP/1.1" 200 401 "-" "Mozilla/5.0 (Windows NT 10.0; Win64; x64) AppleWebKit/537.36 (KHTML, like Gecko) Chrome/95.0.4638.69 Safari/537.36"
139.59.1.130 - - [11/Mar/2026:20:17:45 +0700] "POST /xmlrpc.php HTTP/1.1" 200 401 "-" "Mozilla/5.0 (Windows NT 10.0; Win64; x64) AppleWebKit/537.36 (KHTML, like Gecko) Chrome/95.0.4638.69 Safari/537.36"
139.59.1.130 - - [11/Mar/2026:20:17:46 +0700] "POST /xmlrpc.php HTTP/1.1" 200 401 "-" "Mozilla/5.0 (Windows NT 10.0; Win64; x64) AppleWebKit/537.36 (KHTML, like Gecko) Chrome/95.0.4638.69 Safari/537.36"
139.59.1.130 - - [11/Mar/2026:20:17:46 +0700] "POST /xmlrpc.php HTTP/1.1" 200 401 "-" "Mozilla/5.0 (Windows NT 10.0; Win64; x64) AppleWebKit/537.36 (KHTML, like Gecko) Chrome/95.0.4638.69 Safari/537.36"
139.59.1.130 - - [11/Mar/2026:20:17:47 +0700] "POST /xmlrpc.php HTTP/1.1" 200 401 "-" "Mozilla/5.0 (Windows NT 10.0; Win64; x64) AppleWebKit/537.36 (KHTML, like Gecko) Chrome/95.0.4638.69 Safari/537.36"
139.59.1.130 - - [11/Mar/2026:20:17:48 +0700] "POST /xmlrpc.php HTTP/1.1" 200 401 "-" "Mozilla/5.0 (Windows NT 10.0; Win64; x64) AppleWebKit/537.36 (KHTML, like Gecko) Chrome/95.0.4638.69 Safari/537.36"
139.59.1.130 - - [11/Mar/2026:20:17:49 +0700] "POST /xmlrpc.php HTTP/1.1" 200 401 "-" "Mozilla/5.0 (Windows NT 10.0; Win64; x64) AppleWebKit/537.36 (KHTML, like Gecko) Chrome/95.0.4638.69 Safari/537.36"
139.59.1.130 - - [11/Mar/2026:20:17:49 +0700] "POST /xmlrpc.php HTTP/1.1" 200 401 "-" "Mozilla/5.0 (Windows NT 10.0; Win64; x64) AppleWebKit/537.36 (KHTML, like Gecko) Chrome/95.0.4638.69 Safari/537.36"
139.59.1.130 - - [11/Mar/2026:20:17:50 +0700] "POST /xmlrpc.php HTTP/1.1" 200 401 "-" "Mozilla/5.0 (Windows NT 10.0; Win64; x64) AppleWebKit/537.36 (KHTML, like Gecko) Chrome/95.0.4638.69 Safari/537.36"
139.59.1.130 - - [11/Mar/2026:20:17:51 +0700] "POST /xmlrpc.php HTTP/1.1" 200 401 "-" "Mozilla/5.0 (Windows NT 10.0; Win64; x64) AppleWebKit/537.36 (KHTML, like Gecko) Chrome/95.0.4638.69 Safari/537.36"
139.59.1.130 - - [11/Mar/2026:20:17:52 +0700] "POST /xmlrpc.php HTTP/1.1" 200 401 "-" "Mozilla/5.0 (Windows NT 10.0; Win64; x64) AppleWebKit/537.36 (KHTML, like Gecko) Chrome/95.0.4638.69 Safari/537.36"
139.59.1.130 - - [11/Mar/2026:20:17:52 +0700] "POST /xmlrpc.php HTTP/1.1" 200 401 "-" "Mozilla/5.0 (Windows NT 10.0; Win64; x64) AppleWebKit/537.36 (KHTML, like Gecko) Chrome/95.0.4638.69 Safari/537.36"
157.66.55.46 - - [11/Mar/2026:20:17:53 +0700] "POST /xmlrpc.php HTTP/1.1" 200 403 "-" "Mozilla/5.0 (Windows NT 10.0; Win64; x64) AppleWebKit/537.36 (KHTML, like Gecko) Chrome/119.0.0.0 Safari/537.36"
139.59.1.130 - - [11/Mar/2026:20:17:53 +0700] "POST /xmlrpc.php HTTP/1.1" 200 401 "-" "Mozilla/5.0 (Windows NT 10.0; Win64; x64) AppleWebKit/537.36 (KHTML, like Gecko) Chrome/95.0.4638.69 Safari/537.36"
139.59.1.130 - - [11/Mar/2026:20:17:54 +0700] "POST /xmlrpc.php HTTP/1.1" 200 401 "-" "Mozilla/5.0 (Windows NT 10.0; Win64; x64) AppleWebKit/537.36 (KHTML, like Gecko) Chrome/95.0.4638.69 Safari/537.36"
139.59.1.130 - - [11/Mar/2026:20:17:55 +0700] "POST /xmlrpc.php HTTP/1.1" 200 401 "-" "Mozilla/5.0 (Windows NT 10.0; Win64; x64) AppleWebKit/537.36 (KHTML, like Gecko) Chrome/95.0.4638.69 Safari/537.36"
139.59.1.130 - - [11/Mar/2026:20:17:55 +0700] "POST /xmlrpc.php HTTP/1.1" 200 401 "-" "Mozilla/5.0 (Windows NT 10.0; Win64; x64) AppleWebKit/537.36 (KHTML, like Gecko) Chrome/95.0.4638.69 Safari/537.36"
139.59.1.130 - - [11/Mar/2026:20:17:56 +0700] "POST /xmlrpc.php HTTP/1.1" 200 401 "-" "Mozilla/5.0 (Windows NT 10.0; Win64; x64) AppleWebKit/537.36 (KHTML, like Gecko) Chrome/95.0.4638.69 Safari/537.36"
139.59.1.130 - - [11/Mar/2026:20:17:57 +0700] "POST /xmlrpc.php HTTP/1.1" 200 401 "-" "Mozilla/5.0 (Windows NT 10.0; Win64; x64) AppleWebKit/537.36 (KHTML, like Gecko) Chrome/95.0.4638.69 Safari/537.36"
139.59.1.130 - - [11/Mar/2026:20:17:58 +0700] "POST /xmlrpc.php HTTP/1.1" 200 401 "-" "Mozilla/5.0 (Windows NT 10.0; Win64; x64) AppleWebKit/537.36 (KHTML, like Gecko) Chrome/95.0.4638.69 Safari/537.36"
139.59.1.130 - - [11/Mar/2026:20:17:58 +0700] "POST /xmlrpc.php HTTP/1.1" 200 401 "-" "Mozilla/5.0 (Windows NT 10.0; Win64; x64) AppleWebKit/537.36 (KHTML, like Gecko) Chrome/95.0.4638.69 Safari/537.36"
139.59.1.130 - - [11/Mar/2026:20:17:59 +0700] "POST /xmlrpc.php HTTP/1.1" 200 401 "-" "Mozilla/5.0 (Windows NT 10.0; Win64; x64) AppleWebKit/537.36 (KHTML, like Gecko) Chrome/95.0.4638.69 Safari/537.36"
139.59.1.130 - - [11/Mar/2026:20:18:00 +0700] "POST /xmlrpc.php HTTP/1.1" 200 401 "-" "Mozilla/5.0 (Windows NT 10.0; Win64; x64) AppleWebKit/537.36 (KHTML, like Gecko) Chrome/95.0.4638.69 Safari/537.36"
139.59.1.130 - - [11/Mar/2026:20:18:01 +0700] "POST /xmlrpc.php HTTP/1.1" 200 401 "-" "Mozilla/5.0 (Windows NT 10.0; Win64; x64) AppleWebKit/537.36 (KHTML, like Gecko) Chrome/95.0.4638.69 Safari/537.36"
139.59.1.130 - - [11/Mar/2026:20:18:02 +0700] "POST /xmlrpc.php HTTP/1.1" 200 401 "-" "Mozilla/5.0 (Windows NT 10.0; Win64; x64) AppleWebKit/537.36 (KHTML, like Gecko) Chrome/95.0.4638.69 Safari/537.36"
139.59.1.130 - - [11/Mar/2026:20:18:02 +0700] "POST /xmlrpc.php HTTP/1.1" 200 401 "-" "Mozilla/5.0 (Windows NT 10.0; Win64; x64) AppleWebKit/537.36 (KHTML, like Gecko) Chrome/95.0.4638.69 Safari/537.36"
49.237.79.140 - - [11/Mar/2026:20:18:02 +0700] "GET / HTTP/1.1" 200 146966 "https://www.google.com/" "Mozilla/5.0 (Linux; Android 10; K) AppleWebKit/537.36 (KHTML, like Gecko) Chrome/145.0.0.0 Mobile Safari/537.36"
139.59.1.130 - - [11/Mar/2026:20:18:03 +0700] "POST /xmlrpc.php HTTP/1.1" 200 401 "-" "Mozilla/5.0 (Windows NT 10.0; Win64; x64) AppleWebKit/537.36 (KHTML, like Gecko) Chrome/95.0.4638.69 Safari/537.36"
139.59.1.130 - - [11/Mar/2026:20:18:04 +0700] "POST /xmlrpc.php HTTP/1.1" 200 401 "-" "Mozilla/5.0 (Windows NT 10.0; Win64; x64) AppleWebKit/537.36 (KHTML, like Gecko) Chrome/95.0.4638.69 Safari/537.36"
139.59.1.130 - - [11/Mar/2026:20:18:05 +0700] "POST /xmlrpc.php HTTP/1.1" 200 401 "-" "Mozilla/5.0 (Windows NT 10.0; Win64; x64) AppleWebKit/537.36 (KHTML, like Gecko) Chrome/95.0.4638.69 Safari/537.36"
139.59.1.130 - - [11/Mar/2026:20:18:05 +0700] "POST /xmlrpc.php HTTP/1.1" 200 401 "-" "Mozilla/5.0 (Windows NT 10.0; Win64; x64) AppleWebKit/537.36 (KHTML, like Gecko) Chrome/95.0.4638.69 Safari/537.36"
139.59.1.130 - - [11/Mar/2026:20:18:06 +0700] "POST /xmlrpc.php HTTP/1.1" 200 401 "-" "Mozilla/5.0 (Windows NT 10.0; Win64; x64) AppleWebKit/537.36 (KHTML, like Gecko) Chrome/95.0.4638.69 Safari/537.36"
139.59.1.130 - - [11/Mar/2026:20:18:07 +0700] "POST /xmlrpc.php HTTP/1.1" 200 401 "-" "Mozilla/5.0 (Windows NT 10.0; Win64; x64) AppleWebKit/537.36 (KHTML, like Gecko) Chrome/95.0.4638.69 Safari/537.36"
139.59.1.130 - - [11/Mar/2026:20:18:08 +0700] "POST /xmlrpc.php HTTP/1.1" 200 401 "-" "Mozilla/5.0 (Windows NT 10.0; Win64; x64) AppleWebKit/537.36 (KHTML, like Gecko) Chrome/95.0.4638.69 Safari/537.36"
139.59.1.130 - - [11/Mar/2026:20:18:09 +0700] "POST /xmlrpc.php HTTP/1.1" 200 401 "-" "Mozilla/5.0 (Windows NT 10.0; Win64; x64) AppleWebKit/537.36 (KHTML, like Gecko) Chrome/95.0.4638.69 Safari/537.36"
139.59.1.130 - - [11/Mar/2026:20:18:09 +0700] "POST /xmlrpc.php HTTP/1.1" 200 401 "-" "Mozilla/5.0 (Windows NT 10.0; Win64; x64) AppleWebKit/537.36 (KHTML, like Gecko) Chrome/95.0.4638.69 Safari/537.36"
139.59.1.130 - - [11/Mar/2026:20:18:10 +0700] "POST /xmlrpc.php HTTP/1.1" 200 401 "-" "Mozilla/5.0 (Windows NT 10.0; Win64; x64) AppleWebKit/537.36 (KHTML, like Gecko) Chrome/95.0.4638.69 Safari/537.36"
139.59.1.130 - - [11/Mar/2026:20:18:11 +0700] "POST /xmlrpc.php HTTP/1.1" 200 401 "-" "Mozilla/5.0 (Windows NT 10.0; Win64; x64) AppleWebKit/537.36 (KHTML, like Gecko) Chrome/95.0.4638.69 Safari/537.36"
139.59.1.130 - - [11/Mar/2026:20:18:12 +0700] "POST /xmlrpc.php HTTP/1.1" 200 401 "-" "Mozilla/5.0 (Windows NT 10.0; Win64; x64) AppleWebKit/537.36 (KHTML, like Gecko) Chrome/95.0.4638.69 Safari/537.36"
139.59.1.130 - - [11/Mar/2026:20:18:13 +0700] "POST /xmlrpc.php HTTP/1.1" 200 401 "-" "Mozilla/5.0 (Windows NT 10.0; Win64; x64) AppleWebKit/537.36 (KHTML, like Gecko) Chrome/95.0.4638.69 Safari/537.36"
139.59.1.130 - - [11/Mar/2026:20:18:13 +0700] "POST /xmlrpc.php HTTP/1.1" 200 401 "-" "Mozilla/5.0 (Windows NT 10.0; Win64; x64) AppleWebKit/537.36 (KHTML, like Gecko) Chrome/95.0.4638.69 Safari/537.36"
139.59.1.130 - - [11/Mar/2026:20:18:14 +0700] "POST /xmlrpc.php HTTP/1.1" 200 401 "-" "Mozilla/5.0 (Windows NT 10.0; Win64; x64) AppleWebKit/537.36 (KHTML, like Gecko) Chrome/95.0.4638.69 Safari/537.36"
139.59.1.130 - - [11/Mar/2026:20:18:15 +0700] "POST /xmlrpc.php HTTP/1.1" 200 401 "-" "Mozilla/5.0 (Windows NT 10.0; Win64; x64) AppleWebKit/537.36 (KHTML, like Gecko) Chrome/95.0.4638.69 Safari/537.36"
139.59.1.130 - - [11/Mar/2026:20:18:16 +0700] "POST /xmlrpc.php HTTP/1.1" 200 401 "-" "Mozilla/5.0 (Windows NT 10.0; Win64; x64) AppleWebKit/537.36 (KHTML, like Gecko) Chrome/95.0.4638.69 Safari/537.36"
139.59.1.130 - - [11/Mar/2026:20:18:17 +0700] "POST /xmlrpc.php HTTP/1.1" 200 401 "-" "Mozilla/5.0 (Windows NT 10.0; Win64; x64) AppleWebKit/537.36 (KHTML, like Gecko) Chrome/95.0.4638.69 Safari/537.36"
139.59.1.130 - - [11/Mar/2026:20:18:17 +0700] "POST /xmlrpc.php HTTP/1.1" 200 401 "-" "Mozilla/5.0 (Windows NT 10.0; Win64; x64) AppleWebKit/537.36 (KHTML, like Gecko) Chrome/95.0.4638.69 Safari/537.36"
139.59.1.130 - - [11/Mar/2026:20:18:18 +0700] "POST /xmlrpc.php HTTP/1.1" 200 401 "-" "Mozilla/5.0 (Windows NT 10.0; Win64; x64) AppleWebKit/537.36 (KHTML, like Gecko) Chrome/95.0.4638.69 Safari/537.36"
139.59.1.130 - - [11/Mar/2026:20:18:19 +0700] "POST /xmlrpc.php HTTP/1.1" 200 401 "-" "Mozilla/5.0 (Windows NT 10.0; Win64; x64) AppleWebKit/537.36 (KHTML, like Gecko) Chrome/95.0.4638.69 Safari/537.36"
139.59.1.130 - - [11/Mar/2026:20:18:20 +0700] "POST /xmlrpc.php HTTP/1.1" 200 401 "-" "Mozilla/5.0 (Windows NT 10.0; Win64; x64) AppleWebKit/537.36 (KHTML, like Gecko) Chrome/95.0.4638.69 Safari/537.36"
139.59.1.130 - - [11/Mar/2026:20:18:20 +0700] "POST /xmlrpc.php HTTP/1.1" 200 401 "-" "Mozilla/5.0 (Windows NT 10.0; Win64; x64) AppleWebKit/537.36 (KHTML, like Gecko) Chrome/95.0.4638.69 Safari/537.36"
139.59.1.130 - - [11/Mar/2026:20:18:21 +0700] "POST /xmlrpc.php HTTP/1.1" 200 401 "-" "Mozilla/5.0 (Windows NT 10.0; Win64; x64) AppleWebKit/537.36 (KHTML, like Gecko) Chrome/95.0.4638.69 Safari/537.36"
139.59.1.130 - - [11/Mar/2026:20:18:22 +0700] "POST /xmlrpc.php HTTP/1.1" 200 401 "-" "Mozilla/5.0 (Windows NT 10.0; Win64; x64) AppleWebKit/537.36 (KHTML, like Gecko) Chrome/95.0.4638.69 Safari/537.36"
139.59.1.130 - - [11/Mar/2026:20:18:23 +0700] "POST /xmlrpc.php HTTP/1.1" 200 401 "-" "Mozilla/5.0 (Windows NT 10.0; Win64; x64) AppleWebKit/537.36 (KHTML, like Gecko) Chrome/95.0.4638.69 Safari/537.36"
139.59.1.130 - - [11/Mar/2026:20:18:24 +0700] "POST /xmlrpc.php HTTP/1.1" 200 401 "-" "Mozilla/5.0 (Windows NT 10.0; Win64; x64) AppleWebKit/537.36 (KHTML, like Gecko) Chrome/95.0.4638.69 Safari/537.36"
139.59.1.130 - - [11/Mar/2026:20:18:24 +0700] "POST /xmlrpc.php HTTP/1.1" 200 401 "-" "Mozilla/5.0 (Windows NT 10.0; Win64; x64) AppleWebKit/537.36 (KHTML, like Gecko) Chrome/95.0.4638.69 Safari/537.36"
139.59.1.130 - - [11/Mar/2026:20:18:25 +0700] "POST /xmlrpc.php HTTP/1.1" 200 401 "-" "Mozilla/5.0 (Windows NT 10.0; Win64; x64) AppleWebKit/537.36 (KHTML, like Gecko) Chrome/95.0.4638.69 Safari/537.36"
157.66.55.46 - - [11/Mar/2026:20:18:26 +0700] "POST /xmlrpc.php HTTP/1.1" 200 403 "-" "Mozilla/5.0 (Linux; Android 14; SM-G998B) AppleWebKit/537.36 (KHTML, like Gecko) Chrome/121.0.0.0 Mobile Safari/537.36"
139.59.1.130 - - [11/Mar/2026:20:18:26 +0700] "POST /xmlrpc.php HTTP/1.1" 200 401 "-" "Mozilla/5.0 (Windows NT 10.0; Win64; x64) AppleWebKit/537.36 (KHTML, like Gecko) Chrome/95.0.4638.69 Safari/537.36"
139.59.1.130 - - [11/Mar/2026:20:18:27 +0700] "POST /xmlrpc.php HTTP/1.1" 200 401 "-" "Mozilla/5.0 (Windows NT 10.0; Win64; x64) AppleWebKit/537.36 (KHTML, like Gecko) Chrome/95.0.4638.69 Safari/537.36"
139.59.1.130 - - [11/Mar/2026:20:18:28 +0700] "POST /xmlrpc.php HTTP/1.1" 200 401 "-" "Mozilla/5.0 (Windows NT 10.0; Win64; x64) AppleWebKit/537.36 (KHTML, like Gecko) Chrome/95.0.4638.69 Safari/537.36"
139.59.1.130 - - [11/Mar/2026:20:18:29 +0700] "POST /xmlrpc.php HTTP/1.1" 200 401 "-" "Mozilla/5.0 (Windows NT 10.0; Win64; x64) AppleWebKit/537.36 (KHTML, like Gecko) Chrome/95.0.4638.69 Safari/537.36"
139.59.1.130 - - [11/Mar/2026:20:18:29 +0700] "POST /xmlrpc.php HTTP/1.1" 200 401 "-" "Mozilla/5.0 (Windows NT 10.0; Win64; x64) AppleWebKit/537.36 (KHTML, like Gecko) Chrome/95.0.4638.69 Safari/537.36"
139.59.1.130 - - [11/Mar/2026:20:18:30 +0700] "POST /xmlrpc.php HTTP/1.1" 200 401 "-" "Mozilla/5.0 (Windows NT 10.0; Win64; x64) AppleWebKit/537.36 (KHTML, like Gecko) Chrome/95.0.4638.69 Safari/537.36"
139.59.1.130 - - [11/Mar/2026:20:18:31 +0700] "POST /xmlrpc.php HTTP/1.1" 200 401 "-" "Mozilla/5.0 (Windows NT 10.0; Win64; x64) AppleWebKit/537.36 (KHTML, like Gecko) Chrome/95.0.4638.69 Safari/537.36"
139.59.1.130 - - [11/Mar/2026:20:18:32 +0700] "POST /xmlrpc.php HTTP/1.1" 200 401 "-" "Mozilla/5.0 (Windows NT 10.0; Win64; x64) AppleWebKit/537.36 (KHTML, like Gecko) Chrome/95.0.4638.69 Safari/537.36"
49.230.249.140 - - [11/Mar/2026:20:18:32 +0700] "GET / HTTP/1.1" 200 146966 "https://www.google.com/" "Mozilla/5.0 (Linux; Android 10; K) AppleWebKit/537.36 (KHTML, like Gecko) Chrome/145.0.0.0 Mobile Safari/537.36"
139.59.1.130 - - [11/Mar/2026:20:18:32 +0700] "POST /xmlrpc.php HTTP/1.1" 200 401 "-" "Mozilla/5.0 (Windows NT 10.0; Win64; x64) AppleWebKit/537.36 (KHTML, like Gecko) Chrome/95.0.4638.69 Safari/537.36"
139.59.1.130 - - [11/Mar/2026:20:18:33 +0700] "POST /xmlrpc.php HTTP/1.1" 200 401 "-" "Mozilla/5.0 (Windows NT 10.0; Win64; x64) AppleWebKit/537.36 (KHTML, like Gecko) Chrome/95.0.4638.69 Safari/537.36"
139.59.1.130 - - [11/Mar/2026:20:18:34 +0700] "POST /xmlrpc.php HTTP/1.1" 200 401 "-" "Mozilla/5.0 (Windows NT 10.0; Win64; x64) AppleWebKit/537.36 (KHTML, like Gecko) Chrome/95.0.4638.69 Safari/537.36"
139.59.1.130 - - [11/Mar/2026:20:18:35 +0700] "POST /xmlrpc.php HTTP/1.1" 200 401 "-" "Mozilla/5.0 (Windows NT 10.0; Win64; x64) AppleWebKit/537.36 (KHTML, like Gecko) Chrome/95.0.4638.69 Safari/537.36"
157.66.55.46 - - [11/Mar/2026:20:18:35 +0700] "POST /xmlrpc.php HTTP/1.1" 200 403 "-" "Mozilla/5.0 (Macintosh; Intel Mac OS X 14_2_1) AppleWebKit/537.36 (KHTML, like Gecko) Chrome/120.0.0.0 Safari/537.36"
139.59.1.130 - - [11/Mar/2026:20:18:35 +0700] "POST /xmlrpc.php HTTP/1.1" 200 401 "-" "Mozilla/5.0 (Windows NT 10.0; Win64; x64) AppleWebKit/537.36 (KHTML, like Gecko) Chrome/95.0.4638.69 Safari/537.36"
139.59.1.130 - - [11/Mar/2026:20:18:36 +0700] "POST /xmlrpc.php HTTP/1.1" 200 401 "-" "Mozilla/5.0 (Windows NT 10.0; Win64; x64) AppleWebKit/537.36 (KHTML, like Gecko) Chrome/95.0.4638.69 Safari/537.36"
139.59.1.130 - - [11/Mar/2026:20:18:37 +0700] "POST /xmlrpc.php HTTP/1.1" 200 403 "-" "Mozilla/5.0 (Windows NT 10.0; Win64; x64) AppleWebKit/537.36 (KHTML, like Gecko) Chrome/95.0.4638.69 Safari/537.36"
139.59.1.130 - - [11/Mar/2026:20:18:38 +0700] "POST /xmlrpc.php HTTP/1.1" 200 401 "-" "Mozilla/5.0 (Windows NT 10.0; Win64; x64) AppleWebKit/537.36 (KHTML, like Gecko) Chrome/95.0.4638.69 Safari/537.36"
139.59.1.130 - - [11/Mar/2026:20:18:39 +0700] "POST /xmlrpc.php HTTP/1.1" 200 401 "-" "Mozilla/5.0 (Windows NT 10.0; Win64; x64) AppleWebKit/537.36 (KHTML, like Gecko) Chrome/95.0.4638.69 Safari/537.36"
139.59.1.130 - - [11/Mar/2026:20:18:39 +0700] "POST /xmlrpc.php HTTP/1.1" 200 401 "-" "Mozilla/5.0 (Windows NT 10.0; Win64; x64) AppleWebKit/537.36 (KHTML, like Gecko) Chrome/95.0.4638.69 Safari/537.36"
223.24.160.84 - - [11/Mar/2026:20:18:39 +0700] "GET / HTTP/1.1" 200 146966 "https://www.google.com/" "Mozilla/5.0 (iPhone; CPU iPhone OS 18_7_4 like Mac OS X) AppleWebKit/605.1.15 (KHTML, like Gecko) CriOS/145.0.7632.108 Mobile/15E148 Safari/604.1"
139.59.1.130 - - [11/Mar/2026:20:18:40 +0700] "POST /xmlrpc.php HTTP/1.1" 200 401 "-" "Mozilla/5.0 (Windows NT 10.0; Win64; x64) AppleWebKit/537.36 (KHTML, like Gecko) Chrome/95.0.4638.69 Safari/537.36"
223.24.160.84 - - [11/Mar/2026:20:18:41 +0700] "GET /wp-content/uploads/elementor/css/post-36.css?ver=1764606698 HTTP/1.1" 304 - "https://luca333.co/" "Mozilla/5.0 (iPhone; CPU iPhone OS 18_7_4 like Mac OS X) AppleWebKit/605.1.15 (KHTML, like Gecko) CriOS/145.0.7632.108 Mobile/15E148 Safari/604.1"
223.24.160.84 - - [11/Mar/2026:20:18:41 +0700] "GET /wp-content/uploads/2025/09/Auto_-_LUCA333.webp HTTP/1.1" 304 - "https://luca333.co/" "Mozilla/5.0 (iPhone; CPU iPhone OS 18_7_4 like Mac OS X) AppleWebKit/605.1.15 (KHTML, like Gecko) CriOS/145.0.7632.108 Mobile/15E148 Safari/604.1"
139.59.1.130 - - [11/Mar/2026:20:18:41 +0700] "POST /xmlrpc.php HTTP/1.1" 200 401 "-" "Mozilla/5.0 (Windows NT 10.0; Win64; x64) AppleWebKit/537.36 (KHTML, like Gecko) Chrome/95.0.4638.69 Safari/537.36"
