68.168.195.38 - - [21/Sep/2026:04:25:47 +0700] "POST /xmlrpc.php HTTP/1.1" 200 403 "-" "WordPress.com; https://wordpress.com"
2405:201:a415:a06b:ec15:ce02:cfac:dbd7 - - [21/Sep/2026:04:25:48 +0700] "POST /xmlrpc.php HTTP/1.1" 200 403 "-" "WordPress.com; https://wordpress.com"
2a09:bac5:b5a:79b::c2:11 - - [21/Sep/2026:04:25:49 +0700] "POST /xmlrpc.php HTTP/1.1" 200 403 "-" "Jetpack by WordPress.com"
43.153.123.3 - - [21/Sep/2026:04:25:54 +0700] "GET /wp-content/uploads/2026/04/C1.webp HTTP/1.1" 200 134098 "-" "Mozilla/5.0 (iPhone; CPU iPhone OS 13_2_3 like Mac OS X) AppleWebKit/605.1.15 (KHTML, like Gecko) Version/13.0.3 Mobile/15E148 Safari/604.1"
68.168.195.38 - - [21/Sep/2026:04:25:58 +0700] "POST /xmlrpc.php HTTP/1.1" 200 403 "-" "Jetpack by WordPress.com (Jetpack 12.0; WordPress 6.3)"
2405:201:a415:a06b:ec15:ce02:cfac:dbd7 - - [21/Sep/2026:04:25:59 +0700] "POST /xmlrpc.php HTTP/1.1" 200 403 "-" "WordPress.com; https://wordpress.com"
2a09:bac5:b5a:79b::c2:11 - - [21/Sep/2026:04:25:59 +0700] "POST /xmlrpc.php HTTP/1.1" 200 403 "-" "Jetpack by WordPress.com"
68.168.195.38 - - [21/Sep/2026:04:26:08 +0700] "POST /xmlrpc.php HTTP/1.1" 200 403 "-" "WordPress.com; https://wordpress.com"
2405:201:a415:a06b:ec15:ce02:cfac:dbd7 - - [21/Sep/2026:04:26:09 +0700] "POST /xmlrpc.php HTTP/1.1" 200 403 "-" "Jetpack/12.5; WordPress/6.4; http://site47431956.com"
2a09:bac5:b5a:79b::c2:11 - - [21/Sep/2026:04:26:10 +0700] "POST /xmlrpc.php HTTP/1.1" 200 403 "-" "WordPress.com; https://wordpress.com"
68.168.195.38 - - [21/Sep/2026:04:26:19 +0700] "POST /xmlrpc.php HTTP/1.1" 200 403 "-" "Jetpack/12.5; WordPress/6.1; http://site22628215.com"
2405:201:a415:a06b:ec15:ce02:cfac:dbd7 - - [21/Sep/2026:04:26:20 +0700] "POST /xmlrpc.php HTTP/1.1" 200 403 "-" "Jetpack/12.1; WordPress/6.2; http://site36396794.com"
185.223.152.219 - - [21/Sep/2026:04:26:20 +0700] "POST /wp-login.php HTTP/1.1" 200 7789 "-" "Mozilla/5.0"
2a09:bac5:b5a:79b::c2:11 - - [21/Sep/2026:04:26:21 +0700] "POST /xmlrpc.php HTTP/1.1" 200 403 "-" "Jetpack by WordPress.com (Jetpack 12.1; WordPress 6.1)"
68.168.195.38 - - [21/Sep/2026:04:26:29 +0700] "POST /xmlrpc.php HTTP/1.1" 200 403 "-" "WordPress.com; https://wordpress.com"
2405:201:a415:a06b:ec15:ce02:cfac:dbd7 - - [21/Sep/2026:04:26:30 +0700] "POST /xmlrpc.php HTTP/1.1" 200 403 "-" "Jetpack by WordPress.com (Jetpack 12.0; WordPress 6.2)"
2a09:bac5:b5a:79b::c2:11 - - [21/Sep/2026:04:26:31 +0700] "POST /xmlrpc.php HTTP/1.1" 200 403 "-" "Jetpack/12.1; WordPress/6.1; http://site80990891.com"
68.168.195.38 - - [21/Sep/2026:04:26:40 +0700] "POST /xmlrpc.php HTTP/1.1" 200 403 "-" "Jetpack by WordPress.com (Jetpack 12.5; WordPress 6.2)"
2405:201:a415:a06b:ec15:ce02:cfac:dbd7 - - [21/Sep/2026:04:26:41 +0700] "POST /xmlrpc.php HTTP/1.1" 200 403 "-" "WordPress.com; https://wordpress.com"
2a09:bac5:b5a:79b::c2:11 - - [21/Sep/2026:04:26:42 +0700] "POST /xmlrpc.php HTTP/1.1" 200 403 "-" "WordPress.com; https://wordpress.com"
68.168.195.38 - - [21/Sep/2026:04:26:50 +0700] "POST /xmlrpc.php HTTP/1.1" 200 403 "-" "Jetpack/12.5; WordPress/6.3; http://site73483898.com"
2405:201:a415:a06b:ec15:ce02:cfac:dbd7 - - [21/Sep/2026:04:26:52 +0700] "POST /xmlrpc.php HTTP/1.1" 200 403 "-" "Jetpack by WordPress.com"
2a09:bac5:b5a:79b::c2:11 - - [21/Sep/2026:04:26:53 +0700] "POST /xmlrpc.php HTTP/1.1" 200 403 "-" "WordPress.com; https://wordpress.com"
68.168.195.38 - - [21/Sep/2026:04:27:01 +0700] "POST /xmlrpc.php HTTP/1.1" 200 403 "-" "Jetpack by WordPress.com (Jetpack 12.1; WordPress 6.2)"
2405:201:a415:a06b:ec15:ce02:cfac:dbd7 - - [21/Sep/2026:04:27:02 +0700] "POST /xmlrpc.php HTTP/1.1" 200 403 "-" "Jetpack by WordPress.com (Jetpack 12.1; WordPress 6.3)"
2a09:bac5:b5a:79b::c2:11 - - [21/Sep/2026:04:27:03 +0700] "POST /xmlrpc.php HTTP/1.1" 200 403 "-" "Jetpack by WordPress.com (Jetpack 12.5; WordPress 6.1)"
68.168.195.38 - - [21/Sep/2026:04:27:11 +0700] "POST /xmlrpc.php HTTP/1.1" 200 403 "-" "Jetpack/12.1; WordPress/6.1; http://site49295263.com"
2405:201:a415:a06b:ec15:ce02:cfac:dbd7 - - [21/Sep/2026:04:27:13 +0700] "POST /xmlrpc.php HTTP/1.1" 200 403 "-" "Jetpack by WordPress.com"
2a09:bac5:b5a:79b::c2:11 - - [21/Sep/2026:04:27:14 +0700] "POST /xmlrpc.php HTTP/1.1" 200 403 "-" "Jetpack by WordPress.com"
68.168.195.38 - - [21/Sep/2026:04:27:22 +0700] "POST /xmlrpc.php HTTP/1.1" 200 403 "-" "Jetpack by WordPress.com"
2405:201:a415:a06b:ec15:ce02:cfac:dbd7 - - [21/Sep/2026:04:27:27 +0700] "POST /xmlrpc.php HTTP/1.1" 200 403 "-" "Jetpack by WordPress.com"
2a09:bac5:b5a:79b::c2:11 - - [21/Sep/2026:04:27:28 +0700] "POST /xmlrpc.php HTTP/1.1" 200 403 "-" "Jetpack by WordPress.com"
68.168.195.38 - - [21/Sep/2026:04:27:33 +0700] "POST /xmlrpc.php HTTP/1.1" 200 403 "-" "WordPress.com; https://wordpress.com"
2405:201:a415:a06b:ec15:ce02:cfac:dbd7 - - [21/Sep/2026:04:27:35 +0700] "POST /xmlrpc.php HTTP/1.1" 200 403 "-" "Jetpack by WordPress.com (Jetpack 13.0; WordPress 6.3)"
2a09:bac5:b5a:79b::c2:11 - - [21/Sep/2026:04:27:36 +0700] "POST /xmlrpc.php HTTP/1.1" 200 403 "-" "Jetpack by WordPress.com (Jetpack 12.0; WordPress 6.4)"
68.168.195.38 - - [21/Sep/2026:04:27:43 +0700] "POST /xmlrpc.php HTTP/1.1" 200 403 "-" "Jetpack by WordPress.com"
2405:201:a415:a06b:ec15:ce02:cfac:dbd7 - - [21/Sep/2026:04:27:45 +0700] "POST /xmlrpc.php HTTP/1.1" 200 403 "-" "Jetpack by WordPress.com"
2a09:bac5:b5a:79b::c2:11 - - [21/Sep/2026:04:27:46 +0700] "POST /xmlrpc.php HTTP/1.1" 200 403 "-" "Jetpack/12.1; WordPress/6.4; http://site95283566.com"
68.168.195.38 - - [21/Sep/2026:04:27:54 +0700] "POST /xmlrpc.php HTTP/1.1" 200 403 "-" "Jetpack/12.1; WordPress/6.3; http://site11994248.com"
2405:201:a415:a06b:ec15:ce02:cfac:dbd7 - - [21/Sep/2026:04:27:56 +0700] "POST /xmlrpc.php HTTP/1.1" 200 403 "-" "Jetpack/12.0; WordPress/6.2; http://site84331470.com"
2a09:bac5:b5a:79b::c2:11 - - [21/Sep/2026:04:27:56 +0700] "POST /xmlrpc.php HTTP/1.1" 200 403 "-" "Jetpack/12.0; WordPress/6.2; http://site62083998.com"
68.168.195.38 - - [21/Sep/2026:04:28:04 +0700] "POST /xmlrpc.php HTTP/1.1" 200 403 "-" "Jetpack/12.5; WordPress/6.4; http://site45561869.com"
2a09:bac5:b5a:79b::c2:11 - - [21/Sep/2026:04:28:07 +0700] "POST /xmlrpc.php HTTP/1.1" 200 403 "-" "WordPress.com; https://wordpress.com"
2405:201:a415:a06b:ec15:ce02:cfac:dbd7 - - [21/Sep/2026:04:28:06 +0700] "POST /xmlrpc.php HTTP/1.1" 200 403 "-" "WordPress.com; https://wordpress.com"
68.168.195.38 - - [21/Sep/2026:04:28:15 +0700] "POST /xmlrpc.php HTTP/1.1" 200 403 "-" "Jetpack by WordPress.com"
2405:201:a415:a06b:ec15:ce02:cfac:dbd7 - - [21/Sep/2026:04:28:17 +0700] "POST /xmlrpc.php HTTP/1.1" 200 403 "-" "Jetpack by WordPress.com (Jetpack 12.5; WordPress 6.1)"
2a09:bac5:b5a:79b::c2:11 - - [21/Sep/2026:04:28:18 +0700] "POST /xmlrpc.php HTTP/1.1" 200 403 "-" "Jetpack by WordPress.com (Jetpack 12.0; WordPress 6.1)"
68.168.195.38 - - [21/Sep/2026:04:28:25 +0700] "POST /xmlrpc.php HTTP/1.1" 200 403 "-" "WordPress.com; https://wordpress.com"
2a09:bac5:b5a:79b::c2:11 - - [21/Sep/2026:04:28:28 +0700] "POST /xmlrpc.php HTTP/1.1" 200 403 "-" "Jetpack/12.5; WordPress/6.4; http://site61255863.com"
2405:201:a415:a06b:ec15:ce02:cfac:dbd7 - - [21/Sep/2026:04:28:28 +0700] "POST /xmlrpc.php HTTP/1.1" 200 403 "-" "Jetpack by WordPress.com"
68.168.195.38 - - [21/Sep/2026:04:28:36 +0700] "POST /xmlrpc.php HTTP/1.1" 200 403 "-" "Jetpack/12.1; WordPress/6.4; http://site56939524.com"
2405:201:a415:a06b:ec15:ce02:cfac:dbd7 - - [21/Sep/2026:04:28:38 +0700] "POST /xmlrpc.php HTTP/1.1" 200 403 "-" "Jetpack by WordPress.com"
2a09:bac5:b5a:79b::c2:11 - - [21/Sep/2026:04:28:39 +0700] "POST /xmlrpc.php HTTP/1.1" 200 403 "-" "Jetpack/13.0; WordPress/6.1; http://site54096126.com"
68.168.195.38 - - [21/Sep/2026:04:28:46 +0700] "POST /xmlrpc.php HTTP/1.1" 200 403 "-" "Jetpack by WordPress.com (Jetpack 13.0; WordPress 6.3)"
2405:201:a415:a06b:ec15:ce02:cfac:dbd7 - - [21/Sep/2026:04:28:49 +0700] "POST /xmlrpc.php HTTP/1.1" 200 403 "-" "Jetpack by WordPress.com"
2a09:bac5:b5a:79b::c2:11 - - [21/Sep/2026:04:28:50 +0700] "POST /xmlrpc.php HTTP/1.1" 200 403 "-" "Jetpack/12.0; WordPress/6.1; http://site16008350.com"
68.168.195.38 - - [21/Sep/2026:04:28:57 +0700] "POST /xmlrpc.php HTTP/1.1" 200 403 "-" "Jetpack/12.0; WordPress/6.3; http://site72113364.com"
2a09:bac5:b5a:79b::c2:11 - - [21/Sep/2026:04:29:00 +0700] "POST /xmlrpc.php HTTP/1.1" 200 403 "-" "Jetpack/13.0; WordPress/6.2; http://site49617219.com"
2405:201:a415:a06b:ec15:ce02:cfac:dbd7 - - [21/Sep/2026:04:29:00 +0700] "POST /xmlrpc.php HTTP/1.1" 200 403 "-" "Jetpack by WordPress.com"
68.168.195.38 - - [21/Sep/2026:04:29:08 +0700] "POST /xmlrpc.php HTTP/1.1" 200 403 "-" "WordPress.com; https://wordpress.com"
2405:201:a415:a06b:ec15:ce02:cfac:dbd7 - - [21/Sep/2026:04:29:10 +0700] "POST /xmlrpc.php HTTP/1.1" 200 403 "-" "Jetpack by WordPress.com"
2a09:bac5:b5a:79b::c2:11 - - [21/Sep/2026:04:29:11 +0700] "POST /xmlrpc.php HTTP/1.1" 200 403 "-" "WordPress.com; https://wordpress.com"
68.168.195.38 - - [21/Sep/2026:04:29:18 +0700] "POST /xmlrpc.php HTTP/1.1" 200 403 "-" "Jetpack/12.0; WordPress/6.1; http://site28610180.com"
2a09:bac5:b5a:79b::c2:11 - - [21/Sep/2026:04:29:21 +0700] "POST /xmlrpc.php HTTP/1.1" 200 403 "-" "Jetpack/12.1; WordPress/6.1; http://site10062602.com"
2405:201:a415:a06b:ec15:ce02:cfac:dbd7 - - [21/Sep/2026:04:29:21 +0700] "POST /xmlrpc.php HTTP/1.1" 200 403 "-" "WordPress.com; https://wordpress.com"
68.168.195.38 - - [21/Sep/2026:04:29:29 +0700] "POST /xmlrpc.php HTTP/1.1" 200 403 "-" "Jetpack/13.0; WordPress/6.1; http://site76160462.com"
2405:201:a415:a06b:ec15:ce02:cfac:dbd7 - - [21/Sep/2026:04:29:32 +0700] "POST /xmlrpc.php HTTP/1.1" 200 403 "-" "WordPress.com; https://wordpress.com"
2a09:bac5:b5a:79b::c2:11 - - [21/Sep/2026:04:29:32 +0700] "POST /xmlrpc.php HTTP/1.1" 200 403 "-" "WordPress.com; https://wordpress.com"
68.168.195.38 - - [21/Sep/2026:04:29:39 +0700] "POST /xmlrpc.php HTTP/1.1" 200 403 "-" "Jetpack/12.1; WordPress/6.3; http://site41159591.com"
2405:201:a415:a06b:ec15:ce02:cfac:dbd7 - - [21/Sep/2026:04:29:42 +0700] "POST /xmlrpc.php HTTP/1.1" 200 403 "-" "Jetpack by WordPress.com (Jetpack 13.0; WordPress 6.4)"
2a09:bac5:b5a:79b::c2:11 - - [21/Sep/2026:04:29:43 +0700] "POST /xmlrpc.php HTTP/1.1" 200 403 "-" "Jetpack by WordPress.com"
68.168.195.38 - - [21/Sep/2026:04:29:50 +0700] "POST /xmlrpc.php HTTP/1.1" 200 403 "-" "Jetpack by WordPress.com"
2405:201:a415:a06b:ec15:ce02:cfac:dbd7 - - [21/Sep/2026:04:29:53 +0700] "POST /xmlrpc.php HTTP/1.1" 200 403 "-" "Jetpack by WordPress.com"
2a09:bac5:b5a:79b::c2:11 - - [21/Sep/2026:04:29:53 +0700] "POST /xmlrpc.php HTTP/1.1" 200 403 "-" "Jetpack by WordPress.com (Jetpack 12.0; WordPress 6.3)"
68.168.195.38 - - [21/Sep/2026:04:30:00 +0700] "POST /xmlrpc.php HTTP/1.1" 200 403 "-" "Jetpack by WordPress.com"
2405:201:a415:a06b:ec15:ce02:cfac:dbd7 - - [21/Sep/2026:04:30:04 +0700] "POST /xmlrpc.php HTTP/1.1" 200 403 "-" "Jetpack/12.5; WordPress/6.4; http://site57956676.com"
2a09:bac5:b5a:79b::c2:11 - - [21/Sep/2026:04:30:04 +0700] "POST /xmlrpc.php HTTP/1.1" 200 403 "-" "WordPress.com; https://wordpress.com"
68.168.195.38 - - [21/Sep/2026:04:30:11 +0700] "POST /xmlrpc.php HTTP/1.1" 200 403 "-" "Jetpack by WordPress.com"
2405:201:a415:a06b:ec15:ce02:cfac:dbd7 - - [21/Sep/2026:04:30:14 +0700] "POST /xmlrpc.php HTTP/1.1" 200 403 "-" "Jetpack by WordPress.com (Jetpack 12.1; WordPress 6.1)"
2a09:bac5:b5a:79b::c2:11 - - [21/Sep/2026:04:30:14 +0700] "POST /xmlrpc.php HTTP/1.1" 200 403 "-" "WordPress.com; https://wordpress.com"
68.168.195.38 - - [21/Sep/2026:04:30:21 +0700] "POST /xmlrpc.php HTTP/1.1" 200 403 "-" "WordPress.com; https://wordpress.com"
2405:201:a415:a06b:ec15:ce02:cfac:dbd7 - - [21/Sep/2026:04:30:25 +0700] "POST /xmlrpc.php HTTP/1.1" 200 403 "-" "WordPress.com; https://wordpress.com"
2a09:bac5:b5a:79b::c2:11 - - [21/Sep/2026:04:30:25 +0700] "POST /xmlrpc.php HTTP/1.1" 200 403 "-" "Jetpack/12.0; WordPress/6.2; http://site44855573.com"
68.168.195.38 - - [21/Sep/2026:04:30:32 +0700] "POST /xmlrpc.php HTTP/1.1" 200 403 "-" "WordPress.com; https://wordpress.com"
2405:201:a415:a06b:ec15:ce02:cfac:dbd7 - - [21/Sep/2026:04:30:35 +0700] "POST /xmlrpc.php HTTP/1.1" 200 403 "-" "Jetpack by WordPress.com (Jetpack 12.1; WordPress 6.1)"
2a09:bac5:b5a:79b::c2:11 - - [21/Sep/2026:04:30:36 +0700] "POST /xmlrpc.php HTTP/1.1" 200 403 "-" "Jetpack by WordPress.com (Jetpack 12.5; WordPress 6.3)"
68.168.195.38 - - [21/Sep/2026:04:30:42 +0700] "POST /xmlrpc.php HTTP/1.1" 200 403 "-" "Jetpack/13.0; WordPress/6.4; http://site34715608.com"
2405:201:a415:a06b:ec15:ce02:cfac:dbd7 - - [21/Sep/2026:04:30:46 +0700] "POST /xmlrpc.php HTTP/1.1" 200 403 "-" "Jetpack by WordPress.com (Jetpack 12.1; WordPress 6.3)"
2a09:bac5:b5a:79b::c2:11 - - [21/Sep/2026:04:30:46 +0700] "POST /xmlrpc.php HTTP/1.1" 200 403 "-" "Jetpack/12.1; WordPress/6.1; http://site93962091.com"
68.168.195.38 - - [21/Sep/2026:04:30:53 +0700] "POST /xmlrpc.php HTTP/1.1" 200 403 "-" "WordPress.com; https://wordpress.com"
2a09:bac5:b5a:79b::c2:11 - - [21/Sep/2026:04:30:57 +0700] "POST /xmlrpc.php HTTP/1.1" 200 403 "-" "Jetpack by WordPress.com"
2405:201:a415:a06b:ec15:ce02:cfac:dbd7 - - [21/Sep/2026:04:30:57 +0700] "POST /xmlrpc.php HTTP/1.1" 200 403 "-" "Jetpack by WordPress.com"
68.168.195.38 - - [21/Sep/2026:04:31:03 +0700] "POST /xmlrpc.php HTTP/1.1" 200 403 "-" "Jetpack by WordPress.com (Jetpack 12.5; WordPress 6.1)"
2a09:bac5:b5a:79b::c2:11 - - [21/Sep/2026:04:31:07 +0700] "POST /xmlrpc.php HTTP/1.1" 200 403 "-" "Jetpack by WordPress.com (Jetpack 12.5; WordPress 6.2)"
2405:201:a415:a06b:ec15:ce02:cfac:dbd7 - - [21/Sep/2026:04:31:07 +0700] "POST /xmlrpc.php HTTP/1.1" 200 403 "-" "WordPress.com; https://wordpress.com"
68.168.195.38 - - [21/Sep/2026:04:31:14 +0700] "POST /xmlrpc.php HTTP/1.1" 200 403 "-" "WordPress.com; https://wordpress.com"
2405:201:a415:a06b:ec15:ce02:cfac:dbd7 - - [21/Sep/2026:04:31:18 +0700] "POST /xmlrpc.php HTTP/1.1" 200 403 "-" "Jetpack/12.5; WordPress/6.1; http://site23511256.com"
2a09:bac5:b5a:79b::c2:11 - - [21/Sep/2026:04:31:18 +0700] "POST /xmlrpc.php HTTP/1.1" 200 403 "-" "Jetpack by WordPress.com (Jetpack 12.5; WordPress 6.2)"
68.168.195.38 - - [21/Sep/2026:04:31:24 +0700] "POST /xmlrpc.php HTTP/1.1" 200 403 "-" "Jetpack by WordPress.com"
2405:201:a415:a06b:ec15:ce02:cfac:dbd7 - - [21/Sep/2026:04:31:29 +0700] "POST /xmlrpc.php HTTP/1.1" 200 403 "-" "Jetpack/12.0; WordPress/6.2; http://site17767070.com"
2a09:bac5:b5a:79b::c2:11 - - [21/Sep/2026:04:31:28 +0700] "POST /xmlrpc.php HTTP/1.1" 200 403 "-" "Jetpack/12.1; WordPress/6.2; http://site18002833.com"
68.168.195.38 - - [21/Sep/2026:04:31:35 +0700] "POST /xmlrpc.php HTTP/1.1" 200 403 "-" "Jetpack by WordPress.com (Jetpack 13.0; WordPress 6.3)"
2a09:bac5:b5a:79b::c2:11 - - [21/Sep/2026:04:31:39 +0700] "POST /xmlrpc.php HTTP/1.1" 200 403 "-" "Jetpack/12.5; WordPress/6.2; http://site20712782.com"
2405:201:a415:a06b:ec15:ce02:cfac:dbd7 - - [21/Sep/2026:04:31:39 +0700] "POST /xmlrpc.php HTTP/1.1" 200 403 "-" "WordPress.com; https://wordpress.com"
68.168.195.38 - - [21/Sep/2026:04:31:45 +0700] "POST /xmlrpc.php HTTP/1.1" 200 403 "-" "Jetpack by WordPress.com (Jetpack 12.0; WordPress 6.1)"
2a09:bac5:b5a:79b::c2:11 - - [21/Sep/2026:04:31:50 +0700] "POST /xmlrpc.php HTTP/1.1" 200 403 "-" "Jetpack by WordPress.com (Jetpack 12.1; WordPress 6.1)"
2405:201:a415:a06b:ec15:ce02:cfac:dbd7 - - [21/Sep/2026:04:31:50 +0700] "POST /xmlrpc.php HTTP/1.1" 200 403 "-" "Jetpack by WordPress.com (Jetpack 12.0; WordPress 6.4)"
68.168.195.38 - - [21/Sep/2026:04:31:56 +0700] "POST /xmlrpc.php HTTP/1.1" 200 403 "-" "WordPress.com; https://wordpress.com"
2a09:bac5:b5a:79b::c2:11 - - [21/Sep/2026:04:32:00 +0700] "POST /xmlrpc.php HTTP/1.1" 200 403 "-" "Jetpack by WordPress.com (Jetpack 13.0; WordPress 6.1)"
2405:201:a415:a06b:ec15:ce02:cfac:dbd7 - - [21/Sep/2026:04:32:01 +0700] "POST /xmlrpc.php HTTP/1.1" 200 403 "-" "WordPress.com; https://wordpress.com"
68.168.195.38 - - [21/Sep/2026:04:32:06 +0700] "POST /xmlrpc.php HTTP/1.1" 200 403 "-" "Jetpack by WordPress.com (Jetpack 12.1; WordPress 6.4)"
2a09:bac5:b5a:79b::c2:11 - - [21/Sep/2026:04:32:11 +0700] "POST /xmlrpc.php HTTP/1.1" 200 403 "-" "Jetpack/12.5; WordPress/6.4; http://site27133294.com"
2405:201:a415:a06b:ec15:ce02:cfac:dbd7 - - [21/Sep/2026:04:32:11 +0700] "POST /xmlrpc.php HTTP/1.1" 200 403 "-" "Jetpack by WordPress.com (Jetpack 12.5; WordPress 6.1)"
68.168.195.38 - - [21/Sep/2026:04:32:17 +0700] "POST /xmlrpc.php HTTP/1.1" 200 403 "-" "Jetpack by WordPress.com"
2a09:bac5:b5a:79b::c2:11 - - [21/Sep/2026:04:32:21 +0700] "POST /xmlrpc.php HTTP/1.1" 200 403 "-" "WordPress.com; https://wordpress.com"
2405:201:a415:a06b:ec15:ce02:cfac:dbd7 - - [21/Sep/2026:04:32:22 +0700] "POST /xmlrpc.php HTTP/1.1" 200 403 "-" "Jetpack by WordPress.com"
68.168.195.38 - - [21/Sep/2026:04:32:27 +0700] "POST /xmlrpc.php HTTP/1.1" 200 403 "-" "Jetpack by WordPress.com"
2a09:bac5:b5a:79b::c2:11 - - [21/Sep/2026:04:32:32 +0700] "POST /xmlrpc.php HTTP/1.1" 200 403 "-" "Jetpack by WordPress.com"
2405:201:a415:a06b:ec15:ce02:cfac:dbd7 - - [21/Sep/2026:04:32:33 +0700] "POST /xmlrpc.php HTTP/1.1" 200 403 "-" "Jetpack/12.1; WordPress/6.3; http://site14721118.com"
68.168.195.38 - - [21/Sep/2026:04:32:38 +0700] "POST /xmlrpc.php HTTP/1.1" 200 403 "-" "Jetpack/12.1; WordPress/6.2; http://site32029615.com"
2a09:bac5:b5a:79b::c2:11 - - [21/Sep/2026:04:32:43 +0700] "POST /xmlrpc.php HTTP/1.1" 200 403 "-" "Jetpack/12.0; WordPress/6.4; http://site95851222.com"
2405:201:a415:a06b:ec15:ce02:cfac:dbd7 - - [21/Sep/2026:04:32:43 +0700] "POST /xmlrpc.php HTTP/1.1" 200 403 "-" "Jetpack/12.1; WordPress/6.4; http://site41160530.com"
68.168.195.38 - - [21/Sep/2026:04:32:48 +0700] "POST /xmlrpc.php HTTP/1.1" 200 403 "-" "Jetpack/12.0; WordPress/6.2; http://site87333766.com"
2a09:bac5:b5a:79b::c2:11 - - [21/Sep/2026:04:32:53 +0700] "POST /xmlrpc.php HTTP/1.1" 200 403 "-" "Jetpack/12.0; WordPress/6.3; http://site97940331.com"
2405:201:a415:a06b:ec15:ce02:cfac:dbd7 - - [21/Sep/2026:04:32:54 +0700] "POST /xmlrpc.php HTTP/1.1" 200 403 "-" "Jetpack by WordPress.com"
68.168.195.38 - - [21/Sep/2026:04:32:59 +0700] "POST /xmlrpc.php HTTP/1.1" 200 403 "-" "Jetpack by WordPress.com (Jetpack 12.5; WordPress 6.4)"
2a09:bac5:b5a:79b::c2:11 - - [21/Sep/2026:04:33:04 +0700] "POST /xmlrpc.php HTTP/1.1" 200 403 "-" "Jetpack by WordPress.com"
2405:201:a415:a06b:ec15:ce02:cfac:dbd7 - - [21/Sep/2026:04:33:05 +0700] "POST /xmlrpc.php HTTP/1.1" 200 403 "-" "Jetpack by WordPress.com"
68.168.195.38 - - [21/Sep/2026:04:33:19 +0700] "POST /xmlrpc.php HTTP/1.1" 200 403 "-" "Jetpack by WordPress.com (Jetpack 12.5; WordPress 6.4)"
68.168.195.38 - - [21/Sep/2026:04:33:25 +0700] "POST /xmlrpc.php HTTP/1.1" 200 403 "-" "Jetpack/13.0; WordPress/6.4; http://site31503856.com"
2a09:bac5:b5a:79b::c2:11 - - [21/Sep/2026:04:33:23 +0700] "POST /xmlrpc.php HTTP/1.1" 200 403 "-" "Jetpack by WordPress.com (Jetpack 12.1; WordPress 6.3)"
2405:201:a415:a06b:ec15:ce02:cfac:dbd7 - - [21/Sep/2026:04:33:23 +0700] "POST /xmlrpc.php HTTP/1.1" 200 403 "-" "Jetpack by WordPress.com (Jetpack 12.0; WordPress 6.1)"
68.168.195.38 - - [21/Sep/2026:04:33:30 +0700] "POST /xmlrpc.php HTTP/1.1" 200 403 "-" "WordPress.com; https://wordpress.com"
2405:201:a415:a06b:ec15:ce02:cfac:dbd7 - - [21/Sep/2026:04:33:37 +0700] "POST /xmlrpc.php HTTP/1.1" 200 403 "-" "Jetpack by WordPress.com"
2405:201:a415:a06b:ec15:ce02:cfac:dbd7 - - [21/Sep/2026:04:33:29 +0700] "POST /xmlrpc.php HTTP/1.1" 200 403 "-" "Jetpack by WordPress.com"
2a09:bac5:b5a:79b::c2:11 - - [21/Sep/2026:04:33:29 +0700] "POST /xmlrpc.php HTTP/1.1" 200 403 "-" "Jetpack by WordPress.com"
2a09:bac5:b5a:79b::c2:11 - - [21/Sep/2026:04:33:36 +0700] "POST /xmlrpc.php HTTP/1.1" 200 403 "-" "Jetpack by WordPress.com (Jetpack 13.0; WordPress 6.3)"
68.168.195.38 - - [21/Sep/2026:04:33:41 +0700] "POST /xmlrpc.php HTTP/1.1" 200 403 "-" "Jetpack/13.0; WordPress/6.2; http://site34279575.com"
2a09:bac5:b5a:79b::c2:11 - - [21/Sep/2026:04:33:46 +0700] "POST /xmlrpc.php HTTP/1.1" 200 403 "-" "Jetpack/12.5; WordPress/6.3; http://site17157968.com"
2405:201:a415:a06b:ec15:ce02:cfac:dbd7 - - [21/Sep/2026:04:33:47 +0700] "POST /xmlrpc.php HTTP/1.1" 200 403 "-" "Jetpack by WordPress.com (Jetpack 12.0; WordPress 6.2)"
68.168.195.38 - - [21/Sep/2026:04:33:51 +0700] "POST /xmlrpc.php HTTP/1.1" 200 403 "-" "WordPress.com; https://wordpress.com"
2405:201:a415:a06b:ec15:ce02:cfac:dbd7 - - [21/Sep/2026:04:33:58 +0700] "POST /xmlrpc.php HTTP/1.1" 200 403 "-" "Jetpack/12.5; WordPress/6.1; http://site76142375.com"
2a09:bac5:b5a:79b::c2:11 - - [21/Sep/2026:04:33:57 +0700] "POST /xmlrpc.php HTTP/1.1" 200 403 "-" "WordPress.com; https://wordpress.com"
68.168.195.38 - - [21/Sep/2026:04:34:02 +0700] "POST /xmlrpc.php HTTP/1.1" 200 403 "-" "Jetpack/12.5; WordPress/6.3; http://site38041604.com"
2405:201:a415:a06b:ec15:ce02:cfac:dbd7 - - [21/Sep/2026:04:34:09 +0700] "POST /xmlrpc.php HTTP/1.1" 200 403 "-" "WordPress.com; https://wordpress.com"
2a09:bac5:b5a:79b::c2:11 - - [21/Sep/2026:04:34:08 +0700] "POST /xmlrpc.php HTTP/1.1" 200 403 "-" "Jetpack by WordPress.com"
68.168.195.38 - - [21/Sep/2026:04:34:12 +0700] "POST /xmlrpc.php HTTP/1.1" 200 403 "-" "WordPress.com; https://wordpress.com"
2a09:bac5:b5a:79b::c2:11 - - [21/Sep/2026:04:34:18 +0700] "POST /xmlrpc.php HTTP/1.1" 200 403 "-" "Jetpack/13.0; WordPress/6.3; http://site82856247.com"
2405:201:a415:a06b:ec15:ce02:cfac:dbd7 - - [21/Sep/2026:04:34:19 +0700] "POST /xmlrpc.php HTTP/1.1" 200 403 "-" "Jetpack/12.0; WordPress/6.1; http://site24621040.com"
68.168.195.38 - - [21/Sep/2026:04:34:23 +0700] "POST /xmlrpc.php HTTP/1.1" 200 403 "-" "WordPress.com; https://wordpress.com"
2405:201:a415:a06b:ec15:ce02:cfac:dbd7 - - [21/Sep/2026:04:34:30 +0700] "POST /xmlrpc.php HTTP/1.1" 200 403 "-" "WordPress.com; https://wordpress.com"
2a09:bac5:b5a:79b::c2:11 - - [21/Sep/2026:04:34:29 +0700] "POST /xmlrpc.php HTTP/1.1" 200 403 "-" "Jetpack/13.0; WordPress/6.1; http://site43306187.com"
68.168.195.38 - - [21/Sep/2026:04:34:33 +0700] "POST /xmlrpc.php HTTP/1.1" 200 403 "-" "Jetpack by WordPress.com (Jetpack 12.5; WordPress 6.1)"
2a09:bac5:b5a:79b::c2:11 - - [21/Sep/2026:04:34:40 +0700] "POST /xmlrpc.php HTTP/1.1" 200 403 "-" "Jetpack by WordPress.com"
2405:201:a415:a06b:ec15:ce02:cfac:dbd7 - - [21/Sep/2026:04:34:41 +0700] "POST /xmlrpc.php HTTP/1.1" 200 403 "-" "WordPress.com; https://wordpress.com"
68.168.195.38 - - [21/Sep/2026:04:34:44 +0700] "POST /xmlrpc.php HTTP/1.1" 200 403 "-" "Jetpack by WordPress.com (Jetpack 12.1; WordPress 6.2)"
2405:201:a415:a06b:ec15:ce02:cfac:dbd7 - - [21/Sep/2026:04:34:51 +0700] "POST /xmlrpc.php HTTP/1.1" 200 403 "-" "Jetpack by WordPress.com (Jetpack 12.0; WordPress 6.3)"
2a09:bac5:b5a:79b::c2:11 - - [21/Sep/2026:04:34:50 +0700] "POST /xmlrpc.php HTTP/1.1" 200 403 "-" "Jetpack by WordPress.com"
68.168.195.38 - - [21/Sep/2026:04:34:54 +0700] "POST /xmlrpc.php HTTP/1.1" 200 403 "-" "Jetpack by WordPress.com (Jetpack 13.0; WordPress 6.1)"
2405:201:a415:a06b:ec15:ce02:cfac:dbd7 - - [21/Sep/2026:04:35:02 +0700] "POST /xmlrpc.php HTTP/1.1" 200 403 "-" "Jetpack/12.0; WordPress/6.3; http://site60064199.com"
2a09:bac5:b5a:79b::c2:11 - - [21/Sep/2026:04:35:01 +0700] "POST /xmlrpc.php HTTP/1.1" 200 403 "-" "WordPress.com; https://wordpress.com"
68.168.195.38 - - [21/Sep/2026:04:35:05 +0700] "POST /xmlrpc.php HTTP/1.1" 200 403 "-" "Jetpack/12.1; WordPress/6.4; http://site22310641.com"
2405:201:a415:a06b:ec15:ce02:cfac:dbd7 - - [21/Sep/2026:04:35:13 +0700] "POST /xmlrpc.php HTTP/1.1" 200 403 "-" "WordPress.com; https://wordpress.com"
2a09:bac5:b5a:79b::c2:11 - - [21/Sep/2026:04:35:11 +0700] "POST /xmlrpc.php HTTP/1.1" 200 403 "-" "WordPress.com; https://wordpress.com"
68.168.195.38 - - [21/Sep/2026:04:35:16 +0700] "POST /xmlrpc.php HTTP/1.1" 200 403 "-" "WordPress.com; https://wordpress.com"
2a09:bac5:b5a:79b::c2:11 - - [21/Sep/2026:04:35:22 +0700] "POST /xmlrpc.php HTTP/1.1" 200 403 "-" "Jetpack by WordPress.com"
2405:201:a415:a06b:ec15:ce02:cfac:dbd7 - - [21/Sep/2026:04:35:23 +0700] "POST /xmlrpc.php HTTP/1.1" 200 403 "-" "Jetpack by WordPress.com"
68.168.195.38 - - [21/Sep/2026:04:35:26 +0700] "POST /xmlrpc.php HTTP/1.1" 200 403 "-" "Jetpack by WordPress.com"
68.168.195.38 - - [21/Sep/2026:04:35:37 +0700] "POST /xmlrpc.php HTTP/1.1" 200 403 "-" "Jetpack by WordPress.com (Jetpack 12.1; WordPress 6.1)"
2405:201:a415:a06b:ec15:ce02:cfac:dbd7 - - [21/Sep/2026:04:35:34 +0700] "POST /xmlrpc.php HTTP/1.1" 200 403 "-" "Jetpack/12.0; WordPress/6.2; http://site45600036.com"
2a09:bac5:b5a:79b::c2:11 - - [21/Sep/2026:04:35:34 +0700] "POST /xmlrpc.php HTTP/1.1" 200 403 "-" "Jetpack by WordPress.com"
2a09:bac5:b5a:79b::c2:11 - - [21/Sep/2026:04:35:43 +0700] "POST /xmlrpc.php HTTP/1.1" 200 403 "-" "Jetpack by WordPress.com (Jetpack 12.5; WordPress 6.3)"
2405:201:a415:a06b:ec15:ce02:cfac:dbd7 - - [21/Sep/2026:04:35:45 +0700] "POST /xmlrpc.php HTTP/1.1" 200 403 "-" "Jetpack/13.0; WordPress/6.2; http://site46089351.com"
68.168.195.38 - - [21/Sep/2026:04:35:47 +0700] "POST /xmlrpc.php HTTP/1.1" 200 403 "-" "Jetpack by WordPress.com"
2405:201:a415:a06b:ec15:ce02:cfac:dbd7 - - [21/Sep/2026:04:35:55 +0700] "POST /xmlrpc.php HTTP/1.1" 200 403 "-" "Jetpack/12.5; WordPress/6.3; http://site67960705.com"
2a09:bac5:b5a:79b::c2:11 - - [21/Sep/2026:04:35:54 +0700] "POST /xmlrpc.php HTTP/1.1" 200 403 "-" "Jetpack by WordPress.com (Jetpack 12.5; WordPress 6.2)"
68.168.195.38 - - [21/Sep/2026:04:35:58 +0700] "POST /xmlrpc.php HTTP/1.1" 200 403 "-" "Jetpack by WordPress.com"
2405:201:a415:a06b:ec15:ce02:cfac:dbd7 - - [21/Sep/2026:04:36:06 +0700] "POST /xmlrpc.php HTTP/1.1" 200 403 "-" "WordPress.com; https://wordpress.com"
2a09:bac5:b5a:79b::c2:11 - - [21/Sep/2026:04:36:04 +0700] "POST /xmlrpc.php HTTP/1.1" 200 403 "-" "Jetpack by WordPress.com (Jetpack 13.0; WordPress 6.2)"
68.168.195.38 - - [21/Sep/2026:04:36:10 +0700] "POST /xmlrpc.php HTTP/1.1" 200 403 "-" "Jetpack by WordPress.com (Jetpack 12.0; WordPress 6.1)"
2a09:bac5:b5a:79b::c2:11 - - [21/Sep/2026:04:36:19 +0700] "POST /xmlrpc.php HTTP/1.1" 200 403 "-" "WordPress.com; https://wordpress.com"
2405:201:a415:a06b:ec15:ce02:cfac:dbd7 - - [21/Sep/2026:04:36:21 +0700] "POST /xmlrpc.php HTTP/1.1" 200 403 "-" "Jetpack by WordPress.com"
134.185.85.61 - - [21/Sep/2026:04:36:25 +0700] "GET /wp-login.php HTTP/1.1" 200 7357 "-" "Mozilla/5.0 (Macintosh; Intel Mac OS X 10_15_7) AppleWebKit/605.1.15 Version/17.0 Safari/605.1.15"
134.185.85.61 - - [21/Sep/2026:04:36:32 +0700] "GET /?author=1 HTTP/1.1" 301 - "-" "Mozilla/5.0 (Windows NT 10.0; Win64; x64) AppleWebKit/537.36 Chrome/129.0.0.0 Safari/537.36"
2a09:bac5:b5a:79b::c2:11 - - [21/Sep/2026:04:36:32 +0700] "POST /xmlrpc.php HTTP/1.1" 200 403 "-" "Jetpack by WordPress.com"
2405:201:a415:a06b:ec15:ce02:cfac:dbd7 - - [21/Sep/2026:04:36:35 +0700] "POST /xmlrpc.php HTTP/1.1" 200 403 "-" "Jetpack/12.1; WordPress/6.4; http://site53577238.com"
134.185.85.61 - - [21/Sep/2026:04:36:36 +0700] "GET /?rest_route=/wp/v2/users HTTP/1.1" 200 8536 "-" "Mozilla/5.0 (Windows NT 10.0; Win64; x64) AppleWebKit/537.36 Chrome/129.0.0.0 Safari/537.36"
134.185.85.61 - - [21/Sep/2026:04:36:39 +0700] "GET /feed HTTP/1.1" 301 - "-" "Mozilla/5.0 (Windows NT 10.0; Win64; x64) AppleWebKit/537.36 Chrome/129.0.0.0 Safari/537.36"
134.185.85.61 - - [21/Sep/2026:04:36:40 +0700] "GET /feed/ HTTP/1.1" 200 150783 "-" "Mozilla/5.0 (Windows NT 10.0; Win64; x64) AppleWebKit/537.36 Chrome/129.0.0.0 Safari/537.36"
2a09:bac5:b5a:79b::c2:11 - - [21/Sep/2026:04:36:50 +0700] "POST /xmlrpc.php HTTP/1.1" 200 403 "-" "Jetpack/12.5; WordPress/6.4; http://site87281247.com"
2405:201:a415:a06b:ec15:ce02:cfac:dbd7 - - [21/Sep/2026:04:37:03 +0700] "POST /xmlrpc.php HTTP/1.1" 200 403 "-" "Jetpack by WordPress.com"
2a09:bac5:b5a:79b::c2:11 - - [21/Sep/2026:04:37:22 +0700] "POST /xmlrpc.php HTTP/1.1" 200 403 "-" "WordPress.com; https://wordpress.com"
2405:201:a415:a06b:ec15:ce02:cfac:dbd7 - - [21/Sep/2026:04:37:29 +0700] "POST /xmlrpc.php HTTP/1.1" 200 403 "-" "WordPress.com; https://wordpress.com"
2a09:bac5:b5a:79b::c2:11 - - [21/Sep/2026:04:37:42 +0700] "POST /xmlrpc.php HTTP/1.1" 200 403 "-" "Jetpack by WordPress.com (Jetpack 12.0; WordPress 6.2)"
2405:201:a415:a06b:ec15:ce02:cfac:dbd7 - - [21/Sep/2026:04:37:45 +0700] "POST /xmlrpc.php HTTP/1.1" 200 403 "-" "WordPress.com; https://wordpress.com"
2a09:bac5:b5a:79b::c2:11 - - [21/Sep/2026:04:37:54 +0700] "POST /xmlrpc.php HTTP/1.1" 200 403 "-" "Jetpack by WordPress.com"
2405:201:a415:a06b:ec15:ce02:cfac:dbd7 - - [21/Sep/2026:04:37:57 +0700] "POST /xmlrpc.php HTTP/1.1" 200 403 "-" "Jetpack by WordPress.com (Jetpack 12.5; WordPress 6.3)"
2a09:bac5:b5a:79b::c2:11 - - [21/Sep/2026:04:38:09 +0700] "POST /xmlrpc.php HTTP/1.1" 200 403 "-" "WordPress.com; https://wordpress.com"
2405:201:a415:a06b:ec15:ce02:cfac:dbd7 - - [21/Sep/2026:04:38:15 +0700] "POST /xmlrpc.php HTTP/1.1" 200 403 "-" "Jetpack by WordPress.com"
2405:201:a415:a06b:ec15:ce02:cfac:dbd7 - - [21/Sep/2026:04:38:34 +0700] "POST /xmlrpc.php HTTP/1.1" 200 403 "-" "WordPress.com; https://wordpress.com"
2a09:bac5:b5a:79b::c2:11 - - [21/Sep/2026:04:38:32 +0700] "POST /xmlrpc.php HTTP/1.1" 200 403 "-" "Jetpack/12.1; WordPress/6.1; http://site45618971.com"
2a09:bac5:b5a:79b::c2:11 - - [21/Sep/2026:04:38:44 +0700] "POST /xmlrpc.php HTTP/1.1" 200 403 "-" "Jetpack/12.1; WordPress/6.4; http://site20258554.com"
2405:201:a415:a06b:ec15:ce02:cfac:dbd7 - - [21/Sep/2026:04:38:52 +0700] "POST /xmlrpc.php HTTP/1.1" 200 403 "-" "WordPress.com; https://wordpress.com"
43.133.69.37 - - [21/Sep/2026:04:38:58 +0700] "GET /wp-content/uploads/2026/04/Truewallet-1-150x150.webp HTTP/1.1" 200 9674 "-" "Mozilla/5.0 (iPhone; CPU iPhone OS 13_2_3 like Mac OS X) AppleWebKit/605.1.15 (KHTML, like Gecko) Version/13.0.3 Mobile/15E148 Safari/604.1"
2405:201:a415:a06b:ec15:ce02:cfac:dbd7 - - [21/Sep/2026:04:38:59 +0700] "POST /xmlrpc.php HTTP/1.1" 200 403 "-" "Jetpack/12.5; WordPress/6.4; http://site85111517.com"
2a09:bac5:b5a:79b::c2:11 - - [21/Sep/2026:04:39:03 +0700] "POST /xmlrpc.php HTTP/1.1" 200 403 "-" "Jetpack by WordPress.com"
2405:201:a415:a06b:ec15:ce02:cfac:dbd7 - - [21/Sep/2026:04:39:15 +0700] "POST /xmlrpc.php HTTP/1.1" 200 403 "-" "Jetpack by WordPress.com (Jetpack 12.1; WordPress 6.4)"
2a09:bac5:b5a:79b::c2:11 - - [21/Sep/2026:04:39:14 +0700] "POST /xmlrpc.php HTTP/1.1" 200 403 "-" "Jetpack/13.0; WordPress/6.4; http://site49552924.com"
2405:201:a415:a06b:ec15:ce02:cfac:dbd7 - - [21/Sep/2026:04:39:24 +0700] "POST /xmlrpc.php HTTP/1.1" 200 403 "-" "Jetpack by WordPress.com (Jetpack 12.5; WordPress 6.4)"
2a09:bac5:b5a:79b::c2:11 - - [21/Sep/2026:04:39:25 +0700] "POST /xmlrpc.php HTTP/1.1" 200 403 "-" "Jetpack by WordPress.com (Jetpack 13.0; WordPress 6.3)"
2405:201:a415:a06b:ec15:ce02:cfac:dbd7 - - [21/Sep/2026:04:39:28 +0700] "POST /xmlrpc.php HTTP/1.1" 200 403 "-" "Jetpack/12.1; WordPress/6.3; http://site93944660.com"
2a09:bac5:b5a:79b::c2:11 - - [21/Sep/2026:04:39:29 +0700] "POST /xmlrpc.php HTTP/1.1" 200 403 "-" "Jetpack by WordPress.com"
2405:201:a415:a06b:ec15:ce02:cfac:dbd7 - - [21/Sep/2026:04:39:38 +0700] "POST /xmlrpc.php HTTP/1.1" 200 403 "-" "Jetpack by WordPress.com (Jetpack 12.1; WordPress 6.4)"
2a09:bac5:b5a:79b::c2:11 - - [21/Sep/2026:04:39:44 +0700] "POST /xmlrpc.php HTTP/1.1" 200 403 "-" "Jetpack/12.1; WordPress/6.4; http://site42985823.com"
2a09:bac5:b5a:79b::c2:11 - - [21/Sep/2026:04:39:47 +0700] "POST /xmlrpc.php HTTP/1.1" 200 403 "-" "WordPress.com; https://wordpress.com"
2405:201:a415:a06b:ec15:ce02:cfac:dbd7 - - [21/Sep/2026:04:39:52 +0700] "POST /xmlrpc.php HTTP/1.1" 200 403 "-" "Jetpack/12.1; WordPress/6.4; http://site49436990.com"
2a09:bac5:b5a:79b::c2:11 - - [21/Sep/2026:04:39:56 +0700] "POST /xmlrpc.php HTTP/1.1" 200 403 "-" "WordPress.com; https://wordpress.com"
2405:201:a415:a06b:ec15:ce02:cfac:dbd7 - - [21/Sep/2026:04:39:56 +0700] "POST /xmlrpc.php HTTP/1.1" 200 403 "-" "WordPress.com; https://wordpress.com"
2405:201:a415:a06b:ec15:ce02:cfac:dbd7 - - [21/Sep/2026:04:40:02 +0700] "POST /xmlrpc.php HTTP/1.1" 200 403 "-" "Jetpack by WordPress.com (Jetpack 12.0; WordPress 6.1)"
2a09:bac5:b5a:79b::c2:11 - - [21/Sep/2026:04:40:03 +0700] "POST /xmlrpc.php HTTP/1.1" 200 403 "-" "Jetpack by WordPress.com"
2a09:bac5:b5a:79b::c2:11 - - [21/Sep/2026:04:40:07 +0700] "POST /xmlrpc.php HTTP/1.1" 200 403 "-" "WordPress.com; https://wordpress.com"
2405:201:a415:a06b:ec15:ce02:cfac:dbd7 - - [21/Sep/2026:04:40:08 +0700] "POST /xmlrpc.php HTTP/1.1" 200 403 "-" "Jetpack/12.1; WordPress/6.2; http://site57966577.com"
2a09:bac5:b5a:79b::c2:11 - - [21/Sep/2026:04:40:11 +0700] "POST /xmlrpc.php HTTP/1.1" 200 403 "-" "Jetpack by WordPress.com"
2405:201:a415:a06b:ec15:ce02:cfac:dbd7 - - [21/Sep/2026:04:40:13 +0700] "POST /xmlrpc.php HTTP/1.1" 200 403 "-" "WordPress.com; https://wordpress.com"
2a09:bac5:b5a:79b::c2:11 - - [21/Sep/2026:04:40:20 +0700] "POST /xmlrpc.php HTTP/1.1" 200 403 "-" "Jetpack by WordPress.com"
2405:201:a415:a06b:ec15:ce02:cfac:dbd7 - - [21/Sep/2026:04:40:22 +0700] "POST /xmlrpc.php HTTP/1.1" 200 403 "-" "Jetpack/12.1; WordPress/6.2; http://site80248839.com"
2405:201:a415:a06b:ec15:ce02:cfac:dbd7 - - [21/Sep/2026:04:40:29 +0700] "POST /xmlrpc.php HTTP/1.1" 200 403 "-" "Jetpack by WordPress.com"
2a09:bac5:b5a:79b::c2:11 - - [21/Sep/2026:04:40:27 +0700] "POST /xmlrpc.php HTTP/1.1" 200 403 "-" "Jetpack by WordPress.com (Jetpack 12.5; WordPress 6.4)"
2405:201:a415:a06b:ec15:ce02:cfac:dbd7 - - [21/Sep/2026:04:40:36 +0700] "POST /xmlrpc.php HTTP/1.1" 200 403 "-" "Jetpack by WordPress.com (Jetpack 12.0; WordPress 6.1)"
2a09:bac5:b5a:79b::c2:11 - - [21/Sep/2026:04:40:35 +0700] "POST /xmlrpc.php HTTP/1.1" 200 403 "-" "WordPress.com; https://wordpress.com"
2a09:bac5:b5a:79b::c2:11 - - [21/Sep/2026:04:40:40 +0700] "POST /xmlrpc.php HTTP/1.1" 200 403 "-" "Jetpack by WordPress.com (Jetpack 13.0; WordPress 6.4)"
190.145.240.168 - - [21/Sep/2026:04:40:46 +0700] "GET /wp-login.php HTTP/1.1" 200 7357 "-" "Mozilla/5.0 (Windows NT 10.0; Win64; x64) AppleWebKit/537.36 (KHTML, like Gecko) Chrome/124.0.0.0 Safari/537.36"
2405:201:a415:a06b:ec15:ce02:cfac:dbd7 - - [21/Sep/2026:04:40:43 +0700] "POST /xmlrpc.php HTTP/1.1" 200 403 "-" "WordPress.com; https://wordpress.com"
2a09:bac5:b5a:79b::c2:11 - - [21/Sep/2026:04:40:46 +0700] "POST /xmlrpc.php HTTP/1.1" 200 403 "-" "Jetpack by WordPress.com (Jetpack 13.0; WordPress 6.3)"
2405:201:a415:a06b:ec15:ce02:cfac:dbd7 - - [21/Sep/2026:04:40:50 +0700] "POST /xmlrpc.php HTTP/1.1" 200 403 "-" "Jetpack by WordPress.com"
2a09:bac5:b5a:79b::c2:11 - - [21/Sep/2026:04:40:53 +0700] "POST /xmlrpc.php HTTP/1.1" 200 403 "-" "Jetpack/12.1; WordPress/6.1; http://site85134410.com"
2405:201:a415:a06b:ec15:ce02:cfac:dbd7 - - [21/Sep/2026:04:40:56 +0700] "POST /xmlrpc.php HTTP/1.1" 200 403 "-" "Jetpack by WordPress.com (Jetpack 12.0; WordPress 6.1)"
82.224.163.144 - - [21/Sep/2026:04:41:01 +0700] "GET /wp-login.php HTTP/1.1" 200 7357 "-" "Mozilla/5.0 (Macintosh; Intel Mac OS X 10_15_7) AppleWebKit/605.1.15 (KHTML, like Gecko) Version/18.0 Safari/605.1.15"
2a09:bac5:b5a:79b::c2:11 - - [21/Sep/2026:04:41:00 +0700] "POST /xmlrpc.php HTTP/1.1" 200 403 "-" "WordPress.com; https://wordpress.com"
2405:201:a415:a06b:ec15:ce02:cfac:dbd7 - - [21/Sep/2026:04:41:03 +0700] "POST /xmlrpc.php HTTP/1.1" 200 403 "-" "Jetpack by WordPress.com (Jetpack 12.1; WordPress 6.3)"
2a09:bac5:b5a:79b::c2:11 - - [21/Sep/2026:04:41:07 +0700] "POST /xmlrpc.php HTTP/1.1" 200 403 "-" "WordPress.com; https://wordpress.com"
2a01:cb14:1226:b900:2851:1e79:6f38:a545 - - [21/Sep/2026:04:41:09 +0700] "POST /xmlrpc.php HTTP/1.1" 200 1190 "-" "Mozilla/5.0 (Windows NT 10.0; Win64; x64; rv:133.0) Gecko/20100101 Firefox/133.0"
2405:201:a415:a06b:ec15:ce02:cfac:dbd7 - - [21/Sep/2026:04:41:10 +0700] "POST /xmlrpc.php HTTP/1.1" 200 403 "-" "Jetpack by WordPress.com (Jetpack 12.5; WordPress 6.3)"
2a09:bac5:b5a:79b::c2:11 - - [21/Sep/2026:04:41:14 +0700] "POST /xmlrpc.php HTTP/1.1" 200 403 "-" "Jetpack by WordPress.com (Jetpack 12.1; WordPress 6.3)"
102.96.178.140 - - [21/Sep/2026:04:41:18 +0700] "POST /xmlrpc.php HTTP/1.1" 200 1190 "-" "Mozilla/5.0 (Macintosh; Intel Mac OS X 10_15_7) AppleWebKit/605.1.15 (KHTML, like Gecko) Version/18.0 Safari/605.1.15"
2405:201:a415:a06b:ec15:ce02:cfac:dbd7 - - [21/Sep/2026:04:41:20 +0700] "POST /xmlrpc.php HTTP/1.1" 200 403 "-" "WordPress.com; https://wordpress.com"
2a09:bac5:b5a:79b::c2:11 - - [21/Sep/2026:04:41:23 +0700] "POST /xmlrpc.php HTTP/1.1" 200 403 "-" "Jetpack/12.5; WordPress/6.4; http://site56745523.com"
2405:201:a415:a06b:ec15:ce02:cfac:dbd7 - - [21/Sep/2026:04:41:27 +0700] "POST /xmlrpc.php HTTP/1.1" 200 403 "-" "Jetpack by WordPress.com"
2a09:bac5:b5a:79b::c2:11 - - [21/Sep/2026:04:41:33 +0700] "POST /xmlrpc.php HTTP/1.1" 200 403 "-" "WordPress.com; https://wordpress.com"
2405:201:a415:a06b:ec15:ce02:cfac:dbd7 - - [21/Sep/2026:04:41:37 +0700] "POST /xmlrpc.php HTTP/1.1" 200 403 "-" "Jetpack/13.0; WordPress/6.2; http://site38174357.com"
79.145.35.181 - - [21/Sep/2026:04:41:42 +0700] "GET /wp-login.php HTTP/1.1" 200 7357 "-" "Mozilla/5.0 (Windows NT 10.0; Win64; x64) AppleWebKit/537.36 (KHTML, like Gecko) Chrome/124.0.0.0 Safari/537.36"
2a09:bac5:b5a:79b::c2:11 - - [21/Sep/2026:04:41:44 +0700] "POST /xmlrpc.php HTTP/1.1" 200 403 "-" "Jetpack/13.0; WordPress/6.1; http://site87987762.com"
79.145.35.181 - - [21/Sep/2026:04:41:48 +0700] "POST /wp-login.php HTTP/1.1" 302 - "https://kodyub333v2.com/wp-login.php" "Mozilla/5.0 (Windows NT 10.0; Win64; x64) AppleWebKit/537.36 (KHTML, like Gecko) Chrome/124.0.0.0 Safari/537.36"
2405:201:a415:a06b:ec15:ce02:cfac:dbd7 - - [21/Sep/2026:04:41:47 +0700] "POST /xmlrpc.php HTTP/1.1" 200 403 "-" "Jetpack/12.1; WordPress/6.1; http://site89264201.com"
59.153.220.110 - - [21/Sep/2026:04:41:54 +0700] "GET /wp-login.php HTTP/1.1" 200 7357 "-" "Mozilla/5.0 (Windows NT 10.0; Win64; x64) AppleWebKit/537.36 (KHTML, like Gecko) Chrome/124.0.0.0 Safari/537.36"
2a09:bac5:b5a:79b::c2:11 - - [21/Sep/2026:04:41:55 +0700] "POST /xmlrpc.php HTTP/1.1" 200 403 "-" "Jetpack/12.0; WordPress/6.1; http://site75525970.com"
79.145.35.181 - - [21/Sep/2026:04:41:52 +0700] "GET /wp-admin/ HTTP/1.1" 200 208264 "https://kodyub333v2.com/wp-login.php" "Mozilla/5.0 (Windows NT 10.0; Win64; x64) AppleWebKit/537.36 (KHTML, like Gecko) Chrome/124.0.0.0 Safari/537.36"
2405:201:a415:a06b:ec15:ce02:cfac:dbd7 - - [21/Sep/2026:04:41:58 +0700] "POST /xmlrpc.php HTTP/1.1" 200 403 "-" "Jetpack by WordPress.com (Jetpack 13.0; WordPress 6.3)"
59.153.220.110 - - [21/Sep/2026:04:42:00 +0700] "POST /wp-login.php HTTP/1.1" 302 - "https://kodyub333v2.com/wp-login.php" "Mozilla/5.0 (Windows NT 10.0; Win64; x64) AppleWebKit/537.36 (KHTML, like Gecko) Chrome/124.0.0.0 Safari/537.36"
2a09:bac5:b5a:79b::c2:11 - - [21/Sep/2026:04:42:05 +0700] "POST /xmlrpc.php HTTP/1.1" 200 403 "-" "Jetpack by WordPress.com"
79.145.35.181 - - [21/Sep/2026:04:42:06 +0700] "GET /wp-admin/ HTTP/1.1" 200 208195 "-" "Mozilla/5.0 (Windows NT 10.0; Win64; x64) AppleWebKit/537.36 (KHTML, like Gecko) Chrome/124.0.0.0 Safari/537.36"
59.153.220.110 - - [21/Sep/2026:04:42:08 +0700] "GET /wp-admin/ HTTP/1.1" 200 208197 "https://kodyub333v2.com/wp-login.php" "Mozilla/5.0 (Windows NT 10.0; Win64; x64) AppleWebKit/537.36 (KHTML, like Gecko) Chrome/124.0.0.0 Safari/537.36"
2405:201:a415:a06b:ec15:ce02:cfac:dbd7 - - [21/Sep/2026:04:42:09 +0700] "POST /xmlrpc.php HTTP/1.1" 200 403 "-" "Jetpack by WordPress.com (Jetpack 12.5; WordPress 6.4)"
2a09:bac5:b5a:79b::c2:11 - - [21/Sep/2026:04:42:17 +0700] "POST /xmlrpc.php HTTP/1.1" 200 403 "-" "Jetpack by WordPress.com (Jetpack 13.0; WordPress 6.2)"
79.145.35.181 - - [21/Sep/2026:04:42:21 +0700] "GET /wp-admin/plugin-editor.php HTTP/1.1" 200 152863 "-" "Mozilla/5.0 (Windows NT 10.0; Win64; x64) AppleWebKit/537.36 (KHTML, like Gecko) Chrome/124.0.0.0 Safari/537.36"
59.153.220.110 - - [21/Sep/2026:04:42:20 +0700] "GET /wp-admin/ HTTP/1.1" 200 208195 "-" "Mozilla/5.0 (Windows NT 10.0; Win64; x64) AppleWebKit/537.36 (KHTML, like Gecko) Chrome/124.0.0.0 Safari/537.36"
2405:201:a415:a06b:ec15:ce02:cfac:dbd7 - - [21/Sep/2026:04:42:30 +0700] "POST /xmlrpc.php HTTP/1.1" 200 403 "-" "Jetpack/13.0; WordPress/6.2; http://site42178007.com"
79.145.35.181 - - [21/Sep/2026:04:42:36 +0700] "GET /wp-admin/plugin-install.php HTTP/1.1" 200 40322 "-" "Mozilla/5.0 (Windows NT 10.0; Win64; x64) AppleWebKit/537.36 (KHTML, like Gecko) Chrome/124.0.0.0 Safari/537.36"
2a09:bac5:b5a:79b::c2:11 - - [21/Sep/2026:04:42:49 +0700] "POST /xmlrpc.php HTTP/1.1" 200 403 "-" "WordPress.com; https://wordpress.com"
79.145.35.181 - - [21/Sep/2026:04:42:39 +0700] "GET /wp-admin/plugins.php?plugin_status=all HTTP/1.1" 200 40322 "-" "Mozilla/5.0 (Windows NT 10.0; Win64; x64) AppleWebKit/537.36 (KHTML, like Gecko) Chrome/124.0.0.0 Safari/537.36"
59.153.220.110 - - [21/Sep/2026:04:42:44 +0700] "GET /wp-admin/plugin-editor.php HTTP/1.1" 200 152863 "-" "Mozilla/5.0 (Windows NT 10.0; Win64; x64) AppleWebKit/537.36 (KHTML, like Gecko) Chrome/124.0.0.0 Safari/537.36"
2405:201:a415:a06b:ec15:ce02:cfac:dbd7 - - [21/Sep/2026:04:42:57 +0700] "POST /xmlrpc.php HTTP/1.1" 200 403 "-" "Jetpack/12.5; WordPress/6.2; http://site89726047.com"
2405:201:a415:a06b:ec15:ce02:cfac:dbd7 - - [21/Sep/2026:04:43:10 +0700] "POST /xmlrpc.php HTTP/1.1" 200 403 "-" "WordPress.com; https://wordpress.com"
2a09:bac5:b5a:79b::c2:11 - - [21/Sep/2026:04:43:15 +0700] "POST /xmlrpc.php HTTP/1.1" 200 403 "-" "Jetpack by WordPress.com (Jetpack 12.1; WordPress 6.3)"
2a09:bac5:b5a:79b::c2:11 - - [21/Sep/2026:04:43:06 +0700] "POST /xmlrpc.php HTTP/1.1" 200 403 "-" "Jetpack by WordPress.com (Jetpack 12.5; WordPress 6.4)"
59.153.220.110 - - [21/Sep/2026:04:43:12 +0700] "GET /wp-admin/plugins.php?plugin_status=all HTTP/1.1" 200 40322 "-" "Mozilla/5.0 (Windows NT 10.0; Win64; x64) AppleWebKit/537.36 (KHTML, like Gecko) Chrome/124.0.0.0 Safari/537.36"
59.153.220.110 - - [21/Sep/2026:04:43:12 +0700] "GET /wp-admin/plugin-install.php HTTP/1.1" 200 40322 "-" "Mozilla/5.0 (Windows NT 10.0; Win64; x64) AppleWebKit/537.36 (KHTML, like Gecko) Chrome/124.0.0.0 Safari/537.36"
2405:201:a415:a06b:ec15:ce02:cfac:dbd7 - - [21/Sep/2026:04:43:25 +0700] "POST /xmlrpc.php HTTP/1.1" 200 403 "-" "Jetpack/12.1; WordPress/6.2; http://site17979651.com"
2a09:bac5:b5a:79b::c2:11 - - [21/Sep/2026:04:43:28 +0700] "POST /xmlrpc.php HTTP/1.1" 200 403 "-" "Jetpack by WordPress.com"
59.153.220.110 - - [21/Sep/2026:04:43:24 +0700] "GET /wp-admin/plugin-install.php HTTP/1.1" 200 175571 "-" "Mozilla/5.0 (Windows NT 10.0; Win64; x64) AppleWebKit/537.36 (KHTML, like Gecko) Chrome/124.0.0.0 Safari/537.36"
2405:201:a415:a06b:ec15:ce02:cfac:dbd7 - - [21/Sep/2026:04:43:30 +0700] "POST /xmlrpc.php HTTP/1.1" 200 403 "-" "WordPress.com; https://wordpress.com"
2a09:bac5:b5a:79b::c2:11 - - [21/Sep/2026:04:43:38 +0700] "POST /xmlrpc.php HTTP/1.1" 200 403 "-" "Jetpack by WordPress.com"
79.145.35.181 - - [21/Sep/2026:04:43:31 +0700] "GET /wp-admin/plugin-install.php HTTP/1.1" 200 40322 "-" "Mozilla/5.0 (Windows NT 10.0; Win64; x64) AppleWebKit/537.36 (KHTML, like Gecko) Chrome/124.0.0.0 Safari/537.36"
79.145.35.181 - - [21/Sep/2026:04:43:32 +0700] "GET /wp-admin/plugins.php?plugin_status=all HTTP/1.1" 200 40322 "-" "Mozilla/5.0 (Windows NT 10.0; Win64; x64) AppleWebKit/537.36 (KHTML, like Gecko) Chrome/124.0.0.0 Safari/537.36"
2405:201:a415:a06b:ec15:ce02:cfac:dbd7 - - [21/Sep/2026:04:43:43 +0700] "POST /xmlrpc.php HTTP/1.1" 200 403 "-" "Jetpack by WordPress.com (Jetpack 13.0; WordPress 6.1)"
2405:201:a415:a06b:ec15:ce02:cfac:dbd7 - - [21/Sep/2026:04:43:53 +0700] "POST /xmlrpc.php HTTP/1.1" 200 403 "-" "Jetpack/13.0; WordPress/6.3; http://site52714589.com"
59.153.220.110 - - [21/Sep/2026:04:43:46 +0700] "POST /wp-admin/update.php?action=upload-plugin HTTP/1.1" 500 2643 "https://kodyub333v2.com/wp-admin/update.php?action=upload-plugin" "Mozilla/5.0 (Windows NT 10.0; Win64; x64) AppleWebKit/537.36 (KHTML, like Gecko) Chrome/124.0.0.0 Safari/537.36"
2a09:bac5:b5a:79b::c2:11 - - [21/Sep/2026:04:43:51 +0700] "POST /xmlrpc.php HTTP/1.1" 200 403 "-" "Jetpack by WordPress.com (Jetpack 12.1; WordPress 6.2)"
2a09:bac5:b5a:79b::c2:11 - - [21/Sep/2026:04:44:00 +0700] "POST /xmlrpc.php HTTP/1.1" 200 403 "-" "WordPress.com; https://wordpress.com"
2405:201:a415:a06b:ec15:ce02:cfac:dbd7 - - [21/Sep/2026:04:44:01 +0700] "POST /xmlrpc.php HTTP/1.1" 200 403 "-" "Jetpack/12.0; WordPress/6.2; http://site47168304.com"
59.153.220.110 - - [21/Sep/2026:04:43:56 +0700] "GET /wp-admin/plugins.php?plugin_status=all HTTP/1.1" 200 40322 "-" "Mozilla/5.0 (Windows NT 10.0; Win64; x64) AppleWebKit/537.36 (KHTML, like Gecko) Chrome/124.0.0.0 Safari/537.36"
2a09:bac5:b5a:79b::c2:11 - - [21/Sep/2026:04:44:13 +0700] "POST /xmlrpc.php HTTP/1.1" 200 403 "-" "Jetpack/13.0; WordPress/6.1; http://site84754401.com"
41.82.25.150 - - [21/Sep/2026:04:44:09 +0700] "GET /wp-admin/plugin-install.php HTTP/1.1" 200 40322 "-" "Mozilla/5.0 (Windows NT 10.0; Win64; x64) AppleWebKit/537.36 (KHTML, like Gecko) Chrome/124.0.0.0 Safari/537.36"
2405:201:a415:a06b:ec15:ce02:cfac:dbd7 - - [21/Sep/2026:04:44:18 +0700] "POST /xmlrpc.php HTTP/1.1" 200 403 "-" "Jetpack by WordPress.com"
2a09:bac5:b5a:79b::c2:11 - - [21/Sep/2026:04:44:25 +0700] "POST /xmlrpc.php HTTP/1.1" 200 403 "-" "Jetpack by WordPress.com"
2405:201:a415:a06b:ec15:ce02:cfac:dbd7 - - [21/Sep/2026:04:44:31 +0700] "POST /xmlrpc.php HTTP/1.1" 200 403 "-" "Jetpack/12.1; WordPress/6.4; http://site92409211.com"
2405:201:a415:a06b:ec15:ce02:cfac:dbd7 - - [21/Sep/2026:04:44:35 +0700] "POST /xmlrpc.php HTTP/1.1" 200 403 "-" "WordPress.com; https://wordpress.com"
2a09:bac5:b5a:79b::c2:11 - - [21/Sep/2026:04:44:33 +0700] "POST /xmlrpc.php HTTP/1.1" 200 403 "-" "Jetpack/13.0; WordPress/6.4; http://site18166231.com"
2a09:bac5:b5a:79b::c2:11 - - [21/Sep/2026:04:44:38 +0700] "POST /xmlrpc.php HTTP/1.1" 200 403 "-" "Jetpack by WordPress.com"
2405:201:a415:a06b:ec15:ce02:cfac:dbd7 - - [21/Sep/2026:04:44:42 +0700] "POST /xmlrpc.php HTTP/1.1" 200 403 "-" "WordPress.com; https://wordpress.com"
2a09:bac5:b5a:79b::c2:11 - - [21/Sep/2026:04:44:44 +0700] "POST /xmlrpc.php HTTP/1.1" 200 403 "-" "Jetpack/12.5; WordPress/6.1; http://site17857558.com"
2405:201:a415:a06b:ec15:ce02:cfac:dbd7 - - [21/Sep/2026:04:44:47 +0700] "POST /xmlrpc.php HTTP/1.1" 200 403 "-" "Jetpack/13.0; WordPress/6.2; http://site45665185.com"
2a09:bac5:b5a:79b::c2:11 - - [21/Sep/2026:04:44:53 +0700] "POST /xmlrpc.php HTTP/1.1" 200 403 "-" "Jetpack/12.5; WordPress/6.2; http://site33756191.com"
2405:201:a415:a06b:ec15:ce02:cfac:dbd7 - - [21/Sep/2026:04:44:57 +0700] "POST /xmlrpc.php HTTP/1.1" 200 403 "-" "Jetpack by WordPress.com"
2a09:bac5:b5a:79b::c2:11 - - [21/Sep/2026:04:45:00 +0700] "POST /xmlrpc.php HTTP/1.1" 200 403 "-" "WordPress.com; https://wordpress.com"
2405:201:a415:a06b:ec15:ce02:cfac:dbd7 - - [21/Sep/2026:04:45:04 +0700] "POST /xmlrpc.php HTTP/1.1" 200 403 "-" "Jetpack/12.0; WordPress/6.2; http://site33906275.com"
2405:201:a415:a06b:ec15:ce02:cfac:dbd7 - - [21/Sep/2026:04:45:10 +0700] "POST /xmlrpc.php HTTP/1.1" 200 403 "-" "WordPress.com; https://wordpress.com"
2a09:bac5:b5a:79b::c2:11 - - [21/Sep/2026:04:45:07 +0700] "POST /xmlrpc.php HTTP/1.1" 200 403 "-" "Jetpack/13.0; WordPress/6.4; http://site71120823.com"
2a09:bac5:b5a:79b::c2:11 - - [21/Sep/2026:04:45:16 +0700] "POST /xmlrpc.php HTTP/1.1" 200 403 "-" "WordPress.com; https://wordpress.com"
104.197.166.106 - - [21/Sep/2026:04:45:16 +0700] "GET /wp-json/oembed/1.0/embed?format=xml&url=https://kodyub333v2.com/ HTTP/1.1" 200 3602 "-" "Mozilla/5.0 (Macintosh; Intel Mac OS X 10_15_7) AppleWebKit/537.36 (KHTML, like Gecko) Chrome/120.0.0.0 Safari/537.36"
2405:201:a415:a06b:ec15:ce02:cfac:dbd7 - - [21/Sep/2026:04:45:18 +0700] "POST /xmlrpc.php HTTP/1.1" 200 403 "-" "WordPress.com; https://wordpress.com"
2405:201:a415:a06b:ec15:ce02:cfac:dbd7 - - [21/Sep/2026:04:45:27 +0700] "POST /xmlrpc.php HTTP/1.1" 200 403 "-" "Jetpack by WordPress.com (Jetpack 12.5; WordPress 6.3)"
2a09:bac5:b5a:79b::c2:11 - - [21/Sep/2026:04:45:23 +0700] "POST /xmlrpc.php HTTP/1.1" 200 403 "-" "Jetpack by WordPress.com (Jetpack 12.1; WordPress 6.1)"
2a09:bac5:b5a:79b::c2:11 - - [21/Sep/2026:04:45:30 +0700] "POST /xmlrpc.php HTTP/1.1" 200 403 "-" "WordPress.com; https://wordpress.com"
2405:201:a415:a06b:ec15:ce02:cfac:dbd7 - - [21/Sep/2026:04:45:34 +0700] "POST /xmlrpc.php HTTP/1.1" 200 403 "-" "Jetpack by WordPress.com (Jetpack 12.0; WordPress 6.3)"
2a09:bac5:b5a:79b::c2:11 - - [21/Sep/2026:04:45:37 +0700] "POST /xmlrpc.php HTTP/1.1" 200 403 "-" "Jetpack by WordPress.com (Jetpack 12.1; WordPress 6.1)"
2405:201:a415:a06b:ec15:ce02:cfac:dbd7 - - [21/Sep/2026:04:45:43 +0700] "POST /xmlrpc.php HTTP/1.1" 200 403 "-" "WordPress.com; https://wordpress.com"
2a09:bac5:b5a:79b::c2:11 - - [21/Sep/2026:04:45:48 +0700] "POST /xmlrpc.php HTTP/1.1" 200 403 "-" "WordPress.com; https://wordpress.com"
2405:201:a415:a06b:ec15:ce02:cfac:dbd7 - - [21/Sep/2026:04:45:54 +0700] "POST /xmlrpc.php HTTP/1.1" 200 403 "-" "WordPress.com; https://wordpress.com"
2a09:bac5:b5a:79b::c2:11 - - [21/Sep/2026:04:46:01 +0700] "POST /xmlrpc.php HTTP/1.1" 200 403 "-" "Jetpack/13.0; WordPress/6.2; http://site24436144.com"
2405:201:a415:a06b:ec15:ce02:cfac:dbd7 - - [21/Sep/2026:04:46:09 +0700] "POST /xmlrpc.php HTTP/1.1" 200 403 "-" "Jetpack by WordPress.com"
2a09:bac5:b5a:79b::c2:11 - - [21/Sep/2026:04:46:20 +0700] "POST /xmlrpc.php HTTP/1.1" 200 403 "-" "Jetpack by WordPress.com"
2405:201:a415:a06b:ec15:ce02:cfac:dbd7 - - [21/Sep/2026:04:46:27 +0700] "POST /xmlrpc.php HTTP/1.1" 200 403 "-" "Jetpack by WordPress.com (Jetpack 12.0; WordPress 6.1)"
2a09:bac5:b5a:79b::c2:11 - - [21/Sep/2026:04:46:35 +0700] "POST /xmlrpc.php HTTP/1.1" 200 403 "-" "Jetpack/12.1; WordPress/6.2; http://site69809364.com"
2405:201:a415:a06b:ec15:ce02:cfac:dbd7 - - [21/Sep/2026:04:46:37 +0700] "POST /xmlrpc.php HTTP/1.1" 200 403 "-" "Jetpack by WordPress.com"
