181.220.62.64 - - [21/Sep/2026:06:54:53 +0700] "GET /wp-login.php HTTP/1.1" 200 7357 "-" "Mozilla/5.0 (Windows NT 10.0; Win64; x64) AppleWebKit/537.36 (KHTML, like Gecko) Chrome/124.0.0.0 Safari/537.36"
36.80.186.56 - - [21/Sep/2026:06:54:57 +0700] "POST /xmlrpc.php HTTP/1.1" 200 403 "-" "Jetpack by WordPress.com (Jetpack 13.0; WordPress 6.1)"
180.243.197.57 - - [21/Sep/2026:06:55:02 +0700] "POST /xmlrpc.php HTTP/1.1" 200 403 "-" "WordPress.com; https://wordpress.com"
36.80.186.56 - - [21/Sep/2026:06:55:11 +0700] "POST /xmlrpc.php HTTP/1.1" 200 403 "-" "Jetpack by WordPress.com (Jetpack 12.0; WordPress 6.1)"
189.91.157.109 - - [21/Sep/2026:06:55:15 +0700] "GET /wp-login.php HTTP/1.1" 200 7357 "-" "Mozilla/5.0 (Macintosh; Intel Mac OS X 10_15_7) AppleWebKit/605.1.15 (KHTML, like Gecko) Version/18.0 Safari/605.1.15"
180.243.197.57 - - [21/Sep/2026:06:55:14 +0700] "POST /xmlrpc.php HTTP/1.1" 200 403 "-" "WordPress.com; https://wordpress.com"
88.241.170.218 - - [21/Sep/2026:06:55:16 +0700] "GET /wp-login.php HTTP/1.1" 200 7357 "-" "Mozilla/5.0 (Windows NT 10.0; Win64; x64) AppleWebKit/537.36 (KHTML, like Gecko) Chrome/124.0.0.0 Safari/537.36"
180.243.197.57 - - [21/Sep/2026:06:55:18 +0700] "POST /xmlrpc.php HTTP/1.1" 200 403 "-" "Jetpack/12.0; WordPress/6.4; http://site26240846.com"
180.243.197.57 - - [21/Sep/2026:06:55:22 +0700] "POST /xmlrpc.php HTTP/1.1" 200 403 "-" "Jetpack by WordPress.com (Jetpack 13.0; WordPress 6.4)"
36.80.186.56 - - [21/Sep/2026:06:55:24 +0700] "POST /xmlrpc.php HTTP/1.1" 200 403 "-" "WordPress.com; https://wordpress.com"
200.8.235.226 - - [21/Sep/2026:06:55:31 +0700] "GET /wp-login.php HTTP/1.1" 200 7357 "-" "Mozilla/5.0 (Windows NT 10.0; Win64; x64; rv:133.0) Gecko/20100101 Firefox/133.0"
180.243.197.57 - - [21/Sep/2026:06:55:33 +0700] "POST /xmlrpc.php HTTP/1.1" 200 403 "-" "Jetpack by WordPress.com (Jetpack 12.5; WordPress 6.4)"
181.223.102.12 - - [21/Sep/2026:06:55:37 +0700] "GET /wp-login.php HTTP/1.1" 200 7357 "-" "Mozilla/5.0 (Windows NT 10.0; Win64; x64) AppleWebKit/537.36 (KHTML, like Gecko) Chrome/124.0.0.0 Safari/537.36"
36.80.186.56 - - [21/Sep/2026:06:55:38 +0700] "POST /xmlrpc.php HTTP/1.1" 200 403 "-" "Jetpack by WordPress.com"
36.80.186.56 - - [21/Sep/2026:06:55:49 +0700] "POST /xmlrpc.php HTTP/1.1" 200 403 "-" "Jetpack/12.0; WordPress/6.4; http://site84661683.com"
188.133.14.34 - - [21/Sep/2026:06:55:53 +0700] "POST /xmlrpc.php HTTP/1.1" 200 1190 "-" "Mozilla/5.0 (Windows NT 10.0; Win64; x64; rv:133.0) Gecko/20100101 Firefox/133.0"
180.243.197.57 - - [21/Sep/2026:06:55:59 +0700] "POST /xmlrpc.php HTTP/1.1" 200 403 "-" "Jetpack/12.5; WordPress/6.4; http://site68697726.com"
186.122.224.45 - - [21/Sep/2026:06:56:05 +0700] "POST /xmlrpc.php HTTP/1.1" 200 1190 "-" "Mozilla/5.0 (Windows NT 10.0; Win64; x64; rv:133.0) Gecko/20100101 Firefox/133.0"
104.219.251.64 - - [21/Sep/2026:06:56:08 +0700] "POST /xmlrpc.php HTTP/1.1" 200 436 "-" "Mozilla/5.0 (X11; Linux x86_64) AppleWebKit/537.36 (KHTML, like Gecko) Chrome/148.0.0.0 Safari/537.36"
180.243.197.57 - - [21/Sep/2026:06:56:09 +0700] "POST /xmlrpc.php HTTP/1.1" 200 403 "-" "Jetpack by WordPress.com"
104.219.251.64 - - [21/Sep/2026:06:56:16 +0700] "GET /wp-json/wp/v2/users/me HTTP/1.1" 401 96 "-" "Mozilla/5.0 (X11; Linux x86_64) AppleWebKit/537.36 (KHTML, like Gecko) Chrome/148.0.0.0 Safari/537.36"
36.80.186.56 - - [21/Sep/2026:06:56:21 +0700] "POST /xmlrpc.php HTTP/1.1" 200 403 "-" "Jetpack/13.0; WordPress/6.1; http://site36159012.com"
168.196.204.73 - - [21/Sep/2026:06:56:26 +0700] "GET /wp-login.php HTTP/1.1" 200 7357 "-" "Mozilla/5.0 (Windows NT 10.0; Win64; x64; rv:133.0) Gecko/20100101 Firefox/133.0"
168.196.204.73 - - [21/Sep/2026:06:56:32 +0700] "POST /wp-login.php HTTP/1.1" 302 - "https://kodyub333v2.com/wp-login.php" "Mozilla/5.0 (Windows NT 10.0; Win64; x64; rv:133.0) Gecko/20100101 Firefox/133.0"
180.243.197.57 - - [21/Sep/2026:06:56:31 +0700] "POST /xmlrpc.php HTTP/1.1" 200 403 "-" "Jetpack by WordPress.com (Jetpack 12.5; WordPress 6.4)"
138.94.37.224 - - [21/Sep/2026:06:56:35 +0700] "GET /wp-login.php HTTP/1.1" 200 7357 "-" "Mozilla/5.0 (Windows NT 10.0; Win64; x64) AppleWebKit/537.36 (KHTML, like Gecko) Chrome/124.0.0.0 Safari/537.36"
168.196.204.73 - - [21/Sep/2026:06:56:36 +0700] "GET /wp-admin/ HTTP/1.1" 200 208230 "https://kodyub333v2.com/wp-login.php" "Mozilla/5.0 (Windows NT 10.0; Win64; x64; rv:133.0) Gecko/20100101 Firefox/133.0"
138.94.37.224 - - [21/Sep/2026:06:56:39 +0700] "POST /wp-login.php HTTP/1.1" 302 - "https://kodyub333v2.com/wp-login.php" "Mozilla/5.0 (Windows NT 10.0; Win64; x64) AppleWebKit/537.36 (KHTML, like Gecko) Chrome/124.0.0.0 Safari/537.36"
180.243.197.57 - - [21/Sep/2026:06:56:41 +0700] "POST /xmlrpc.php HTTP/1.1" 200 403 "-" "WordPress.com; https://wordpress.com"
138.94.37.224 - - [21/Sep/2026:06:56:44 +0700] "GET /wp-admin/ HTTP/1.1" 200 208195 "https://kodyub333v2.com/wp-login.php" "Mozilla/5.0 (Windows NT 10.0; Win64; x64) AppleWebKit/537.36 (KHTML, like Gecko) Chrome/124.0.0.0 Safari/537.36"
168.196.204.73 - - [21/Sep/2026:06:56:44 +0700] "GET /wp-admin/ HTTP/1.1" 200 208161 "-" "Mozilla/5.0 (Windows NT 10.0; Win64; x64; rv:133.0) Gecko/20100101 Firefox/133.0"
180.243.197.57 - - [21/Sep/2026:06:56:52 +0700] "POST /xmlrpc.php HTTP/1.1" 200 403 "-" "Jetpack by WordPress.com (Jetpack 12.0; WordPress 6.1)"
168.196.204.73 - - [21/Sep/2026:06:56:53 +0700] "GET /wp-admin/plugin-editor.php HTTP/1.1" 200 152829 "-" "Mozilla/5.0 (Windows NT 10.0; Win64; x64; rv:133.0) Gecko/20100101 Firefox/133.0"
138.94.37.224 - - [21/Sep/2026:06:56:51 +0700] "GET /wp-admin/ HTTP/1.1" 200 208193 "-" "Mozilla/5.0 (Windows NT 10.0; Win64; x64) AppleWebKit/537.36 (KHTML, like Gecko) Chrome/124.0.0.0 Safari/537.36"
168.196.204.73 - - [21/Sep/2026:06:56:54 +0700] "GET /wp-admin/plugins.php?plugin_status=all HTTP/1.1" 200 290195 "-" "Mozilla/5.0 (Windows NT 10.0; Win64; x64; rv:133.0) Gecko/20100101 Firefox/133.0"
168.196.204.73 - - [21/Sep/2026:06:56:54 +0700] "GET /wp-admin/plugin-install.php HTTP/1.1" 200 175537 "-" "Mozilla/5.0 (Windows NT 10.0; Win64; x64; rv:133.0) Gecko/20100101 Firefox/133.0"
36.80.186.56 - - [21/Sep/2026:06:57:03 +0700] "POST /xmlrpc.php HTTP/1.1" 200 403 "-" "Jetpack by WordPress.com"
168.196.204.73 - - [21/Sep/2026:06:57:07 +0700] "POST /wp-admin/update.php?action=upload-plugin HTTP/1.1" 500 2643 "https://kodyub333v2.com/wp-admin/update.php?action=upload-plugin" "Mozilla/5.0 (Windows NT 10.0; Win64; x64; rv:133.0) Gecko/20100101 Firefox/133.0"
138.94.37.224 - - [21/Sep/2026:06:57:07 +0700] "GET /wp-admin/plugin-editor.php HTTP/1.1" 200 152861 "-" "Mozilla/5.0 (Windows NT 10.0; Win64; x64) AppleWebKit/537.36 (KHTML, like Gecko) Chrome/124.0.0.0 Safari/537.36"
138.94.37.224 - - [21/Sep/2026:06:57:07 +0700] "GET /wp-admin/plugin-install.php HTTP/1.1" 200 175569 "-" "Mozilla/5.0 (Windows NT 10.0; Win64; x64) AppleWebKit/537.36 (KHTML, like Gecko) Chrome/124.0.0.0 Safari/537.36"
138.94.37.224 - - [21/Sep/2026:06:57:07 +0700] "GET /wp-admin/plugins.php?plugin_status=all HTTP/1.1" 200 290227 "-" "Mozilla/5.0 (Windows NT 10.0; Win64; x64) AppleWebKit/537.36 (KHTML, like Gecko) Chrome/124.0.0.0 Safari/537.36"
168.196.204.73 - - [21/Sep/2026:06:57:08 +0700] "GET /wp-admin/plugins.php?plugin_status=all HTTP/1.1" 200 290195 "-" "Mozilla/5.0 (Windows NT 10.0; Win64; x64; rv:133.0) Gecko/20100101 Firefox/133.0"
36.80.186.56 - - [21/Sep/2026:06:57:13 +0700] "POST /xmlrpc.php HTTP/1.1" 200 403 "-" "WordPress.com; https://wordpress.com"
180.243.197.57 - - [21/Sep/2026:06:57:24 +0700] "POST /xmlrpc.php HTTP/1.1" 200 403 "-" "WordPress.com; https://wordpress.com"
138.94.37.224 - - [21/Sep/2026:06:57:25 +0700] "POST /wp-admin/update.php?action=upload-plugin HTTP/1.1" 500 2643 "https://kodyub333v2.com/wp-admin/update.php?action=upload-plugin" "Mozilla/5.0 (Windows NT 10.0; Win64; x64) AppleWebKit/537.36 (KHTML, like Gecko) Chrome/124.0.0.0 Safari/537.36"
138.94.37.224 - - [21/Sep/2026:06:57:25 +0700] "GET /wp-admin/plugins.php?plugin_status=all HTTP/1.1" 200 290227 "-" "Mozilla/5.0 (Windows NT 10.0; Win64; x64) AppleWebKit/537.36 (KHTML, like Gecko) Chrome/124.0.0.0 Safari/537.36"
168.196.204.73 - - [21/Sep/2026:06:57:27 +0700] "GET /wp-admin/plugins.php?plugin_status=all HTTP/1.1" 200 290195 "-" "Mozilla/5.0 (Windows NT 10.0; Win64; x64; rv:133.0) Gecko/20100101 Firefox/133.0"
36.80.186.56 - - [21/Sep/2026:06:57:34 +0700] "POST /xmlrpc.php HTTP/1.1" 200 403 "-" "Jetpack/12.5; WordPress/6.1; http://site34776757.com"
138.94.37.224 - - [21/Sep/2026:06:57:35 +0700] "GET /wp-admin/plugins.php?plugin_status=all HTTP/1.1" 200 290227 "-" "Mozilla/5.0 (Windows NT 10.0; Win64; x64) AppleWebKit/537.36 (KHTML, like Gecko) Chrome/124.0.0.0 Safari/537.36"
36.80.186.56 - - [21/Sep/2026:06:57:45 +0700] "POST /xmlrpc.php HTTP/1.1" 200 403 "-" "Jetpack by WordPress.com"
168.196.204.73 - - [21/Sep/2026:06:57:39 +0700] "GET /wp-admin/plugins.php?plugin_status=all HTTP/1.1" 200 290195 "-" "Mozilla/5.0 (Windows NT 10.0; Win64; x64; rv:133.0) Gecko/20100101 Firefox/133.0"
180.243.197.57 - - [21/Sep/2026:06:57:56 +0700] "POST /xmlrpc.php HTTP/1.1" 200 403 "-" "Jetpack by WordPress.com (Jetpack 12.0; WordPress 6.1)"
138.94.37.224 - - [21/Sep/2026:06:57:51 +0700] "GET /wp-admin/plugins.php?plugin_status=all HTTP/1.1" 200 290227 "-" "Mozilla/5.0 (Windows NT 10.0; Win64; x64) AppleWebKit/537.36 (KHTML, like Gecko) Chrome/124.0.0.0 Safari/537.36"
168.196.204.73 - - [21/Sep/2026:06:57:57 +0700] "GET /wp-admin/plugins.php?plugin_status=all HTTP/1.1" 200 290195 "-" "Mozilla/5.0 (Windows NT 10.0; Win64; x64; rv:133.0) Gecko/20100101 Firefox/133.0"
180.243.197.57 - - [21/Sep/2026:06:58:07 +0700] "POST /xmlrpc.php HTTP/1.1" 200 403 "-" "Jetpack by WordPress.com"
138.94.37.224 - - [21/Sep/2026:06:58:06 +0700] "GET /wp-admin/plugins.php?plugin_status=all HTTP/1.1" 200 290227 "-" "Mozilla/5.0 (Windows NT 10.0; Win64; x64) AppleWebKit/537.36 (KHTML, like Gecko) Chrome/124.0.0.0 Safari/537.36"
180.243.197.57 - - [21/Sep/2026:06:58:19 +0700] "POST /xmlrpc.php HTTP/1.1" 200 403 "-" "Jetpack by WordPress.com (Jetpack 13.0; WordPress 6.3)"
180.243.197.57 - - [21/Sep/2026:06:58:30 +0700] "POST /xmlrpc.php HTTP/1.1" 200 403 "-" "Jetpack by WordPress.com"
180.243.197.57 - - [21/Sep/2026:06:58:40 +0700] "POST /xmlrpc.php HTTP/1.1" 200 403 "-" "Jetpack/12.5; WordPress/6.4; http://site11975268.com"
180.243.197.57 - - [21/Sep/2026:06:58:51 +0700] "POST /xmlrpc.php HTTP/1.1" 200 403 "-" "Jetpack/12.0; WordPress/6.3; http://site26535735.com"
180.243.197.57 - - [21/Sep/2026:06:59:02 +0700] "POST /xmlrpc.php HTTP/1.1" 200 403 "-" "Jetpack by WordPress.com"
36.80.186.56 - - [21/Sep/2026:06:59:13 +0700] "POST /xmlrpc.php HTTP/1.1" 200 403 "-" "Jetpack/12.0; WordPress/6.2; http://site88425783.com"
36.80.186.56 - - [21/Sep/2026:06:59:24 +0700] "POST /xmlrpc.php HTTP/1.1" 200 403 "-" "WordPress.com; https://wordpress.com"
36.80.186.56 - - [21/Sep/2026:06:59:34 +0700] "POST /xmlrpc.php HTTP/1.1" 200 403 "-" "Jetpack by WordPress.com (Jetpack 12.0; WordPress 6.1)"
36.80.186.56 - - [21/Sep/2026:06:59:46 +0700] "POST /xmlrpc.php HTTP/1.1" 200 403 "-" "WordPress.com; https://wordpress.com"
36.80.186.56 - - [21/Sep/2026:06:59:59 +0700] "POST /xmlrpc.php HTTP/1.1" 200 403 "-" "Jetpack by WordPress.com (Jetpack 13.0; WordPress 6.1)"
36.80.186.56 - - [21/Sep/2026:07:00:12 +0700] "POST /xmlrpc.php HTTP/1.1" 200 403 "-" "Jetpack/12.0; WordPress/6.2; http://site13565006.com"
194.165.22.100 - - [21/Sep/2026:07:00:55 +0700] "GET / HTTP/1.1" 200 71464 "-" "Mozilla/5.0 (Windows NT 10.0; Win64; x64) AppleWebKit/537.37 (KHTML, like Gecko) Chrome/118.0.0.0 Safari/537.36"
198.252.107.178 - - [21/Sep/2026:07:14:23 +0700] "POST /wp-cron.php?doing_wp_cron=1789949663.3071889877319335937500 HTTP/1.1" 200 - "-" "WordPress/7.1.1; https://kodyub333v2.com"
2804:7f0:3e9:33ea:b8:5da7:55a4:5a26 - - [21/Sep/2026:07:14:19 +0700] "GET /wp-login.php HTTP/1.1" 200 7357 "-" "Mozilla/5.0 (Windows NT 10.0; Win64; x64; rv:133.0) Gecko/20100101 Firefox/133.0"
2804:149c:2:b3e9:d07b:f684:2e47:37df - - [21/Sep/2026:07:14:33 +0700] "POST /xmlrpc.php HTTP/1.1" 200 1190 "-" "Mozilla/5.0 (Macintosh; Intel Mac OS X 10_15_7) AppleWebKit/605.1.15 (KHTML, like Gecko) Version/18.0 Safari/605.1.15"
45.224.210.212 - - [21/Sep/2026:07:14:45 +0700] "GET /wp-login.php HTTP/1.1" 200 7357 "-" "Mozilla/5.0 (Windows NT 10.0; Win64; x64; rv:133.0) Gecko/20100101 Firefox/133.0"
45.224.210.212 - - [21/Sep/2026:07:14:50 +0700] "POST /wp-login.php HTTP/1.1" 302 - "https://kodyub333v2.com/wp-login.php" "Mozilla/5.0 (Windows NT 10.0; Win64; x64; rv:133.0) Gecko/20100101 Firefox/133.0"
45.224.210.212 - - [21/Sep/2026:07:14:53 +0700] "GET /wp-admin/ HTTP/1.1" 200 208227 "https://kodyub333v2.com/wp-login.php" "Mozilla/5.0 (Windows NT 10.0; Win64; x64; rv:133.0) Gecko/20100101 Firefox/133.0"
45.224.210.212 - - [21/Sep/2026:07:15:01 +0700] "GET /wp-admin/ HTTP/1.1" 200 208158 "-" "Mozilla/5.0 (Windows NT 10.0; Win64; x64; rv:133.0) Gecko/20100101 Firefox/133.0"
45.224.210.212 - - [21/Sep/2026:07:15:05 +0700] "GET /wp-admin/plugin-editor.php HTTP/1.1" 200 152826 "-" "Mozilla/5.0 (Windows NT 10.0; Win64; x64; rv:133.0) Gecko/20100101 Firefox/133.0"
45.224.210.212 - - [21/Sep/2026:07:15:07 +0700] "GET /wp-admin/plugins.php?plugin_status=all HTTP/1.1" 200 290192 "-" "Mozilla/5.0 (Windows NT 10.0; Win64; x64; rv:133.0) Gecko/20100101 Firefox/133.0"
45.224.210.212 - - [21/Sep/2026:07:15:06 +0700] "GET /wp-admin/plugin-install.php HTTP/1.1" 200 175534 "-" "Mozilla/5.0 (Windows NT 10.0; Win64; x64; rv:133.0) Gecko/20100101 Firefox/133.0"
45.224.210.212 - - [21/Sep/2026:07:15:12 +0700] "POST /wp-admin/update.php?action=upload-plugin HTTP/1.1" 500 2643 "https://kodyub333v2.com/wp-admin/update.php?action=upload-plugin" "Mozilla/5.0 (Windows NT 10.0; Win64; x64; rv:133.0) Gecko/20100101 Firefox/133.0"
45.224.210.212 - - [21/Sep/2026:07:15:12 +0700] "GET /wp-admin/plugins.php?plugin_status=all HTTP/1.1" 200 290192 "-" "Mozilla/5.0 (Windows NT 10.0; Win64; x64; rv:133.0) Gecko/20100101 Firefox/133.0"
45.224.210.212 - - [21/Sep/2026:07:15:16 +0700] "GET /wp-admin/plugins.php?plugin_status=all HTTP/1.1" 200 290192 "-" "Mozilla/5.0 (Windows NT 10.0; Win64; x64; rv:133.0) Gecko/20100101 Firefox/133.0"
45.224.210.212 - - [21/Sep/2026:07:15:21 +0700] "GET /wp-admin/plugins.php?plugin_status=all HTTP/1.1" 200 290192 "-" "Mozilla/5.0 (Windows NT 10.0; Win64; x64; rv:133.0) Gecko/20100101 Firefox/133.0"
45.224.210.212 - - [21/Sep/2026:07:15:25 +0700] "GET /wp-admin/plugins.php?plugin_status=all HTTP/1.1" 200 290192 "-" "Mozilla/5.0 (Windows NT 10.0; Win64; x64; rv:133.0) Gecko/20100101 Firefox/133.0"
179.217.232.90 - - [21/Sep/2026:07:15:42 +0700] "GET /wp-login.php HTTP/1.1" 200 7357 "-" "Mozilla/5.0 (Windows NT 10.0; Win64; x64) AppleWebKit/537.36 (KHTML, like Gecko) Chrome/124.0.0.0 Safari/537.36"
146.251.187.222 - - [21/Sep/2026:07:15:48 +0700] "POST /xmlrpc.php HTTP/1.1" 200 1190 "-" "Mozilla/5.0 (Windows NT 10.0; Win64; x64) AppleWebKit/537.36 (KHTML, like Gecko) Chrome/124.0.0.0 Safari/537.36"
94.73.47.104 - - [21/Sep/2026:07:16:03 +0700] "GET /wp-login.php HTTP/1.1" 200 7357 "-" "Mozilla/5.0 (Macintosh; Intel Mac OS X 10_15_7) AppleWebKit/605.1.15 (KHTML, like Gecko) Version/18.0 Safari/605.1.15"
94.73.47.104 - - [21/Sep/2026:07:16:04 +0700] "POST /wp-login.php HTTP/1.1" 302 - "https://kodyub333v2.com/wp-login.php" "Mozilla/5.0 (Macintosh; Intel Mac OS X 10_15_7) AppleWebKit/605.1.15 (KHTML, like Gecko) Version/18.0 Safari/605.1.15"
94.73.47.104 - - [21/Sep/2026:07:16:06 +0700] "GET /wp-admin/ HTTP/1.1" 200 208263 "https://kodyub333v2.com/wp-login.php" "Mozilla/5.0 (Macintosh; Intel Mac OS X 10_15_7) AppleWebKit/605.1.15 (KHTML, like Gecko) Version/18.0 Safari/605.1.15"
94.73.47.104 - - [21/Sep/2026:07:16:08 +0700] "GET /wp-admin/ HTTP/1.1" 200 208194 "-" "Mozilla/5.0 (Macintosh; Intel Mac OS X 10_15_7) AppleWebKit/605.1.15 (KHTML, like Gecko) Version/18.0 Safari/605.1.15"
94.73.47.104 - - [21/Sep/2026:07:16:12 +0700] "GET /wp-admin/plugin-editor.php HTTP/1.1" 200 152862 "-" "Mozilla/5.0 (Macintosh; Intel Mac OS X 10_15_7) AppleWebKit/605.1.15 (KHTML, like Gecko) Version/18.0 Safari/605.1.15"
94.73.47.104 - - [21/Sep/2026:07:16:12 +0700] "GET /wp-admin/plugins.php?plugin_status=all HTTP/1.1" 200 290228 "-" "Mozilla/5.0 (Macintosh; Intel Mac OS X 10_15_7) AppleWebKit/605.1.15 (KHTML, like Gecko) Version/18.0 Safari/605.1.15"
94.73.47.104 - - [21/Sep/2026:07:16:12 +0700] "GET /wp-admin/plugin-install.php HTTP/1.1" 200 175570 "-" "Mozilla/5.0 (Macintosh; Intel Mac OS X 10_15_7) AppleWebKit/605.1.15 (KHTML, like Gecko) Version/18.0 Safari/605.1.15"
94.73.47.104 - - [21/Sep/2026:07:16:17 +0700] "GET /wp-admin/plugins.php?plugin_status=all HTTP/1.1" 200 290228 "-" "Mozilla/5.0 (Macintosh; Intel Mac OS X 10_15_7) AppleWebKit/605.1.15 (KHTML, like Gecko) Version/18.0 Safari/605.1.15"
94.73.47.104 - - [21/Sep/2026:07:16:17 +0700] "POST /wp-admin/update.php?action=upload-plugin HTTP/1.1" 500 2643 "https://kodyub333v2.com/wp-admin/update.php?action=upload-plugin" "Mozilla/5.0 (Macintosh; Intel Mac OS X 10_15_7) AppleWebKit/605.1.15 (KHTML, like Gecko) Version/18.0 Safari/605.1.15"
94.73.47.104 - - [21/Sep/2026:07:16:20 +0700] "GET /wp-admin/plugins.php?plugin_status=all HTTP/1.1" 200 290228 "-" "Mozilla/5.0 (Macintosh; Intel Mac OS X 10_15_7) AppleWebKit/605.1.15 (KHTML, like Gecko) Version/18.0 Safari/605.1.15"
94.73.47.104 - - [21/Sep/2026:07:16:23 +0700] "GET /wp-admin/plugins.php?plugin_status=all HTTP/1.1" 200 290228 "-" "Mozilla/5.0 (Macintosh; Intel Mac OS X 10_15_7) AppleWebKit/605.1.15 (KHTML, like Gecko) Version/18.0 Safari/605.1.15"
94.73.47.104 - - [21/Sep/2026:07:16:26 +0700] "GET /wp-admin/plugins.php?plugin_status=all HTTP/1.1" 200 290228 "-" "Mozilla/5.0 (Macintosh; Intel Mac OS X 10_15_7) AppleWebKit/605.1.15 (KHTML, like Gecko) Version/18.0 Safari/605.1.15"
49.151.251.37 - - [21/Sep/2026:07:23:24 +0700] "POST /xmlrpc.php HTTP/1.1" 200 66891 "-" "Mozilla/5.0 (Macintosh; Intel Mac OS X 13_6_1) AppleWebKit/537.36 (KHTML, like Gecko) Chrome/123.0.0.0 Safari/537.36"
49.151.251.37 - - [21/Sep/2026:07:23:28 +0700] "POST /xmlrpc.php HTTP/1.1" 200 16665 "-" "Mozilla/5.0 (Macintosh; Intel Mac OS X 13_6_1) AppleWebKit/537.36 (KHTML, like Gecko) Chrome/123.0.0.0 Safari/537.36"
49.151.251.37 - - [21/Sep/2026:07:23:31 +0700] "POST /xmlrpc.php HTTP/1.1" 200 178 "-" "Mozilla/5.0 (Macintosh; Intel Mac OS X 13_6_1) AppleWebKit/537.36 (KHTML, like Gecko) Chrome/123.0.0.0 Safari/537.36"
109.175.98.196 - - [21/Sep/2026:07:23:43 +0700] "POST /xmlrpc.php HTTP/1.1" 200 436 "-" "Mozilla/5.0 (Macintosh; Intel Mac OS X 10_15_7) AppleWebKit/537.36 (KHTML, like Gecko) Chrome/150.0.0.0 Safari/537.36"
189.28.148.28 - - [21/Sep/2026:07:38:21 +0700] "GET /wp-login.php HTTP/1.1" 200 7357 "-" "Mozilla/5.0 (Macintosh; Intel Mac OS X 10_15_7) AppleWebKit/605.1.15 (KHTML, like Gecko) Version/18.0 Safari/605.1.15"
5.36.234.29 - - [21/Sep/2026:07:38:42 +0700] "POST /xmlrpc.php HTTP/1.1" 200 1190 "-" "Mozilla/5.0 (Macintosh; Intel Mac OS X 10_15_7) AppleWebKit/605.1.15 (KHTML, like Gecko) Version/18.0 Safari/605.1.15"
113.53.132.11 - - [21/Sep/2026:07:38:55 +0700] "GET /wp-login.php HTTP/1.1" 200 7357 "-" "Mozilla/5.0 (Macintosh; Intel Mac OS X 10_15_7) AppleWebKit/605.1.15 (KHTML, like Gecko) Version/18.0 Safari/605.1.15"
113.53.132.11 - - [21/Sep/2026:07:39:03 +0700] "POST /wp-login.php HTTP/1.1" 302 - "https://kodyub333v2.com/wp-login.php" "Mozilla/5.0 (Macintosh; Intel Mac OS X 10_15_7) AppleWebKit/605.1.15 (KHTML, like Gecko) Version/18.0 Safari/605.1.15"
113.53.132.11 - - [21/Sep/2026:07:39:10 +0700] "GET /wp-admin/ HTTP/1.1" 200 208264 "https://kodyub333v2.com/wp-login.php" "Mozilla/5.0 (Macintosh; Intel Mac OS X 10_15_7) AppleWebKit/605.1.15 (KHTML, like Gecko) Version/18.0 Safari/605.1.15"
113.53.132.11 - - [21/Sep/2026:07:39:22 +0700] "GET /wp-admin/ HTTP/1.1" 200 208195 "-" "Mozilla/5.0 (Macintosh; Intel Mac OS X 10_15_7) AppleWebKit/605.1.15 (KHTML, like Gecko) Version/18.0 Safari/605.1.15"
113.53.132.11 - - [21/Sep/2026:07:39:35 +0700] "GET /wp-admin/plugin-editor.php HTTP/1.1" 504 - "-" "Mozilla/5.0 (Macintosh; Intel Mac OS X 10_15_7) AppleWebKit/605.1.15 (KHTML, like Gecko) Version/18.0 Safari/605.1.15"
113.53.132.11 - - [21/Sep/2026:07:39:35 +0700] "GET /wp-admin/plugins.php?plugin_status=all HTTP/1.1" 504 - "-" "Mozilla/5.0 (Macintosh; Intel Mac OS X 10_15_7) AppleWebKit/605.1.15 (KHTML, like Gecko) Version/18.0 Safari/605.1.15"
113.53.132.11 - - [21/Sep/2026:07:39:35 +0700] "GET /wp-admin/plugin-install.php HTTP/1.1" 500 2482 "-" "Mozilla/5.0 (Macintosh; Intel Mac OS X 10_15_7) AppleWebKit/605.1.15 (KHTML, like Gecko) Version/18.0 Safari/605.1.15"
198.252.107.178 - - [21/Sep/2026:08:04:12 +0700] "POST /wp-cron.php?doing_wp_cron=1789952652.0306699275970458984375 HTTP/1.1" 200 - "-" "WordPress/7.1.1; https://kodyub333v2.com"
185.223.152.222 - - [21/Sep/2026:08:04:10 +0700] "POST /wp-login.php HTTP/1.1" 200 7789 "-" "Mozilla/5.0"
2a12:f541:47c1:35f7:9ef6:26bc:b903:79af - - [21/Sep/2026:08:06:19 +0700] "GET /casinos-that-accept-revolut-uk-2026/ HTTP/1.1" 200 70024 "https://kodyub333v2.com" "Mozilla/5.0 (Windows NT 10.0; Win64; x64) AppleWebKit/537.36 (KHTML, like Gecko) Chrome/143.0.0.0 Safari/537.36"
186.14.191.104 - - [21/Sep/2026:08:06:34 +0700] "GET /wp-login.php HTTP/1.1" 200 7357 "-" "Mozilla/5.0 (Macintosh; Intel Mac OS X 10_15_7) AppleWebKit/605.1.15 (KHTML, like Gecko) Version/18.0 Safari/605.1.15"
39.51.11.49 - - [21/Sep/2026:08:06:41 +0700] "POST /xmlrpc.php HTTP/1.1" 200 1190 "-" "Mozilla/5.0 (Windows NT 10.0; Win64; x64) AppleWebKit/537.36 (KHTML, like Gecko) Chrome/124.0.0.0 Safari/537.36"
186.88.92.208 - - [21/Sep/2026:08:06:53 +0700] "GET /wp-login.php HTTP/1.1" 200 7357 "-" "Mozilla/5.0 (Windows NT 10.0; Win64; x64; rv:133.0) Gecko/20100101 Firefox/133.0"
186.88.92.208 - - [21/Sep/2026:08:06:55 +0700] "POST /wp-login.php HTTP/1.1" 302 - "https://kodyub333v2.com/wp-login.php" "Mozilla/5.0 (Windows NT 10.0; Win64; x64; rv:133.0) Gecko/20100101 Firefox/133.0"
186.88.92.208 - - [21/Sep/2026:08:06:57 +0700] "GET /wp-admin/ HTTP/1.1" 200 208228 "https://kodyub333v2.com/wp-login.php" "Mozilla/5.0 (Windows NT 10.0; Win64; x64; rv:133.0) Gecko/20100101 Firefox/133.0"
186.88.92.208 - - [21/Sep/2026:08:07:00 +0700] "GET /wp-admin/ HTTP/1.1" 200 208159 "-" "Mozilla/5.0 (Windows NT 10.0; Win64; x64; rv:133.0) Gecko/20100101 Firefox/133.0"
186.88.92.208 - - [21/Sep/2026:08:07:05 +0700] "GET /wp-admin/plugin-editor.php HTTP/1.1" 200 152826 "-" "Mozilla/5.0 (Windows NT 10.0; Win64; x64; rv:133.0) Gecko/20100101 Firefox/133.0"
186.88.92.208 - - [21/Sep/2026:08:07:05 +0700] "GET /wp-admin/plugins.php?plugin_status=all HTTP/1.1" 200 290192 "-" "Mozilla/5.0 (Windows NT 10.0; Win64; x64; rv:133.0) Gecko/20100101 Firefox/133.0"
186.88.92.208 - - [21/Sep/2026:08:07:05 +0700] "GET /wp-admin/plugin-install.php HTTP/1.1" 200 175534 "-" "Mozilla/5.0 (Windows NT 10.0; Win64; x64; rv:133.0) Gecko/20100101 Firefox/133.0"
186.88.92.208 - - [21/Sep/2026:08:07:11 +0700] "GET /wp-admin/plugins.php?plugin_status=all HTTP/1.1" 200 290192 "-" "Mozilla/5.0 (Windows NT 10.0; Win64; x64; rv:133.0) Gecko/20100101 Firefox/133.0"
186.88.92.208 - - [21/Sep/2026:08:07:12 +0700] "POST /wp-admin/update.php?action=upload-plugin HTTP/1.1" 500 2643 "https://kodyub333v2.com/wp-admin/update.php?action=upload-plugin" "Mozilla/5.0 (Windows NT 10.0; Win64; x64; rv:133.0) Gecko/20100101 Firefox/133.0"
186.88.92.208 - - [21/Sep/2026:08:07:15 +0700] "GET /wp-admin/plugins.php?plugin_status=all HTTP/1.1" 200 290192 "-" "Mozilla/5.0 (Windows NT 10.0; Win64; x64; rv:133.0) Gecko/20100101 Firefox/133.0"
186.88.92.208 - - [21/Sep/2026:08:07:18 +0700] "GET /wp-admin/plugins.php?plugin_status=all HTTP/1.1" 200 290192 "-" "Mozilla/5.0 (Windows NT 10.0; Win64; x64; rv:133.0) Gecko/20100101 Firefox/133.0"
186.88.92.208 - - [21/Sep/2026:08:07:24 +0700] "GET /wp-admin/plugins.php?plugin_status=all HTTP/1.1" 200 290192 "-" "Mozilla/5.0 (Windows NT 10.0; Win64; x64; rv:133.0) Gecko/20100101 Firefox/133.0"
65.181.24.61 - - [21/Sep/2026:08:07:53 +0700] "POST /xmlrpc.php HTTP/1.1" 200 403 "-" "Jetpack by WordPress.com (Jetpack 12.5; WordPress 6.4)"
45.160.17.180 - - [21/Sep/2026:08:08:01 +0700] "GET /wp-login.php HTTP/1.1" 200 7357 "-" "Mozilla/5.0 (Windows NT 10.0; Win64; x64; rv:133.0) Gecko/20100101 Firefox/133.0"
200.96.74.151 - - [21/Sep/2026:08:08:10 +0700] "POST /xmlrpc.php HTTP/1.1" 200 1190 "-" "Mozilla/5.0 (Macintosh; Intel Mac OS X 10_15_7) AppleWebKit/605.1.15 (KHTML, like Gecko) Version/18.0 Safari/605.1.15"
2001:4ca0:108:42::24 - - [21/Sep/2026:08:08:11 +0700] "GET /robots.txt HTTP/1.1" 301 - "-" "Mozilla/5.0 (Windows NT 10.0; Win64; x64) AppleWebKit/537.36 (KHTML, like Gecko) Chrome/103.0.5060.134 Safari/537.36"
65.181.24.61 - - [21/Sep/2026:08:08:14 +0700] "POST /xmlrpc.php HTTP/1.1" 200 403 "-" "Jetpack by WordPress.com (Jetpack 12.5; WordPress 6.4)"
2803:9810:3d53:4710::952 - - [21/Sep/2026:08:08:21 +0700] "GET /wp-login.php HTTP/1.1" 200 7357 "-" "Mozilla/5.0 (Windows NT 10.0; Win64; x64) AppleWebKit/537.36 (KHTML, like Gecko) Chrome/124.0.0.0 Safari/537.36"
2803:9810:3d53:4710::952 - - [21/Sep/2026:08:08:23 +0700] "POST /wp-login.php HTTP/1.1" 302 - "https://kodyub333v2.com/wp-login.php" "Mozilla/5.0 (Windows NT 10.0; Win64; x64) AppleWebKit/537.36 (KHTML, like Gecko) Chrome/124.0.0.0 Safari/537.36"
2803:9810:3d53:4710::952 - - [21/Sep/2026:08:08:24 +0700] "GET /wp-admin/ HTTP/1.1" 200 208260 "https://kodyub333v2.com/wp-login.php" "Mozilla/5.0 (Windows NT 10.0; Win64; x64) AppleWebKit/537.36 (KHTML, like Gecko) Chrome/124.0.0.0 Safari/537.36"
2803:9810:3d53:4710::952 - - [21/Sep/2026:08:08:28 +0700] "GET /wp-admin/ HTTP/1.1" 200 208191 "-" "Mozilla/5.0 (Windows NT 10.0; Win64; x64) AppleWebKit/537.36 (KHTML, like Gecko) Chrome/124.0.0.0 Safari/537.36"
45.93.233.62 - - [21/Sep/2026:08:08:32 +0700] "GET /wp-admin/admin-ajax.php?action=rest-nonce HTTP/1.1" 400 1 "-" "Mozilla/5.0 (Windows NT 10.0; Win64; x64) AppleWebKit/537.36 (KHTML, like Gecko) Chrome/124.0.0.0 Safari/537.36"
65.181.24.61 - - [21/Sep/2026:08:08:35 +0700] "POST /xmlrpc.php HTTP/1.1" 200 403 "-" "Jetpack by WordPress.com (Jetpack 13.0; WordPress 6.3)"
2803:9810:3d53:4710::952 - - [21/Sep/2026:08:08:35 +0700] "GET /wp-admin/plugin-editor.php HTTP/1.1" 200 152858 "-" "Mozilla/5.0 (Windows NT 10.0; Win64; x64) AppleWebKit/537.36 (KHTML, like Gecko) Chrome/124.0.0.0 Safari/537.36"
2803:9810:3d53:4710::952 - - [21/Sep/2026:08:08:35 +0700] "GET /wp-admin/plugins.php?plugin_status=all HTTP/1.1" 200 290224 "-" "Mozilla/5.0 (Windows NT 10.0; Win64; x64) AppleWebKit/537.36 (KHTML, like Gecko) Chrome/124.0.0.0 Safari/537.36"
2803:9810:3d53:4710::952 - - [21/Sep/2026:08:08:35 +0700] "GET /wp-admin/plugin-install.php HTTP/1.1" 200 175566 "-" "Mozilla/5.0 (Windows NT 10.0; Win64; x64) AppleWebKit/537.36 (KHTML, like Gecko) Chrome/124.0.0.0 Safari/537.36"
2803:9810:3d53:4710::952 - - [21/Sep/2026:08:08:40 +0700] "POST /wp-admin/update.php?action=upload-plugin HTTP/1.1" 500 2643 "https://kodyub333v2.com/wp-admin/update.php?action=upload-plugin" "Mozilla/5.0 (Windows NT 10.0; Win64; x64) AppleWebKit/537.36 (KHTML, like Gecko) Chrome/124.0.0.0 Safari/537.36"
2803:9810:3d53:4710::952 - - [21/Sep/2026:08:08:40 +0700] "GET /wp-admin/plugins.php?plugin_status=all HTTP/1.1" 200 290224 "-" "Mozilla/5.0 (Windows NT 10.0; Win64; x64) AppleWebKit/537.36 (KHTML, like Gecko) Chrome/124.0.0.0 Safari/537.36"
2803:9810:3d53:4710::952 - - [21/Sep/2026:08:08:48 +0700] "GET /wp-admin/plugins.php?plugin_status=all HTTP/1.1" 200 290224 "-" "Mozilla/5.0 (Windows NT 10.0; Win64; x64) AppleWebKit/537.36 (KHTML, like Gecko) Chrome/124.0.0.0 Safari/537.36"
2803:9810:3d53:4710::952 - - [21/Sep/2026:08:08:53 +0700] "GET /wp-admin/plugins.php?plugin_status=all HTTP/1.1" 200 290224 "-" "Mozilla/5.0 (Windows NT 10.0; Win64; x64) AppleWebKit/537.36 (KHTML, like Gecko) Chrome/124.0.0.0 Safari/537.36"
65.181.24.61 - - [21/Sep/2026:08:08:56 +0700] "POST /xmlrpc.php HTTP/1.1" 200 403 "-" "Jetpack by WordPress.com"
2803:9810:3d53:4710::952 - - [21/Sep/2026:08:08:57 +0700] "GET /wp-admin/plugins.php?plugin_status=all HTTP/1.1" 200 290224 "-" "Mozilla/5.0 (Windows NT 10.0; Win64; x64) AppleWebKit/537.36 (KHTML, like Gecko) Chrome/124.0.0.0 Safari/537.36"
65.181.24.61 - - [21/Sep/2026:08:09:17 +0700] "POST /xmlrpc.php HTTP/1.1" 200 403 "-" "Jetpack/12.5; WordPress/6.2; http://site76500092.com"
65.181.24.61 - - [21/Sep/2026:08:09:38 +0700] "POST /xmlrpc.php HTTP/1.1" 200 403 "-" "Jetpack by WordPress.com"
65.181.24.61 - - [21/Sep/2026:08:09:59 +0700] "POST /xmlrpc.php HTTP/1.1" 200 403 "-" "Jetpack/12.0; WordPress/6.3; http://site41215779.com"
65.181.24.61 - - [21/Sep/2026:08:10:20 +0700] "POST /xmlrpc.php HTTP/1.1" 200 403 "-" "Jetpack by WordPress.com"
65.181.24.61 - - [21/Sep/2026:08:10:42 +0700] "POST /xmlrpc.php HTTP/1.1" 200 403 "-" "Jetpack by WordPress.com"
65.181.24.61 - - [21/Sep/2026:08:11:03 +0700] "POST /xmlrpc.php HTTP/1.1" 200 403 "-" "Jetpack/13.0; WordPress/6.1; http://site52448353.com"
65.181.24.61 - - [21/Sep/2026:08:11:13 +0700] "POST /xmlrpc.php HTTP/1.1" 200 403 "-" "WordPress.com; https://wordpress.com"
65.181.24.61 - - [21/Sep/2026:08:11:34 +0700] "POST /xmlrpc.php HTTP/1.1" 200 403 "-" "Jetpack by WordPress.com"
65.181.24.61 - - [21/Sep/2026:08:11:55 +0700] "POST /xmlrpc.php HTTP/1.1" 200 403 "-" "WordPress.com; https://wordpress.com"
198.252.107.178 - - [21/Sep/2026:08:12:20 +0700] "POST /wp-cron.php?doing_wp_cron=1789953139.6668980121612548828125 HTTP/1.1" 200 - "-" "WordPress/7.1.1; https://kodyub333v2.com"
65.181.24.61 - - [21/Sep/2026:08:12:17 +0700] "POST /xmlrpc.php HTTP/1.1" 200 403 "-" "Jetpack by WordPress.com"
65.181.24.61 - - [21/Sep/2026:08:12:38 +0700] "POST /xmlrpc.php HTTP/1.1" 200 403 "-" "Jetpack by WordPress.com (Jetpack 12.1; WordPress 6.4)"
65.181.24.61 - - [21/Sep/2026:08:12:48 +0700] "POST /xmlrpc.php HTTP/1.1" 200 403 "-" "WordPress.com; https://wordpress.com"
65.181.24.61 - - [21/Sep/2026:08:13:09 +0700] "POST /xmlrpc.php HTTP/1.1" 200 403 "-" "Jetpack by WordPress.com"
65.181.24.61 - - [21/Sep/2026:08:13:30 +0700] "POST /xmlrpc.php HTTP/1.1" 200 403 "-" "Jetpack by WordPress.com (Jetpack 12.5; WordPress 6.1)"
42.83.147.53 - - [21/Sep/2026:08:13:44 +0700] "GET / HTTP/1.1" 200 71618 "-" "Mozilla/5.0 (Windows NT 6.1; Win64; x64) AppleWebKit/537.36 (KHTML, like Gecko)Chrome/74.0.3729.169 Safari/537.36"
42.83.147.53 - - [21/Sep/2026:08:13:49 +0700] "GET / HTTP/1.1" 200 71618 "-" "Mozilla/5.0 (Windows NT 6.1; Win64; x64) AppleWebKit/537.36 (KHTML, like Gecko)Chrome/74.0.3729.169 Safari/537.36"
65.181.24.61 - - [21/Sep/2026:08:13:51 +0700] "POST /xmlrpc.php HTTP/1.1" 200 403 "-" "Jetpack/12.5; WordPress/6.1; http://site49801294.com"
65.181.24.61 - - [21/Sep/2026:08:14:12 +0700] "POST /xmlrpc.php HTTP/1.1" 200 403 "-" "Jetpack/12.1; WordPress/6.1; http://site29262617.com"
65.181.24.61 - - [21/Sep/2026:08:14:34 +0700] "POST /xmlrpc.php HTTP/1.1" 200 403 "-" "Jetpack/12.5; WordPress/6.4; http://site91275978.com"
65.181.24.61 - - [21/Sep/2026:08:14:55 +0700] "POST /xmlrpc.php HTTP/1.1" 200 403 "-" "Jetpack by WordPress.com"
65.181.24.61 - - [21/Sep/2026:08:15:16 +0700] "POST /xmlrpc.php HTTP/1.1" 200 403 "-" "WordPress.com; https://wordpress.com"
65.181.24.61 - - [21/Sep/2026:08:15:37 +0700] "POST /xmlrpc.php HTTP/1.1" 200 403 "-" "Jetpack/12.5; WordPress/6.2; http://site55389041.com"
65.181.24.61 - - [21/Sep/2026:08:15:58 +0700] "POST /xmlrpc.php HTTP/1.1" 200 403 "-" "Jetpack by WordPress.com"
65.181.24.61 - - [21/Sep/2026:08:16:19 +0700] "POST /xmlrpc.php HTTP/1.1" 200 403 "-" "Jetpack/12.5; WordPress/6.4; http://site63545018.com"
95.181.232.11 - - [21/Sep/2026:08:16:29 +0700] "GET /casinos-that-accept-solana-uk-2026/ HTTP/1.1" 200 64278 "https://kodyub333v2.com/" "Mozilla/5.0 (Windows NT 10.0; Win64; x64) AppleWebKit/537.36 (KHTML, like Gecko) Chrome/119.0.0.0 Safari/537.36"
65.181.24.61 - - [21/Sep/2026:08:16:40 +0700] "POST /xmlrpc.php HTTP/1.1" 200 403 "-" "Jetpack by WordPress.com (Jetpack 13.0; WordPress 6.1)"
65.181.24.61 - - [21/Sep/2026:08:17:02 +0700] "POST /xmlrpc.php HTTP/1.1" 200 403 "-" "WordPress.com; https://wordpress.com"
65.181.24.61 - - [21/Sep/2026:08:17:22 +0700] "POST /xmlrpc.php HTTP/1.1" 200 403 "-" "WordPress.com; https://wordpress.com"
2a02:598:64:8a00::302:6a2 - - [21/Sep/2026:08:17:38 +0700] "GET /robots.txt HTTP/1.1" 200 173 "-" "Mozilla/5.0 (compatible; SeznamBot/4.0; +https://o-seznam.cz/napoveda/vyhledavani/en/seznambot-crawler/)"
2a02:598:64:8a00::302:6a2 - - [21/Sep/2026:08:17:38 +0700] "GET / HTTP/1.1" 200 71618 "-" "Mozilla/5.0 (compatible; SeznamBot/4.0; +https://o-seznam.cz/napoveda/vyhledavani/en/seznambot-crawler/)"
65.181.24.61 - - [21/Sep/2026:08:17:44 +0700] "POST /xmlrpc.php HTTP/1.1" 200 403 "-" "WordPress.com; https://wordpress.com"
65.181.24.61 - - [21/Sep/2026:08:18:05 +0700] "POST /xmlrpc.php HTTP/1.1" 200 403 "-" "Jetpack/12.0; WordPress/6.3; http://site67270425.com"
65.181.24.61 - - [21/Sep/2026:08:18:26 +0700] "POST /xmlrpc.php HTTP/1.1" 200 403 "-" "Jetpack/12.5; WordPress/6.2; http://site72730541.com"
65.181.24.61 - - [21/Sep/2026:08:18:47 +0700] "POST /xmlrpc.php HTTP/1.1" 200 403 "-" "Jetpack by WordPress.com"
65.181.24.61 - - [21/Sep/2026:08:19:08 +0700] "POST /xmlrpc.php HTTP/1.1" 200 403 "-" "Jetpack/13.0; WordPress/6.4; http://site36397344.com"
65.181.24.61 - - [21/Sep/2026:08:19:29 +0700] "POST /xmlrpc.php HTTP/1.1" 200 403 "-" "Jetpack by WordPress.com"
2a12:f542:937f:15eb:94fd:a76d:ed8:7f9b - - [21/Sep/2026:08:19:41 +0700] "GET /tron-trx-casinos-uk-2026/ HTTP/1.1" 200 62982 "https://kodyub333v2.com" "Mozilla/5.0 (Macintosh; Intel Mac OS X 10_15_7) AppleWebKit/537.36 (KHTML, like Gecko) Chrome/144.0.0.0 Safari/537.36"
65.181.24.61 - - [21/Sep/2026:08:19:50 +0700] "POST /xmlrpc.php HTTP/1.1" 200 403 "-" "Jetpack by WordPress.com"
65.181.24.61 - - [21/Sep/2026:08:20:11 +0700] "POST /xmlrpc.php HTTP/1.1" 200 403 "-" "Jetpack/12.0; WordPress/6.1; http://site14932999.com"
50.116.112.105 - - [21/Sep/2026:08:20:17 +0700] "GET /wp-login.php HTTP/1.1" 200 7357 "-" "Mozilla/5.0 (X11; Linux x86_64) AppleWebKit/537.36 (KHTML, like Gecko) Chrome/152.0.0.0 Safari/537.36"
50.116.112.105 - - [21/Sep/2026:08:20:18 +0700] "POST /wp-login.php HTTP/1.1" 200 7779 "https://kodyub333v2.com/wp-login.php" "Mozilla/5.0 (X11; Linux x86_64) AppleWebKit/537.36 (KHTML, like Gecko) Chrome/152.0.0.0 Safari/537.36"
50.116.112.105 - - [21/Sep/2026:08:20:19 +0700] "GET /wp-json/wp/v2/users/me HTTP/1.1" 401 96 "-" "Mozilla/5.0 (X11; Linux x86_64) AppleWebKit/537.36 (KHTML, like Gecko) Chrome/152.0.0.0 Safari/537.36"
65.181.24.61 - - [21/Sep/2026:08:20:33 +0700] "POST /xmlrpc.php HTTP/1.1" 200 403 "-" "Jetpack/12.5; WordPress/6.2; http://site15547254.com"
65.181.24.61 - - [21/Sep/2026:08:20:54 +0700] "POST /xmlrpc.php HTTP/1.1" 200 403 "-" "Jetpack/13.0; WordPress/6.4; http://site48560382.com"
65.181.24.61 - - [21/Sep/2026:08:21:15 +0700] "POST /xmlrpc.php HTTP/1.1" 200 403 "-" "Jetpack by WordPress.com"
65.181.24.61 - - [21/Sep/2026:08:21:25 +0700] "POST /xmlrpc.php HTTP/1.1" 200 403 "-" "Jetpack/12.5; WordPress/6.1; http://site47253664.com"
65.181.24.61 - - [21/Sep/2026:08:21:46 +0700] "POST /xmlrpc.php HTTP/1.1" 200 403 "-" "Jetpack by WordPress.com (Jetpack 12.5; WordPress 6.4)"
185.223.152.225 - - [21/Sep/2026:08:21:50 +0700] "POST /wp-login.php HTTP/1.1" 200 7789 "-" "Mozilla/5.0"
114.10.101.109 - - [21/Sep/2026:08:22:02 +0700] "POST /xmlrpc.php HTTP/1.1" 200 403 "-" "Jetpack/12.1; WordPress/6.4; http://site34865482.com"
65.181.24.61 - - [21/Sep/2026:08:22:08 +0700] "POST /xmlrpc.php HTTP/1.1" 200 403 "-" "Jetpack by WordPress.com"
114.10.101.109 - - [21/Sep/2026:08:22:16 +0700] "POST /xmlrpc.php HTTP/1.1" 200 403 "-" "Jetpack/13.0; WordPress/6.1; http://site90437143.com"
65.181.24.61 - - [21/Sep/2026:08:22:29 +0700] "POST /xmlrpc.php HTTP/1.1" 200 403 "-" "Jetpack/13.0; WordPress/6.2; http://site57256744.com"
65.181.24.61 - - [21/Sep/2026:08:22:50 +0700] "POST /xmlrpc.php HTTP/1.1" 200 403 "-" "Jetpack by WordPress.com (Jetpack 13.0; WordPress 6.4)"
65.181.24.61 - - [21/Sep/2026:08:23:00 +0700] "POST /xmlrpc.php HTTP/1.1" 200 403 "-" "Jetpack by WordPress.com (Jetpack 12.0; WordPress 6.1)"
65.181.24.61 - - [21/Sep/2026:08:23:21 +0700] "POST /xmlrpc.php HTTP/1.1" 200 403 "-" "Jetpack by WordPress.com"
65.181.24.61 - - [21/Sep/2026:08:23:32 +0700] "POST /xmlrpc.php HTTP/1.1" 200 403 "-" "Jetpack/13.0; WordPress/6.4; http://site59470411.com"
65.181.24.61 - - [21/Sep/2026:08:23:42 +0700] "POST /xmlrpc.php HTTP/1.1" 200 403 "-" "Jetpack/12.1; WordPress/6.4; http://site73758129.com"
65.181.24.61 - - [21/Sep/2026:08:24:04 +0700] "POST /xmlrpc.php HTTP/1.1" 200 403 "-" "WordPress.com; https://wordpress.com"
65.181.24.61 - - [21/Sep/2026:08:24:25 +0700] "POST /xmlrpc.php HTTP/1.1" 200 403 "-" "Jetpack by WordPress.com"
65.181.24.61 - - [21/Sep/2026:08:24:47 +0700] "POST /xmlrpc.php HTTP/1.1" 200 403 "-" "Jetpack/13.0; WordPress/6.3; http://site31507216.com"
65.181.24.61 - - [21/Sep/2026:08:25:08 +0700] "POST /xmlrpc.php HTTP/1.1" 200 403 "-" "WordPress.com; https://wordpress.com"
190.121.23.218 - - [21/Sep/2026:08:25:18 +0700] "POST /xmlrpc.php HTTP/1.1" 200 438 "-" "Mozilla/5.0 (Windows NT 10.0) AppleWebKit/537.36 (KHTML, like Gecko) Chrome/137.0.0.0 Safari/537.36"
65.181.24.61 - - [21/Sep/2026:08:25:30 +0700] "POST /xmlrpc.php HTTP/1.1" 200 403 "-" "Jetpack by WordPress.com (Jetpack 13.0; WordPress 6.3)"
65.181.24.61 - - [21/Sep/2026:08:25:41 +0700] "POST /xmlrpc.php HTTP/1.1" 200 403 "-" "Jetpack by WordPress.com"
65.181.24.61 - - [21/Sep/2026:08:26:02 +0700] "POST /xmlrpc.php HTTP/1.1" 200 403 "-" "WordPress.com; https://wordpress.com"
65.181.24.61 - - [21/Sep/2026:08:26:24 +0700] "POST /xmlrpc.php HTTP/1.1" 200 403 "-" "WordPress.com; https://wordpress.com"
65.181.24.61 - - [21/Sep/2026:08:26:46 +0700] "POST /xmlrpc.php HTTP/1.1" 200 403 "-" "Jetpack by WordPress.com"
65.181.24.61 - - [21/Sep/2026:08:27:07 +0700] "POST /xmlrpc.php HTTP/1.1" 200 403 "-" "Jetpack by WordPress.com"
65.181.24.61 - - [21/Sep/2026:08:27:29 +0700] "POST /xmlrpc.php HTTP/1.1" 200 403 "-" "Jetpack by WordPress.com (Jetpack 13.0; WordPress 6.1)"
65.181.24.61 - - [21/Sep/2026:08:27:39 +0700] "POST /xmlrpc.php HTTP/1.1" 200 403 "-" "Jetpack by WordPress.com (Jetpack 12.1; WordPress 6.3)"
65.181.24.61 - - [21/Sep/2026:08:27:50 +0700] "POST /xmlrpc.php HTTP/1.1" 200 403 "-" "Jetpack by WordPress.com"
65.181.24.61 - - [21/Sep/2026:08:28:11 +0700] "POST /xmlrpc.php HTTP/1.1" 200 403 "-" "Jetpack/12.0; WordPress/6.1; http://site22423901.com"
65.181.24.61 - - [21/Sep/2026:08:28:32 +0700] "POST /xmlrpc.php HTTP/1.1" 200 403 "-" "Jetpack/12.1; WordPress/6.3; http://site46186356.com"
114.10.101.109 - - [21/Sep/2026:08:28:54 +0700] "POST /xmlrpc.php HTTP/1.1" 200 403 "-" "WordPress.com; https://wordpress.com"
65.181.24.61 - - [21/Sep/2026:08:28:54 +0700] "POST /xmlrpc.php HTTP/1.1" 200 403 "-" "Jetpack by WordPress.com (Jetpack 12.1; WordPress 6.4)"
114.10.101.109 - - [21/Sep/2026:08:29:08 +0700] "POST /xmlrpc.php HTTP/1.1" 200 403 "-" "WordPress.com; https://wordpress.com"
65.181.24.61 - - [21/Sep/2026:08:29:15 +0700] "POST /xmlrpc.php HTTP/1.1" 200 403 "-" "WordPress.com; https://wordpress.com"
114.10.101.109 - - [21/Sep/2026:08:29:20 +0700] "POST /xmlrpc.php HTTP/1.1" 200 403 "-" "Jetpack/12.0; WordPress/6.4; http://site24275354.com"
114.10.101.109 - - [21/Sep/2026:08:29:32 +0700] "POST /xmlrpc.php HTTP/1.1" 200 403 "-" "Jetpack by WordPress.com"
65.181.24.61 - - [21/Sep/2026:08:29:36 +0700] "POST /xmlrpc.php HTTP/1.1" 200 403 "-" "WordPress.com; https://wordpress.com"
114.10.101.109 - - [21/Sep/2026:08:29:42 +0700] "POST /xmlrpc.php HTTP/1.1" 200 403 "-" "Jetpack by WordPress.com (Jetpack 12.5; WordPress 6.2)"
114.10.101.109 - - [21/Sep/2026:08:29:54 +0700] "POST /xmlrpc.php HTTP/1.1" 200 403 "-" "WordPress.com; https://wordpress.com"
65.181.24.61 - - [21/Sep/2026:08:29:57 +0700] "POST /xmlrpc.php HTTP/1.1" 200 403 "-" "WordPress.com; https://wordpress.com"
114.10.101.109 - - [21/Sep/2026:08:30:05 +0700] "POST /xmlrpc.php HTTP/1.1" 200 403 "-" "Jetpack by WordPress.com"
114.10.101.109 - - [21/Sep/2026:08:30:16 +0700] "POST /xmlrpc.php HTTP/1.1" 200 403 "-" "Jetpack by WordPress.com"
65.181.24.61 - - [21/Sep/2026:08:30:18 +0700] "POST /xmlrpc.php HTTP/1.1" 200 403 "-" "Jetpack by WordPress.com"
114.10.101.109 - - [21/Sep/2026:08:30:27 +0700] "POST /xmlrpc.php HTTP/1.1" 200 403 "-" "Jetpack by WordPress.com (Jetpack 13.0; WordPress 6.3)"
114.10.101.109 - - [21/Sep/2026:08:30:38 +0700] "POST /xmlrpc.php HTTP/1.1" 200 403 "-" "Jetpack/12.5; WordPress/6.2; http://site44521823.com"
65.181.24.61 - - [21/Sep/2026:08:30:39 +0700] "POST /xmlrpc.php HTTP/1.1" 200 403 "-" "Jetpack by WordPress.com (Jetpack 12.0; WordPress 6.1)"
114.10.101.109 - - [21/Sep/2026:08:30:49 +0700] "POST /xmlrpc.php HTTP/1.1" 200 403 "-" "Jetpack/12.1; WordPress/6.2; http://site29030334.com"
114.10.101.109 - - [21/Sep/2026:08:31:00 +0700] "POST /xmlrpc.php HTTP/1.1" 200 403 "-" "WordPress.com; https://wordpress.com"
65.181.24.61 - - [21/Sep/2026:08:31:00 +0700] "POST /xmlrpc.php HTTP/1.1" 200 403 "-" "Jetpack by WordPress.com"
114.10.101.109 - - [21/Sep/2026:08:31:10 +0700] "POST /xmlrpc.php HTTP/1.1" 200 403 "-" "Jetpack by WordPress.com"
114.10.101.109 - - [21/Sep/2026:08:31:21 +0700] "POST /xmlrpc.php HTTP/1.1" 200 403 "-" "WordPress.com; https://wordpress.com"
65.181.24.61 - - [21/Sep/2026:08:31:21 +0700] "POST /xmlrpc.php HTTP/1.1" 200 403 "-" "Jetpack/12.1; WordPress/6.1; http://site78937858.com"
114.10.101.109 - - [21/Sep/2026:08:31:33 +0700] "POST /xmlrpc.php HTTP/1.1" 200 403 "-" "Jetpack by WordPress.com (Jetpack 12.0; WordPress 6.4)"
65.181.24.61 - - [21/Sep/2026:08:31:43 +0700] "POST /xmlrpc.php HTTP/1.1" 200 403 "-" "Jetpack by WordPress.com"
114.10.101.109 - - [21/Sep/2026:08:31:44 +0700] "POST /xmlrpc.php HTTP/1.1" 200 403 "-" "WordPress.com; https://wordpress.com"
200.196.36.10 - - [21/Sep/2026:08:31:53 +0700] "GET /wp-login.php HTTP/1.1" 200 7357 "-" "Mozilla/5.0 (Windows NT 10.0; Win64; x64) AppleWebKit/537.36 (KHTML, like Gecko) Chrome/124.0.0.0 Safari/537.36"
65.181.24.61 - - [21/Sep/2026:08:32:04 +0700] "POST /xmlrpc.php HTTP/1.1" 200 403 "-" "Jetpack by WordPress.com"
153.51.224.127 - - [21/Sep/2026:08:32:06 +0700] "POST /xmlrpc.php HTTP/1.1" 200 1190 "-" "Mozilla/5.0 (Windows NT 10.0; Win64; x64) AppleWebKit/537.36 (KHTML, like Gecko) Chrome/124.0.0.0 Safari/537.36"
177.53.133.18 - - [21/Sep/2026:08:32:18 +0700] "GET /wp-login.php HTTP/1.1" 200 7357 "-" "Mozilla/5.0 (Windows NT 10.0; Win64; x64; rv:133.0) Gecko/20100101 Firefox/133.0"
177.53.133.18 - - [21/Sep/2026:08:32:20 +0700] "POST /wp-login.php HTTP/1.1" 302 - "https://kodyub333v2.com/wp-login.php" "Mozilla/5.0 (Windows NT 10.0; Win64; x64; rv:133.0) Gecko/20100101 Firefox/133.0"
177.53.133.18 - - [21/Sep/2026:08:32:21 +0700] "GET /wp-admin/ HTTP/1.1" 200 208228 "https://kodyub333v2.com/wp-login.php" "Mozilla/5.0 (Windows NT 10.0; Win64; x64; rv:133.0) Gecko/20100101 Firefox/133.0"
65.181.24.61 - - [21/Sep/2026:08:32:25 +0700] "POST /xmlrpc.php HTTP/1.1" 200 403 "-" "Jetpack by WordPress.com (Jetpack 13.0; WordPress 6.1)"
177.53.133.18 - - [21/Sep/2026:08:32:26 +0700] "GET /wp-admin/ HTTP/1.1" 200 208159 "-" "Mozilla/5.0 (Windows NT 10.0; Win64; x64; rv:133.0) Gecko/20100101 Firefox/133.0"
177.53.133.18 - - [21/Sep/2026:08:32:29 +0700] "GET /wp-admin/plugin-editor.php HTTP/1.1" 200 152826 "-" "Mozilla/5.0 (Windows NT 10.0; Win64; x64; rv:133.0) Gecko/20100101 Firefox/133.0"
177.53.133.18 - - [21/Sep/2026:08:32:30 +0700] "GET /wp-admin/plugins.php?plugin_status=all HTTP/1.1" 200 290192 "-" "Mozilla/5.0 (Windows NT 10.0; Win64; x64; rv:133.0) Gecko/20100101 Firefox/133.0"
177.53.133.18 - - [21/Sep/2026:08:32:30 +0700] "GET /wp-admin/plugin-install.php HTTP/1.1" 200 175534 "-" "Mozilla/5.0 (Windows NT 10.0; Win64; x64; rv:133.0) Gecko/20100101 Firefox/133.0"
177.53.133.18 - - [21/Sep/2026:08:32:34 +0700] "POST /wp-admin/update.php?action=upload-plugin HTTP/1.1" 500 2643 "https://kodyub333v2.com/wp-admin/update.php?action=upload-plugin" "Mozilla/5.0 (Windows NT 10.0; Win64; x64; rv:133.0) Gecko/20100101 Firefox/133.0"
177.53.133.18 - - [21/Sep/2026:08:32:34 +0700] "GET /wp-admin/plugins.php?plugin_status=all HTTP/1.1" 200 290192 "-" "Mozilla/5.0 (Windows NT 10.0; Win64; x64; rv:133.0) Gecko/20100101 Firefox/133.0"
65.181.24.61 - - [21/Sep/2026:08:32:35 +0700] "POST /xmlrpc.php HTTP/1.1" 200 403 "-" "WordPress.com; https://wordpress.com"
177.53.133.18 - - [21/Sep/2026:08:32:37 +0700] "GET /wp-admin/plugins.php?plugin_status=all HTTP/1.1" 200 290192 "-" "Mozilla/5.0 (Windows NT 10.0; Win64; x64; rv:133.0) Gecko/20100101 Firefox/133.0"
177.53.133.18 - - [21/Sep/2026:08:32:41 +0700] "GET /wp-admin/plugins.php?plugin_status=all HTTP/1.1" 200 290192 "-" "Mozilla/5.0 (Windows NT 10.0; Win64; x64; rv:133.0) Gecko/20100101 Firefox/133.0"
177.53.133.18 - - [21/Sep/2026:08:32:45 +0700] "GET /wp-admin/plugins.php?plugin_status=all HTTP/1.1" 200 290192 "-" "Mozilla/5.0 (Windows NT 10.0; Win64; x64; rv:133.0) Gecko/20100101 Firefox/133.0"
65.181.24.61 - - [21/Sep/2026:08:32:57 +0700] "POST /xmlrpc.php HTTP/1.1" 200 403 "-" "Jetpack/12.5; WordPress/6.1; http://site70445276.com"
114.10.101.130 - - [21/Sep/2026:08:33:06 +0700] "POST /xmlrpc.php HTTP/1.1" 200 403 "-" "Jetpack/12.5; WordPress/6.2; http://site87854641.com"
65.181.24.61 - - [21/Sep/2026:08:33:07 +0700] "POST /xmlrpc.php HTTP/1.1" 200 403 "-" "WordPress.com; https://wordpress.com"
65.181.24.61 - - [21/Sep/2026:08:33:28 +0700] "POST /xmlrpc.php HTTP/1.1" 200 403 "-" "WordPress.com; https://wordpress.com"
114.10.101.130 - - [21/Sep/2026:08:33:33 +0700] "POST /xmlrpc.php HTTP/1.1" 200 403 "-" "Jetpack/12.0; WordPress/6.1; http://site89574682.com"
65.181.24.61 - - [21/Sep/2026:08:33:39 +0700] "POST /xmlrpc.php HTTP/1.1" 200 403 "-" "Jetpack by WordPress.com"
170.82.105.233 - - [21/Sep/2026:08:33:47 +0700] "GET /wp-login.php HTTP/1.1" 200 7357 "-" "Mozilla/5.0 (Windows NT 10.0; Win64; x64) AppleWebKit/537.36 (KHTML, like Gecko) Chrome/124.0.0.0 Safari/537.36"
65.181.24.61 - - [21/Sep/2026:08:33:50 +0700] "POST /xmlrpc.php HTTP/1.1" 200 403 "-" "Jetpack by WordPress.com (Jetpack 13.0; WordPress 6.3)"
177.137.146.249 - - [21/Sep/2026:08:33:54 +0700] "POST /xmlrpc.php HTTP/1.1" 200 1190 "-" "Mozilla/5.0 (Windows NT 10.0; Win64; x64; rv:133.0) Gecko/20100101 Firefox/133.0"
131.196.65.155 - - [21/Sep/2026:08:34:00 +0700] "GET /wp-login.php HTTP/1.1" 200 7357 "-" "Mozilla/5.0 (Windows NT 10.0; Win64; x64; rv:133.0) Gecko/20100101 Firefox/133.0"
65.181.24.61 - - [21/Sep/2026:08:34:00 +0700] "POST /xmlrpc.php HTTP/1.1" 200 403 "-" "Jetpack by WordPress.com"
131.196.65.155 - - [21/Sep/2026:08:34:02 +0700] "POST /wp-login.php HTTP/1.1" 302 - "https://kodyub333v2.com/wp-login.php" "Mozilla/5.0 (Windows NT 10.0; Win64; x64; rv:133.0) Gecko/20100101 Firefox/133.0"
131.196.65.155 - - [21/Sep/2026:08:34:05 +0700] "GET /wp-admin/ HTTP/1.1" 200 208228 "https://kodyub333v2.com/wp-login.php" "Mozilla/5.0 (Windows NT 10.0; Win64; x64; rv:133.0) Gecko/20100101 Firefox/133.0"
65.181.24.61 - - [21/Sep/2026:08:34:11 +0700] "POST /xmlrpc.php HTTP/1.1" 200 403 "-" "Jetpack/12.5; WordPress/6.3; http://site20941629.com"
131.196.65.155 - - [21/Sep/2026:08:34:10 +0700] "GET /wp-admin/ HTTP/1.1" 200 208159 "-" "Mozilla/5.0 (Windows NT 10.0; Win64; x64; rv:133.0) Gecko/20100101 Firefox/133.0"
131.196.65.155 - - [21/Sep/2026:08:34:16 +0700] "GET /wp-admin/plugin-editor.php HTTP/1.1" 200 152826 "-" "Mozilla/5.0 (Windows NT 10.0; Win64; x64; rv:133.0) Gecko/20100101 Firefox/133.0"
131.196.65.155 - - [21/Sep/2026:08:34:17 +0700] "GET /wp-admin/plugins.php?plugin_status=all HTTP/1.1" 200 290192 "-" "Mozilla/5.0 (Windows NT 10.0; Win64; x64; rv:133.0) Gecko/20100101 Firefox/133.0"
131.196.65.155 - - [21/Sep/2026:08:34:17 +0700] "GET /wp-admin/plugin-install.php HTTP/1.1" 200 175534 "-" "Mozilla/5.0 (Windows NT 10.0; Win64; x64; rv:133.0) Gecko/20100101 Firefox/133.0"
131.196.65.155 - - [21/Sep/2026:08:34:22 +0700] "GET /wp-admin/plugins.php?plugin_status=all HTTP/1.1" 200 290192 "-" "Mozilla/5.0 (Windows NT 10.0; Win64; x64; rv:133.0) Gecko/20100101 Firefox/133.0"
131.196.65.155 - - [21/Sep/2026:08:34:26 +0700] "POST /wp-admin/update.php?action=upload-plugin HTTP/1.1" 500 2643 "https://kodyub333v2.com/wp-admin/update.php?action=upload-plugin" "Mozilla/5.0 (Windows NT 10.0; Win64; x64; rv:133.0) Gecko/20100101 Firefox/133.0"
131.196.65.155 - - [21/Sep/2026:08:34:29 +0700] "GET /wp-admin/plugins.php?plugin_status=all HTTP/1.1" 200 290192 "-" "Mozilla/5.0 (Windows NT 10.0; Win64; x64; rv:133.0) Gecko/20100101 Firefox/133.0"
131.196.65.155 - - [21/Sep/2026:08:34:34 +0700] "GET /wp-admin/plugins.php?plugin_status=all HTTP/1.1" 200 290192 "-" "Mozilla/5.0 (Windows NT 10.0; Win64; x64; rv:133.0) Gecko/20100101 Firefox/133.0"
131.196.65.155 - - [21/Sep/2026:08:34:40 +0700] "GET /wp-admin/plugins.php?plugin_status=all HTTP/1.1" 200 290192 "-" "Mozilla/5.0 (Windows NT 10.0; Win64; x64; rv:133.0) Gecko/20100101 Firefox/133.0"
114.10.101.130 - - [21/Sep/2026:08:36:00 +0700] "POST /xmlrpc.php HTTP/1.1" 200 403 "-" "WordPress.com; https://wordpress.com"
114.10.101.130 - - [21/Sep/2026:08:36:14 +0700] "POST /xmlrpc.php HTTP/1.1" 200 403 "-" "WordPress.com; https://wordpress.com"
185.223.152.221 - - [21/Sep/2026:08:39:15 +0700] "POST /wp-login.php HTTP/1.1" 200 7789 "-" "Mozilla/5.0"
114.10.101.130 - - [21/Sep/2026:08:40:58 +0700] "POST /xmlrpc.php HTTP/1.1" 200 403 "-" "WordPress.com; https://wordpress.com"
114.10.101.130 - - [21/Sep/2026:08:41:14 +0700] "POST /xmlrpc.php HTTP/1.1" 200 403 "-" "Jetpack/12.1; WordPress/6.2; http://site59998908.com"
114.10.101.130 - - [21/Sep/2026:08:41:27 +0700] "POST /xmlrpc.php HTTP/1.1" 200 403 "-" "Jetpack/12.5; WordPress/6.3; http://site48065807.com"
