82.22.65.19 - - [21/Sep/2026:05:01:50 +0700] "GET / HTTP/1.1" 500 2482 "-" "Mozilla/5.0 (X11; Linux x86_64) AppleWebKit/537.36 (KHTML, like Gecko) Chrome/126.0.0.0 Safari/537.36"
198.252.107.178 - - [21/Sep/2026:05:04:37 +0700] "POST /wp-cron.php?doing_wp_cron=1789941877.3564090728759765625000 HTTP/1.1" 200 - "-" "WordPress/7.1.1; https://huayrich28b.com"
165.99.15.124 - - [21/Sep/2026:05:04:33 +0700] "GET / HTTP/1.1" 200 81037 "-" "Mozilla/5.0 (Macintosh; Intel Mac OS X 10_15_7) AppleWebKit/605.1.15 (KHTML, like Gecko) Version/18.4 Safari/605.1.15"
165.99.15.124 - - [21/Sep/2026:05:04:37 +0700] "GET /demoslot/ HTTP/1.1" 200 62290 "https://huayrich28b.com/" "Mozilla/5.0 (Macintosh; Intel Mac OS X 10_15_7) AppleWebKit/605.1.15 (KHTML, like Gecko) Version/18.4 Safari/605.1.15"
123.123.146.132 - - [21/Sep/2026:05:09:44 +0700] "GET /casino-sites-not-registered-with-gamstop-uk-2026/ HTTP/1.1" 200 77129 "https://huayrich28b.com/" "Mozilla/5.0 (X11; Linux x86_64) AppleWebKit/537.36 (KHTML, like Gecko) Chrome/125.0.0.0 Safari/537.36"
123.123.146.132 - - [21/Sep/2026:05:09:52 +0700] "GET /wp-login.php?action=register HTTP/1.1" 302 - "https://huayrich28b.com/casino-sites-not-registered-with-gamstop-uk-2026/" "Mozilla/5.0 (Windows NT 6.3; Win64; x64) AppleWebKit/537.36 (KHTML, like Gecko) Chrome/103.0.0.0 Safari/537.36"
123.123.146.132 - - [21/Sep/2026:05:09:55 +0700] "GET /wp-login.php?registration=disabled HTTP/1.1" 200 7645 "https://huayrich28b.com/wp-login.php?action=register" "Mozilla/5.0 (Windows NT 6.3; Win64; x64) AppleWebKit/537.36 (KHTML, like Gecko) Chrome/103.0.0.0 Safari/537.36"
92.180.214.60 - - [21/Sep/2026:05:10:07 +0700] "GET /wp-login.php HTTP/1.1" 200 7453 "-" "Mozilla/5.0 (Windows NT 10.0; Win64; x64; rv:133.0) Gecko/20100101 Firefox/133.0"
181.122.43.111 - - [21/Sep/2026:05:10:23 +0700] "POST /xmlrpc.php HTTP/1.1" 200 1173 "-" "Mozilla/5.0 (Windows NT 10.0; Win64; x64) AppleWebKit/537.36 (KHTML, like Gecko) Chrome/124.0.0.0 Safari/537.36"
185.215.55.109 - - [21/Sep/2026:05:10:29 +0700] "GET /wp-login.php HTTP/1.1" 200 7453 "-" "Mozilla/5.0 (Windows NT 10.0; Win64; x64) AppleWebKit/537.36 (KHTML, like Gecko) Chrome/124.0.0.0 Safari/537.36"
185.215.55.109 - - [21/Sep/2026:05:10:31 +0700] "POST /wp-login.php HTTP/1.1" 302 - "https://huayrich28b.com/wp-login.php" "Mozilla/5.0 (Windows NT 10.0; Win64; x64) AppleWebKit/537.36 (KHTML, like Gecko) Chrome/124.0.0.0 Safari/537.36"
185.215.55.109 - - [21/Sep/2026:05:10:33 +0700] "GET /wp-admin/ HTTP/1.1" 200 220427 "https://huayrich28b.com/wp-login.php" "Mozilla/5.0 (Windows NT 10.0; Win64; x64) AppleWebKit/537.36 (KHTML, like Gecko) Chrome/124.0.0.0 Safari/537.36"
185.215.55.109 - - [21/Sep/2026:05:10:41 +0700] "GET /wp-admin/ HTTP/1.1" 200 220358 "-" "Mozilla/5.0 (Windows NT 10.0; Win64; x64) AppleWebKit/537.36 (KHTML, like Gecko) Chrome/124.0.0.0 Safari/537.36"
185.215.55.109 - - [21/Sep/2026:05:10:47 +0700] "GET /wp-admin/plugin-editor.php HTTP/1.1" 200 159037 "-" "Mozilla/5.0 (Windows NT 10.0; Win64; x64) AppleWebKit/537.36 (KHTML, like Gecko) Chrome/124.0.0.0 Safari/537.36"
185.215.55.109 - - [21/Sep/2026:05:10:47 +0700] "GET /wp-admin/plugins.php?plugin_status=all HTTP/1.1" 200 305584 "-" "Mozilla/5.0 (Windows NT 10.0; Win64; x64) AppleWebKit/537.36 (KHTML, like Gecko) Chrome/124.0.0.0 Safari/537.36"
185.215.55.109 - - [21/Sep/2026:05:10:47 +0700] "GET /wp-admin/plugin-install.php HTTP/1.1" 200 181698 "-" "Mozilla/5.0 (Windows NT 10.0; Win64; x64) AppleWebKit/537.36 (KHTML, like Gecko) Chrome/124.0.0.0 Safari/537.36"
185.215.55.109 - - [21/Sep/2026:05:10:52 +0700] "GET /wp-admin/plugins.php?plugin_status=all HTTP/1.1" 200 305584 "-" "Mozilla/5.0 (Windows NT 10.0; Win64; x64) AppleWebKit/537.36 (KHTML, like Gecko) Chrome/124.0.0.0 Safari/537.36"
185.215.55.109 - - [21/Sep/2026:05:10:54 +0700] "POST /wp-admin/update.php?action=upload-plugin HTTP/1.1" 500 2643 "https://huayrich28b.com/wp-admin/update.php?action=upload-plugin" "Mozilla/5.0 (Windows NT 10.0; Win64; x64) AppleWebKit/537.36 (KHTML, like Gecko) Chrome/124.0.0.0 Safari/537.36"
185.215.55.109 - - [21/Sep/2026:05:10:56 +0700] "GET /wp-admin/plugins.php?plugin_status=all HTTP/1.1" 200 305584 "-" "Mozilla/5.0 (Windows NT 10.0; Win64; x64) AppleWebKit/537.36 (KHTML, like Gecko) Chrome/124.0.0.0 Safari/537.36"
185.215.55.109 - - [21/Sep/2026:05:11:01 +0700] "GET /wp-admin/plugins.php?plugin_status=all HTTP/1.1" 200 305584 "-" "Mozilla/5.0 (Windows NT 10.0; Win64; x64) AppleWebKit/537.36 (KHTML, like Gecko) Chrome/124.0.0.0 Safari/537.36"
185.215.55.109 - - [21/Sep/2026:05:11:05 +0700] "GET /wp-admin/plugins.php?plugin_status=all HTTP/1.1" 200 305584 "-" "Mozilla/5.0 (Windows NT 10.0; Win64; x64) AppleWebKit/537.36 (KHTML, like Gecko) Chrome/124.0.0.0 Safari/537.36"
181.126.187.98 - - [21/Sep/2026:05:12:19 +0700] "GET /wp-login.php HTTP/1.1" 200 7453 "-" "Mozilla/5.0 (Windows NT 10.0; Win64; x64; rv:133.0) Gecko/20100101 Firefox/133.0"
198.252.107.178 - - [21/Sep/2026:05:12:26 +0700] "POST /wp-cron.php?doing_wp_cron=1789942345.8587219715118408203125 HTTP/1.1" 200 - "-" "WordPress/7.1.1; https://huayrich28b.com"
177.74.75.8 - - [21/Sep/2026:05:12:24 +0700] "POST /xmlrpc.php HTTP/1.1" 200 1173 "-" "Mozilla/5.0 (Windows NT 10.0; Win64; x64) AppleWebKit/537.36 (KHTML, like Gecko) Chrome/124.0.0.0 Safari/537.36"
14.175.71.69 - - [21/Sep/2026:05:12:31 +0700] "GET /wp-login.php HTTP/1.1" 200 7453 "-" "Mozilla/5.0 (Macintosh; Intel Mac OS X 10_15_7) AppleWebKit/605.1.15 (KHTML, like Gecko) Version/18.0 Safari/605.1.15"
14.175.71.69 - - [21/Sep/2026:05:12:33 +0700] "POST /wp-login.php HTTP/1.1" 302 - "https://huayrich28b.com/wp-login.php" "Mozilla/5.0 (Macintosh; Intel Mac OS X 10_15_7) AppleWebKit/605.1.15 (KHTML, like Gecko) Version/18.0 Safari/605.1.15"
14.175.71.69 - - [21/Sep/2026:05:12:35 +0700] "GET /wp-admin/ HTTP/1.1" 200 220431 "https://huayrich28b.com/wp-login.php" "Mozilla/5.0 (Macintosh; Intel Mac OS X 10_15_7) AppleWebKit/605.1.15 (KHTML, like Gecko) Version/18.0 Safari/605.1.15"
14.175.71.69 - - [21/Sep/2026:05:12:39 +0700] "GET /wp-admin/ HTTP/1.1" 200 220362 "-" "Mozilla/5.0 (Macintosh; Intel Mac OS X 10_15_7) AppleWebKit/605.1.15 (KHTML, like Gecko) Version/18.0 Safari/605.1.15"
191.37.26.171 - - [21/Sep/2026:05:12:45 +0700] "GET /wp-admin/admin-ajax.php?action=rest-nonce HTTP/1.1" 400 1 "-" "Mozilla/5.0 (Macintosh; Intel Mac OS X 10_15_7) AppleWebKit/605.1.15 (KHTML, like Gecko) Version/18.0 Safari/605.1.15"
14.175.71.69 - - [21/Sep/2026:05:12:48 +0700] "GET /wp-admin/plugin-editor.php HTTP/1.1" 200 159041 "-" "Mozilla/5.0 (Macintosh; Intel Mac OS X 10_15_7) AppleWebKit/605.1.15 (KHTML, like Gecko) Version/18.0 Safari/605.1.15"
14.175.71.69 - - [21/Sep/2026:05:12:48 +0700] "GET /wp-admin/plugins.php?plugin_status=all HTTP/1.1" 200 305588 "-" "Mozilla/5.0 (Macintosh; Intel Mac OS X 10_15_7) AppleWebKit/605.1.15 (KHTML, like Gecko) Version/18.0 Safari/605.1.15"
14.175.71.69 - - [21/Sep/2026:05:12:48 +0700] "GET /wp-admin/plugin-install.php HTTP/1.1" 200 181702 "-" "Mozilla/5.0 (Macintosh; Intel Mac OS X 10_15_7) AppleWebKit/605.1.15 (KHTML, like Gecko) Version/18.0 Safari/605.1.15"
14.175.71.69 - - [21/Sep/2026:05:12:53 +0700] "GET /wp-admin/plugins.php?plugin_status=all HTTP/1.1" 200 305588 "-" "Mozilla/5.0 (Macintosh; Intel Mac OS X 10_15_7) AppleWebKit/605.1.15 (KHTML, like Gecko) Version/18.0 Safari/605.1.15"
14.175.71.69 - - [21/Sep/2026:05:12:54 +0700] "POST /wp-admin/update.php?action=upload-plugin HTTP/1.1" 500 2643 "https://huayrich28b.com/wp-admin/update.php?action=upload-plugin" "Mozilla/5.0 (Macintosh; Intel Mac OS X 10_15_7) AppleWebKit/605.1.15 (KHTML, like Gecko) Version/18.0 Safari/605.1.15"
14.175.71.69 - - [21/Sep/2026:05:12:56 +0700] "GET /wp-admin/plugins.php?plugin_status=all HTTP/1.1" 200 305588 "-" "Mozilla/5.0 (Macintosh; Intel Mac OS X 10_15_7) AppleWebKit/605.1.15 (KHTML, like Gecko) Version/18.0 Safari/605.1.15"
14.175.71.69 - - [21/Sep/2026:05:12:59 +0700] "GET /wp-admin/plugins.php?plugin_status=all HTTP/1.1" 200 305588 "-" "Mozilla/5.0 (Macintosh; Intel Mac OS X 10_15_7) AppleWebKit/605.1.15 (KHTML, like Gecko) Version/18.0 Safari/605.1.15"
14.175.71.69 - - [21/Sep/2026:05:13:02 +0700] "GET /wp-admin/plugins.php?plugin_status=all HTTP/1.1" 200 305588 "-" "Mozilla/5.0 (Macintosh; Intel Mac OS X 10_15_7) AppleWebKit/605.1.15 (KHTML, like Gecko) Version/18.0 Safari/605.1.15"
198.252.107.178 - - [21/Sep/2026:05:16:46 +0700] "POST /wp-cron.php?doing_wp_cron=1789942606.4166541099548339843750 HTTP/1.1" 200 - "-" "WordPress/7.1.1; https://huayrich28b.com"
17.166.152.121 - - [21/Sep/2026:05:16:42 +0700] "GET /robots.txt HTTP/1.1" 200 173 "-" "Mozilla/5.0 (Macintosh; Intel Mac OS X 10_15_7) AppleWebKit/605.1.15 (KHTML, like Gecko) Version/17.4 Safari/605.1.15 (Applebot/0.1; +http://www.apple.com/go/applebot)"
17.166.152.121 - - [21/Sep/2026:05:16:47 +0700] "GET /?p=362 HTTP/1.1" 301 - "-" "Mozilla/5.0 (Macintosh; Intel Mac OS X 10_15_7) AppleWebKit/605.1.15 (KHTML, like Gecko) Version/17.4 Safari/605.1.15 (Applebot/0.1; +http://www.apple.com/go/applebot)"
17.166.152.121 - - [21/Sep/2026:05:16:48 +0700] "GET /casino-sites-accept-credit-card-uk-2026/ HTTP/1.1" 200 60580 "-" "Mozilla/5.0 (Macintosh; Intel Mac OS X 10_15_7) AppleWebKit/605.1.15 (KHTML, like Gecko) Version/17.4 Safari/605.1.15 (Applebot/0.1; +http://www.apple.com/go/applebot)"
17.166.151.161 - - [21/Sep/2026:05:20:10 +0700] "GET /comments/feed/ HTTP/1.1" 200 811 "-" "Mozilla/5.0 (Macintosh; Intel Mac OS X 10_15_7) AppleWebKit/605.1.15 (KHTML, like Gecko) Version/17.4 Safari/605.1.15 (Applebot/0.1; +http://www.apple.com/go/applebot)"
198.252.107.178 - - [21/Sep/2026:05:29:53 +0700] "POST /wp-cron.php?doing_wp_cron=1789943393.7905371189117431640625 HTTP/1.1" 200 - "-" "WordPress/7.1.1; https://huayrich28b.com"
167.71.131.184 - - [21/Sep/2026:05:29:51 +0700] "GET / HTTP/1.1" 200 81037 "-" "Mozilla/5.0 (Windows NT 6.1; WOW64; rv:52.0) Gecko/20100101 Firefox/52.0"
156.208.126.210 - - [21/Sep/2026:05:33:10 +0700] "GET /wp-login.php HTTP/1.1" 200 7453 "-" "Mozilla/5.0 (Macintosh; Intel Mac OS X 10_15_7) AppleWebKit/605.1.15 (KHTML, like Gecko) Version/18.0 Safari/605.1.15"
105.159.172.76 - - [21/Sep/2026:05:33:21 +0700] "POST /xmlrpc.php HTTP/1.1" 200 1173 "-" "Mozilla/5.0 (Macintosh; Intel Mac OS X 10_15_7) AppleWebKit/605.1.15 (KHTML, like Gecko) Version/18.0 Safari/605.1.15"
179.135.51.21 - - [21/Sep/2026:05:33:28 +0700] "GET /wp-login.php HTTP/1.1" 200 7453 "-" "Mozilla/5.0 (Windows NT 10.0; Win64; x64) AppleWebKit/537.36 (KHTML, like Gecko) Chrome/124.0.0.0 Safari/537.36"
179.135.51.21 - - [21/Sep/2026:05:33:29 +0700] "POST /wp-login.php HTTP/1.1" 302 - "https://huayrich28b.com/wp-login.php" "Mozilla/5.0 (Windows NT 10.0; Win64; x64) AppleWebKit/537.36 (KHTML, like Gecko) Chrome/124.0.0.0 Safari/537.36"
179.135.51.21 - - [21/Sep/2026:05:33:31 +0700] "GET /wp-admin/ HTTP/1.1" 200 220427 "https://huayrich28b.com/wp-login.php" "Mozilla/5.0 (Windows NT 10.0; Win64; x64) AppleWebKit/537.36 (KHTML, like Gecko) Chrome/124.0.0.0 Safari/537.36"
179.135.51.21 - - [21/Sep/2026:05:33:35 +0700] "GET /wp-admin/ HTTP/1.1" 200 220358 "-" "Mozilla/5.0 (Windows NT 10.0; Win64; x64) AppleWebKit/537.36 (KHTML, like Gecko) Chrome/124.0.0.0 Safari/537.36"
186.17.220.177 - - [21/Sep/2026:05:33:40 +0700] "GET /wp-admin/admin-ajax.php?action=rest-nonce HTTP/1.1" 400 1 "-" "Mozilla/5.0 (Windows NT 10.0; Win64; x64) AppleWebKit/537.36 (KHTML, like Gecko) Chrome/124.0.0.0 Safari/537.36"
179.135.51.21 - - [21/Sep/2026:05:33:42 +0700] "GET /wp-admin/plugin-editor.php HTTP/1.1" 200 159037 "-" "Mozilla/5.0 (Windows NT 10.0; Win64; x64) AppleWebKit/537.36 (KHTML, like Gecko) Chrome/124.0.0.0 Safari/537.36"
179.135.51.21 - - [21/Sep/2026:05:33:43 +0700] "GET /wp-admin/plugins.php?plugin_status=all HTTP/1.1" 200 305584 "-" "Mozilla/5.0 (Windows NT 10.0; Win64; x64) AppleWebKit/537.36 (KHTML, like Gecko) Chrome/124.0.0.0 Safari/537.36"
179.135.51.21 - - [21/Sep/2026:05:33:43 +0700] "GET /wp-admin/plugin-install.php HTTP/1.1" 200 181698 "-" "Mozilla/5.0 (Windows NT 10.0; Win64; x64) AppleWebKit/537.36 (KHTML, like Gecko) Chrome/124.0.0.0 Safari/537.36"
179.135.51.21 - - [21/Sep/2026:05:33:47 +0700] "POST /wp-admin/update.php?action=upload-plugin HTTP/1.1" 500 2643 "https://huayrich28b.com/wp-admin/update.php?action=upload-plugin" "Mozilla/5.0 (Windows NT 10.0; Win64; x64) AppleWebKit/537.36 (KHTML, like Gecko) Chrome/124.0.0.0 Safari/537.36"
179.135.51.21 - - [21/Sep/2026:05:33:47 +0700] "GET /wp-admin/plugins.php?plugin_status=all HTTP/1.1" 200 305584 "-" "Mozilla/5.0 (Windows NT 10.0; Win64; x64) AppleWebKit/537.36 (KHTML, like Gecko) Chrome/124.0.0.0 Safari/537.36"
179.135.51.21 - - [21/Sep/2026:05:33:53 +0700] "GET /wp-admin/plugins.php?plugin_status=all HTTP/1.1" 200 305584 "-" "Mozilla/5.0 (Windows NT 10.0; Win64; x64) AppleWebKit/537.36 (KHTML, like Gecko) Chrome/124.0.0.0 Safari/537.36"
179.135.51.21 - - [21/Sep/2026:05:33:58 +0700] "GET /wp-admin/plugins.php?plugin_status=all HTTP/1.1" 200 305584 "-" "Mozilla/5.0 (Windows NT 10.0; Win64; x64) AppleWebKit/537.36 (KHTML, like Gecko) Chrome/124.0.0.0 Safari/537.36"
179.135.51.21 - - [21/Sep/2026:05:34:03 +0700] "GET /wp-admin/plugins.php?plugin_status=all HTTP/1.1" 200 305584 "-" "Mozilla/5.0 (Windows NT 10.0; Win64; x64) AppleWebKit/537.36 (KHTML, like Gecko) Chrome/124.0.0.0 Safari/537.36"
200.87.90.18 - - [21/Sep/2026:05:34:44 +0700] "GET /wp-login.php HTTP/1.1" 200 7453 "-" "Mozilla/5.0 (Windows NT 10.0; Win64; x64) AppleWebKit/537.36 (KHTML, like Gecko) Chrome/124.0.0.0 Safari/537.36"
38.171.161.171 - - [21/Sep/2026:05:34:50 +0700] "POST /xmlrpc.php HTTP/1.1" 200 1173 "-" "Mozilla/5.0 (Macintosh; Intel Mac OS X 10_15_7) AppleWebKit/605.1.15 (KHTML, like Gecko) Version/18.0 Safari/605.1.15"
190.203.50.126 - - [21/Sep/2026:05:35:01 +0700] "GET /wp-login.php HTTP/1.1" 200 7453 "-" "Mozilla/5.0 (Windows NT 10.0; Win64; x64) AppleWebKit/537.36 (KHTML, like Gecko) Chrome/124.0.0.0 Safari/537.36"
190.203.50.126 - - [21/Sep/2026:05:35:04 +0700] "POST /wp-login.php HTTP/1.1" 302 - "https://huayrich28b.com/wp-login.php" "Mozilla/5.0 (Windows NT 10.0; Win64; x64) AppleWebKit/537.36 (KHTML, like Gecko) Chrome/124.0.0.0 Safari/537.36"
190.203.50.126 - - [21/Sep/2026:05:35:06 +0700] "GET /wp-admin/ HTTP/1.1" 200 220427 "https://huayrich28b.com/wp-login.php" "Mozilla/5.0 (Windows NT 10.0; Win64; x64) AppleWebKit/537.36 (KHTML, like Gecko) Chrome/124.0.0.0 Safari/537.36"
190.203.50.126 - - [21/Sep/2026:05:35:11 +0700] "GET /wp-admin/ HTTP/1.1" 200 220358 "-" "Mozilla/5.0 (Windows NT 10.0; Win64; x64) AppleWebKit/537.36 (KHTML, like Gecko) Chrome/124.0.0.0 Safari/537.36"
197.15.106.129 - - [21/Sep/2026:05:35:18 +0700] "GET /wp-admin/admin-ajax.php?action=rest-nonce HTTP/1.1" 400 1 "-" "Mozilla/5.0 (Windows NT 10.0; Win64; x64) AppleWebKit/537.36 (KHTML, like Gecko) Chrome/124.0.0.0 Safari/537.36"
190.203.50.126 - - [21/Sep/2026:05:35:20 +0700] "GET /wp-admin/plugin-editor.php HTTP/1.1" 200 159037 "-" "Mozilla/5.0 (Windows NT 10.0; Win64; x64) AppleWebKit/537.36 (KHTML, like Gecko) Chrome/124.0.0.0 Safari/537.36"
190.203.50.126 - - [21/Sep/2026:05:35:20 +0700] "GET /wp-admin/plugins.php?plugin_status=all HTTP/1.1" 200 305584 "-" "Mozilla/5.0 (Windows NT 10.0; Win64; x64) AppleWebKit/537.36 (KHTML, like Gecko) Chrome/124.0.0.0 Safari/537.36"
190.203.50.126 - - [21/Sep/2026:05:35:20 +0700] "GET /wp-admin/plugin-install.php HTTP/1.1" 200 181698 "-" "Mozilla/5.0 (Windows NT 10.0; Win64; x64) AppleWebKit/537.36 (KHTML, like Gecko) Chrome/124.0.0.0 Safari/537.36"
190.203.50.126 - - [21/Sep/2026:05:35:37 +0700] "POST /wp-admin/update.php?action=upload-plugin HTTP/1.1" 500 2643 "https://huayrich28b.com/wp-admin/update.php?action=upload-plugin" "Mozilla/5.0 (Windows NT 10.0; Win64; x64) AppleWebKit/537.36 (KHTML, like Gecko) Chrome/124.0.0.0 Safari/537.36"
190.203.50.126 - - [21/Sep/2026:05:35:36 +0700] "GET /wp-admin/plugins.php?plugin_status=all HTTP/1.1" 200 305584 "-" "Mozilla/5.0 (Windows NT 10.0; Win64; x64) AppleWebKit/537.36 (KHTML, like Gecko) Chrome/124.0.0.0 Safari/537.36"
190.203.50.126 - - [21/Sep/2026:05:35:45 +0700] "GET /wp-admin/plugins.php?plugin_status=all HTTP/1.1" 200 305584 "-" "Mozilla/5.0 (Windows NT 10.0; Win64; x64) AppleWebKit/537.36 (KHTML, like Gecko) Chrome/124.0.0.0 Safari/537.36"
190.203.50.126 - - [21/Sep/2026:05:35:50 +0700] "GET /wp-admin/plugins.php?plugin_status=all HTTP/1.1" 200 305584 "-" "Mozilla/5.0 (Windows NT 10.0; Win64; x64) AppleWebKit/537.36 (KHTML, like Gecko) Chrome/124.0.0.0 Safari/537.36"
190.203.50.126 - - [21/Sep/2026:05:35:59 +0700] "GET /wp-admin/plugins.php?plugin_status=all HTTP/1.1" 200 305584 "-" "Mozilla/5.0 (Windows NT 10.0; Win64; x64) AppleWebKit/537.36 (KHTML, like Gecko) Chrome/124.0.0.0 Safari/537.36"
17.166.151.187 - - [21/Sep/2026:05:38:14 +0700] "GET /wp-includes/css/admin-bar.min.css?ver=7.1.1 HTTP/1.1" 200 21433 "https://huayrich28b.com/casino-sites-accept-credit-card-uk-2026/" "Mozilla/5.0 (Macintosh; Intel Mac OS X 10_15_7) AppleWebKit/605.1.15 (KHTML, like Gecko) Version/17.4 Safari/605.1.15 (Applebot/0.1; +http://www.apple.com/go/applebot)"
17.166.153.184 - - [21/Sep/2026:05:38:14 +0700] "GET /wp-includes/css/dist/block-library/style.min.css?ver=7.1.1 HTTP/1.1" 200 140829 "https://huayrich28b.com/casino-sites-accept-credit-card-uk-2026/" "Mozilla/5.0 (Macintosh; Intel Mac OS X 10_15_7) AppleWebKit/605.1.15 (KHTML, like Gecko) Version/17.4 Safari/605.1.15 (Applebot/0.1; +http://www.apple.com/go/applebot)"
17.166.151.187 - - [21/Sep/2026:05:38:16 +0700] "GET /wp-includes/css/dashicons.min.css?ver=7.1.1 HTTP/1.1" 200 59004 "https://huayrich28b.com/casino-sites-accept-credit-card-uk-2026/" "Mozilla/5.0 (Macintosh; Intel Mac OS X 10_15_7) AppleWebKit/605.1.15 (KHTML, like Gecko) Version/17.4 Safari/605.1.15 (Applebot/0.1; +http://www.apple.com/go/applebot)"
17.166.153.184 - - [21/Sep/2026:05:38:16 +0700] "GET /wp-content/themes/hello-elementor/assets/css/header-footer.css?ver=3.5.1 HTTP/1.1" 200 7534 "https://huayrich28b.com/casino-sites-accept-credit-card-uk-2026/" "Mozilla/5.0 (Macintosh; Intel Mac OS X 10_15_7) AppleWebKit/605.1.15 (KHTML, like Gecko) Version/17.4 Safari/605.1.15 (Applebot/0.1; +http://www.apple.com/go/applebot)"
17.166.151.187 - - [21/Sep/2026:05:38:17 +0700] "GET /wp-content/themes/hello-elementor/assets/css/reset.css?ver=3.5.1 HTTP/1.1" 200 5829 "https://huayrich28b.com/casino-sites-accept-credit-card-uk-2026/" "Mozilla/5.0 (Macintosh; Intel Mac OS X 10_15_7) AppleWebKit/605.1.15 (KHTML, like Gecko) Version/17.4 Safari/605.1.15 (Applebot/0.1; +http://www.apple.com/go/applebot)"
17.166.153.184 - - [21/Sep/2026:05:38:17 +0700] "GET /wp-content/plugins/elementor/assets/css/frontend.min.css?ver=4.2.4 HTTP/1.1" 200 54666 "https://huayrich28b.com/casino-sites-accept-credit-card-uk-2026/" "Mozilla/5.0 (Macintosh; Intel Mac OS X 10_15_7) AppleWebKit/605.1.15 (KHTML, like Gecko) Version/17.4 Safari/605.1.15 (Applebot/0.1; +http://www.apple.com/go/applebot)"
17.166.151.187 - - [21/Sep/2026:05:38:19 +0700] "GET /wp-content/themes/hello-elementor/assets/css/theme.css?ver=3.5.1 HTTP/1.1" 200 5827 "https://huayrich28b.com/casino-sites-accept-credit-card-uk-2026/" "Mozilla/5.0 (Macintosh; Intel Mac OS X 10_15_7) AppleWebKit/605.1.15 (KHTML, like Gecko) Version/17.4 Safari/605.1.15 (Applebot/0.1; +http://www.apple.com/go/applebot)"
17.166.153.184 - - [21/Sep/2026:05:38:19 +0700] "GET /wp-content/plugins/elementor-pro/assets/css/widget-nav-menu.min.css?ver=4.2.1 HTTP/1.1" 200 27363 "https://huayrich28b.com/casino-sites-accept-credit-card-uk-2026/" "Mozilla/5.0 (Macintosh; Intel Mac OS X 10_15_7) AppleWebKit/605.1.15 (KHTML, like Gecko) Version/17.4 Safari/605.1.15 (Applebot/0.1; +http://www.apple.com/go/applebot)"
17.166.153.184 - - [21/Sep/2026:05:38:20 +0700] "GET /wp-includes/js/jquery/jquery.min.js?ver=3.7.1 HTTP/1.1" 200 87553 "https://huayrich28b.com/casino-sites-accept-credit-card-uk-2026/" "Mozilla/5.0 (Macintosh; Intel Mac OS X 10_15_7) AppleWebKit/605.1.15 (KHTML, like Gecko) Version/17.4 Safari/605.1.15 (Applebot/0.1; +http://www.apple.com/go/applebot)"
17.166.151.187 - - [21/Sep/2026:05:38:20 +0700] "GET /wp-content/uploads/elementor/css/post-7.css?ver=1789741430 HTTP/1.1" 200 2087 "https://huayrich28b.com/casino-sites-accept-credit-card-uk-2026/" "Mozilla/5.0 (Macintosh; Intel Mac OS X 10_15_7) AppleWebKit/605.1.15 (KHTML, like Gecko) Version/17.4 Safari/605.1.15 (Applebot/0.1; +http://www.apple.com/go/applebot)"
17.166.151.187 - - [21/Sep/2026:05:38:21 +0700] "GET /wp-content/plugins/elementor/assets/css/widget-image.min.css?ver=4.2.4 HTTP/1.1" 200 214 "https://huayrich28b.com/casino-sites-accept-credit-card-uk-2026/" "Mozilla/5.0 (Macintosh; Intel Mac OS X 10_15_7) AppleWebKit/605.1.15 (KHTML, like Gecko) Version/17.4 Safari/605.1.15 (Applebot/0.1; +http://www.apple.com/go/applebot)"
17.166.153.184 - - [21/Sep/2026:05:38:21 +0700] "GET /wp-includes/js/jquery/jquery-migrate.min.js?ver=3.4.1 HTTP/1.1" 200 13577 "https://huayrich28b.com/casino-sites-accept-credit-card-uk-2026/" "Mozilla/5.0 (Macintosh; Intel Mac OS X 10_15_7) AppleWebKit/605.1.15 (KHTML, like Gecko) Version/17.4 Safari/605.1.15 (Applebot/0.1; +http://www.apple.com/go/applebot)"
17.166.153.184 - - [21/Sep/2026:05:38:23 +0700] "GET /wp-content/themes/hello-elementor/assets/js/hello-frontend.js?ver=3.5.1 HTTP/1.1" 200 1830 "https://huayrich28b.com/casino-sites-accept-credit-card-uk-2026/" "Mozilla/5.0 (Macintosh; Intel Mac OS X 10_15_7) AppleWebKit/605.1.15 (KHTML, like Gecko) Version/17.4 Safari/605.1.15 (Applebot/0.1; +http://www.apple.com/go/applebot)"
17.166.151.187 - - [21/Sep/2026:05:38:23 +0700] "GET /wp-content/plugins/elementor/assets/lib/animations/styles/e-animation-shrink.min.css?ver=4.2.4 HTTP/1.1" 200 205 "https://huayrich28b.com/casino-sites-accept-credit-card-uk-2026/" "Mozilla/5.0 (Macintosh; Intel Mac OS X 10_15_7) AppleWebKit/605.1.15 (KHTML, like Gecko) Version/17.4 Safari/605.1.15 (Applebot/0.1; +http://www.apple.com/go/applebot)"
17.166.153.184 - - [21/Sep/2026:05:38:24 +0700] "GET /wp-content/plugins/elementor/assets/js/webpack.runtime.min.js?ver=4.2.4 HTTP/1.1" 200 5819 "https://huayrich28b.com/casino-sites-accept-credit-card-uk-2026/" "Mozilla/5.0 (Macintosh; Intel Mac OS X 10_15_7) AppleWebKit/605.1.15 (KHTML, like Gecko) Version/17.4 Safari/605.1.15 (Applebot/0.1; +http://www.apple.com/go/applebot)"
17.166.151.187 - - [21/Sep/2026:05:38:24 +0700] "GET /wp-content/uploads/elementor/css/post-32.css?ver=1789741430 HTTP/1.1" 200 5745 "https://huayrich28b.com/casino-sites-accept-credit-card-uk-2026/" "Mozilla/5.0 (Macintosh; Intel Mac OS X 10_15_7) AppleWebKit/605.1.15 (KHTML, like Gecko) Version/17.4 Safari/605.1.15 (Applebot/0.1; +http://www.apple.com/go/applebot)"
17.166.153.184 - - [21/Sep/2026:05:38:26 +0700] "GET /wp-content/plugins/elementor/assets/js/frontend-modules.min.js?ver=4.2.4 HTTP/1.1" 200 50602 "https://huayrich28b.com/casino-sites-accept-credit-card-uk-2026/" "Mozilla/5.0 (Macintosh; Intel Mac OS X 10_15_7) AppleWebKit/605.1.15 (KHTML, like Gecko) Version/17.4 Safari/605.1.15 (Applebot/0.1; +http://www.apple.com/go/applebot)"
17.166.153.184 - - [21/Sep/2026:05:38:27 +0700] "GET /wp-includes/js/jquery/ui/core.min.js?ver=1.14.2 HTTP/1.1" 200 18674 "https://huayrich28b.com/casino-sites-accept-credit-card-uk-2026/" "Mozilla/5.0 (Macintosh; Intel Mac OS X 10_15_7) AppleWebKit/605.1.15 (KHTML, like Gecko) Version/17.4 Safari/605.1.15 (Applebot/0.1; +http://www.apple.com/go/applebot)"
17.166.153.184 - - [21/Sep/2026:05:38:28 +0700] "GET /wp-content/plugins/elementor/assets/js/frontend.min.js?ver=4.2.4 HTTP/1.1" 200 32098 "https://huayrich28b.com/casino-sites-accept-credit-card-uk-2026/" "Mozilla/5.0 (Macintosh; Intel Mac OS X 10_15_7) AppleWebKit/605.1.15 (KHTML, like Gecko) Version/17.4 Safari/605.1.15 (Applebot/0.1; +http://www.apple.com/go/applebot)"
17.166.151.187 - - [21/Sep/2026:05:38:29 +0700] "GET /wp-content/plugins/elementor-pro/assets/js/frontend.min.js?ver=4.2.1 HTTP/1.1" 200 23939 "https://huayrich28b.com/casino-sites-accept-credit-card-uk-2026/" "Mozilla/5.0 (Macintosh; Intel Mac OS X 10_15_7) AppleWebKit/605.1.15 (KHTML, like Gecko) Version/17.4 Safari/605.1.15 (Applebot/0.1; +http://www.apple.com/go/applebot)"
17.166.153.184 - - [21/Sep/2026:05:38:30 +0700] "GET /wp-content/plugins/elementor-pro/assets/lib/smartmenus/jquery.smartmenus.min.js?ver=1.2.1 HTTP/1.1" 200 24109 "https://huayrich28b.com/casino-sites-accept-credit-card-uk-2026/" "Mozilla/5.0 (Macintosh; Intel Mac OS X 10_15_7) AppleWebKit/605.1.15 (KHTML, like Gecko) Version/17.4 Safari/605.1.15 (Applebot/0.1; +http://www.apple.com/go/applebot)"
17.166.153.184 - - [21/Sep/2026:05:38:31 +0700] "GET /wp-includes/js/dist/hooks.min.js?ver=f0f188028580e8dc1255 HTTP/1.1" 200 5107 "https://huayrich28b.com/casino-sites-accept-credit-card-uk-2026/" "Mozilla/5.0 (Macintosh; Intel Mac OS X 10_15_7) AppleWebKit/605.1.15 (KHTML, like Gecko) Version/17.4 Safari/605.1.15 (Applebot/0.1; +http://www.apple.com/go/applebot)"
17.166.153.184 - - [21/Sep/2026:05:38:33 +0700] "GET /wp-content/plugins/elementor-pro/assets/js/webpack-pro.runtime.min.js?ver=4.2.1 HTTP/1.1" 200 6242 "https://huayrich28b.com/casino-sites-accept-credit-card-uk-2026/" "Mozilla/5.0 (Macintosh; Intel Mac OS X 10_15_7) AppleWebKit/605.1.15 (KHTML, like Gecko) Version/17.4 Safari/605.1.15 (Applebot/0.1; +http://www.apple.com/go/applebot)"
17.166.153.184 - - [21/Sep/2026:05:38:34 +0700] "GET /wp-includes/js/dist/i18n.min.js?ver=1dfe7db3940c23ea9216 HTTP/1.1" 200 5791 "https://huayrich28b.com/casino-sites-accept-credit-card-uk-2026/" "Mozilla/5.0 (Macintosh; Intel Mac OS X 10_15_7) AppleWebKit/605.1.15 (KHTML, like Gecko) Version/17.4 Safari/605.1.15 (Applebot/0.1; +http://www.apple.com/go/applebot)"
17.166.153.184 - - [21/Sep/2026:05:38:36 +0700] "GET /wp-content/plugins/elementor-pro/assets/js/elements-handlers.min.js?ver=4.2.1 HTTP/1.1" 200 43922 "https://huayrich28b.com/casino-sites-accept-credit-card-uk-2026/" "Mozilla/5.0 (Macintosh; Intel Mac OS X 10_15_7) AppleWebKit/605.1.15 (KHTML, like Gecko) Version/17.4 Safari/605.1.15 (Applebot/0.1; +http://www.apple.com/go/applebot)"
17.166.153.184 - - [21/Sep/2026:05:38:38 +0700] "GET /wp-includes/js/wp-emoji-release.min.js?ver=7.1.1 HTTP/1.1" 200 22752 "https://huayrich28b.com/casino-sites-accept-credit-card-uk-2026/" "Mozilla/5.0 (Macintosh; Intel Mac OS X 10_15_7) AppleWebKit/605.1.15 (KHTML, like Gecko) Version/17.4 Safari/605.1.15 (Applebot/0.1; +http://www.apple.com/go/applebot)"
17.166.151.187 - - [21/Sep/2026:05:38:38 +0700] "GET /wp-content/plugins/elementor/assets/js/shared-frontend-handlers.03caa53373b56d3bab67.bundle.min.js HTTP/1.1" 200 8481 "https://huayrich28b.com/casino-sites-accept-credit-card-uk-2026/" "Mozilla/5.0 (Macintosh; Intel Mac OS X 10_15_7) AppleWebKit/605.1.15 (KHTML, like Gecko) Version/17.4 Safari/605.1.15 (Applebot/0.1; +http://www.apple.com/go/applebot)"
17.166.151.187 - - [21/Sep/2026:05:38:39 +0700] "GET /wp-content/plugins/elementor/assets/js/section-frontend-handlers.d85ab872da118940910d.bundle.min.js HTTP/1.1" 200 449 "https://huayrich28b.com/casino-sites-accept-credit-card-uk-2026/" "Mozilla/5.0 (Macintosh; Intel Mac OS X 10_15_7) AppleWebKit/605.1.15 (KHTML, like Gecko) Version/17.4 Safari/605.1.15 (Applebot/0.1; +http://www.apple.com/go/applebot)"
17.166.151.187 - - [21/Sep/2026:05:38:40 +0700] "GET /wp-content/plugins/elementor-pro/assets/js/nav-menu.dc8790fd04afa5b6c0a3.bundle.min.js HTTP/1.1" 200 5038 "https://huayrich28b.com/casino-sites-accept-credit-card-uk-2026/" "Mozilla/5.0 (Macintosh; Intel Mac OS X 10_15_7) AppleWebKit/605.1.15 (KHTML, like Gecko) Version/17.4 Safari/605.1.15 (Applebot/0.1; +http://www.apple.com/go/applebot)"
198.252.107.178 - - [21/Sep/2026:05:44:19 +0700] "POST /wp-cron.php?doing_wp_cron=1789944258.9008901119232177734375 HTTP/1.1" 200 - "-" "WordPress/7.1.1; https://huayrich28b.com"
66.249.66.33 - - [21/Sep/2026:05:44:08 +0700] "GET /?p=360 HTTP/1.1" 301 - "-" "Mozilla/5.0 (Linux; Android 6.0.1; Nexus 5X Build/MMB29P) AppleWebKit/537.36 (KHTML, like Gecko) Chrome/153.0.8010.47 Mobile Safari/537.36 (compatible; Googlebot/2.1; +http://www.google.com/bot.html)"
66.249.66.45 - - [21/Sep/2026:05:44:20 +0700] "GET /bitcoin-cash-bch-casino-comparison-uk-2026/ HTTP/1.1" 200 64864 "-" "Mozilla/5.0 (Linux; Android 6.0.1; Nexus 5X Build/MMB29P) AppleWebKit/537.36 (KHTML, like Gecko) Chrome/153.0.8010.47 Mobile Safari/537.36 (compatible; Googlebot/2.1; +http://www.google.com/bot.html)"
66.249.66.45 - - [21/Sep/2026:05:45:22 +0700] "GET /wp-content/uploads/elementor/css/post-7.css?ver=1788480000 HTTP/1.1" 200 2087 "https://huayrich28b.com/bitcoin-cash-bch-casino-comparison-uk-2026/" "Mozilla/5.0 (Linux; Android 6.0.1; Nexus 5X Build/MMB29P) AppleWebKit/537.36 (KHTML, like Gecko) Chrome/153.0.8010.47 Mobile Safari/537.36 (compatible; Googlebot/2.1; +http://www.google.com/bot.html)"
197.46.131.102 - - [21/Sep/2026:05:55:42 +0700] "GET /wp-login.php HTTP/1.1" 200 7453 "-" "Mozilla/5.0 (Macintosh; Intel Mac OS X 10_15_7) AppleWebKit/605.1.15 (KHTML, like Gecko) Version/18.0 Safari/605.1.15"
94.134.180.191 - - [21/Sep/2026:05:56:21 +0700] "POST /xmlrpc.php HTTP/1.1" 200 1173 "-" "Mozilla/5.0 (Windows NT 10.0; Win64; x64; rv:133.0) Gecko/20100101 Firefox/133.0"
193.24.211.106 - - [21/Sep/2026:05:56:46 +0700] "POST / HTTP/1.1" 500 2482 "-" "Mozilla/5.0 (Macintosh; Intel Mac OS X 10.15; rv:135.0) Gecko/20100101 Firefox/135.0"
198.252.107.178 - - [21/Sep/2026:06:13:27 +0700] "POST /wp-cron.php?doing_wp_cron=1789946007.5055809020996093750000 HTTP/1.1" 200 - "-" "WordPress/7.1.1; https://huayrich28b.com"
177.128.242.64 - - [21/Sep/2026:06:13:20 +0700] "GET /wp-login.php HTTP/1.1" 200 7453 "-" "Mozilla/5.0 (Windows NT 10.0; Win64; x64; rv:133.0) Gecko/20100101 Firefox/133.0"
160.176.131.110 - - [21/Sep/2026:06:13:29 +0700] "GET / HTTP/1.1" 200 81037 "-" "Mozilla/5.0 (Windows NT 10.0; Win64; x64; rv:133.0) Gecko/20100101 Firefox/133.0"
77.100.228.182 - - [21/Sep/2026:06:13:36 +0700] "POST /xmlrpc.php HTTP/1.1" 200 1173 "-" "Mozilla/5.0 (Windows NT 10.0; Win64; x64; rv:133.0) Gecko/20100101 Firefox/133.0"
189.101.130.123 - - [21/Sep/2026:06:13:39 +0700] "GET /wp-login.php HTTP/1.1" 200 7453 "-" "Mozilla/5.0 (Windows NT 10.0; Win64; x64; rv:133.0) Gecko/20100101 Firefox/133.0"
198.252.107.178 - - [21/Sep/2026:06:13:41 +0700] "POST /wp-cron.php?doing_wp_cron=1789946021.8338589668273925781250 HTTP/1.1" 200 - "-" "WordPress/7.1.1; https://huayrich28b.com"
189.101.130.123 - - [21/Sep/2026:06:13:41 +0700] "POST /wp-login.php HTTP/1.1" 302 - "https://huayrich28b.com/wp-login.php" "Mozilla/5.0 (Windows NT 10.0; Win64; x64; rv:133.0) Gecko/20100101 Firefox/133.0"
2a10:7b05:3479:6165:ff3c:bf6a:8b6b:c28e - - [21/Sep/2026:06:13:42 +0700] "GET /?p=360 HTTP/1.1" 301 - "https://huayrich28b.com" "Mozilla/5.0 (Windows NT 10.0; Win64; x64) AppleWebKit/537.36 (KHTML, like Gecko) Chrome/144.0.0.0 Safari/537.36"
2a12:f544:62d7:1438:aee8:a88:4cf1:6fca - - [21/Sep/2026:06:13:43 +0700] "GET /bitcoin-cash-bch-casino-comparison-uk-2026/ HTTP/1.1" 200 64864 "https://huayrich28b.com/?p=360" "Mozilla/5.0 (Windows NT 10.0; Win64; x64) AppleWebKit/537.36 (KHTML, like Gecko) Chrome/144.0.0.0 Safari/537.36"
189.101.130.123 - - [21/Sep/2026:06:13:42 +0700] "GET /wp-admin/ HTTP/1.1" 200 220395 "https://huayrich28b.com/wp-login.php" "Mozilla/5.0 (Windows NT 10.0; Win64; x64; rv:133.0) Gecko/20100101 Firefox/133.0"
189.101.130.123 - - [21/Sep/2026:06:13:47 +0700] "GET /wp-admin/ HTTP/1.1" 200 220326 "-" "Mozilla/5.0 (Windows NT 10.0; Win64; x64; rv:133.0) Gecko/20100101 Firefox/133.0"
189.101.130.123 - - [21/Sep/2026:06:13:50 +0700] "GET /wp-admin/plugins.php?plugin_status=all HTTP/1.1" 200 305552 "-" "Mozilla/5.0 (Windows NT 10.0; Win64; x64; rv:133.0) Gecko/20100101 Firefox/133.0"
189.101.130.123 - - [21/Sep/2026:06:13:50 +0700] "GET /wp-admin/plugin-editor.php HTTP/1.1" 200 159005 "-" "Mozilla/5.0 (Windows NT 10.0; Win64; x64; rv:133.0) Gecko/20100101 Firefox/133.0"
189.101.130.123 - - [21/Sep/2026:06:13:50 +0700] "GET /wp-admin/plugin-install.php HTTP/1.1" 200 181666 "-" "Mozilla/5.0 (Windows NT 10.0; Win64; x64; rv:133.0) Gecko/20100101 Firefox/133.0"
189.101.130.123 - - [21/Sep/2026:06:13:53 +0700] "GET /wp-admin/plugins.php?plugin_status=all HTTP/1.1" 200 305552 "-" "Mozilla/5.0 (Windows NT 10.0; Win64; x64; rv:133.0) Gecko/20100101 Firefox/133.0"
198.252.107.178 - - [21/Sep/2026:06:13:57 +0700] "POST /wp-cron.php?doing_wp_cron=1789946037.3919379711151123046875 HTTP/1.1" 200 - "-" "WordPress/7.1.1; https://huayrich28b.com"
189.101.130.123 - - [21/Sep/2026:06:13:55 +0700] "POST /wp-admin/update.php?action=upload-plugin HTTP/1.1" 500 2643 "https://huayrich28b.com/wp-admin/update.php?action=upload-plugin" "Mozilla/5.0 (Windows NT 10.0; Win64; x64; rv:133.0) Gecko/20100101 Firefox/133.0"
189.101.130.123 - - [21/Sep/2026:06:13:57 +0700] "GET /wp-admin/plugins.php?plugin_status=all HTTP/1.1" 200 305552 "-" "Mozilla/5.0 (Windows NT 10.0; Win64; x64; rv:133.0) Gecko/20100101 Firefox/133.0"
189.101.130.123 - - [21/Sep/2026:06:14:01 +0700] "GET /wp-admin/plugins.php?plugin_status=all HTTP/1.1" 200 305552 "-" "Mozilla/5.0 (Windows NT 10.0; Win64; x64; rv:133.0) Gecko/20100101 Firefox/133.0"
189.101.130.123 - - [21/Sep/2026:06:14:05 +0700] "GET /wp-admin/plugins.php?plugin_status=all HTTP/1.1" 200 305552 "-" "Mozilla/5.0 (Windows NT 10.0; Win64; x64; rv:133.0) Gecko/20100101 Firefox/133.0"
2a00:f29:1109:229a:41c0:167a:7b0c:29a7 - - [21/Sep/2026:06:16:30 +0700] "GET /wp-login.php HTTP/1.1" 200 7453 "-" "Mozilla/5.0 (Macintosh; Intel Mac OS X 10_15_7) AppleWebKit/605.1.15 (KHTML, like Gecko) Version/18.0 Safari/605.1.15"
197.245.109.29 - - [21/Sep/2026:06:16:39 +0700] "POST /xmlrpc.php HTTP/1.1" 200 1173 "-" "Mozilla/5.0 (Windows NT 10.0; Win64; x64; rv:133.0) Gecko/20100101 Firefox/133.0"
41.242.161.92 - - [21/Sep/2026:06:16:46 +0700] "GET /wp-login.php HTTP/1.1" 200 7453 "-" "Mozilla/5.0 (Windows NT 10.0; Win64; x64) AppleWebKit/537.36 (KHTML, like Gecko) Chrome/124.0.0.0 Safari/537.36"
41.242.161.92 - - [21/Sep/2026:06:16:47 +0700] "POST /wp-login.php HTTP/1.1" 302 - "https://huayrich28b.com/wp-login.php" "Mozilla/5.0 (Windows NT 10.0; Win64; x64) AppleWebKit/537.36 (KHTML, like Gecko) Chrome/124.0.0.0 Safari/537.36"
41.242.161.92 - - [21/Sep/2026:06:16:49 +0700] "GET /wp-admin/ HTTP/1.1" 200 220427 "https://huayrich28b.com/wp-login.php" "Mozilla/5.0 (Windows NT 10.0; Win64; x64) AppleWebKit/537.36 (KHTML, like Gecko) Chrome/124.0.0.0 Safari/537.36"
41.242.161.92 - - [21/Sep/2026:06:16:53 +0700] "GET /wp-admin/ HTTP/1.1" 200 220358 "-" "Mozilla/5.0 (Windows NT 10.0; Win64; x64) AppleWebKit/537.36 (KHTML, like Gecko) Chrome/124.0.0.0 Safari/537.36"
41.242.161.92 - - [21/Sep/2026:06:16:57 +0700] "GET /wp-admin/plugin-editor.php HTTP/1.1" 200 159037 "-" "Mozilla/5.0 (Windows NT 10.0; Win64; x64) AppleWebKit/537.36 (KHTML, like Gecko) Chrome/124.0.0.0 Safari/537.36"
41.242.161.92 - - [21/Sep/2026:06:16:58 +0700] "GET /wp-admin/plugins.php?plugin_status=all HTTP/1.1" 200 305584 "-" "Mozilla/5.0 (Windows NT 10.0; Win64; x64) AppleWebKit/537.36 (KHTML, like Gecko) Chrome/124.0.0.0 Safari/537.36"
41.242.161.92 - - [21/Sep/2026:06:16:58 +0700] "GET /wp-admin/plugin-install.php HTTP/1.1" 200 181698 "-" "Mozilla/5.0 (Windows NT 10.0; Win64; x64) AppleWebKit/537.36 (KHTML, like Gecko) Chrome/124.0.0.0 Safari/537.36"
41.242.161.92 - - [21/Sep/2026:06:17:03 +0700] "GET /wp-admin/plugins.php?plugin_status=all HTTP/1.1" 200 305584 "-" "Mozilla/5.0 (Windows NT 10.0; Win64; x64) AppleWebKit/537.36 (KHTML, like Gecko) Chrome/124.0.0.0 Safari/537.36"
41.242.161.92 - - [21/Sep/2026:06:17:03 +0700] "POST /wp-admin/update.php?action=upload-plugin HTTP/1.1" 500 2643 "https://huayrich28b.com/wp-admin/update.php?action=upload-plugin" "Mozilla/5.0 (Windows NT 10.0; Win64; x64) AppleWebKit/537.36 (KHTML, like Gecko) Chrome/124.0.0.0 Safari/537.36"
41.242.161.92 - - [21/Sep/2026:06:17:11 +0700] "GET /wp-admin/plugins.php?plugin_status=all HTTP/1.1" 200 305584 "-" "Mozilla/5.0 (Windows NT 10.0; Win64; x64) AppleWebKit/537.36 (KHTML, like Gecko) Chrome/124.0.0.0 Safari/537.36"
41.242.161.92 - - [21/Sep/2026:06:17:21 +0700] "GET /wp-admin/plugins.php?plugin_status=all HTTP/1.1" 200 305584 "-" "Mozilla/5.0 (Windows NT 10.0; Win64; x64) AppleWebKit/537.36 (KHTML, like Gecko) Chrome/124.0.0.0 Safari/537.36"
41.242.161.92 - - [21/Sep/2026:06:17:25 +0700] "GET /wp-admin/plugins.php?plugin_status=all HTTP/1.1" 200 305584 "-" "Mozilla/5.0 (Windows NT 10.0; Win64; x64) AppleWebKit/537.36 (KHTML, like Gecko) Chrome/124.0.0.0 Safari/537.36"
198.252.107.178 - - [21/Sep/2026:06:29:51 +0700] "POST /wp-cron.php?doing_wp_cron=1789946991.4574549198150634765625 HTTP/1.1" 200 - "-" "WordPress/7.1.1; https://huayrich28b.com"
2001:4ca0:108:42::24 - - [21/Sep/2026:06:29:48 +0700] "GET /robots.txt HTTP/1.1" 301 - "-" "Mozilla/5.0 (Windows NT 10.0; Win64; x64) AppleWebKit/537.36 (KHTML, like Gecko) Chrome/103.0.5060.134 Safari/537.36"
34.181.229.91 - - [21/Sep/2026:06:36:11 +0700] "GET /.git/config HTTP/1.1" 301 - "-" "-"
177.105.245.215 - - [21/Sep/2026:06:36:37 +0700] "GET /wp-login.php HTTP/1.1" 200 7453 "-" "Mozilla/5.0 (Windows NT 10.0; Win64; x64; rv:133.0) Gecko/20100101 Firefox/133.0"
181.16.18.29 - - [21/Sep/2026:06:36:40 +0700] "GET / HTTP/1.1" 200 81037 "-" "Mozilla/5.0 (Windows NT 10.0; Win64; x64; rv:133.0) Gecko/20100101 Firefox/133.0"
201.242.186.88 - - [21/Sep/2026:06:36:46 +0700] "POST /xmlrpc.php HTTP/1.1" 200 1173 "-" "Mozilla/5.0 (Macintosh; Intel Mac OS X 10_15_7) AppleWebKit/605.1.15 (KHTML, like Gecko) Version/18.0 Safari/605.1.15"
103.169.149.114 - - [21/Sep/2026:06:36:49 +0700] "GET /wp-login.php HTTP/1.1" 200 7453 "-" "Mozilla/5.0 (Macintosh; Intel Mac OS X 10_15_7) AppleWebKit/605.1.15 (KHTML, like Gecko) Version/18.0 Safari/605.1.15"
103.169.149.114 - - [21/Sep/2026:06:36:51 +0700] "POST /wp-login.php HTTP/1.1" 302 - "https://huayrich28b.com/wp-login.php" "Mozilla/5.0 (Macintosh; Intel Mac OS X 10_15_7) AppleWebKit/605.1.15 (KHTML, like Gecko) Version/18.0 Safari/605.1.15"
103.169.149.114 - - [21/Sep/2026:06:36:52 +0700] "GET /wp-admin/ HTTP/1.1" 200 220431 "https://huayrich28b.com/wp-login.php" "Mozilla/5.0 (Macintosh; Intel Mac OS X 10_15_7) AppleWebKit/605.1.15 (KHTML, like Gecko) Version/18.0 Safari/605.1.15"
103.169.149.114 - - [21/Sep/2026:06:36:54 +0700] "GET /wp-admin/ HTTP/1.1" 200 220362 "-" "Mozilla/5.0 (Macintosh; Intel Mac OS X 10_15_7) AppleWebKit/605.1.15 (KHTML, like Gecko) Version/18.0 Safari/605.1.15"
103.169.149.114 - - [21/Sep/2026:06:36:57 +0700] "GET /wp-admin/plugin-editor.php HTTP/1.1" 200 159041 "-" "Mozilla/5.0 (Macintosh; Intel Mac OS X 10_15_7) AppleWebKit/605.1.15 (KHTML, like Gecko) Version/18.0 Safari/605.1.15"
103.169.149.114 - - [21/Sep/2026:06:36:57 +0700] "GET /wp-admin/plugins.php?plugin_status=all HTTP/1.1" 200 305588 "-" "Mozilla/5.0 (Macintosh; Intel Mac OS X 10_15_7) AppleWebKit/605.1.15 (KHTML, like Gecko) Version/18.0 Safari/605.1.15"
103.169.149.114 - - [21/Sep/2026:06:36:57 +0700] "GET /wp-admin/plugin-install.php HTTP/1.1" 200 181702 "-" "Mozilla/5.0 (Macintosh; Intel Mac OS X 10_15_7) AppleWebKit/605.1.15 (KHTML, like Gecko) Version/18.0 Safari/605.1.15"
103.169.149.114 - - [21/Sep/2026:06:37:00 +0700] "GET /wp-admin/plugins.php?plugin_status=all HTTP/1.1" 200 305588 "-" "Mozilla/5.0 (Macintosh; Intel Mac OS X 10_15_7) AppleWebKit/605.1.15 (KHTML, like Gecko) Version/18.0 Safari/605.1.15"
103.169.149.114 - - [21/Sep/2026:06:37:01 +0700] "POST /wp-admin/update.php?action=upload-plugin HTTP/1.1" 500 2643 "https://huayrich28b.com/wp-admin/update.php?action=upload-plugin" "Mozilla/5.0 (Macintosh; Intel Mac OS X 10_15_7) AppleWebKit/605.1.15 (KHTML, like Gecko) Version/18.0 Safari/605.1.15"
103.169.149.114 - - [21/Sep/2026:06:37:02 +0700] "GET /wp-admin/plugins.php?plugin_status=all HTTP/1.1" 200 305588 "-" "Mozilla/5.0 (Macintosh; Intel Mac OS X 10_15_7) AppleWebKit/605.1.15 (KHTML, like Gecko) Version/18.0 Safari/605.1.15"
103.169.149.114 - - [21/Sep/2026:06:37:05 +0700] "GET /wp-admin/plugins.php?plugin_status=all HTTP/1.1" 200 305588 "-" "Mozilla/5.0 (Macintosh; Intel Mac OS X 10_15_7) AppleWebKit/605.1.15 (KHTML, like Gecko) Version/18.0 Safari/605.1.15"
103.169.149.114 - - [21/Sep/2026:06:37:08 +0700] "GET /wp-admin/plugins.php?plugin_status=all HTTP/1.1" 200 305588 "-" "Mozilla/5.0 (Macintosh; Intel Mac OS X 10_15_7) AppleWebKit/605.1.15 (KHTML, like Gecko) Version/18.0 Safari/605.1.15"
45.237.193.93 - - [21/Sep/2026:06:37:53 +0700] "GET /wp-login.php HTTP/1.1" 200 7453 "-" "Mozilla/5.0 (Windows NT 10.0; Win64; x64; rv:133.0) Gecko/20100101 Firefox/133.0"
156.215.121.116 - - [21/Sep/2026:06:38:06 +0700] "POST /xmlrpc.php HTTP/1.1" 200 1173 "-" "Mozilla/5.0 (Windows NT 10.0; Win64; x64; rv:133.0) Gecko/20100101 Firefox/133.0"
150.228.61.216 - - [21/Sep/2026:06:38:22 +0700] "GET /wp-login.php HTTP/1.1" 200 7453 "-" "Mozilla/5.0 (Windows NT 10.0; Win64; x64; rv:133.0) Gecko/20100101 Firefox/133.0"
150.228.61.216 - - [21/Sep/2026:06:38:26 +0700] "POST /wp-login.php HTTP/1.1" 302 - "https://huayrich28b.com/wp-login.php" "Mozilla/5.0 (Windows NT 10.0; Win64; x64; rv:133.0) Gecko/20100101 Firefox/133.0"
150.228.61.216 - - [21/Sep/2026:06:38:28 +0700] "GET /wp-admin/ HTTP/1.1" 200 220395 "https://huayrich28b.com/wp-login.php" "Mozilla/5.0 (Windows NT 10.0; Win64; x64; rv:133.0) Gecko/20100101 Firefox/133.0"
150.228.61.216 - - [21/Sep/2026:06:38:34 +0700] "GET /wp-admin/ HTTP/1.1" 200 220326 "-" "Mozilla/5.0 (Windows NT 10.0; Win64; x64; rv:133.0) Gecko/20100101 Firefox/133.0"
150.228.61.216 - - [21/Sep/2026:06:38:38 +0700] "GET /wp-admin/plugin-editor.php HTTP/1.1" 200 159005 "-" "Mozilla/5.0 (Windows NT 10.0; Win64; x64; rv:133.0) Gecko/20100101 Firefox/133.0"
150.228.61.216 - - [21/Sep/2026:06:38:46 +0700] "GET /wp-admin/plugins.php?plugin_status=all HTTP/1.1" 200 305552 "-" "Mozilla/5.0 (Windows NT 10.0; Win64; x64; rv:133.0) Gecko/20100101 Firefox/133.0"
150.228.61.216 - - [21/Sep/2026:06:38:46 +0700] "GET /wp-admin/plugin-install.php HTTP/1.1" 200 181666 "-" "Mozilla/5.0 (Windows NT 10.0; Win64; x64; rv:133.0) Gecko/20100101 Firefox/133.0"
150.228.61.216 - - [21/Sep/2026:06:38:52 +0700] "POST /wp-admin/update.php?action=upload-plugin HTTP/1.1" 500 2643 "https://huayrich28b.com/wp-admin/update.php?action=upload-plugin" "Mozilla/5.0 (Windows NT 10.0; Win64; x64; rv:133.0) Gecko/20100101 Firefox/133.0"
150.228.61.216 - - [21/Sep/2026:06:38:52 +0700] "GET /wp-admin/plugins.php?plugin_status=all HTTP/1.1" 200 305552 "-" "Mozilla/5.0 (Windows NT 10.0; Win64; x64; rv:133.0) Gecko/20100101 Firefox/133.0"
150.228.61.216 - - [21/Sep/2026:06:38:58 +0700] "GET /wp-admin/plugins.php?plugin_status=all HTTP/1.1" 200 305552 "-" "Mozilla/5.0 (Windows NT 10.0; Win64; x64; rv:133.0) Gecko/20100101 Firefox/133.0"
150.228.61.216 - - [21/Sep/2026:06:39:09 +0700] "GET /wp-admin/plugins.php?plugin_status=all HTTP/1.1" 200 305552 "-" "Mozilla/5.0 (Windows NT 10.0; Win64; x64; rv:133.0) Gecko/20100101 Firefox/133.0"
150.228.61.216 - - [21/Sep/2026:06:39:22 +0700] "GET /wp-admin/plugins.php?plugin_status=all HTTP/1.1" 200 305552 "-" "Mozilla/5.0 (Windows NT 10.0; Win64; x64; rv:133.0) Gecko/20100101 Firefox/133.0"
45.148.10.62 - - [21/Sep/2026:06:41:46 +0700] "GET / HTTP/1.1" 301 - "-" "Mozilla/5.0 (Linux; U; Android 8.1.0; en-us; Redmi 5 Plus Build/OPM1.171019.019) AppleWebKit/537.36 (KHTML, like Gecko) Version/4.0 Chrome/71.0.3578.141 Mobile Safari/537.36 XiaoMi/MiuiBrowser/10.9.7-g"
45.148.10.62 - - [21/Sep/2026:06:41:48 +0700] "GET / HTTP/1.1" 200 81037 "https://www.huayrich28b.com" "Mozilla/5.0 (Linux; U; Android 8.1.0; en-us; Redmi 5 Plus Build/OPM1.171019.019) AppleWebKit/537.36 (KHTML, like Gecko) Version/4.0 Chrome/71.0.3578.141 Mobile Safari/537.36 XiaoMi/MiuiBrowser/10.9.7-g"
198.252.107.178 - - [21/Sep/2026:06:45:33 +0700] "POST /wp-cron.php?doing_wp_cron=1789947933.1207180023193359375000 HTTP/1.1" 200 - "-" "WordPress/7.1.1; https://huayrich28b.com"
2a13:f43:85e8:a79f:4945:5e91:660d:c773 - - [21/Sep/2026:06:45:32 +0700] "GET /?p=363 HTTP/1.1" 301 - "https://huayrich28b.com" "Mozilla/5.0 (Windows NT 10.0; Win64; x64) AppleWebKit/537.36 (KHTML, like Gecko) Chrome/145.0.0.0 Safari/537.36"
2a13:dcc2:5a2b:15e1:adb2:7a8a:a522:31de - - [21/Sep/2026:06:45:33 +0700] "GET /casino-sites-not-registered-with-gamstop-uk-2026/ HTTP/1.1" 200 77129 "https://huayrich28b.com/?p=363" "Mozilla/5.0 (Windows NT 10.0; Win64; x64) AppleWebKit/537.36 (KHTML, like Gecko) Chrome/145.0.0.0 Safari/537.36"
45.157.112.155 - - [21/Sep/2026:06:51:43 +0700] "GET / HTTP/1.1" 200 81037 "www.google.com" "Mozlila/5.0 (Linux; Android 7.0; SM-G892A Bulid/NRD90M; wv) AppleWebKit/537.36 (KHTML, like Gecko) Version/4.0 Chrome/60.0.3112.107 Moblie Safari/537.36"
194.126.177.134 - - [21/Sep/2026:06:54:13 +0700] "GET /casino-sites-not-registered-with-gamstop-uk-2026/ HTTP/1.1" 200 77129 "https://huayrich28b.com/" "Mozilla/5.0 (Macintosh; Intel Mac OS X 10_15_7) AppleWebKit/537.36 (KHTML, like Gecko) Chrome/132.0.0.0 Safari/537.36"
194.126.177.134 - - [21/Sep/2026:06:54:33 +0700] "GET /casino-sites-not-registered-with-gamstop-uk-2026/ HTTP/1.1" 200 77129 "https://huayrich28b.com/" "Mozilla/5.0 (Macintosh; Intel Mac OS X 10_15_7) AppleWebKit/537.36 (KHTML, like Gecko) Chrome/132.0.0.0 Safari/537.36"
194.126.177.134 - - [21/Sep/2026:06:54:55 +0700] "GET /casino-sites-not-registered-with-gamstop-uk-2026/ HTTP/1.1" 200 77129 "https://huayrich28b.com/" "Mozilla/5.0 (Macintosh; Intel Mac OS X 10_15_7) AppleWebKit/537.36 (KHTML, like Gecko) Chrome/132.0.0.0 Safari/537.36"
165.99.15.47 - - [21/Sep/2026:06:59:02 +0700] "GET / HTTP/1.1" 200 81037 "-" "Mozilla/5.0 (Windows NT 10.0; Win64; x64) AppleWebKit/537.36 (KHTML, like Gecko) obsidian/1.8.10 Chrome/132.0.6834.196 Electron/34.2.0 Safari/537.36"
66.249.66.38 - - [21/Sep/2026:06:59:10 +0700] "GET / HTTP/1.1" 200 81037 "-" "Mozilla/5.0 (Linux; Android 6.0.1; Nexus 5X Build/MMB29P) AppleWebKit/537.36 (KHTML, like Gecko) Chrome/153.0.8010.47 Mobile Safari/537.36 (compatible; Googlebot/2.1; +http://www.google.com/bot.html)"
165.99.15.47 - - [21/Sep/2026:06:59:12 +0700] "GET /demoslot/ HTTP/1.1" 200 62290 "https://huayrich28b.com/" "Mozilla/5.0 (Windows NT 10.0; Win64; x64) AppleWebKit/537.36 (KHTML, like Gecko) obsidian/1.8.10 Chrome/132.0.6834.196 Electron/34.2.0 Safari/537.36"
66.249.66.38 - - [21/Sep/2026:06:59:22 +0700] "GET /wp-content/uploads/elementor/css/post-32.css?ver=1788480000 HTTP/1.1" 200 5745 "https://huayrich28b.com/" "Mozilla/5.0 (Linux; Android 6.0.1; Nexus 5X Build/MMB29P) AppleWebKit/537.36 (KHTML, like Gecko) Chrome/153.0.8010.47 Mobile Safari/537.36 (compatible; Googlebot/2.1; +http://www.google.com/bot.html)"
45.178.122.76 - - [21/Sep/2026:06:59:44 +0700] "GET /wp-login.php HTTP/1.1" 200 7453 "-" "Mozilla/5.0 (Windows NT 10.0; Win64; x64; rv:133.0) Gecko/20100101 Firefox/133.0"
2800:c70:11a:4e50:f4ba:93c:cf74:ec64 - - [21/Sep/2026:06:59:54 +0700] "POST /xmlrpc.php HTTP/1.1" 200 1173 "-" "Mozilla/5.0 (Windows NT 10.0; Win64; x64) AppleWebKit/537.36 (KHTML, like Gecko) Chrome/124.0.0.0 Safari/537.36"
177.10.117.212 - - [21/Sep/2026:07:00:02 +0700] "GET /wp-login.php HTTP/1.1" 200 7453 "-" "Mozilla/5.0 (Windows NT 10.0; Win64; x64; rv:133.0) Gecko/20100101 Firefox/133.0"
177.10.117.212 - - [21/Sep/2026:07:00:04 +0700] "POST /wp-login.php HTTP/1.1" 302 - "https://huayrich28b.com/wp-login.php" "Mozilla/5.0 (Windows NT 10.0; Win64; x64; rv:133.0) Gecko/20100101 Firefox/133.0"
66.249.66.38 - - [21/Sep/2026:07:00:05 +0700] "GET / HTTP/1.1" 200 81037 "-" "Mozilla/5.0 (compatible; Googlebot/2.1; +http://www.google.com/bot.html)"
66.249.66.38 - - [21/Sep/2026:07:00:10 +0700] "GET / HTTP/1.1" 200 81037 "-" "Mozilla/5.0 (Linux; Android 6.0.1; Nexus 5X Build/MMB29P) AppleWebKit/537.36 (KHTML, like Gecko) Chrome/99.0.4844.84 Mobile Safari/537.36 (compatible; Googlebot/2.1; +http://www.google.com/bot.html)"
177.10.117.212 - - [21/Sep/2026:07:00:07 +0700] "GET /wp-admin/ HTTP/1.1" 200 220389 "https://huayrich28b.com/wp-login.php" "Mozilla/5.0 (Windows NT 10.0; Win64; x64; rv:133.0) Gecko/20100101 Firefox/133.0"
177.10.117.212 - - [21/Sep/2026:07:00:15 +0700] "GET /wp-admin/ HTTP/1.1" 200 220320 "-" "Mozilla/5.0 (Windows NT 10.0; Win64; x64; rv:133.0) Gecko/20100101 Firefox/133.0"
90.248.208.151 - - [21/Sep/2026:07:00:20 +0700] "GET /wp-admin/admin-ajax.php?action=rest-nonce HTTP/1.1" 400 1 "-" "Mozilla/5.0 (Windows NT 10.0; Win64; x64; rv:133.0) Gecko/20100101 Firefox/133.0"
177.10.117.212 - - [21/Sep/2026:07:00:22 +0700] "GET /wp-admin/plugin-editor.php HTTP/1.1" 200 158999 "-" "Mozilla/5.0 (Windows NT 10.0; Win64; x64; rv:133.0) Gecko/20100101 Firefox/133.0"
177.10.117.212 - - [21/Sep/2026:07:00:23 +0700] "GET /wp-admin/plugins.php?plugin_status=all HTTP/1.1" 200 305546 "-" "Mozilla/5.0 (Windows NT 10.0; Win64; x64; rv:133.0) Gecko/20100101 Firefox/133.0"
177.10.117.212 - - [21/Sep/2026:07:00:23 +0700] "GET /wp-admin/plugin-install.php HTTP/1.1" 200 181660 "-" "Mozilla/5.0 (Windows NT 10.0; Win64; x64; rv:133.0) Gecko/20100101 Firefox/133.0"
177.10.117.212 - - [21/Sep/2026:07:00:27 +0700] "GET /wp-admin/plugins.php?plugin_status=all HTTP/1.1" 200 305546 "-" "Mozilla/5.0 (Windows NT 10.0; Win64; x64; rv:133.0) Gecko/20100101 Firefox/133.0"
177.10.117.212 - - [21/Sep/2026:07:00:28 +0700] "POST /wp-admin/update.php?action=upload-plugin HTTP/1.1" 500 2643 "https://huayrich28b.com/wp-admin/update.php?action=upload-plugin" "Mozilla/5.0 (Windows NT 10.0; Win64; x64; rv:133.0) Gecko/20100101 Firefox/133.0"
66.249.66.38 - - [21/Sep/2026:07:00:31 +0700] "GET / HTTP/1.1" 200 81037 "-" "Mozilla/5.0 (Linux; Android 6.0.1; Nexus 5X Build/MMB29P) AppleWebKit/537.36 (KHTML, like Gecko) Chrome/99.0.4844.84 Mobile Safari/537.36 (compatible; Googlebot/2.1; +http://www.google.com/bot.html)"
