34.101.220.97 - - [21/Sep/2026:05:22:42 +0700] "GET /i.php HTTP/1.1" 404 16 "-" "Mozilla/5.0 (Macintosh; Intel Mac OS X 10_15_7) AppleWebKit/537.36 (KHTML, like Gecko) Chrome/131.0.0.0 Safari/537.36"
2800:2130:5301:63f8:bd5b:f861:ae68:7782 - - [21/Sep/2026:05:22:41 +0700] "POST /xmlrpc.php HTTP/1.1" 200 1160 "-" "Mozilla/5.0 (Macintosh; Intel Mac OS X 10_15_7) AppleWebKit/605.1.15 (KHTML, like Gecko) Version/18.0 Safari/605.1.15"
34.101.220.97 - - [21/Sep/2026:05:22:42 +0700] "GET /pi.php HTTP/1.1" 404 16 "-" "Mozilla/5.0 (Macintosh; Intel Mac OS X 10_15_7) AppleWebKit/537.36 (KHTML, like Gecko) Chrome/131.0.0.0 Safari/537.36"
34.101.220.97 - - [21/Sep/2026:05:22:42 +0700] "GET /pinfo.php HTTP/1.1" 404 16 "-" "Mozilla/5.0 (Macintosh; Intel Mac OS X 10_15_7) AppleWebKit/537.36 (KHTML, like Gecko) Chrome/131.0.0.0 Safari/537.36"
34.101.220.97 - - [21/Sep/2026:05:22:42 +0700] "GET /test.php HTTP/1.1" 404 16 "-" "Mozilla/5.0 (Macintosh; Intel Mac OS X 10_15_7) AppleWebKit/537.36 (KHTML, like Gecko) Chrome/131.0.0.0 Safari/537.36"
34.101.220.97 - - [21/Sep/2026:05:22:42 +0700] "GET /phpinfo HTTP/1.1" 301 - "-" "Mozilla/5.0 (Macintosh; Intel Mac OS X 10_15_7) AppleWebKit/537.36 (KHTML, like Gecko) Chrome/131.0.0.0 Safari/537.36"
162.14.109.170 - - [21/Sep/2026:05:22:43 +0700] "GET / HTTP/1.1" 200 86285 "http://www.bravo333c.com" "Mozilla/5.0 (iPhone; CPU iPhone OS 13_2_3 like Mac OS X) AppleWebKit/605.1.15 (KHTML, like Gecko) Version/13.0.3 Mobile/15E148 Safari/604.1"
34.101.220.97 - - [21/Sep/2026:05:22:45 +0700] "GET / HTTP/1.1" 200 86285 "-" "Mozilla/5.0 (Macintosh; Intel Mac OS X 10_15_7) AppleWebKit/537.36 (KHTML, like Gecko) Chrome/131.0.0.0 Safari/537.36"
34.101.220.97 - - [21/Sep/2026:05:22:48 +0700] "GET /p.php HTTP/1.1" 404 16 "-" "Mozilla/5.0 (Macintosh; Intel Mac OS X 10_15_7) AppleWebKit/537.36 (KHTML, like Gecko) Chrome/131.0.0.0 Safari/537.36"
34.101.220.97 - - [21/Sep/2026:05:22:48 +0700] "GET /debug.php HTTP/1.1" 404 16 "-" "Mozilla/5.0 (Macintosh; Intel Mac OS X 10_15_7) AppleWebKit/537.36 (KHTML, like Gecko) Chrome/131.0.0.0 Safari/537.36"
34.101.220.97 - - [21/Sep/2026:05:22:48 +0700] "GET /admin/phpinfo.php HTTP/1.1" 301 - "-" "Mozilla/5.0 (Macintosh; Intel Mac OS X 10_15_7) AppleWebKit/537.36 (KHTML, like Gecko) Chrome/131.0.0.0 Safari/537.36"
27.2.72.57 - - [21/Sep/2026:05:22:49 +0700] "GET /wp-login.php HTTP/1.1" 200 7429 "-" "Mozilla/5.0 (Macintosh; Intel Mac OS X 10_15_7) AppleWebKit/605.1.15 (KHTML, like Gecko) Version/18.0 Safari/605.1.15"
34.101.220.97 - - [21/Sep/2026:05:22:50 +0700] "GET / HTTP/1.1" 200 86285 "-" "Mozilla/5.0 (Macintosh; Intel Mac OS X 10_15_7) AppleWebKit/537.36 (KHTML, like Gecko) Chrome/131.0.0.0 Safari/537.36"
27.2.72.57 - - [21/Sep/2026:05:22:51 +0700] "POST /wp-login.php HTTP/1.1" 302 - "https://bravo333c.com/wp-login.php" "Mozilla/5.0 (Macintosh; Intel Mac OS X 10_15_7) AppleWebKit/605.1.15 (KHTML, like Gecko) Version/18.0 Safari/605.1.15"
34.101.220.97 - - [21/Sep/2026:05:22:53 +0700] "GET /test/phpinfo.php HTTP/1.1" 301 - "-" "Mozilla/5.0 (Macintosh; Intel Mac OS X 10_15_7) AppleWebKit/537.36 (KHTML, like Gecko) Chrome/131.0.0.0 Safari/537.36"
34.101.220.97 - - [21/Sep/2026:05:22:54 +0700] "GET / HTTP/1.1" 200 86285 "-" "Mozilla/5.0 (Macintosh; Intel Mac OS X 10_15_7) AppleWebKit/537.36 (KHTML, like Gecko) Chrome/131.0.0.0 Safari/537.36"
27.2.72.57 - - [21/Sep/2026:05:22:54 +0700] "GET /wp-admin/ HTTP/1.1" 200 192864 "https://bravo333c.com/wp-login.php" "Mozilla/5.0 (Macintosh; Intel Mac OS X 10_15_7) AppleWebKit/605.1.15 (KHTML, like Gecko) Version/18.0 Safari/605.1.15"
34.101.220.97 - - [21/Sep/2026:05:22:56 +0700] "GET /dev/phpinfo.php HTTP/1.1" 301 - "-" "Mozilla/5.0 (Macintosh; Intel Mac OS X 10_15_7) AppleWebKit/537.36 (KHTML, like Gecko) Chrome/131.0.0.0 Safari/537.36"
34.101.220.97 - - [21/Sep/2026:05:22:58 +0700] "GET / HTTP/1.1" 200 86285 "-" "Mozilla/5.0 (Macintosh; Intel Mac OS X 10_15_7) AppleWebKit/537.36 (KHTML, like Gecko) Chrome/131.0.0.0 Safari/537.36"
27.2.72.57 - - [21/Sep/2026:05:22:59 +0700] "GET /wp-admin/ HTTP/1.1" 200 192862 "-" "Mozilla/5.0 (Macintosh; Intel Mac OS X 10_15_7) AppleWebKit/605.1.15 (KHTML, like Gecko) Version/18.0 Safari/605.1.15"
34.101.220.97 - - [21/Sep/2026:05:22:59 +0700] "GET /old/phpinfo.php HTTP/1.1" 301 - "-" "Mozilla/5.0 (Macintosh; Intel Mac OS X 10_15_7) AppleWebKit/537.36 (KHTML, like Gecko) Chrome/131.0.0.0 Safari/537.36"
34.101.220.97 - - [21/Sep/2026:05:23:01 +0700] "GET / HTTP/1.1" 200 86285 "-" "Mozilla/5.0 (Macintosh; Intel Mac OS X 10_15_7) AppleWebKit/537.36 (KHTML, like Gecko) Chrome/131.0.0.0 Safari/537.36"
34.101.220.97 - - [21/Sep/2026:05:23:04 +0700] "GET /tmp/phpinfo.php HTTP/1.1" 301 - "-" "Mozilla/5.0 (Macintosh; Intel Mac OS X 10_15_7) AppleWebKit/537.36 (KHTML, like Gecko) Chrome/131.0.0.0 Safari/537.36"
27.2.72.57 - - [21/Sep/2026:05:23:03 +0700] "GET /wp-admin/plugin-editor.php HTTP/1.1" 200 141028 "-" "Mozilla/5.0 (Macintosh; Intel Mac OS X 10_15_7) AppleWebKit/605.1.15 (KHTML, like Gecko) Version/18.0 Safari/605.1.15"
27.2.72.57 - - [21/Sep/2026:05:23:03 +0700] "GET /wp-admin/plugin-install.php HTTP/1.1" 200 163442 "-" "Mozilla/5.0 (Macintosh; Intel Mac OS X 10_15_7) AppleWebKit/605.1.15 (KHTML, like Gecko) Version/18.0 Safari/605.1.15"
27.2.72.57 - - [21/Sep/2026:05:23:03 +0700] "GET /wp-admin/plugins.php?plugin_status=all HTTP/1.1" 200 286101 "-" "Mozilla/5.0 (Macintosh; Intel Mac OS X 10_15_7) AppleWebKit/605.1.15 (KHTML, like Gecko) Version/18.0 Safari/605.1.15"
34.101.220.97 - - [21/Sep/2026:05:23:06 +0700] "GET / HTTP/1.1" 200 86285 "-" "Mozilla/5.0 (Macintosh; Intel Mac OS X 10_15_7) AppleWebKit/537.36 (KHTML, like Gecko) Chrome/131.0.0.0 Safari/537.36"
34.101.220.97 - - [21/Sep/2026:05:23:09 +0700] "GET /public/phpinfo.php HTTP/1.1" 301 - "-" "Mozilla/5.0 (Macintosh; Intel Mac OS X 10_15_7) AppleWebKit/537.36 (KHTML, like Gecko) Chrome/131.0.0.0 Safari/537.36"
27.2.72.57 - - [21/Sep/2026:05:23:09 +0700] "POST /wp-admin/update.php?action=upload-plugin HTTP/1.1" 500 2641 "https://bravo333c.com/wp-admin/update.php?action=upload-plugin" "Mozilla/5.0 (Macintosh; Intel Mac OS X 10_15_7) AppleWebKit/605.1.15 (KHTML, like Gecko) Version/18.0 Safari/605.1.15"
27.2.72.57 - - [21/Sep/2026:05:23:09 +0700] "GET /wp-admin/plugins.php?plugin_status=all HTTP/1.1" 200 286103 "-" "Mozilla/5.0 (Macintosh; Intel Mac OS X 10_15_7) AppleWebKit/605.1.15 (KHTML, like Gecko) Version/18.0 Safari/605.1.15"
34.101.220.97 - - [21/Sep/2026:05:23:11 +0700] "GET / HTTP/1.1" 200 86285 "-" "Mozilla/5.0 (Macintosh; Intel Mac OS X 10_15_7) AppleWebKit/537.36 (KHTML, like Gecko) Chrome/131.0.0.0 Safari/537.36"
34.101.220.97 - - [21/Sep/2026:05:23:14 +0700] "GET /info HTTP/1.1" 301 - "-" "Mozilla/5.0 (Macintosh; Intel Mac OS X 10_15_7) AppleWebKit/537.36 (KHTML, like Gecko) Chrome/131.0.0.0 Safari/537.36"
27.2.72.57 - - [21/Sep/2026:05:23:14 +0700] "GET /wp-admin/plugins.php?plugin_status=all HTTP/1.1" 200 286103 "-" "Mozilla/5.0 (Macintosh; Intel Mac OS X 10_15_7) AppleWebKit/605.1.15 (KHTML, like Gecko) Version/18.0 Safari/605.1.15"
34.101.220.97 - - [21/Sep/2026:05:23:16 +0700] "GET / HTTP/1.1" 200 86285 "-" "Mozilla/5.0 (Macintosh; Intel Mac OS X 10_15_7) AppleWebKit/537.36 (KHTML, like Gecko) Chrome/131.0.0.0 Safari/537.36"
34.101.220.97 - - [21/Sep/2026:05:23:19 +0700] "GET /php-info.php HTTP/1.1" 404 16 "-" "Mozilla/5.0 (Macintosh; Intel Mac OS X 10_15_7) AppleWebKit/537.36 (KHTML, like Gecko) Chrome/131.0.0.0 Safari/537.36"
34.101.220.97 - - [21/Sep/2026:05:23:19 +0700] "GET /phpversion.php HTTP/1.1" 404 16 "-" "Mozilla/5.0 (Macintosh; Intel Mac OS X 10_15_7) AppleWebKit/537.36 (KHTML, like Gecko) Chrome/131.0.0.0 Safari/537.36"
34.101.220.97 - - [21/Sep/2026:05:23:19 +0700] "GET /_phpinfo.php HTTP/1.1" 404 16 "-" "Mozilla/5.0 (Macintosh; Intel Mac OS X 10_15_7) AppleWebKit/537.36 (KHTML, like Gecko) Chrome/131.0.0.0 Safari/537.36"
34.101.220.97 - - [21/Sep/2026:05:23:19 +0700] "GET /old_phpinfo.php HTTP/1.1" 404 16 "-" "Mozilla/5.0 (Macintosh; Intel Mac OS X 10_15_7) AppleWebKit/537.36 (KHTML, like Gecko) Chrome/131.0.0.0 Safari/537.36"
34.101.220.97 - - [21/Sep/2026:05:23:19 +0700] "GET /server-info.php HTTP/1.1" 404 16 "-" "Mozilla/5.0 (Macintosh; Intel Mac OS X 10_15_7) AppleWebKit/537.36 (KHTML, like Gecko) Chrome/131.0.0.0 Safari/537.36"
34.101.220.97 - - [21/Sep/2026:05:23:19 +0700] "GET /server-status.php HTTP/1.1" 404 16 "-" "Mozilla/5.0 (Macintosh; Intel Mac OS X 10_15_7) AppleWebKit/537.36 (KHTML, like Gecko) Chrome/131.0.0.0 Safari/537.36"
34.101.220.97 - - [21/Sep/2026:05:23:19 +0700] "GET /_profiler/phpinfo HTTP/1.1" 301 - "-" "Mozilla/5.0 (Macintosh; Intel Mac OS X 10_15_7) AppleWebKit/537.36 (KHTML, like Gecko) Chrome/131.0.0.0 Safari/537.36"
27.2.72.57 - - [21/Sep/2026:05:23:18 +0700] "GET /wp-admin/plugins.php?plugin_status=all HTTP/1.1" 200 286103 "-" "Mozilla/5.0 (Macintosh; Intel Mac OS X 10_15_7) AppleWebKit/605.1.15 (KHTML, like Gecko) Version/18.0 Safari/605.1.15"
34.101.220.97 - - [21/Sep/2026:05:23:20 +0700] "GET / HTTP/1.1" 200 86285 "-" "Mozilla/5.0 (Macintosh; Intel Mac OS X 10_15_7) AppleWebKit/537.36 (KHTML, like Gecko) Chrome/131.0.0.0 Safari/537.36"
34.101.220.97 - - [21/Sep/2026:05:23:22 +0700] "GET /_environment HTTP/1.1" 301 - "-" "Mozilla/5.0 (Macintosh; Intel Mac OS X 10_15_7) AppleWebKit/537.36 (KHTML, like Gecko) Chrome/131.0.0.0 Safari/537.36"
27.2.72.57 - - [21/Sep/2026:05:23:23 +0700] "GET /wp-admin/plugins.php?plugin_status=all HTTP/1.1" 200 286103 "-" "Mozilla/5.0 (Macintosh; Intel Mac OS X 10_15_7) AppleWebKit/605.1.15 (KHTML, like Gecko) Version/18.0 Safari/605.1.15"
34.101.220.97 - - [21/Sep/2026:05:23:24 +0700] "GET / HTTP/1.1" 200 86285 "-" "Mozilla/5.0 (Macintosh; Intel Mac OS X 10_15_7) AppleWebKit/537.36 (KHTML, like Gecko) Chrome/131.0.0.0 Safari/537.36"
34.101.220.97 - - [21/Sep/2026:05:23:25 +0700] "GET /webroot/index.php/_environment HTTP/1.1" 301 - "-" "Mozilla/5.0 (Macintosh; Intel Mac OS X 10_15_7) AppleWebKit/537.36 (KHTML, like Gecko) Chrome/131.0.0.0 Safari/537.36"
34.101.220.97 - - [21/Sep/2026:05:23:27 +0700] "GET / HTTP/1.1" 200 86285 "-" "Mozilla/5.0 (Macintosh; Intel Mac OS X 10_15_7) AppleWebKit/537.36 (KHTML, like Gecko) Chrome/131.0.0.0 Safari/537.36"
34.101.220.97 - - [21/Sep/2026:05:23:29 +0700] "GET /mail/phpinfo.php HTTP/1.1" 301 - "-" "Mozilla/5.0 (Macintosh; Intel Mac OS X 10_15_7) AppleWebKit/537.36 (KHTML, like Gecko) Chrome/131.0.0.0 Safari/537.36"
34.101.220.97 - - [21/Sep/2026:05:23:31 +0700] "GET / HTTP/1.1" 200 86285 "-" "Mozilla/5.0 (Macintosh; Intel Mac OS X 10_15_7) AppleWebKit/537.36 (KHTML, like Gecko) Chrome/131.0.0.0 Safari/537.36"
34.101.220.97 - - [21/Sep/2026:05:23:32 +0700] "GET /cpanel/phpinfo.php HTTP/1.1" 301 - "-" "Mozilla/5.0 (Macintosh; Intel Mac OS X 10_15_7) AppleWebKit/537.36 (KHTML, like Gecko) Chrome/131.0.0.0 Safari/537.36"
34.101.220.97 - - [21/Sep/2026:05:23:33 +0700] "GET / HTTP/1.1" 200 86285 "-" "Mozilla/5.0 (Macintosh; Intel Mac OS X 10_15_7) AppleWebKit/537.36 (KHTML, like Gecko) Chrome/131.0.0.0 Safari/537.36"
34.101.220.97 - - [21/Sep/2026:05:23:35 +0700] "GET /hosting/phpinfo.php HTTP/1.1" 301 - "-" "Mozilla/5.0 (Macintosh; Intel Mac OS X 10_15_7) AppleWebKit/537.36 (KHTML, like Gecko) Chrome/131.0.0.0 Safari/537.36"
34.101.220.97 - - [21/Sep/2026:05:23:36 +0700] "GET / HTTP/1.1" 200 86285 "-" "Mozilla/5.0 (Macintosh; Intel Mac OS X 10_15_7) AppleWebKit/537.36 (KHTML, like Gecko) Chrome/131.0.0.0 Safari/537.36"
34.101.220.97 - - [21/Sep/2026:05:23:37 +0700] "GET /webmail/phpinfo.php HTTP/1.1" 200 34766 "-" "Mozilla/5.0 (Macintosh; Intel Mac OS X 10_15_7) AppleWebKit/537.36 (KHTML, like Gecko) Chrome/131.0.0.0 Safari/537.36"
34.101.220.97 - - [21/Sep/2026:05:23:38 +0700] "GET /smtp/phpinfo.php HTTP/1.1" 301 - "-" "Mozilla/5.0 (Macintosh; Intel Mac OS X 10_15_7) AppleWebKit/537.36 (KHTML, like Gecko) Chrome/131.0.0.0 Safari/537.36"
34.101.220.97 - - [21/Sep/2026:05:23:39 +0700] "GET / HTTP/1.1" 200 86285 "-" "Mozilla/5.0 (Macintosh; Intel Mac OS X 10_15_7) AppleWebKit/537.36 (KHTML, like Gecko) Chrome/131.0.0.0 Safari/537.36"
34.101.220.97 - - [21/Sep/2026:05:23:40 +0700] "GET /phpinfo.php.bak HTTP/1.1" 301 - "-" "Mozilla/5.0 (Macintosh; Intel Mac OS X 10_15_7) AppleWebKit/537.36 (KHTML, like Gecko) Chrome/131.0.0.0 Safari/537.36"
34.101.220.97 - - [21/Sep/2026:05:23:41 +0700] "GET / HTTP/1.1" 200 86285 "-" "Mozilla/5.0 (Macintosh; Intel Mac OS X 10_15_7) AppleWebKit/537.36 (KHTML, like Gecko) Chrome/131.0.0.0 Safari/537.36"
34.101.220.97 - - [21/Sep/2026:05:23:43 +0700] "GET /phpinfo.php.old HTTP/1.1" 301 - "-" "Mozilla/5.0 (Macintosh; Intel Mac OS X 10_15_7) AppleWebKit/537.36 (KHTML, like Gecko) Chrome/131.0.0.0 Safari/537.36"
34.101.220.97 - - [21/Sep/2026:05:23:44 +0700] "GET / HTTP/1.1" 200 86285 "-" "Mozilla/5.0 (Macintosh; Intel Mac OS X 10_15_7) AppleWebKit/537.36 (KHTML, like Gecko) Chrome/131.0.0.0 Safari/537.36"
34.101.220.97 - - [21/Sep/2026:05:23:46 +0700] "GET /phpinfo.php~ HTTP/1.1" 301 - "-" "Mozilla/5.0 (Macintosh; Intel Mac OS X 10_15_7) AppleWebKit/537.36 (KHTML, like Gecko) Chrome/131.0.0.0 Safari/537.36"
34.101.220.97 - - [21/Sep/2026:05:23:47 +0700] "GET / HTTP/1.1" 200 86285 "-" "Mozilla/5.0 (Macintosh; Intel Mac OS X 10_15_7) AppleWebKit/537.36 (KHTML, like Gecko) Chrome/131.0.0.0 Safari/537.36"
34.101.220.97 - - [21/Sep/2026:05:23:49 +0700] "GET /info.php.bak HTTP/1.1" 301 - "-" "Mozilla/5.0 (Macintosh; Intel Mac OS X 10_15_7) AppleWebKit/537.36 (KHTML, like Gecko) Chrome/131.0.0.0 Safari/537.36"
34.101.220.97 - - [21/Sep/2026:05:23:50 +0700] "GET / HTTP/1.1" 200 86285 "-" "Mozilla/5.0 (Macintosh; Intel Mac OS X 10_15_7) AppleWebKit/537.36 (KHTML, like Gecko) Chrome/131.0.0.0 Safari/537.36"
34.101.220.97 - - [21/Sep/2026:05:23:52 +0700] "GET /phpinfo.php.save HTTP/1.1" 301 - "-" "Mozilla/5.0 (Macintosh; Intel Mac OS X 10_15_7) AppleWebKit/537.36 (KHTML, like Gecko) Chrome/131.0.0.0 Safari/537.36"
34.101.220.97 - - [21/Sep/2026:05:23:53 +0700] "GET / HTTP/1.1" 200 86285 "-" "Mozilla/5.0 (Macintosh; Intel Mac OS X 10_15_7) AppleWebKit/537.36 (KHTML, like Gecko) Chrome/131.0.0.0 Safari/537.36"
34.101.220.97 - - [21/Sep/2026:05:23:54 +0700] "GET /staging/phpinfo.php HTTP/1.1" 301 - "-" "Mozilla/5.0 (Macintosh; Intel Mac OS X 10_15_7) AppleWebKit/537.36 (KHTML, like Gecko) Chrome/131.0.0.0 Safari/537.36"
34.101.220.97 - - [21/Sep/2026:05:23:55 +0700] "GET / HTTP/1.1" 200 86285 "-" "Mozilla/5.0 (Macintosh; Intel Mac OS X 10_15_7) AppleWebKit/537.36 (KHTML, like Gecko) Chrome/131.0.0.0 Safari/537.36"
34.101.220.97 - - [21/Sep/2026:05:23:57 +0700] "GET /beta/phpinfo.php HTTP/1.1" 301 - "-" "Mozilla/5.0 (Macintosh; Intel Mac OS X 10_15_7) AppleWebKit/537.36 (KHTML, like Gecko) Chrome/131.0.0.0 Safari/537.36"
34.101.220.97 - - [21/Sep/2026:05:23:58 +0700] "GET / HTTP/1.1" 200 86285 "-" "Mozilla/5.0 (Macintosh; Intel Mac OS X 10_15_7) AppleWebKit/537.36 (KHTML, like Gecko) Chrome/131.0.0.0 Safari/537.36"
34.101.220.97 - - [21/Sep/2026:05:24:00 +0700] "GET /uat/phpinfo.php HTTP/1.1" 301 - "-" "Mozilla/5.0 (Macintosh; Intel Mac OS X 10_15_7) AppleWebKit/537.36 (KHTML, like Gecko) Chrome/131.0.0.0 Safari/537.36"
34.101.220.97 - - [21/Sep/2026:05:24:01 +0700] "GET / HTTP/1.1" 200 86285 "-" "Mozilla/5.0 (Macintosh; Intel Mac OS X 10_15_7) AppleWebKit/537.36 (KHTML, like Gecko) Chrome/131.0.0.0 Safari/537.36"
34.101.220.97 - - [21/Sep/2026:05:24:03 +0700] "GET /qa/phpinfo.php HTTP/1.1" 301 - "-" "Mozilla/5.0 (Macintosh; Intel Mac OS X 10_15_7) AppleWebKit/537.36 (KHTML, like Gecko) Chrome/131.0.0.0 Safari/537.36"
34.101.220.97 - - [21/Sep/2026:05:24:05 +0700] "GET / HTTP/1.1" 200 86285 "-" "Mozilla/5.0 (Macintosh; Intel Mac OS X 10_15_7) AppleWebKit/537.36 (KHTML, like Gecko) Chrome/131.0.0.0 Safari/537.36"
34.101.220.97 - - [21/Sep/2026:05:24:07 +0700] "GET /preview/phpinfo.php HTTP/1.1" 301 - "-" "Mozilla/5.0 (Macintosh; Intel Mac OS X 10_15_7) AppleWebKit/537.36 (KHTML, like Gecko) Chrome/131.0.0.0 Safari/537.36"
34.101.220.97 - - [21/Sep/2026:05:24:09 +0700] "GET / HTTP/1.1" 200 86285 "-" "Mozilla/5.0 (Macintosh; Intel Mac OS X 10_15_7) AppleWebKit/537.36 (KHTML, like Gecko) Chrome/131.0.0.0 Safari/537.36"
34.101.220.97 - - [21/Sep/2026:05:24:10 +0700] "GET /www/phpinfo.php HTTP/1.1" 301 - "-" "Mozilla/5.0 (Macintosh; Intel Mac OS X 10_15_7) AppleWebKit/537.36 (KHTML, like Gecko) Chrome/131.0.0.0 Safari/537.36"
34.101.220.97 - - [21/Sep/2026:05:24:11 +0700] "GET / HTTP/1.1" 200 86285 "-" "Mozilla/5.0 (Macintosh; Intel Mac OS X 10_15_7) AppleWebKit/537.36 (KHTML, like Gecko) Chrome/131.0.0.0 Safari/537.36"
34.101.220.97 - - [21/Sep/2026:05:24:13 +0700] "GET /htdocs/phpinfo.php HTTP/1.1" 301 - "-" "Mozilla/5.0 (Macintosh; Intel Mac OS X 10_15_7) AppleWebKit/537.36 (KHTML, like Gecko) Chrome/131.0.0.0 Safari/537.36"
34.101.220.97 - - [21/Sep/2026:05:24:14 +0700] "GET / HTTP/1.1" 200 86285 "-" "Mozilla/5.0 (Macintosh; Intel Mac OS X 10_15_7) AppleWebKit/537.36 (KHTML, like Gecko) Chrome/131.0.0.0 Safari/537.36"
34.101.220.97 - - [21/Sep/2026:05:24:15 +0700] "GET /public_html/phpinfo.php HTTP/1.1" 301 - "-" "Mozilla/5.0 (Macintosh; Intel Mac OS X 10_15_7) AppleWebKit/537.36 (KHTML, like Gecko) Chrome/131.0.0.0 Safari/537.36"
34.101.220.97 - - [21/Sep/2026:05:24:17 +0700] "GET / HTTP/1.1" 200 86285 "-" "Mozilla/5.0 (Macintosh; Intel Mac OS X 10_15_7) AppleWebKit/537.36 (KHTML, like Gecko) Chrome/131.0.0.0 Safari/537.36"
34.101.220.97 - - [21/Sep/2026:05:24:19 +0700] "GET /site/phpinfo.php HTTP/1.1" 301 - "-" "Mozilla/5.0 (Macintosh; Intel Mac OS X 10_15_7) AppleWebKit/537.36 (KHTML, like Gecko) Chrome/131.0.0.0 Safari/537.36"
34.101.220.97 - - [21/Sep/2026:05:24:21 +0700] "GET / HTTP/1.1" 200 86285 "-" "Mozilla/5.0 (Macintosh; Intel Mac OS X 10_15_7) AppleWebKit/537.36 (KHTML, like Gecko) Chrome/131.0.0.0 Safari/537.36"
34.101.220.97 - - [21/Sep/2026:05:24:22 +0700] "GET /docs/phpinfo.php HTTP/1.1" 301 - "-" "Mozilla/5.0 (Macintosh; Intel Mac OS X 10_15_7) AppleWebKit/537.36 (KHTML, like Gecko) Chrome/131.0.0.0 Safari/537.36"
34.101.220.97 - - [21/Sep/2026:05:24:23 +0700] "GET / HTTP/1.1" 200 86285 "-" "Mozilla/5.0 (Macintosh; Intel Mac OS X 10_15_7) AppleWebKit/537.36 (KHTML, like Gecko) Chrome/131.0.0.0 Safari/537.36"
34.101.220.97 - - [21/Sep/2026:05:24:25 +0700] "GET /wp-admin/phpinfo.php HTTP/1.1" 404 - "-" "Mozilla/5.0 (Macintosh; Intel Mac OS X 10_15_7) AppleWebKit/537.36 (KHTML, like Gecko) Chrome/131.0.0.0 Safari/537.36"
34.101.220.97 - - [21/Sep/2026:05:24:25 +0700] "GET /administrator/phpinfo.php HTTP/1.1" 301 - "-" "Mozilla/5.0 (Macintosh; Intel Mac OS X 10_15_7) AppleWebKit/537.36 (KHTML, like Gecko) Chrome/131.0.0.0 Safari/537.36"
34.101.220.97 - - [21/Sep/2026:05:24:26 +0700] "GET / HTTP/1.1" 200 86285 "-" "Mozilla/5.0 (Macintosh; Intel Mac OS X 10_15_7) AppleWebKit/537.36 (KHTML, like Gecko) Chrome/131.0.0.0 Safari/537.36"
34.101.220.97 - - [21/Sep/2026:05:24:28 +0700] "GET /core/phpinfo.php HTTP/1.1" 301 - "-" "Mozilla/5.0 (Macintosh; Intel Mac OS X 10_15_7) AppleWebKit/537.36 (KHTML, like Gecko) Chrome/131.0.0.0 Safari/537.36"
34.101.220.97 - - [21/Sep/2026:05:24:30 +0700] "GET / HTTP/1.1" 200 86285 "-" "Mozilla/5.0 (Macintosh; Intel Mac OS X 10_15_7) AppleWebKit/537.36 (KHTML, like Gecko) Chrome/131.0.0.0 Safari/537.36"
34.101.220.97 - - [21/Sep/2026:05:24:31 +0700] "GET /includes/phpinfo.php HTTP/1.1" 301 - "-" "Mozilla/5.0 (Macintosh; Intel Mac OS X 10_15_7) AppleWebKit/537.36 (KHTML, like Gecko) Chrome/131.0.0.0 Safari/537.36"
34.101.220.97 - - [21/Sep/2026:05:24:33 +0700] "GET / HTTP/1.1" 200 86285 "-" "Mozilla/5.0 (Macintosh; Intel Mac OS X 10_15_7) AppleWebKit/537.36 (KHTML, like Gecko) Chrome/131.0.0.0 Safari/537.36"
34.101.220.97 - - [21/Sep/2026:05:24:35 +0700] "GET /wp-json/gravitysmtp/v1/tests/mock-data?page=gravitysmtp-settings HTTP/1.1" 404 114 "-" "Mozilla/5.0 (Windows NT 10.0; Win64; x64) AppleWebKit/537.36 (KHTML, like Gecko) Chrome/125.0 Safari/537.36"
103.191.123.50 - - [21/Sep/2026:05:25:32 +0700] "POST /xmlrpc.php HTTP/1.1" 200 403 "-" "WordPress.com; https://wordpress.com"
209.141.52.196 - - [21/Sep/2026:05:27:23 +0700] "GET /wp-login.php HTTP/1.1" 200 7429 "-" "Mozilla/5.0 (iPhone; CPU iPhone OS 15_8 like Mac OS X) AppleWebKit/605.1.15 (KHTML, like Gecko) Version/15.8 Mobile/15E148 Safari/604.1"
209.141.52.196 - - [21/Sep/2026:05:28:31 +0700] "POST /wp-login.php HTTP/1.1" 200 7826 "-" "Mozilla/5.0 (iPhone; CPU iPhone OS 15_8 like Mac OS X) AppleWebKit/605.1.15 (KHTML, like Gecko) Version/15.8 Mobile/15E148 Safari/604.1"
103.191.123.50 - - [21/Sep/2026:05:30:42 +0700] "POST /xmlrpc.php HTTP/1.1" 200 403 "-" "Jetpack/13.0; WordPress/6.1; http://site57435691.com"
69.6.213.81 - - [21/Sep/2026:05:31:48 +0700] "GET /wp-login.php HTTP/1.1" 200 7429 "http://bravo333c.com/" "Mozilla/5.0 (Windows NT 10.0; Win64; x64) AppleWebKit/537.36 (KHTML, like Gecko) Chrome/146.0.0.0 Safari/537.36"
69.6.213.81 - - [21/Sep/2026:05:31:50 +0700] "POST /wp-login.php HTTP/1.1" 200 7849 "http://bravo333c.com/wp-login.php" "Mozilla/5.0 (Windows NT 10.0; Win64; x64) AppleWebKit/537.36 (KHTML, like Gecko) Chrome/146.0.0.0 Safari/537.36"
45.61.187.148 - - [21/Sep/2026:05:31:54 +0700] "GET /wp-login.php HTTP/1.1" 200 7429 "-" "Mozilla/5.0 (Macintosh; Intel Mac OS X 10_9_0) AppleWebKit/537.36 (KHTML, like Gecko) Chrome/36.0.1985.125 Safari/537.36"
45.61.187.148 - - [21/Sep/2026:05:32:07 +0700] "POST /wp-login.php HTTP/1.1" 200 7826 "-" "Mozilla/5.0 (Macintosh; Intel Mac OS X 10_9_0) AppleWebKit/537.36 (KHTML, like Gecko) Chrome/36.0.1985.125 Safari/537.36"
61.160.221.204 - - [21/Sep/2026:05:34:24 +0700] "GET /__pboot_probe_not_exist_6932_1789943661836.txt HTTP/1.1" 301 - "-" "Mozilla/5.0 (compatible; Baiduspider/2.0; +http://www.baidu.com/search/spider.html)"
61.160.221.204 - - [21/Sep/2026:05:34:26 +0700] "GET /apps/admin/view/default/layui/css/layui.css HTTP/1.1" 301 - "-" "Mozilla/5.0 (compatible; Baiduspider/2.0; +http://www.baidu.com/search/spider.html)"
61.160.221.204 - - [21/Sep/2026:05:34:27 +0700] "GET /apps/admin/view/default/layui/css/layui.min.css HTTP/1.1" 301 - "-" "Mozilla/5.0 (compatible; Baiduspider/2.0; +http://www.baidu.com/search/spider.html)"
61.160.221.204 - - [21/Sep/2026:05:34:29 +0700] "GET /apps/admin/view/default/layui/layui.js HTTP/1.1" 301 - "-" "Mozilla/5.0 (compatible; Baiduspider/2.0; +http://www.baidu.com/search/spider.html)"
103.191.123.50 - - [21/Sep/2026:05:35:50 +0700] "POST /xmlrpc.php HTTP/1.1" 200 403 "-" "WordPress.com; https://wordpress.com"
43.156.232.154 - - [21/Sep/2026:05:41:20 +0700] "GET / HTTP/1.1" 200 86285 "http://www.bravo333c.com" "Mozilla/5.0 (iPhone; CPU iPhone OS 13_2_3 like Mac OS X) AppleWebKit/605.1.15 (KHTML, like Gecko) Version/13.0.3 Mobile/15E148 Safari/604.1"
79.127.155.74 - - [21/Sep/2026:05:41:47 +0700] "GET /best-bingo-casinos-uk-2026/ HTTP/1.1" 404 63920 "https://bravo333c.com/" "Mozilla/5.0 (Macintosh; Intel Mac OS X 10_15_7) AppleWebKit/537.36 (KHTML, like Gecko) Chrome/120.0.0.0 Safari/537.36"
79.127.155.74 - - [21/Sep/2026:05:41:52 +0700] "GET / HTTP/1.1" 200 86285 "-" "Mozilla/5.0 (Macintosh; Intel Mac OS X 10_15_7) AppleWebKit/537.36 (KHTML, like Gecko) Chrome/120.0.0.0 Safari/537.36"
79.127.155.74 - - [21/Sep/2026:05:41:58 +0700] "GET /privacy-policy/ HTTP/1.1" 404 54397 "https://bravo333c.com" "Mozilla/5.0 (Macintosh; Intel Mac OS X 10_15_7) AppleWebKit/537.36 (KHTML, like Gecko) Chrome/120.0.0.0 Safari/537.36"
79.127.155.74 - - [21/Sep/2026:05:42:04 +0700] "GET / HTTP/1.1" 200 86285 "https://bravo333c.com" "Mozilla/5.0 (Macintosh; Intel Mac OS X 10_15_7) AppleWebKit/537.36 (KHTML, like Gecko) Chrome/120.0.0.0 Safari/537.36"
85.203.46.5 - - [21/Sep/2026:05:42:31 +0700] "GET /best-casinos-online-craps-uk-2026/ HTTP/1.1" 404 67654 "https://bravo333c.com/" "Mozilla/5.0 (X11; Linux x86_64) AppleWebKit/537.36 (KHTML, like Gecko) Chrome/129.0.0.0 Safari/537.36"
85.203.46.5 - - [21/Sep/2026:05:42:39 +0700] "GET / HTTP/1.1" 200 86285 "-" "Mozilla/5.0 (X11; Linux x86_64) AppleWebKit/537.36 (KHTML, like Gecko) Chrome/129.0.0.0 Safari/537.36"
185.38.193.132 - - [21/Sep/2026:05:42:42 +0700] "GET /wp/wp-login.php HTTP/1.1" 301 - "-" "Mozilla/5.0 (Windows NT 10.0; Win64; x64) AppleWebKit/537.36 (KHTML, like Gecko) Chrome/148.0.0.0 Safari/537.36"
185.38.193.132 - - [21/Sep/2026:05:42:47 +0700] "GET /wp/wp-login.php HTTP/1.1" 301 - "-" "Mozilla/5.0 (Windows NT 10.0; Win64; x64) AppleWebKit/537.36 (KHTML, like Gecko) Chrome/148.0.0.0 Safari/537.36"
185.38.193.132 - - [21/Sep/2026:05:42:53 +0700] "GET / HTTP/1.1" 200 86285 "https://bravo333c.com/wp/wp-login.php" "Mozilla/5.0 (Windows NT 10.0; Win64; x64) AppleWebKit/537.36 (KHTML, like Gecko) Chrome/148.0.0.0 Safari/537.36"
88.229.17.70 - - [21/Sep/2026:05:42:56 +0700] "GET /wp-login.php HTTP/1.1" 200 7429 "-" "Mozilla/5.0 (Windows NT 10.0; Win64; x64; rv:133.0) Gecko/20100101 Firefox/133.0"
88.188.144.20 - - [21/Sep/2026:05:43:07 +0700] "POST /xmlrpc.php HTTP/1.1" 200 1160 "-" "Mozilla/5.0 (Windows NT 10.0; Win64; x64) AppleWebKit/537.36 (KHTML, like Gecko) Chrome/124.0.0.0 Safari/537.36"
192.140.114.121 - - [21/Sep/2026:05:43:11 +0700] "GET /wp-login.php HTTP/1.1" 200 7429 "-" "Mozilla/5.0 (Windows NT 10.0; Win64; x64) AppleWebKit/537.36 (KHTML, like Gecko) Chrome/124.0.0.0 Safari/537.36"
192.140.114.121 - - [21/Sep/2026:05:43:13 +0700] "POST /wp-login.php HTTP/1.1" 302 - "https://bravo333c.com/wp-login.php" "Mozilla/5.0 (Windows NT 10.0; Win64; x64) AppleWebKit/537.36 (KHTML, like Gecko) Chrome/124.0.0.0 Safari/537.36"
192.140.114.121 - - [21/Sep/2026:05:43:15 +0700] "GET /wp-admin/ HTTP/1.1" 200 192861 "https://bravo333c.com/wp-login.php" "Mozilla/5.0 (Windows NT 10.0; Win64; x64) AppleWebKit/537.36 (KHTML, like Gecko) Chrome/124.0.0.0 Safari/537.36"
192.140.114.121 - - [21/Sep/2026:05:43:21 +0700] "GET /wp-admin/ HTTP/1.1" 200 192859 "-" "Mozilla/5.0 (Windows NT 10.0; Win64; x64) AppleWebKit/537.36 (KHTML, like Gecko) Chrome/124.0.0.0 Safari/537.36"
192.140.114.121 - - [21/Sep/2026:05:43:27 +0700] "GET /wp-admin/plugin-editor.php HTTP/1.1" 200 141025 "-" "Mozilla/5.0 (Windows NT 10.0; Win64; x64) AppleWebKit/537.36 (KHTML, like Gecko) Chrome/124.0.0.0 Safari/537.36"
192.140.114.121 - - [21/Sep/2026:05:43:27 +0700] "GET /wp-admin/plugins.php?plugin_status=all HTTP/1.1" 200 286100 "-" "Mozilla/5.0 (Windows NT 10.0; Win64; x64) AppleWebKit/537.36 (KHTML, like Gecko) Chrome/124.0.0.0 Safari/537.36"
192.140.114.121 - - [21/Sep/2026:05:43:27 +0700] "GET /wp-admin/plugin-install.php HTTP/1.1" 200 163441 "-" "Mozilla/5.0 (Windows NT 10.0; Win64; x64) AppleWebKit/537.36 (KHTML, like Gecko) Chrome/124.0.0.0 Safari/537.36"
192.140.114.121 - - [21/Sep/2026:05:43:36 +0700] "POST /wp-admin/update.php?action=upload-plugin HTTP/1.1" 500 2641 "https://bravo333c.com/wp-admin/update.php?action=upload-plugin" "Mozilla/5.0 (Windows NT 10.0; Win64; x64) AppleWebKit/537.36 (KHTML, like Gecko) Chrome/124.0.0.0 Safari/537.36"
192.140.114.121 - - [21/Sep/2026:05:43:36 +0700] "GET /wp-admin/plugins.php?plugin_status=all HTTP/1.1" 200 286100 "-" "Mozilla/5.0 (Windows NT 10.0; Win64; x64) AppleWebKit/537.36 (KHTML, like Gecko) Chrome/124.0.0.0 Safari/537.36"
192.140.114.121 - - [21/Sep/2026:05:43:45 +0700] "GET /wp-admin/plugins.php?plugin_status=all HTTP/1.1" 200 286100 "-" "Mozilla/5.0 (Windows NT 10.0; Win64; x64) AppleWebKit/537.36 (KHTML, like Gecko) Chrome/124.0.0.0 Safari/537.36"
192.140.114.121 - - [21/Sep/2026:05:43:55 +0700] "GET /wp-admin/plugins.php?plugin_status=all HTTP/1.1" 200 286100 "-" "Mozilla/5.0 (Windows NT 10.0; Win64; x64) AppleWebKit/537.36 (KHTML, like Gecko) Chrome/124.0.0.0 Safari/537.36"
51.39.228.11 - - [21/Sep/2026:05:44:00 +0700] "GET /wp-login.php HTTP/1.1" 200 7429 "-" "Mozilla/5.0 (Windows NT 10.0; Win64; x64) AppleWebKit/537.36 (KHTML, like Gecko) Chrome/124.0.0.0 Safari/537.36"
192.140.114.121 - - [21/Sep/2026:05:44:06 +0700] "GET /wp-admin/plugins.php?plugin_status=all HTTP/1.1" 200 286100 "-" "Mozilla/5.0 (Windows NT 10.0; Win64; x64) AppleWebKit/537.36 (KHTML, like Gecko) Chrome/124.0.0.0 Safari/537.36"
2c0f:f4c0:2820:37d0:90c0:8256:9b82:4ad9 - - [21/Sep/2026:05:44:11 +0700] "POST /xmlrpc.php HTTP/1.1" 200 1160 "-" "Mozilla/5.0 (Windows NT 10.0; Win64; x64; rv:133.0) Gecko/20100101 Firefox/133.0"
2804:7f0:32:6b8:f0fa:b449:5c5d:eb3b - - [21/Sep/2026:05:44:22 +0700] "GET /wp-login.php HTTP/1.1" 200 7429 "-" "Mozilla/5.0 (Windows NT 10.0; Win64; x64; rv:133.0) Gecko/20100101 Firefox/133.0"
2804:7f0:32:6b8:f0fa:b449:5c5d:eb3b - - [21/Sep/2026:05:44:31 +0700] "POST /wp-login.php HTTP/1.1" 302 - "https://bravo333c.com/wp-login.php" "Mozilla/5.0 (Windows NT 10.0; Win64; x64; rv:133.0) Gecko/20100101 Firefox/133.0"
2804:7f0:32:6b8:f0fa:b449:5c5d:eb3b - - [21/Sep/2026:05:44:38 +0700] "GET /wp-admin/ HTTP/1.1" 200 192829 "https://bravo333c.com/wp-login.php" "Mozilla/5.0 (Windows NT 10.0; Win64; x64; rv:133.0) Gecko/20100101 Firefox/133.0"
2804:7f0:32:6b8:f0fa:b449:5c5d:eb3b - - [21/Sep/2026:05:44:48 +0700] "GET /wp-admin/ HTTP/1.1" 200 192827 "-" "Mozilla/5.0 (Windows NT 10.0; Win64; x64; rv:133.0) Gecko/20100101 Firefox/133.0"
2804:7f0:32:6b8:f0fa:b449:5c5d:eb3b - - [21/Sep/2026:05:44:59 +0700] "GET /wp-admin/plugin-editor.php HTTP/1.1" 200 140993 "-" "Mozilla/5.0 (Windows NT 10.0; Win64; x64; rv:133.0) Gecko/20100101 Firefox/133.0"
2804:7f0:32:6b8:f0fa:b449:5c5d:eb3b - - [21/Sep/2026:05:45:00 +0700] "GET /wp-admin/plugins.php?plugin_status=all HTTP/1.1" 200 286068 "-" "Mozilla/5.0 (Windows NT 10.0; Win64; x64; rv:133.0) Gecko/20100101 Firefox/133.0"
2804:7f0:32:6b8:f0fa:b449:5c5d:eb3b - - [21/Sep/2026:05:45:00 +0700] "GET /wp-admin/plugin-install.php HTTP/1.1" 200 163409 "-" "Mozilla/5.0 (Windows NT 10.0; Win64; x64; rv:133.0) Gecko/20100101 Firefox/133.0"
2804:7f0:32:6b8:f0fa:b449:5c5d:eb3b - - [21/Sep/2026:05:45:11 +0700] "POST /wp-admin/update.php?action=upload-plugin HTTP/1.1" 500 2641 "https://bravo333c.com/wp-admin/update.php?action=upload-plugin" "Mozilla/5.0 (Windows NT 10.0; Win64; x64; rv:133.0) Gecko/20100101 Firefox/133.0"
2804:7f0:32:6b8:f0fa:b449:5c5d:eb3b - - [21/Sep/2026:05:45:10 +0700] "GET /wp-admin/plugins.php?plugin_status=all HTTP/1.1" 200 286068 "-" "Mozilla/5.0 (Windows NT 10.0; Win64; x64; rv:133.0) Gecko/20100101 Firefox/133.0"
2804:7f0:32:6b8:f0fa:b449:5c5d:eb3b - - [21/Sep/2026:05:45:22 +0700] "GET /wp-admin/plugins.php?plugin_status=all HTTP/1.1" 200 286068 "-" "Mozilla/5.0 (Windows NT 10.0; Win64; x64; rv:133.0) Gecko/20100101 Firefox/133.0"
2804:7f0:32:6b8:f0fa:b449:5c5d:eb3b - - [21/Sep/2026:05:45:31 +0700] "GET /wp-admin/plugins.php?plugin_status=all HTTP/1.1" 200 286068 "-" "Mozilla/5.0 (Windows NT 10.0; Win64; x64; rv:133.0) Gecko/20100101 Firefox/133.0"
2804:7f0:32:6b8:f0fa:b449:5c5d:eb3b - - [21/Sep/2026:05:45:41 +0700] "GET /wp-admin/plugins.php?plugin_status=all HTTP/1.1" 200 286068 "-" "Mozilla/5.0 (Windows NT 10.0; Win64; x64; rv:133.0) Gecko/20100101 Firefox/133.0"
195.140.224.124 - - [21/Sep/2026:05:49:26 +0700] "POST /wp/xmlrpc.php HTTP/1.1" 301 - "-" "Mozilla/5.0 (Windows NT 10.0; Win64; x64) AppleWebKit/537.36 (KHTML, like Gecko) Chrome/146.0.0.0 Safari/537.36"
103.48.146.87 - - [21/Sep/2026:05:55:42 +0700] "POST /xmlrpc.php HTTP/1.1" 200 403 "-" "Jetpack/12.0; WordPress/6.3; http://site72415028.com"
103.48.146.87 - - [21/Sep/2026:05:55:50 +0700] "POST /xmlrpc.php HTTP/1.1" 200 403 "-" "WordPress.com; https://wordpress.com"
103.48.146.87 - - [21/Sep/2026:05:56:01 +0700] "POST /xmlrpc.php HTTP/1.1" 200 403 "-" "Jetpack by WordPress.com"
103.48.146.87 - - [21/Sep/2026:05:56:21 +0700] "POST /xmlrpc.php HTTP/1.1" 200 403 "-" "WordPress.com; https://wordpress.com"
103.48.146.87 - - [21/Sep/2026:05:56:31 +0700] "POST /xmlrpc.php HTTP/1.1" 200 403 "-" "Jetpack/12.5; WordPress/6.2; http://site83144282.com"
103.48.146.87 - - [21/Sep/2026:05:59:36 +0700] "POST /xmlrpc.php HTTP/1.1" 404 - "-" "Jetpack by WordPress.com"
103.48.146.87 - - [21/Sep/2026:05:58:41 +0700] "POST /xmlrpc.php HTTP/1.1" 404 - "-" "Jetpack by WordPress.com"
103.48.146.87 - - [21/Sep/2026:05:57:09 +0700] "POST /xmlrpc.php HTTP/1.1" 404 - "-" "Jetpack/12.5; WordPress/6.3; http://site96864092.com"
103.48.146.87 - - [21/Sep/2026:05:56:47 +0700] "POST /xmlrpc.php HTTP/1.1" 404 - "-" "WordPress.com; https://wordpress.com"
103.48.146.87 - - [21/Sep/2026:05:58:50 +0700] "POST /xmlrpc.php HTTP/1.1" 404 - "-" "Jetpack/13.0; WordPress/6.1; http://site31657624.com"
103.48.146.87 - - [21/Sep/2026:06:11:46 +0700] "POST /xmlrpc.php HTTP/1.1" 200 - "-" "WordPress.com; https://wordpress.com"
2804:788:510:c700:18c9:643a:7f16:d0f3 - - [21/Sep/2026:06:11:46 +0700] "POST /xmlrpc.php HTTP/1.1" 200 - "-" "Jetpack by WordPress.com (Jetpack 12.5; WordPress 6.4)"
2804:788:510:c700:18c9:643a:7f16:d0f3 - - [21/Sep/2026:06:11:47 +0700] "POST /xmlrpc.php HTTP/1.1" 200 - "-" "Jetpack by WordPress.com"
103.48.146.87 - - [21/Sep/2026:06:11:51 +0700] "POST /xmlrpc.php HTTP/1.1" 200 - "-" "WordPress.com; https://wordpress.com"
2804:788:510:c700:18c9:643a:7f16:d0f3 - - [21/Sep/2026:06:11:57 +0700] "POST /xmlrpc.php HTTP/1.1" 200 - "-" "WordPress.com; https://wordpress.com"
103.48.146.87 - - [21/Sep/2026:06:12:02 +0700] "POST /xmlrpc.php HTTP/1.1" 200 403 "-" "Jetpack/13.0; WordPress/6.3; http://site84677884.com"
2804:788:510:c700:18c9:643a:7f16:d0f3 - - [21/Sep/2026:06:12:07 +0700] "POST /xmlrpc.php HTTP/1.1" 200 403 "-" "WordPress.com; https://wordpress.com"
103.48.146.87 - - [21/Sep/2026:06:12:13 +0700] "POST /xmlrpc.php HTTP/1.1" 200 403 "-" "Jetpack by WordPress.com"
2804:788:510:c700:18c9:643a:7f16:d0f3 - - [21/Sep/2026:06:12:18 +0700] "POST /xmlrpc.php HTTP/1.1" 200 403 "-" "Jetpack by WordPress.com"
103.48.146.87 - - [21/Sep/2026:06:12:23 +0700] "POST /xmlrpc.php HTTP/1.1" 200 403 "-" "Jetpack by WordPress.com"
2804:788:510:c700:18c9:643a:7f16:d0f3 - - [21/Sep/2026:06:12:29 +0700] "POST /xmlrpc.php HTTP/1.1" 200 403 "-" "Jetpack/12.0; WordPress/6.3; http://site71149082.com"
103.48.146.87 - - [21/Sep/2026:06:12:34 +0700] "POST /xmlrpc.php HTTP/1.1" 200 403 "-" "Jetpack by WordPress.com (Jetpack 12.0; WordPress 6.3)"
2804:788:510:c700:18c9:643a:7f16:d0f3 - - [21/Sep/2026:06:12:40 +0700] "POST /xmlrpc.php HTTP/1.1" 200 403 "-" "Jetpack by WordPress.com (Jetpack 12.5; WordPress 6.2)"
103.48.146.87 - - [21/Sep/2026:06:12:45 +0700] "POST /xmlrpc.php HTTP/1.1" 200 403 "-" "Jetpack/12.0; WordPress/6.1; http://site13830410.com"
2804:788:510:c700:18c9:643a:7f16:d0f3 - - [21/Sep/2026:06:12:50 +0700] "POST /xmlrpc.php HTTP/1.1" 200 403 "-" "WordPress.com; https://wordpress.com"
103.48.146.87 - - [21/Sep/2026:06:12:56 +0700] "POST /xmlrpc.php HTTP/1.1" 200 403 "-" "Jetpack/12.1; WordPress/6.3; http://site99626033.com"
2804:788:510:c700:18c9:643a:7f16:d0f3 - - [21/Sep/2026:06:13:01 +0700] "POST /xmlrpc.php HTTP/1.1" 200 403 "-" "Jetpack by WordPress.com (Jetpack 12.5; WordPress 6.3)"
103.48.146.87 - - [21/Sep/2026:06:13:06 +0700] "POST /xmlrpc.php HTTP/1.1" 200 403 "-" "Jetpack by WordPress.com"
2804:788:510:c700:18c9:643a:7f16:d0f3 - - [21/Sep/2026:06:13:11 +0700] "POST /xmlrpc.php HTTP/1.1" 200 403 "-" "WordPress.com; https://wordpress.com"
103.48.146.87 - - [21/Sep/2026:06:13:17 +0700] "POST /xmlrpc.php HTTP/1.1" 200 403 "-" "Jetpack by WordPress.com"
2804:788:510:c700:18c9:643a:7f16:d0f3 - - [21/Sep/2026:06:13:22 +0700] "POST /xmlrpc.php HTTP/1.1" 200 403 "-" "Jetpack by WordPress.com"
103.48.146.87 - - [21/Sep/2026:06:13:28 +0700] "POST /xmlrpc.php HTTP/1.1" 200 403 "-" "Jetpack by WordPress.com (Jetpack 12.1; WordPress 6.2)"
2804:788:510:c700:18c9:643a:7f16:d0f3 - - [21/Sep/2026:06:13:33 +0700] "POST /xmlrpc.php HTTP/1.1" 200 403 "-" "Jetpack/12.1; WordPress/6.4; http://site51609709.com"
103.48.146.87 - - [21/Sep/2026:06:13:38 +0700] "POST /xmlrpc.php HTTP/1.1" 200 403 "-" "Jetpack by WordPress.com"
2804:788:510:c700:18c9:643a:7f16:d0f3 - - [21/Sep/2026:06:13:43 +0700] "POST /xmlrpc.php HTTP/1.1" 200 403 "-" "WordPress.com; https://wordpress.com"
103.48.146.87 - - [21/Sep/2026:06:13:49 +0700] "POST /xmlrpc.php HTTP/1.1" 200 403 "-" "Jetpack by WordPress.com (Jetpack 12.5; WordPress 6.1)"
2804:788:510:c700:18c9:643a:7f16:d0f3 - - [21/Sep/2026:06:13:54 +0700] "POST /xmlrpc.php HTTP/1.1" 200 403 "-" "WordPress.com; https://wordpress.com"
103.48.146.87 - - [21/Sep/2026:06:14:00 +0700] "POST /xmlrpc.php HTTP/1.1" 200 403 "-" "WordPress.com; https://wordpress.com"
2804:788:510:c700:18c9:643a:7f16:d0f3 - - [21/Sep/2026:06:14:04 +0700] "POST /xmlrpc.php HTTP/1.1" 200 403 "-" "Jetpack/13.0; WordPress/6.4; http://site88656158.com"
103.48.146.87 - - [21/Sep/2026:06:14:11 +0700] "POST /xmlrpc.php HTTP/1.1" 200 403 "-" "Jetpack by WordPress.com (Jetpack 12.0; WordPress 6.2)"
103.48.146.87 - - [21/Sep/2026:06:14:22 +0700] "POST /xmlrpc.php HTTP/1.1" 200 403 "-" "Jetpack/13.0; WordPress/6.4; http://site68110637.com"
103.48.146.87 - - [21/Sep/2026:06:14:32 +0700] "POST /xmlrpc.php HTTP/1.1" 200 403 "-" "Jetpack/12.5; WordPress/6.4; http://site73068507.com"
103.48.146.87 - - [21/Sep/2026:06:14:43 +0700] "POST /xmlrpc.php HTTP/1.1" 200 403 "-" "Jetpack/12.1; WordPress/6.2; http://site79368475.com"
103.48.146.87 - - [21/Sep/2026:06:14:54 +0700] "POST /xmlrpc.php HTTP/1.1" 200 403 "-" "Jetpack by WordPress.com"
103.48.146.87 - - [21/Sep/2026:06:15:04 +0700] "POST /xmlrpc.php HTTP/1.1" 200 403 "-" "Jetpack by WordPress.com"
103.48.146.87 - - [21/Sep/2026:06:15:15 +0700] "POST /xmlrpc.php HTTP/1.1" 200 403 "-" "WordPress.com; https://wordpress.com"
103.48.146.87 - - [21/Sep/2026:06:15:26 +0700] "POST /xmlrpc.php HTTP/1.1" 200 403 "-" "Jetpack by WordPress.com (Jetpack 12.0; WordPress 6.4)"
103.48.146.87 - - [21/Sep/2026:06:15:36 +0700] "POST /xmlrpc.php HTTP/1.1" 200 403 "-" "Jetpack by WordPress.com (Jetpack 12.1; WordPress 6.4)"
103.48.146.87 - - [21/Sep/2026:06:15:47 +0700] "POST /xmlrpc.php HTTP/1.1" 200 403 "-" "Jetpack by WordPress.com"
103.48.146.87 - - [21/Sep/2026:06:15:58 +0700] "POST /xmlrpc.php HTTP/1.1" 200 403 "-" "WordPress.com; https://wordpress.com"
103.48.146.87 - - [21/Sep/2026:06:16:09 +0700] "POST /xmlrpc.php HTTP/1.1" 200 403 "-" "Jetpack by WordPress.com"
2001:4ca0:108:42::24 - - [21/Sep/2026:06:16:11 +0700] "GET /robots.txt HTTP/1.1" 404 114 "-" "Mozilla/5.0 (Windows NT 10.0; Win64; x64) AppleWebKit/537.36 (KHTML, like Gecko) Chrome/103.0.5060.134 Safari/537.36"
103.48.146.87 - - [21/Sep/2026:06:16:19 +0700] "POST /xmlrpc.php HTTP/1.1" 200 403 "-" "Jetpack by WordPress.com"
103.48.146.87 - - [21/Sep/2026:06:16:30 +0700] "POST /xmlrpc.php HTTP/1.1" 200 403 "-" "Jetpack by WordPress.com"
103.48.146.87 - - [21/Sep/2026:06:16:41 +0700] "POST /xmlrpc.php HTTP/1.1" 200 403 "-" "Jetpack by WordPress.com"
103.48.146.87 - - [21/Sep/2026:06:16:51 +0700] "POST /xmlrpc.php HTTP/1.1" 200 403 "-" "WordPress.com; https://wordpress.com"
103.48.146.87 - - [21/Sep/2026:06:17:02 +0700] "POST /xmlrpc.php HTTP/1.1" 200 403 "-" "WordPress.com; https://wordpress.com"
103.48.146.87 - - [21/Sep/2026:06:17:13 +0700] "POST /xmlrpc.php HTTP/1.1" 200 403 "-" "WordPress.com; https://wordpress.com"
103.48.146.87 - - [21/Sep/2026:06:17:23 +0700] "POST /xmlrpc.php HTTP/1.1" 200 403 "-" "WordPress.com; https://wordpress.com"
103.48.146.87 - - [21/Sep/2026:06:17:34 +0700] "POST /xmlrpc.php HTTP/1.1" 200 403 "-" "WordPress.com; https://wordpress.com"
103.48.146.87 - - [21/Sep/2026:06:17:45 +0700] "POST /xmlrpc.php HTTP/1.1" 200 403 "-" "Jetpack by WordPress.com"
103.48.146.87 - - [21/Sep/2026:06:17:56 +0700] "POST /xmlrpc.php HTTP/1.1" 200 403 "-" "Jetpack/12.0; WordPress/6.3; http://site16364323.com"
103.48.146.87 - - [21/Sep/2026:06:18:06 +0700] "POST /xmlrpc.php HTTP/1.1" 200 403 "-" "Jetpack/13.0; WordPress/6.2; http://site44694482.com"
103.48.146.87 - - [21/Sep/2026:06:18:17 +0700] "POST /xmlrpc.php HTTP/1.1" 200 403 "-" "Jetpack/12.1; WordPress/6.3; http://site92732028.com"
103.48.146.87 - - [21/Sep/2026:06:18:28 +0700] "POST /xmlrpc.php HTTP/1.1" 200 403 "-" "Jetpack/12.0; WordPress/6.4; http://site20655838.com"
103.48.146.87 - - [21/Sep/2026:06:18:39 +0700] "POST /xmlrpc.php HTTP/1.1" 200 403 "-" "WordPress.com; https://wordpress.com"
103.48.146.87 - - [21/Sep/2026:06:18:49 +0700] "POST /xmlrpc.php HTTP/1.1" 200 403 "-" "WordPress.com; https://wordpress.com"
103.48.146.87 - - [21/Sep/2026:06:19:00 +0700] "POST /xmlrpc.php HTTP/1.1" 200 403 "-" "Jetpack by WordPress.com (Jetpack 13.0; WordPress 6.1)"
103.48.146.87 - - [21/Sep/2026:06:19:11 +0700] "POST /xmlrpc.php HTTP/1.1" 200 403 "-" "Jetpack/12.0; WordPress/6.3; http://site80499702.com"
103.48.146.87 - - [21/Sep/2026:06:19:22 +0700] "POST /xmlrpc.php HTTP/1.1" 200 403 "-" "WordPress.com; https://wordpress.com"
103.48.146.87 - - [21/Sep/2026:06:19:32 +0700] "POST /xmlrpc.php HTTP/1.1" 200 403 "-" "Jetpack/12.5; WordPress/6.2; http://site66615428.com"
103.48.146.87 - - [21/Sep/2026:06:19:43 +0700] "POST /xmlrpc.php HTTP/1.1" 200 403 "-" "Jetpack/12.5; WordPress/6.1; http://site39397251.com"
103.48.146.87 - - [21/Sep/2026:06:19:54 +0700] "POST /xmlrpc.php HTTP/1.1" 200 403 "-" "Jetpack/12.5; WordPress/6.4; http://site28366621.com"
103.48.146.87 - - [21/Sep/2026:06:20:05 +0700] "POST /xmlrpc.php HTTP/1.1" 200 403 "-" "WordPress.com; https://wordpress.com"
103.48.146.87 - - [21/Sep/2026:06:20:15 +0700] "POST /xmlrpc.php HTTP/1.1" 200 403 "-" "Jetpack by WordPress.com (Jetpack 12.0; WordPress 6.3)"
103.48.146.87 - - [21/Sep/2026:06:20:26 +0700] "POST /xmlrpc.php HTTP/1.1" 200 403 "-" "WordPress.com; https://wordpress.com"
103.48.146.87 - - [21/Sep/2026:06:20:37 +0700] "POST /xmlrpc.php HTTP/1.1" 200 403 "-" "Jetpack/13.0; WordPress/6.1; http://site67728641.com"
103.48.146.87 - - [21/Sep/2026:06:20:48 +0700] "POST /xmlrpc.php HTTP/1.1" 200 403 "-" "Jetpack by WordPress.com"
103.48.146.87 - - [21/Sep/2026:06:20:58 +0700] "POST /xmlrpc.php HTTP/1.1" 200 403 "-" "WordPress.com; https://wordpress.com"
198.252.107.178 - - [21/Sep/2026:06:21:10 +0700] "POST /wp-cron.php?doing_wp_cron=1789946470.6115939617156982421875 HTTP/1.1" 200 - "-" "WordPress/7.1.1; https://bravo333c.com"
103.48.146.87 - - [21/Sep/2026:06:21:09 +0700] "POST /xmlrpc.php HTTP/1.1" 200 403 "-" "Jetpack by WordPress.com (Jetpack 12.0; WordPress 6.4)"
103.48.146.87 - - [21/Sep/2026:06:21:20 +0700] "POST /xmlrpc.php HTTP/1.1" 200 403 "-" "Jetpack by WordPress.com (Jetpack 13.0; WordPress 6.2)"
103.48.146.87 - - [21/Sep/2026:06:21:30 +0700] "POST /xmlrpc.php HTTP/1.1" 200 403 "-" "WordPress.com; https://wordpress.com"
104.207.48.97 - - [21/Sep/2026:06:21:35 +0700] "GET /best-casinos-online-craps-uk-2026/ HTTP/1.1" 404 67654 "https://bravo333c.com/" "Mozilla/5.0 (X11; Linux x86_64) AppleWebKit/537.36 (KHTML, like Gecko) Chrome/134.0.0.0 Safari/537.36"
104.207.48.97 - - [21/Sep/2026:06:21:38 +0700] "GET / HTTP/1.1" 200 86285 "-" "Mozilla/5.0 (X11; Linux x86_64) AppleWebKit/537.36 (KHTML, like Gecko) Chrome/134.0.0.0 Safari/537.36"
104.207.48.97 - - [21/Sep/2026:06:21:41 +0700] "GET /privacy-policy/ HTTP/1.1" 404 54397 "https://bravo333c.com" "Mozilla/5.0 (X11; Linux x86_64) AppleWebKit/537.36 (KHTML, like Gecko) Chrome/134.0.0.0 Safari/537.36"
103.48.146.87 - - [21/Sep/2026:06:21:41 +0700] "POST /xmlrpc.php HTTP/1.1" 200 403 "-" "Jetpack by WordPress.com"
104.207.48.97 - - [21/Sep/2026:06:21:43 +0700] "GET / HTTP/1.1" 200 86285 "https://bravo333c.com" "Mozilla/5.0 (X11; Linux x86_64) AppleWebKit/537.36 (KHTML, like Gecko) Chrome/134.0.0.0 Safari/537.36"
103.48.146.87 - - [21/Sep/2026:06:21:52 +0700] "POST /xmlrpc.php HTTP/1.1" 200 403 "-" "WordPress.com; https://wordpress.com"
103.48.146.87 - - [21/Sep/2026:06:22:03 +0700] "POST /xmlrpc.php HTTP/1.1" 200 403 "-" "Jetpack/13.0; WordPress/6.3; http://site10124647.com"
103.48.146.87 - - [21/Sep/2026:06:22:13 +0700] "POST /xmlrpc.php HTTP/1.1" 200 403 "-" "Jetpack by WordPress.com"
190.206.144.227 - - [21/Sep/2026:06:24:54 +0700] "GET /wp-login.php HTTP/1.1" 200 7429 "-" "Mozilla/5.0 (Windows NT 10.0; Win64; x64; rv:133.0) Gecko/20100101 Firefox/133.0"
42.117.202.226 - - [21/Sep/2026:06:25:14 +0700] "POST /xmlrpc.php HTTP/1.1" 200 1160 "-" "Mozilla/5.0 (Windows NT 10.0; Win64; x64) AppleWebKit/537.36 (KHTML, like Gecko) Chrome/124.0.0.0 Safari/537.36"
189.38.22.158 - - [21/Sep/2026:06:25:29 +0700] "GET /wp-login.php HTTP/1.1" 200 7429 "-" "Mozilla/5.0 (Windows NT 10.0; Win64; x64) AppleWebKit/537.36 (KHTML, like Gecko) Chrome/124.0.0.0 Safari/537.36"
189.38.22.158 - - [21/Sep/2026:06:25:31 +0700] "POST /wp-login.php HTTP/1.1" 302 - "https://bravo333c.com/wp-login.php" "Mozilla/5.0 (Windows NT 10.0; Win64; x64) AppleWebKit/537.36 (KHTML, like Gecko) Chrome/124.0.0.0 Safari/537.36"
189.38.22.158 - - [21/Sep/2026:06:25:32 +0700] "GET /wp-admin/ HTTP/1.1" 200 192861 "https://bravo333c.com/wp-login.php" "Mozilla/5.0 (Windows NT 10.0; Win64; x64) AppleWebKit/537.36 (KHTML, like Gecko) Chrome/124.0.0.0 Safari/537.36"
189.38.22.158 - - [21/Sep/2026:06:25:35 +0700] "GET /wp-admin/ HTTP/1.1" 200 192859 "-" "Mozilla/5.0 (Windows NT 10.0; Win64; x64) AppleWebKit/537.36 (KHTML, like Gecko) Chrome/124.0.0.0 Safari/537.36"
189.38.22.158 - - [21/Sep/2026:06:25:38 +0700] "GET /wp-admin/plugin-editor.php HTTP/1.1" 200 141025 "-" "Mozilla/5.0 (Windows NT 10.0; Win64; x64) AppleWebKit/537.36 (KHTML, like Gecko) Chrome/124.0.0.0 Safari/537.36"
189.38.22.158 - - [21/Sep/2026:06:25:39 +0700] "GET /wp-admin/plugins.php?plugin_status=all HTTP/1.1" 200 286100 "-" "Mozilla/5.0 (Windows NT 10.0; Win64; x64) AppleWebKit/537.36 (KHTML, like Gecko) Chrome/124.0.0.0 Safari/537.36"
189.38.22.158 - - [21/Sep/2026:06:25:39 +0700] "GET /wp-admin/plugin-install.php HTTP/1.1" 200 163441 "-" "Mozilla/5.0 (Windows NT 10.0; Win64; x64) AppleWebKit/537.36 (KHTML, like Gecko) Chrome/124.0.0.0 Safari/537.36"
189.38.22.158 - - [21/Sep/2026:06:25:44 +0700] "POST /wp-admin/update.php?action=upload-plugin HTTP/1.1" 500 2641 "https://bravo333c.com/wp-admin/update.php?action=upload-plugin" "Mozilla/5.0 (Windows NT 10.0; Win64; x64) AppleWebKit/537.36 (KHTML, like Gecko) Chrome/124.0.0.0 Safari/537.36"
189.38.22.158 - - [21/Sep/2026:06:25:43 +0700] "GET /wp-admin/plugins.php?plugin_status=all HTTP/1.1" 200 286100 "-" "Mozilla/5.0 (Windows NT 10.0; Win64; x64) AppleWebKit/537.36 (KHTML, like Gecko) Chrome/124.0.0.0 Safari/537.36"
189.38.22.158 - - [21/Sep/2026:06:25:47 +0700] "GET /wp-admin/plugins.php?plugin_status=all HTTP/1.1" 200 286100 "-" "Mozilla/5.0 (Windows NT 10.0; Win64; x64) AppleWebKit/537.36 (KHTML, like Gecko) Chrome/124.0.0.0 Safari/537.36"
49.145.107.185 - - [21/Sep/2026:06:25:50 +0700] "GET /wp-login.php HTTP/1.1" 200 7429 "-" "Mozilla/5.0 (Macintosh; Intel Mac OS X 10_15_7) AppleWebKit/605.1.15 (KHTML, like Gecko) Version/18.0 Safari/605.1.15"
189.38.22.158 - - [21/Sep/2026:06:25:50 +0700] "GET /wp-admin/plugins.php?plugin_status=all HTTP/1.1" 200 286100 "-" "Mozilla/5.0 (Windows NT 10.0; Win64; x64) AppleWebKit/537.36 (KHTML, like Gecko) Chrome/124.0.0.0 Safari/537.36"
189.38.22.158 - - [21/Sep/2026:06:25:54 +0700] "GET /wp-admin/plugins.php?plugin_status=all HTTP/1.1" 200 286100 "-" "Mozilla/5.0 (Windows NT 10.0; Win64; x64) AppleWebKit/537.36 (KHTML, like Gecko) Chrome/124.0.0.0 Safari/537.36"
190.142.107.102 - - [21/Sep/2026:06:25:56 +0700] "POST /xmlrpc.php HTTP/1.1" 200 1160 "-" "Mozilla/5.0 (Windows NT 10.0; Win64; x64) AppleWebKit/537.36 (KHTML, like Gecko) Chrome/124.0.0.0 Safari/537.36"
37.26.70.121 - - [21/Sep/2026:06:26:00 +0700] "GET /wp-login.php HTTP/1.1" 200 7429 "-" "Mozilla/5.0 (Windows NT 10.0; Win64; x64) AppleWebKit/537.36 (KHTML, like Gecko) Chrome/124.0.0.0 Safari/537.36"
37.26.70.121 - - [21/Sep/2026:06:26:02 +0700] "POST /wp-login.php HTTP/1.1" 302 - "https://bravo333c.com/wp-login.php" "Mozilla/5.0 (Windows NT 10.0; Win64; x64) AppleWebKit/537.36 (KHTML, like Gecko) Chrome/124.0.0.0 Safari/537.36"
37.26.70.121 - - [21/Sep/2026:06:26:04 +0700] "GET /wp-admin/ HTTP/1.1" 200 192861 "https://bravo333c.com/wp-login.php" "Mozilla/5.0 (Windows NT 10.0; Win64; x64) AppleWebKit/537.36 (KHTML, like Gecko) Chrome/124.0.0.0 Safari/537.36"
37.26.70.121 - - [21/Sep/2026:06:26:07 +0700] "GET /wp-admin/ HTTP/1.1" 200 192859 "-" "Mozilla/5.0 (Windows NT 10.0; Win64; x64) AppleWebKit/537.36 (KHTML, like Gecko) Chrome/124.0.0.0 Safari/537.36"
37.26.70.121 - - [21/Sep/2026:06:26:12 +0700] "GET /wp-admin/plugin-editor.php HTTP/1.1" 200 141025 "-" "Mozilla/5.0 (Windows NT 10.0; Win64; x64) AppleWebKit/537.36 (KHTML, like Gecko) Chrome/124.0.0.0 Safari/537.36"
37.26.70.121 - - [21/Sep/2026:06:26:12 +0700] "GET /wp-admin/plugin-install.php HTTP/1.1" 200 163441 "-" "Mozilla/5.0 (Windows NT 10.0; Win64; x64) AppleWebKit/537.36 (KHTML, like Gecko) Chrome/124.0.0.0 Safari/537.36"
37.26.70.121 - - [21/Sep/2026:06:26:12 +0700] "GET /wp-admin/plugins.php?plugin_status=all HTTP/1.1" 200 286100 "-" "Mozilla/5.0 (Windows NT 10.0; Win64; x64) AppleWebKit/537.36 (KHTML, like Gecko) Chrome/124.0.0.0 Safari/537.36"
37.26.70.121 - - [21/Sep/2026:06:26:18 +0700] "POST /wp-admin/update.php?action=upload-plugin HTTP/1.1" 500 2641 "https://bravo333c.com/wp-admin/update.php?action=upload-plugin" "Mozilla/5.0 (Windows NT 10.0; Win64; x64) AppleWebKit/537.36 (KHTML, like Gecko) Chrome/124.0.0.0 Safari/537.36"
37.26.70.121 - - [21/Sep/2026:06:26:19 +0700] "GET /wp-admin/plugins.php?plugin_status=all HTTP/1.1" 200 286100 "-" "Mozilla/5.0 (Windows NT 10.0; Win64; x64) AppleWebKit/537.36 (KHTML, like Gecko) Chrome/124.0.0.0 Safari/537.36"
37.26.70.121 - - [21/Sep/2026:06:26:25 +0700] "GET /wp-admin/plugins.php?plugin_status=all HTTP/1.1" 200 286100 "-" "Mozilla/5.0 (Windows NT 10.0; Win64; x64) AppleWebKit/537.36 (KHTML, like Gecko) Chrome/124.0.0.0 Safari/537.36"
37.26.70.121 - - [21/Sep/2026:06:26:30 +0700] "GET /wp-admin/plugins.php?plugin_status=all HTTP/1.1" 200 286100 "-" "Mozilla/5.0 (Windows NT 10.0; Win64; x64) AppleWebKit/537.36 (KHTML, like Gecko) Chrome/124.0.0.0 Safari/537.36"
37.26.70.121 - - [21/Sep/2026:06:26:35 +0700] "GET /wp-admin/plugins.php?plugin_status=all HTTP/1.1" 200 286100 "-" "Mozilla/5.0 (Windows NT 10.0; Win64; x64) AppleWebKit/537.36 (KHTML, like Gecko) Chrome/124.0.0.0 Safari/537.36"
