62.197.243.159 - - [21/Sep/2026:06:28:25 +0700] "GET /wp/wp-login.php HTTP/1.1" 301 - "-" "Mozilla/5.0 (Macintosh; Intel Mac OS X 10_15_7) AppleWebKit/537.36 (KHTML, like Gecko) Chrome/146.0.0.0 Safari/537.36"
62.197.243.159 - - [21/Sep/2026:06:28:27 +0700] "GET / HTTP/1.1" 200 86285 "https://bravo333c.com/wp/wp-login.php" "Mozilla/5.0 (Macintosh; Intel Mac OS X 10_15_7) AppleWebKit/537.36 (KHTML, like Gecko) Chrome/146.0.0.0 Safari/537.36"
62.197.243.159 - - [21/Sep/2026:06:28:32 +0700] "POST /wp/wp-login.php HTTP/1.1" 301 - "https://bravo333c.com/wp/wp-login.php" "Mozilla/5.0 (Macintosh; Intel Mac OS X 10_15_7) AppleWebKit/537.36 (KHTML, like Gecko) Chrome/146.0.0.0 Safari/537.36"
62.197.243.159 - - [21/Sep/2026:06:28:33 +0700] "GET / HTTP/1.1" 200 86285 "https://bravo333c.com/wp/wp-login.php" "Mozilla/5.0 (Macintosh; Intel Mac OS X 10_15_7) AppleWebKit/537.36 (KHTML, like Gecko) Chrome/146.0.0.0 Safari/537.36"
186.194.25.169 - - [21/Sep/2026:06:47:29 +0700] "GET /wp-login.php HTTP/1.1" 200 7429 "-" "Mozilla/5.0 (Windows NT 10.0; Win64; x64; rv:133.0) Gecko/20100101 Firefox/133.0"
107.152.47.63 - - [21/Sep/2026:06:47:28 +0700] "GET /best-cascading-slot-games-uk-2026/ HTTP/1.1" 404 68264 "https://bravo333c.com/" "Mozilla/5.0 (Macintosh; Intel Mac OS X 12_5) AppleWebKit/537.36 (KHTML, like Gecko) Chrome/114.0.0.0 YaBrowser/22.7.0 Yowser/2.5 Safari/537.36"
107.152.47.63 - - [21/Sep/2026:06:47:35 +0700] "GET / HTTP/1.1" 200 86285 "-" "Mozilla/5.0 (Macintosh; Intel Mac OS X 12_5) AppleWebKit/537.36 (KHTML, like Gecko) Chrome/114.0.0.0 YaBrowser/22.7.0 Yowser/2.5 Safari/537.36"
170.247.37.176 - - [21/Sep/2026:06:47:50 +0700] "POST /xmlrpc.php HTTP/1.1" 200 1160 "-" "Mozilla/5.0 (Macintosh; Intel Mac OS X 10_15_7) AppleWebKit/605.1.15 (KHTML, like Gecko) Version/18.0 Safari/605.1.15"
45.161.242.185 - - [21/Sep/2026:06:48:01 +0700] "GET /wp-login.php HTTP/1.1" 200 7429 "-" "Mozilla/5.0 (Macintosh; Intel Mac OS X 10_15_7) AppleWebKit/605.1.15 (KHTML, like Gecko) Version/18.0 Safari/605.1.15"
45.161.242.185 - - [21/Sep/2026:06:48:05 +0700] "POST /wp-login.php HTTP/1.1" 302 - "https://bravo333c.com/wp-login.php" "Mozilla/5.0 (Macintosh; Intel Mac OS X 10_15_7) AppleWebKit/605.1.15 (KHTML, like Gecko) Version/18.0 Safari/605.1.15"
45.161.242.185 - - [21/Sep/2026:06:48:07 +0700] "GET /wp-admin/ HTTP/1.1" 200 192863 "https://bravo333c.com/wp-login.php" "Mozilla/5.0 (Macintosh; Intel Mac OS X 10_15_7) AppleWebKit/605.1.15 (KHTML, like Gecko) Version/18.0 Safari/605.1.15"
45.161.242.185 - - [21/Sep/2026:06:48:13 +0700] "GET /wp-admin/ HTTP/1.1" 200 192861 "-" "Mozilla/5.0 (Macintosh; Intel Mac OS X 10_15_7) AppleWebKit/605.1.15 (KHTML, like Gecko) Version/18.0 Safari/605.1.15"
45.161.242.185 - - [21/Sep/2026:06:48:19 +0700] "GET /wp-admin/plugin-editor.php HTTP/1.1" 200 141027 "-" "Mozilla/5.0 (Macintosh; Intel Mac OS X 10_15_7) AppleWebKit/605.1.15 (KHTML, like Gecko) Version/18.0 Safari/605.1.15"
2a02:ce0:3002:916c:f440:e50e:505a:39ed - - [21/Sep/2026:06:48:21 +0700] "GET /wp-login.php HTTP/1.1" 200 7429 "-" "Mozilla/5.0 (Windows NT 10.0; Win64; x64; rv:133.0) Gecko/20100101 Firefox/133.0"
45.161.242.185 - - [21/Sep/2026:06:48:19 +0700] "GET /wp-admin/plugins.php?plugin_status=all HTTP/1.1" 200 286102 "-" "Mozilla/5.0 (Macintosh; Intel Mac OS X 10_15_7) AppleWebKit/605.1.15 (KHTML, like Gecko) Version/18.0 Safari/605.1.15"
45.161.242.185 - - [21/Sep/2026:06:48:19 +0700] "GET /wp-admin/plugin-install.php HTTP/1.1" 200 163443 "-" "Mozilla/5.0 (Macintosh; Intel Mac OS X 10_15_7) AppleWebKit/605.1.15 (KHTML, like Gecko) Version/18.0 Safari/605.1.15"
169.224.117.201 - - [21/Sep/2026:06:48:26 +0700] "GET / HTTP/1.1" 200 86285 "-" "Mozilla/5.0 (Windows NT 10.0; Win64; x64; rv:133.0) Gecko/20100101 Firefox/133.0"
45.161.242.185 - - [21/Sep/2026:06:48:28 +0700] "GET /wp-admin/plugins.php?plugin_status=all HTTP/1.1" 200 286102 "-" "Mozilla/5.0 (Macintosh; Intel Mac OS X 10_15_7) AppleWebKit/605.1.15 (KHTML, like Gecko) Version/18.0 Safari/605.1.15"
45.161.242.185 - - [21/Sep/2026:06:48:30 +0700] "POST /wp-admin/update.php?action=upload-plugin HTTP/1.1" 500 2641 "https://bravo333c.com/wp-admin/update.php?action=upload-plugin" "Mozilla/5.0 (Macintosh; Intel Mac OS X 10_15_7) AppleWebKit/605.1.15 (KHTML, like Gecko) Version/18.0 Safari/605.1.15"
45.161.242.185 - - [21/Sep/2026:06:48:33 +0700] "GET /wp-admin/plugins.php?plugin_status=all HTTP/1.1" 200 286102 "-" "Mozilla/5.0 (Macintosh; Intel Mac OS X 10_15_7) AppleWebKit/605.1.15 (KHTML, like Gecko) Version/18.0 Safari/605.1.15"
45.161.242.185 - - [21/Sep/2026:06:48:39 +0700] "GET /wp-admin/plugins.php?plugin_status=all HTTP/1.1" 200 286102 "-" "Mozilla/5.0 (Macintosh; Intel Mac OS X 10_15_7) AppleWebKit/605.1.15 (KHTML, like Gecko) Version/18.0 Safari/605.1.15"
45.161.242.185 - - [21/Sep/2026:06:48:45 +0700] "GET /wp-admin/plugins.php?plugin_status=all HTTP/1.1" 200 286102 "-" "Mozilla/5.0 (Macintosh; Intel Mac OS X 10_15_7) AppleWebKit/605.1.15 (KHTML, like Gecko) Version/18.0 Safari/605.1.15"
79.116.171.196 - - [21/Sep/2026:06:49:11 +0700] "POST /xmlrpc.php HTTP/1.1" 200 1160 "-" "Mozilla/5.0 (Windows NT 10.0; Win64; x64) AppleWebKit/537.36 (KHTML, like Gecko) Chrome/124.0.0.0 Safari/537.36"
138.204.75.65 - - [21/Sep/2026:06:49:22 +0700] "GET /wp-login.php HTTP/1.1" 200 7429 "-" "Mozilla/5.0 (Macintosh; Intel Mac OS X 10_15_7) AppleWebKit/605.1.15 (KHTML, like Gecko) Version/18.0 Safari/605.1.15"
138.204.75.65 - - [21/Sep/2026:06:49:26 +0700] "POST /wp-login.php HTTP/1.1" 302 - "https://bravo333c.com/wp-login.php" "Mozilla/5.0 (Macintosh; Intel Mac OS X 10_15_7) AppleWebKit/605.1.15 (KHTML, like Gecko) Version/18.0 Safari/605.1.15"
138.204.75.65 - - [21/Sep/2026:06:49:30 +0700] "GET /wp-admin/ HTTP/1.1" 200 192863 "https://bravo333c.com/wp-login.php" "Mozilla/5.0 (Macintosh; Intel Mac OS X 10_15_7) AppleWebKit/605.1.15 (KHTML, like Gecko) Version/18.0 Safari/605.1.15"
138.204.75.65 - - [21/Sep/2026:06:49:36 +0700] "GET /wp-admin/ HTTP/1.1" 200 192861 "-" "Mozilla/5.0 (Macintosh; Intel Mac OS X 10_15_7) AppleWebKit/605.1.15 (KHTML, like Gecko) Version/18.0 Safari/605.1.15"
138.204.75.65 - - [21/Sep/2026:06:49:43 +0700] "GET /wp-admin/plugin-editor.php HTTP/1.1" 200 141027 "-" "Mozilla/5.0 (Macintosh; Intel Mac OS X 10_15_7) AppleWebKit/605.1.15 (KHTML, like Gecko) Version/18.0 Safari/605.1.15"
38.199.65.112 - - [21/Sep/2026:06:49:59 +0700] "GET /wp-login.php HTTP/1.1" 200 7429 "-" "Mozilla/5.0 (Macintosh; Intel Mac OS X 10_15_7) AppleWebKit/605.1.15 (KHTML, like Gecko) Version/18.0 Safari/605.1.15"
138.204.75.65 - - [21/Sep/2026:06:49:57 +0700] "GET /wp-admin/plugin-install.php HTTP/1.1" 200 163443 "-" "Mozilla/5.0 (Macintosh; Intel Mac OS X 10_15_7) AppleWebKit/605.1.15 (KHTML, like Gecko) Version/18.0 Safari/605.1.15"
138.204.75.65 - - [21/Sep/2026:06:49:57 +0700] "GET /wp-admin/plugins.php?plugin_status=all HTTP/1.1" 200 286102 "-" "Mozilla/5.0 (Macintosh; Intel Mac OS X 10_15_7) AppleWebKit/605.1.15 (KHTML, like Gecko) Version/18.0 Safari/605.1.15"
138.204.75.65 - - [21/Sep/2026:06:50:03 +0700] "POST /wp-admin/update.php?action=upload-plugin HTTP/1.1" 500 2641 "https://bravo333c.com/wp-admin/update.php?action=upload-plugin" "Mozilla/5.0 (Macintosh; Intel Mac OS X 10_15_7) AppleWebKit/605.1.15 (KHTML, like Gecko) Version/18.0 Safari/605.1.15"
138.204.75.65 - - [21/Sep/2026:06:50:04 +0700] "GET /wp-admin/plugins.php?plugin_status=all HTTP/1.1" 200 286102 "-" "Mozilla/5.0 (Macintosh; Intel Mac OS X 10_15_7) AppleWebKit/605.1.15 (KHTML, like Gecko) Version/18.0 Safari/605.1.15"
138.204.75.65 - - [21/Sep/2026:06:50:09 +0700] "GET /wp-admin/plugins.php?plugin_status=all HTTP/1.1" 200 286102 "-" "Mozilla/5.0 (Macintosh; Intel Mac OS X 10_15_7) AppleWebKit/605.1.15 (KHTML, like Gecko) Version/18.0 Safari/605.1.15"
138.204.75.65 - - [21/Sep/2026:06:50:15 +0700] "GET /wp-admin/plugins.php?plugin_status=all HTTP/1.1" 200 286102 "-" "Mozilla/5.0 (Macintosh; Intel Mac OS X 10_15_7) AppleWebKit/605.1.15 (KHTML, like Gecko) Version/18.0 Safari/605.1.15"
138.204.75.65 - - [21/Sep/2026:06:50:20 +0700] "GET /wp-admin/plugins.php?plugin_status=all HTTP/1.1" 200 286102 "-" "Mozilla/5.0 (Macintosh; Intel Mac OS X 10_15_7) AppleWebKit/605.1.15 (KHTML, like Gecko) Version/18.0 Safari/605.1.15"
179.124.6.112 - - [21/Sep/2026:06:50:55 +0700] "POST /xmlrpc.php HTTP/1.1" 200 1160 "-" "Mozilla/5.0 (Windows NT 10.0; Win64; x64) AppleWebKit/537.36 (KHTML, like Gecko) Chrome/124.0.0.0 Safari/537.36"
2804:15b4:101:4191:dc25:dff6:f1b7:1b64 - - [21/Sep/2026:06:51:53 +0700] "POST /xmlrpc.php HTTP/1.1" 200 1160 "-" "Mozilla/5.0 (Windows NT 10.0; Win64; x64) AppleWebKit/537.36 (KHTML, like Gecko) Chrome/124.0.0.0 Safari/537.36"
38.253.199.114 - - [21/Sep/2026:06:53:02 +0700] "POST /xmlrpc.php HTTP/1.1" 200 1160 "-" "Mozilla/5.0 (Macintosh; Intel Mac OS X 10_15_7) AppleWebKit/605.1.15 (KHTML, like Gecko) Version/18.0 Safari/605.1.15"
2804:5568:fad9:db00:c0d2:b4b8:c8ae:c31e - - [21/Sep/2026:06:54:00 +0700] "POST /xmlrpc.php HTTP/1.1" 200 1160 "-" "Mozilla/5.0 (Windows NT 10.0; Win64; x64; rv:133.0) Gecko/20100101 Firefox/133.0"
34.52.146.37 - - [21/Sep/2026:06:54:52 +0700] "GET / HTTP/1.1" 200 40047 "-" "Mozilla/5.0 (Windows NT 10.0; Win64; x64) AppleWebKit/537.36 (KHTML, like Gecko) Chrome/128.0.0.0 Safari/537.36"
69.6.225.195 - - [21/Sep/2026:06:55:49 +0700] "POST /wp/xmlrpc.php HTTP/1.1" 301 - "-" "Mozilla/5.0 (Windows NT 10.0; Win64; x64) AppleWebKit/537.36 (KHTML, like Gecko) Chrome/146.0.0.0 Safari/537.36"
69.6.225.195 - - [21/Sep/2026:06:55:59 +0700] "GET / HTTP/1.1" 200 86285 "https://bravo333c.com/wp/xmlrpc.php" "Mozilla/5.0 (Windows NT 10.0; Win64; x64) AppleWebKit/537.36 (KHTML, like Gecko) Chrome/146.0.0.0 Safari/537.36"
69.6.225.195 - - [21/Sep/2026:06:56:07 +0700] "GET /wp/wp-json/wp/v2/users/me HTTP/1.1" 301 - "-" "Mozilla/5.0 (Windows NT 10.0; Win64; x64) AppleWebKit/537.36 (KHTML, like Gecko) Chrome/146.0.0.0 Safari/537.36"
69.6.225.195 - - [21/Sep/2026:06:56:13 +0700] "GET / HTTP/1.1" 200 86285 "https://bravo333c.com/wp/wp-json/wp/v2/users/me" "Mozilla/5.0 (Windows NT 10.0; Win64; x64) AppleWebKit/537.36 (KHTML, like Gecko) Chrome/146.0.0.0 Safari/537.36"
186.52.77.114 - - [21/Sep/2026:07:10:56 +0700] "GET /wp-login.php HTTP/1.1" 200 7429 "-" "Mozilla/5.0 (Windows NT 10.0; Win64; x64) AppleWebKit/537.36 (KHTML, like Gecko) Chrome/124.0.0.0 Safari/537.36"
80.183.54.220 - - [21/Sep/2026:07:11:04 +0700] "GET / HTTP/1.1" 200 86285 "-" "Mozilla/5.0 (Windows NT 10.0; Win64; x64) AppleWebKit/537.36 (KHTML, like Gecko) Chrome/124.0.0.0 Safari/537.36"
187.6.146.242 - - [21/Sep/2026:07:11:14 +0700] "POST /xmlrpc.php HTTP/1.1" 200 1160 "-" "Mozilla/5.0 (Macintosh; Intel Mac OS X 10_15_7) AppleWebKit/605.1.15 (KHTML, like Gecko) Version/18.0 Safari/605.1.15"
131.221.174.41 - - [21/Sep/2026:07:11:23 +0700] "GET /wp-login.php HTTP/1.1" 200 7429 "-" "Mozilla/5.0 (Windows NT 10.0; Win64; x64) AppleWebKit/537.36 (KHTML, like Gecko) Chrome/124.0.0.0 Safari/537.36"
131.221.174.41 - - [21/Sep/2026:07:11:24 +0700] "POST /wp-login.php HTTP/1.1" 302 - "https://bravo333c.com/wp-login.php" "Mozilla/5.0 (Windows NT 10.0; Win64; x64) AppleWebKit/537.36 (KHTML, like Gecko) Chrome/124.0.0.0 Safari/537.36"
131.221.174.41 - - [21/Sep/2026:07:11:26 +0700] "GET /wp-admin/ HTTP/1.1" 200 192856 "https://bravo333c.com/wp-login.php" "Mozilla/5.0 (Windows NT 10.0; Win64; x64) AppleWebKit/537.36 (KHTML, like Gecko) Chrome/124.0.0.0 Safari/537.36"
131.221.174.41 - - [21/Sep/2026:07:11:29 +0700] "GET /wp-admin/ HTTP/1.1" 200 192854 "-" "Mozilla/5.0 (Windows NT 10.0; Win64; x64) AppleWebKit/537.36 (KHTML, like Gecko) Chrome/124.0.0.0 Safari/537.36"
131.221.174.41 - - [21/Sep/2026:07:11:32 +0700] "GET /wp-admin/plugin-editor.php HTTP/1.1" 200 141020 "-" "Mozilla/5.0 (Windows NT 10.0; Win64; x64) AppleWebKit/537.36 (KHTML, like Gecko) Chrome/124.0.0.0 Safari/537.36"
131.221.174.41 - - [21/Sep/2026:07:11:33 +0700] "GET /wp-admin/plugins.php?plugin_status=all HTTP/1.1" 200 286095 "-" "Mozilla/5.0 (Windows NT 10.0; Win64; x64) AppleWebKit/537.36 (KHTML, like Gecko) Chrome/124.0.0.0 Safari/537.36"
131.221.174.41 - - [21/Sep/2026:07:11:33 +0700] "GET /wp-admin/plugin-install.php HTTP/1.1" 200 163436 "-" "Mozilla/5.0 (Windows NT 10.0; Win64; x64) AppleWebKit/537.36 (KHTML, like Gecko) Chrome/124.0.0.0 Safari/537.36"
131.221.174.41 - - [21/Sep/2026:07:11:37 +0700] "POST /wp-admin/update.php?action=upload-plugin HTTP/1.1" 500 2641 "https://bravo333c.com/wp-admin/update.php?action=upload-plugin" "Mozilla/5.0 (Windows NT 10.0; Win64; x64) AppleWebKit/537.36 (KHTML, like Gecko) Chrome/124.0.0.0 Safari/537.36"
131.221.174.41 - - [21/Sep/2026:07:11:36 +0700] "GET /wp-admin/plugins.php?plugin_status=all HTTP/1.1" 200 286095 "-" "Mozilla/5.0 (Windows NT 10.0; Win64; x64) AppleWebKit/537.36 (KHTML, like Gecko) Chrome/124.0.0.0 Safari/537.36"
131.221.174.41 - - [21/Sep/2026:07:11:40 +0700] "GET /wp-admin/plugins.php?plugin_status=all HTTP/1.1" 200 286095 "-" "Mozilla/5.0 (Windows NT 10.0; Win64; x64) AppleWebKit/537.36 (KHTML, like Gecko) Chrome/124.0.0.0 Safari/537.36"
131.221.174.41 - - [21/Sep/2026:07:11:43 +0700] "GET /wp-admin/plugins.php?plugin_status=all HTTP/1.1" 200 286095 "-" "Mozilla/5.0 (Windows NT 10.0; Win64; x64) AppleWebKit/537.36 (KHTML, like Gecko) Chrome/124.0.0.0 Safari/537.36"
131.221.174.41 - - [21/Sep/2026:07:11:47 +0700] "GET /wp-admin/plugins.php?plugin_status=all HTTP/1.1" 200 286095 "-" "Mozilla/5.0 (Windows NT 10.0; Win64; x64) AppleWebKit/537.36 (KHTML, like Gecko) Chrome/124.0.0.0 Safari/537.36"
103.47.132.22 - - [21/Sep/2026:07:12:22 +0700] "GET /wp-login.php HTTP/1.1" 200 7429 "-" "Mozilla/5.0 (Windows NT 10.0; Win64; x64) AppleWebKit/537.36 (KHTML, like Gecko) Chrome/124.0.0.0 Safari/537.36"
186.250.230.65 - - [21/Sep/2026:07:12:26 +0700] "POST /xmlrpc.php HTTP/1.1" 200 1160 "-" "Mozilla/5.0 (Windows NT 10.0; Win64; x64) AppleWebKit/537.36 (KHTML, like Gecko) Chrome/124.0.0.0 Safari/537.36"
45.180.222.213 - - [21/Sep/2026:07:12:31 +0700] "GET /wp-login.php HTTP/1.1" 200 7429 "-" "Mozilla/5.0 (Windows NT 10.0; Win64; x64) AppleWebKit/537.36 (KHTML, like Gecko) Chrome/124.0.0.0 Safari/537.36"
45.180.222.213 - - [21/Sep/2026:07:12:32 +0700] "POST /wp-login.php HTTP/1.1" 302 - "https://bravo333c.com/wp-login.php" "Mozilla/5.0 (Windows NT 10.0; Win64; x64) AppleWebKit/537.36 (KHTML, like Gecko) Chrome/124.0.0.0 Safari/537.36"
45.180.222.213 - - [21/Sep/2026:07:12:33 +0700] "GET /wp-admin/ HTTP/1.1" 200 192856 "https://bravo333c.com/wp-login.php" "Mozilla/5.0 (Windows NT 10.0; Win64; x64) AppleWebKit/537.36 (KHTML, like Gecko) Chrome/124.0.0.0 Safari/537.36"
45.180.222.213 - - [21/Sep/2026:07:12:36 +0700] "GET /wp-admin/ HTTP/1.1" 200 192854 "-" "Mozilla/5.0 (Windows NT 10.0; Win64; x64) AppleWebKit/537.36 (KHTML, like Gecko) Chrome/124.0.0.0 Safari/537.36"
45.180.222.213 - - [21/Sep/2026:07:12:40 +0700] "GET /wp-admin/plugin-editor.php HTTP/1.1" 200 141020 "-" "Mozilla/5.0 (Windows NT 10.0; Win64; x64) AppleWebKit/537.36 (KHTML, like Gecko) Chrome/124.0.0.0 Safari/537.36"
45.180.222.213 - - [21/Sep/2026:07:12:41 +0700] "GET /wp-admin/plugins.php?plugin_status=all HTTP/1.1" 200 286095 "-" "Mozilla/5.0 (Windows NT 10.0; Win64; x64) AppleWebKit/537.36 (KHTML, like Gecko) Chrome/124.0.0.0 Safari/537.36"
45.180.222.213 - - [21/Sep/2026:07:12:41 +0700] "GET /wp-admin/plugin-install.php HTTP/1.1" 200 163436 "-" "Mozilla/5.0 (Windows NT 10.0; Win64; x64) AppleWebKit/537.36 (KHTML, like Gecko) Chrome/124.0.0.0 Safari/537.36"
45.180.222.213 - - [21/Sep/2026:07:12:44 +0700] "GET /wp-admin/plugins.php?plugin_status=all HTTP/1.1" 200 286095 "-" "Mozilla/5.0 (Windows NT 10.0; Win64; x64) AppleWebKit/537.36 (KHTML, like Gecko) Chrome/124.0.0.0 Safari/537.36"
45.180.222.213 - - [21/Sep/2026:07:12:45 +0700] "POST /wp-admin/update.php?action=upload-plugin HTTP/1.1" 500 2641 "https://bravo333c.com/wp-admin/update.php?action=upload-plugin" "Mozilla/5.0 (Windows NT 10.0; Win64; x64) AppleWebKit/537.36 (KHTML, like Gecko) Chrome/124.0.0.0 Safari/537.36"
45.180.222.213 - - [21/Sep/2026:07:12:48 +0700] "GET /wp-admin/plugins.php?plugin_status=all HTTP/1.1" 200 286095 "-" "Mozilla/5.0 (Windows NT 10.0; Win64; x64) AppleWebKit/537.36 (KHTML, like Gecko) Chrome/124.0.0.0 Safari/537.36"
45.180.222.213 - - [21/Sep/2026:07:12:51 +0700] "GET /wp-admin/plugins.php?plugin_status=all HTTP/1.1" 200 286095 "-" "Mozilla/5.0 (Windows NT 10.0; Win64; x64) AppleWebKit/537.36 (KHTML, like Gecko) Chrome/124.0.0.0 Safari/537.36"
45.180.222.213 - - [21/Sep/2026:07:12:54 +0700] "GET /wp-admin/plugins.php?plugin_status=all HTTP/1.1" 200 286095 "-" "Mozilla/5.0 (Windows NT 10.0; Win64; x64) AppleWebKit/537.36 (KHTML, like Gecko) Chrome/124.0.0.0 Safari/537.36"
91.244.197.105 - - [21/Sep/2026:07:18:38 +0700] "GET /wp/wp-login.php HTTP/1.1" 301 - "-" "Mozilla/5.0 (Windows NT 10.0; Win64; x64) AppleWebKit/537.36 (KHTML, like Gecko) Chrome/148.0.0.0 Safari/537.36"
91.244.197.105 - - [21/Sep/2026:07:18:40 +0700] "GET / HTTP/1.1" 200 86285 "https://bravo333c.com/wp/wp-login.php" "Mozilla/5.0 (Windows NT 10.0; Win64; x64) AppleWebKit/537.36 (KHTML, like Gecko) Chrome/148.0.0.0 Safari/537.36"
91.244.197.105 - - [21/Sep/2026:07:18:42 +0700] "POST /wp/wp-login.php HTTP/1.1" 301 - "https://bravo333c.com/wp/wp-login.php" "Mozilla/5.0 (Windows NT 10.0; Win64; x64) AppleWebKit/537.36 (KHTML, like Gecko) Chrome/148.0.0.0 Safari/537.36"
91.244.197.105 - - [21/Sep/2026:07:18:43 +0700] "GET / HTTP/1.1" 200 86285 "https://bravo333c.com/wp/wp-login.php" "Mozilla/5.0 (Windows NT 10.0; Win64; x64) AppleWebKit/537.36 (KHTML, like Gecko) Chrome/148.0.0.0 Safari/537.36"
91.244.197.105 - - [21/Sep/2026:07:18:45 +0700] "GET /wp/wp-json/wp/v2/users/me HTTP/1.1" 301 - "-" "Mozilla/5.0 (Windows NT 10.0; Win64; x64) AppleWebKit/537.36 (KHTML, like Gecko) Chrome/148.0.0.0 Safari/537.36"
91.244.197.105 - - [21/Sep/2026:07:18:47 +0700] "GET / HTTP/1.1" 200 86285 "https://bravo333c.com/wp/wp-json/wp/v2/users/me" "Mozilla/5.0 (Windows NT 10.0; Win64; x64) AppleWebKit/537.36 (KHTML, like Gecko) Chrome/148.0.0.0 Safari/537.36"
66.116.251.167 - - [21/Sep/2026:07:25:54 +0700] "GET /wp-login.php HTTP/1.1" 200 7429 "http://bravo333c.com/" "Mozilla/5.0 (Macintosh; Intel Mac OS X 10_15_7) AppleWebKit/537.36 (KHTML, like Gecko) Chrome/150.0.0.0 Safari/537.36"
66.116.251.167 - - [21/Sep/2026:07:25:55 +0700] "POST /wp-login.php HTTP/1.1" 200 7849 "http://bravo333c.com/wp-login.php" "Mozilla/5.0 (Macintosh; Intel Mac OS X 10_15_7) AppleWebKit/537.36 (KHTML, like Gecko) Chrome/150.0.0.0 Safari/537.36"
105.155.72.201 - - [21/Sep/2026:07:35:35 +0700] "GET /wp-login.php HTTP/1.1" 200 7429 "-" "Mozilla/5.0 (Windows NT 10.0; Win64; x64; rv:133.0) Gecko/20100101 Firefox/133.0"
205.185.121.17 - - [21/Sep/2026:07:36:10 +0700] "GET /wp-login.php HTTP/1.1" 200 7429 "-" "Mozilla/5.0 (X11; Fedora; Linux x86_64; rv:119.0) Gecko/20100101 Firefox/119.0"
38.25.25.115 - - [21/Sep/2026:07:36:11 +0700] "GET /wp-login.php HTTP/1.1" 200 7429 "-" "Mozilla/5.0 (Windows NT 10.0; Win64; x64) AppleWebKit/537.36 (KHTML, like Gecko) Chrome/124.0.0.0 Safari/537.36"
188.252.196.152 - - [21/Sep/2026:07:36:28 +0700] "GET /wp-login.php HTTP/1.1" 200 7429 "-" "Mozilla/5.0 (Macintosh; Intel Mac OS X 10_15_7) AppleWebKit/605.1.15 (KHTML, like Gecko) Version/18.0 Safari/605.1.15"
167.62.251.180 - - [21/Sep/2026:07:36:45 +0700] "GET /wp-login.php HTTP/1.1" 200 7429 "-" "Mozilla/5.0 (Windows NT 10.0; Win64; x64; rv:133.0) Gecko/20100101 Firefox/133.0"
179.33.196.201 - - [21/Sep/2026:07:36:47 +0700] "GET /wp-login.php HTTP/1.1" 200 7429 "-" "Mozilla/5.0 (Macintosh; Intel Mac OS X 10_15_7) AppleWebKit/605.1.15 (KHTML, like Gecko) Version/18.0 Safari/605.1.15"
203.218.190.57 - - [21/Sep/2026:07:37:16 +0700] "GET /wp-login.php HTTP/1.1" 200 7429 "-" "Mozilla/5.0 (Windows NT 10.0; Win64; x64; rv:133.0) Gecko/20100101 Firefox/133.0"
189.6.242.235 - - [21/Sep/2026:07:37:16 +0700] "GET /wp-login.php HTTP/1.1" 200 7429 "-" "Mozilla/5.0 (Windows NT 10.0; Win64; x64) AppleWebKit/537.36 (KHTML, like Gecko) Chrome/124.0.0.0 Safari/537.36"
2804:7374:4000:d85a:f06b:e614:7519:bf5b - - [21/Sep/2026:07:37:44 +0700] "GET /wp-login.php HTTP/1.1" 200 7429 "-" "Mozilla/5.0 (Windows NT 10.0; Win64; x64) AppleWebKit/537.36 (KHTML, like Gecko) Chrome/124.0.0.0 Safari/537.36"
177.204.234.163 - - [21/Sep/2026:07:37:55 +0700] "GET /wp-login.php HTTP/1.1" 200 7429 "-" "Mozilla/5.0 (Windows NT 10.0; Win64; x64; rv:133.0) Gecko/20100101 Firefox/133.0"
181.178.70.57 - - [21/Sep/2026:07:38:06 +0700] "GET /wp-login.php HTTP/1.1" 200 7429 "-" "Mozilla/5.0 (Windows NT 10.0; Win64; x64) AppleWebKit/537.36 (KHTML, like Gecko) Chrome/124.0.0.0 Safari/537.36"
2.154.70.72 - - [21/Sep/2026:07:38:13 +0700] "GET /wp-login.php HTTP/1.1" 200 7429 "-" "Mozilla/5.0 (Windows NT 10.0; Win64; x64; rv:133.0) Gecko/20100101 Firefox/133.0"
213.55.96.154 - - [21/Sep/2026:07:38:21 +0700] "GET /wp/wp-json/wp/v2/users/me HTTP/1.1" 301 - "-" "Mozilla/5.0 (Windows NT 10.0; Win64; x64) AppleWebKit/537.36 (KHTML, like Gecko) Chrome/152.0.0.0 Safari/537.36"
124.29.253.98 - - [21/Sep/2026:07:38:38 +0700] "POST /xmlrpc.php HTTP/1.1" 200 1160 "-" "Mozilla/5.0 (Windows NT 10.0; Win64; x64) AppleWebKit/537.36 (KHTML, like Gecko) Chrome/124.0.0.0 Safari/537.36"
136.158.50.176 - - [21/Sep/2026:07:38:44 +0700] "POST /xmlrpc.php HTTP/1.1" 200 1160 "-" "Mozilla/5.0 (Macintosh; Intel Mac OS X 10_15_7) AppleWebKit/605.1.15 (KHTML, like Gecko) Version/18.0 Safari/605.1.15"
187.19.222.194 - - [21/Sep/2026:07:38:52 +0700] "GET /wp-login.php HTTP/1.1" 200 7429 "-" "Mozilla/5.0 (Windows NT 10.0; Win64; x64) AppleWebKit/537.36 (KHTML, like Gecko) Chrome/124.0.0.0 Safari/537.36"
177.52.29.151 - - [21/Sep/2026:07:39:01 +0700] "GET /wp-login.php HTTP/1.1" 200 7429 "-" "Mozilla/5.0 (Macintosh; Intel Mac OS X 10_15_7) AppleWebKit/605.1.15 (KHTML, like Gecko) Version/18.0 Safari/605.1.15"
187.19.222.194 - - [21/Sep/2026:07:38:59 +0700] "POST /wp-login.php HTTP/1.1" 302 - "https://bravo333c.com/wp-login.php" "Mozilla/5.0 (Windows NT 10.0; Win64; x64) AppleWebKit/537.36 (KHTML, like Gecko) Chrome/124.0.0.0 Safari/537.36"
177.52.29.151 - - [21/Sep/2026:07:39:09 +0700] "POST /wp-login.php HTTP/1.1" 302 - "https://bravo333c.com/wp-login.php" "Mozilla/5.0 (Macintosh; Intel Mac OS X 10_15_7) AppleWebKit/605.1.15 (KHTML, like Gecko) Version/18.0 Safari/605.1.15"
187.19.222.194 - - [21/Sep/2026:07:39:08 +0700] "GET /wp-admin/ HTTP/1.1" 200 192857 "https://bravo333c.com/wp-login.php" "Mozilla/5.0 (Windows NT 10.0; Win64; x64) AppleWebKit/537.36 (KHTML, like Gecko) Chrome/124.0.0.0 Safari/537.36"
177.52.29.151 - - [21/Sep/2026:07:39:13 +0700] "GET /wp-admin/ HTTP/1.1" 200 192861 "https://bravo333c.com/wp-login.php" "Mozilla/5.0 (Macintosh; Intel Mac OS X 10_15_7) AppleWebKit/605.1.15 (KHTML, like Gecko) Version/18.0 Safari/605.1.15"
187.19.222.194 - - [21/Sep/2026:07:39:20 +0700] "GET /wp-admin/ HTTP/1.1" 200 192855 "-" "Mozilla/5.0 (Windows NT 10.0; Win64; x64) AppleWebKit/537.36 (KHTML, like Gecko) Chrome/124.0.0.0 Safari/537.36"
177.52.29.151 - - [21/Sep/2026:07:39:20 +0700] "GET /wp-admin/ HTTP/1.1" 200 192859 "-" "Mozilla/5.0 (Macintosh; Intel Mac OS X 10_15_7) AppleWebKit/605.1.15 (KHTML, like Gecko) Version/18.0 Safari/605.1.15"
187.19.222.194 - - [21/Sep/2026:07:39:30 +0700] "GET /wp-admin/plugin-editor.php HTTP/1.1" 200 141021 "-" "Mozilla/5.0 (Windows NT 10.0; Win64; x64) AppleWebKit/537.36 (KHTML, like Gecko) Chrome/124.0.0.0 Safari/537.36"
187.19.222.194 - - [21/Sep/2026:07:39:31 +0700] "GET /wp-admin/plugin-install.php HTTP/1.1" 200 163437 "-" "Mozilla/5.0 (Windows NT 10.0; Win64; x64) AppleWebKit/537.36 (KHTML, like Gecko) Chrome/124.0.0.0 Safari/537.36"
187.19.222.194 - - [21/Sep/2026:07:39:31 +0700] "GET /wp-admin/plugins.php?plugin_status=all HTTP/1.1" 200 286096 "-" "Mozilla/5.0 (Windows NT 10.0; Win64; x64) AppleWebKit/537.36 (KHTML, like Gecko) Chrome/124.0.0.0 Safari/537.36"
177.52.29.151 - - [21/Sep/2026:07:39:34 +0700] "GET /wp-admin/plugin-install.php HTTP/1.1" 404 - "-" "Mozilla/5.0 (Macintosh; Intel Mac OS X 10_15_7) AppleWebKit/605.1.15 (KHTML, like Gecko) Version/18.0 Safari/605.1.15"
177.52.29.151 - - [21/Sep/2026:07:39:35 +0700] "GET /wp-admin/plugin-editor.php HTTP/1.1" 200 23856 "-" "Mozilla/5.0 (Macintosh; Intel Mac OS X 10_15_7) AppleWebKit/605.1.15 (KHTML, like Gecko) Version/18.0 Safari/605.1.15"
187.19.222.194 - - [21/Sep/2026:07:39:49 +0700] "POST /wp-admin/update.php?action=upload-plugin HTTP/1.1" 404 - "https://bravo333c.com/wp-admin/update.php?action=upload-plugin" "Mozilla/5.0 (Windows NT 10.0; Win64; x64) AppleWebKit/537.36 (KHTML, like Gecko) Chrome/124.0.0.0 Safari/537.36"
187.19.222.194 - - [21/Sep/2026:07:39:52 +0700] "GET /wp-admin/plugins.php?plugin_status=all HTTP/1.1" 404 - "-" "Mozilla/5.0 (Windows NT 10.0; Win64; x64) AppleWebKit/537.36 (KHTML, like Gecko) Chrome/124.0.0.0 Safari/537.36"
177.52.29.151 - - [21/Sep/2026:07:39:35 +0700] "GET /wp-admin/plugins.php?plugin_status=all HTTP/1.1" 404 - "-" "Mozilla/5.0 (Macintosh; Intel Mac OS X 10_15_7) AppleWebKit/605.1.15 (KHTML, like Gecko) Version/18.0 Safari/605.1.15"
188.6.204.25 - - [21/Sep/2026:07:39:41 +0700] "GET /wp-login.php HTTP/1.1" 404 - "-" "Mozilla/5.0 (Windows NT 10.0; Win64; x64; rv:133.0) Gecko/20100101 Firefox/133.0"
51.79.192.65 - - [21/Sep/2026:07:54:46 +0700] "GET /best-bonus-buy-slots-uk-2026/ HTTP/1.1" 404 63995 "https://bravo333c.com/" "Mozilla/5.0 (Windows NT 10.0; Win64; x64) AppleWebKit/537.36 (KHTML, like Gecko) Chrome/147.0.0.0 Safari/537.36"
51.79.192.65 - - [21/Sep/2026:07:54:51 +0700] "GET / HTTP/1.1" 200 86285 "-" "Mozilla/5.0 (Windows NT 10.0; Win64; x64) AppleWebKit/537.36 (KHTML, like Gecko) Chrome/147.0.0.0 Safari/537.36"
51.79.192.65 - - [21/Sep/2026:07:54:54 +0700] "GET /privacy-policy/ HTTP/1.1" 404 54397 "https://bravo333c.com" "Mozilla/5.0 (Windows NT 10.0; Win64; x64) AppleWebKit/537.36 (KHTML, like Gecko) Chrome/147.0.0.0 Safari/537.36"
51.79.192.65 - - [21/Sep/2026:07:54:56 +0700] "GET / HTTP/1.1" 200 86285 "https://bravo333c.com" "Mozilla/5.0 (Windows NT 10.0; Win64; x64) AppleWebKit/537.36 (KHTML, like Gecko) Chrome/147.0.0.0 Safari/537.36"
180.254.121.34 - - [21/Sep/2026:07:59:18 +0700] "POST /xmlrpc.php HTTP/1.1" 200 436 "-" "Mozilla/5.0 (Windows NT 10.0; Win64; x64) AppleWebKit/537.36 (KHTML, like Gecko) Chrome/152.0.0.0 Safari/537.36"
180.254.121.34 - - [21/Sep/2026:07:59:19 +0700] "GET /wp-json/wp/v2/users/me HTTP/1.1" 401 96 "-" "Mozilla/5.0 (Windows NT 10.0; Win64; x64) AppleWebKit/537.36 (KHTML, like Gecko) Chrome/152.0.0.0 Safari/537.36"
190.35.75.66 - - [21/Sep/2026:08:03:12 +0700] "GET /wp-login.php HTTP/1.1" 200 7429 "-" "Mozilla/5.0 (Macintosh; Intel Mac OS X 10_15_7) AppleWebKit/605.1.15 (KHTML, like Gecko) Version/18.0 Safari/605.1.15"
2409:40d2:200e:ed3d:949:8cc:d09f:b216 - - [21/Sep/2026:08:03:27 +0700] "POST /xmlrpc.php HTTP/1.1" 200 1160 "-" "Mozilla/5.0 (Windows NT 10.0; Win64; x64; rv:133.0) Gecko/20100101 Firefox/133.0"
181.42.197.88 - - [21/Sep/2026:08:04:02 +0700] "GET /wp-login.php HTTP/1.1" 200 7429 "-" "Mozilla/5.0 (Macintosh; Intel Mac OS X 10_15_7) AppleWebKit/605.1.15 (KHTML, like Gecko) Version/18.0 Safari/605.1.15"
181.42.197.88 - - [21/Sep/2026:08:04:04 +0700] "POST /wp-login.php HTTP/1.1" 302 - "https://bravo333c.com/wp-login.php" "Mozilla/5.0 (Macintosh; Intel Mac OS X 10_15_7) AppleWebKit/605.1.15 (KHTML, like Gecko) Version/18.0 Safari/605.1.15"
181.42.197.88 - - [21/Sep/2026:08:04:06 +0700] "GET /wp-admin/ HTTP/1.1" 200 192861 "https://bravo333c.com/wp-login.php" "Mozilla/5.0 (Macintosh; Intel Mac OS X 10_15_7) AppleWebKit/605.1.15 (KHTML, like Gecko) Version/18.0 Safari/605.1.15"
181.42.197.88 - - [21/Sep/2026:08:04:10 +0700] "GET /wp-admin/ HTTP/1.1" 200 192859 "-" "Mozilla/5.0 (Macintosh; Intel Mac OS X 10_15_7) AppleWebKit/605.1.15 (KHTML, like Gecko) Version/18.0 Safari/605.1.15"
181.42.197.88 - - [21/Sep/2026:08:04:13 +0700] "GET /wp-admin/plugin-editor.php HTTP/1.1" 200 141025 "-" "Mozilla/5.0 (Macintosh; Intel Mac OS X 10_15_7) AppleWebKit/605.1.15 (KHTML, like Gecko) Version/18.0 Safari/605.1.15"
181.42.197.88 - - [21/Sep/2026:08:04:14 +0700] "GET /wp-admin/plugins.php?plugin_status=all HTTP/1.1" 200 286100 "-" "Mozilla/5.0 (Macintosh; Intel Mac OS X 10_15_7) AppleWebKit/605.1.15 (KHTML, like Gecko) Version/18.0 Safari/605.1.15"
181.42.197.88 - - [21/Sep/2026:08:04:14 +0700] "GET /wp-admin/plugin-install.php HTTP/1.1" 200 163441 "-" "Mozilla/5.0 (Macintosh; Intel Mac OS X 10_15_7) AppleWebKit/605.1.15 (KHTML, like Gecko) Version/18.0 Safari/605.1.15"
181.42.197.88 - - [21/Sep/2026:08:04:19 +0700] "GET /wp-admin/plugins.php?plugin_status=all HTTP/1.1" 200 286100 "-" "Mozilla/5.0 (Macintosh; Intel Mac OS X 10_15_7) AppleWebKit/605.1.15 (KHTML, like Gecko) Version/18.0 Safari/605.1.15"
181.42.197.88 - - [21/Sep/2026:08:04:20 +0700] "POST /wp-admin/update.php?action=upload-plugin HTTP/1.1" 500 2641 "https://bravo333c.com/wp-admin/update.php?action=upload-plugin" "Mozilla/5.0 (Macintosh; Intel Mac OS X 10_15_7) AppleWebKit/605.1.15 (KHTML, like Gecko) Version/18.0 Safari/605.1.15"
181.42.197.88 - - [21/Sep/2026:08:04:22 +0700] "GET /wp-admin/plugins.php?plugin_status=all HTTP/1.1" 200 286100 "-" "Mozilla/5.0 (Macintosh; Intel Mac OS X 10_15_7) AppleWebKit/605.1.15 (KHTML, like Gecko) Version/18.0 Safari/605.1.15"
181.42.197.88 - - [21/Sep/2026:08:04:26 +0700] "GET /wp-admin/plugins.php?plugin_status=all HTTP/1.1" 200 286100 "-" "Mozilla/5.0 (Macintosh; Intel Mac OS X 10_15_7) AppleWebKit/605.1.15 (KHTML, like Gecko) Version/18.0 Safari/605.1.15"
181.42.197.88 - - [21/Sep/2026:08:04:30 +0700] "GET /wp-admin/plugins.php?plugin_status=all HTTP/1.1" 200 286100 "-" "Mozilla/5.0 (Macintosh; Intel Mac OS X 10_15_7) AppleWebKit/605.1.15 (KHTML, like Gecko) Version/18.0 Safari/605.1.15"
45.161.167.139 - - [21/Sep/2026:08:04:32 +0700] "GET /wp-login.php HTTP/1.1" 200 7429 "-" "Mozilla/5.0 (Windows NT 10.0; Win64; x64; rv:133.0) Gecko/20100101 Firefox/133.0"
168.194.215.176 - - [21/Sep/2026:08:04:44 +0700] "POST /xmlrpc.php HTTP/1.1" 200 1160 "-" "Mozilla/5.0 (Windows NT 10.0; Win64; x64) AppleWebKit/537.36 (KHTML, like Gecko) Chrome/124.0.0.0 Safari/537.36"
112.201.186.13 - - [21/Sep/2026:08:04:48 +0700] "GET /wp-login.php HTTP/1.1" 200 7429 "-" "Mozilla/5.0 (Macintosh; Intel Mac OS X 10_15_7) AppleWebKit/605.1.15 (KHTML, like Gecko) Version/18.0 Safari/605.1.15"
112.201.186.13 - - [21/Sep/2026:08:04:50 +0700] "POST /wp-login.php HTTP/1.1" 302 - "https://bravo333c.com/wp-login.php" "Mozilla/5.0 (Macintosh; Intel Mac OS X 10_15_7) AppleWebKit/605.1.15 (KHTML, like Gecko) Version/18.0 Safari/605.1.15"
112.201.186.13 - - [21/Sep/2026:08:04:51 +0700] "GET /wp-admin/ HTTP/1.1" 200 192861 "https://bravo333c.com/wp-login.php" "Mozilla/5.0 (Macintosh; Intel Mac OS X 10_15_7) AppleWebKit/605.1.15 (KHTML, like Gecko) Version/18.0 Safari/605.1.15"
112.201.186.13 - - [21/Sep/2026:08:04:52 +0700] "GET /wp-admin/ HTTP/1.1" 200 192859 "-" "Mozilla/5.0 (Macintosh; Intel Mac OS X 10_15_7) AppleWebKit/605.1.15 (KHTML, like Gecko) Version/18.0 Safari/605.1.15"
112.201.186.13 - - [21/Sep/2026:08:04:55 +0700] "GET /wp-admin/plugin-editor.php HTTP/1.1" 200 141025 "-" "Mozilla/5.0 (Macintosh; Intel Mac OS X 10_15_7) AppleWebKit/605.1.15 (KHTML, like Gecko) Version/18.0 Safari/605.1.15"
112.201.186.13 - - [21/Sep/2026:08:04:55 +0700] "GET /wp-admin/plugins.php?plugin_status=all HTTP/1.1" 200 286100 "-" "Mozilla/5.0 (Macintosh; Intel Mac OS X 10_15_7) AppleWebKit/605.1.15 (KHTML, like Gecko) Version/18.0 Safari/605.1.15"
112.201.186.13 - - [21/Sep/2026:08:04:55 +0700] "GET /wp-admin/plugin-install.php HTTP/1.1" 200 163441 "-" "Mozilla/5.0 (Macintosh; Intel Mac OS X 10_15_7) AppleWebKit/605.1.15 (KHTML, like Gecko) Version/18.0 Safari/605.1.15"
112.201.186.13 - - [21/Sep/2026:08:04:58 +0700] "GET /wp-admin/plugins.php?plugin_status=all HTTP/1.1" 200 286100 "-" "Mozilla/5.0 (Macintosh; Intel Mac OS X 10_15_7) AppleWebKit/605.1.15 (KHTML, like Gecko) Version/18.0 Safari/605.1.15"
112.201.186.13 - - [21/Sep/2026:08:04:59 +0700] "POST /wp-admin/update.php?action=upload-plugin HTTP/1.1" 500 2641 "https://bravo333c.com/wp-admin/update.php?action=upload-plugin" "Mozilla/5.0 (Macintosh; Intel Mac OS X 10_15_7) AppleWebKit/605.1.15 (KHTML, like Gecko) Version/18.0 Safari/605.1.15"
112.201.186.13 - - [21/Sep/2026:08:05:01 +0700] "GET /wp-admin/plugins.php?plugin_status=all HTTP/1.1" 200 286100 "-" "Mozilla/5.0 (Macintosh; Intel Mac OS X 10_15_7) AppleWebKit/605.1.15 (KHTML, like Gecko) Version/18.0 Safari/605.1.15"
112.201.186.13 - - [21/Sep/2026:08:05:03 +0700] "GET /wp-admin/plugins.php?plugin_status=all HTTP/1.1" 200 286100 "-" "Mozilla/5.0 (Macintosh; Intel Mac OS X 10_15_7) AppleWebKit/605.1.15 (KHTML, like Gecko) Version/18.0 Safari/605.1.15"
112.201.186.13 - - [21/Sep/2026:08:05:06 +0700] "GET /wp-admin/plugins.php?plugin_status=all HTTP/1.1" 200 286100 "-" "Mozilla/5.0 (Macintosh; Intel Mac OS X 10_15_7) AppleWebKit/605.1.15 (KHTML, like Gecko) Version/18.0 Safari/605.1.15"
35.189.91.16 - - [21/Sep/2026:08:06:09 +0700] "GET / HTTP/1.1" 301 - "-" "Mozilla/5.0 (Windows NT 10.0; Win64; x64) AppleWebKit/537.36 (KHTML, like Gecko) Chrome/131.0.0.0 Safari/537.36"
35.189.91.16 - - [21/Sep/2026:08:06:11 +0700] "GET /.git/config HTTP/1.1" 301 - "-" "Mozilla/5.0 (Windows NT 10.0; Win64; x64) AppleWebKit/537.36 (KHTML, like Gecko) Chrome/131.0.0.0 Safari/537.36"
35.189.91.16 - - [21/Sep/2026:08:06:13 +0700] "POST / HTTP/1.1" 200 86336 "-" "Mozilla/5.0 (Windows NT 10.0; Win64; x64) AppleWebKit/537.36 (KHTML, like Gecko) Chrome/131.0.0.0 Safari/537.36"
35.189.91.16 - - [21/Sep/2026:08:06:15 +0700] "GET /.env HTTP/1.1" 301 - "-" "Mozilla/5.0 (Windows NT 10.0; Win64; x64) AppleWebKit/537.36 (KHTML, like Gecko) Chrome/131.0.0.0 Safari/537.36"
35.189.91.16 - - [21/Sep/2026:08:06:17 +0700] "GET /.env.local HTTP/1.1" 301 - "-" "Mozilla/5.0 (Windows NT 10.0; Win64; x64) AppleWebKit/537.36 (KHTML, like Gecko) Chrome/131.0.0.0 Safari/537.36"
35.189.91.16 - - [21/Sep/2026:08:06:18 +0700] "GET /.env.production HTTP/1.1" 301 - "-" "Mozilla/5.0 (Windows NT 10.0; Win64; x64) AppleWebKit/537.36 (KHTML, like Gecko) Chrome/131.0.0.0 Safari/537.36"
35.189.91.16 - - [21/Sep/2026:08:06:19 +0700] "GET /.env.staging HTTP/1.1" 301 - "-" "Mozilla/5.0 (Windows NT 10.0; Win64; x64) AppleWebKit/537.36 (KHTML, like Gecko) Chrome/131.0.0.0 Safari/537.36"
35.189.91.16 - - [21/Sep/2026:08:06:20 +0700] "GET /.env.development HTTP/1.1" 301 - "-" "Mozilla/5.0 (Windows NT 10.0; Win64; x64) AppleWebKit/537.36 (KHTML, like Gecko) Chrome/131.0.0.0 Safari/537.36"
35.189.91.16 - - [21/Sep/2026:08:06:21 +0700] "GET /.env.test HTTP/1.1" 301 - "-" "Mozilla/5.0 (Windows NT 10.0; Win64; x64) AppleWebKit/537.36 (KHTML, like Gecko) Chrome/131.0.0.0 Safari/537.36"
35.189.91.16 - - [21/Sep/2026:08:06:22 +0700] "GET /.env.remote HTTP/1.1" 301 - "-" "Mozilla/5.0 (Windows NT 10.0; Win64; x64) AppleWebKit/537.36 (KHTML, like Gecko) Chrome/131.0.0.0 Safari/537.36"
35.189.91.16 - - [21/Sep/2026:08:06:23 +0700] "GET /.env.bak HTTP/1.1" 301 - "-" "Mozilla/5.0 (Windows NT 10.0; Win64; x64) AppleWebKit/537.36 (KHTML, like Gecko) Chrome/131.0.0.0 Safari/537.36"
35.189.91.16 - - [21/Sep/2026:08:06:24 +0700] "GET /.env.backup HTTP/1.1" 301 - "-" "Mozilla/5.0 (Windows NT 10.0; Win64; x64) AppleWebKit/537.36 (KHTML, like Gecko) Chrome/131.0.0.0 Safari/537.36"
35.189.91.16 - - [21/Sep/2026:08:06:25 +0700] "GET /.env.save HTTP/1.1" 301 - "-" "Mozilla/5.0 (Windows NT 10.0; Win64; x64) AppleWebKit/537.36 (KHTML, like Gecko) Chrome/131.0.0.0 Safari/537.36"
35.189.91.16 - - [21/Sep/2026:08:06:26 +0700] "GET /.env.old HTTP/1.1" 301 - "-" "Mozilla/5.0 (Windows NT 10.0; Win64; x64) AppleWebKit/537.36 (KHTML, like Gecko) Chrome/131.0.0.0 Safari/537.36"
35.189.91.16 - - [21/Sep/2026:08:06:27 +0700] "GET /.env.sample HTTP/1.1" 301 - "-" "Mozilla/5.0 (Windows NT 10.0; Win64; x64) AppleWebKit/537.36 (KHTML, like Gecko) Chrome/131.0.0.0 Safari/537.36"
35.189.91.16 - - [21/Sep/2026:08:06:29 +0700] "GET /.env.example HTTP/1.1" 301 - "-" "Mozilla/5.0 (Windows NT 10.0; Win64; x64) AppleWebKit/537.36 (KHTML, like Gecko) Chrome/131.0.0.0 Safari/537.36"
35.189.91.16 - - [21/Sep/2026:08:06:30 +0700] "GET /.env.dev HTTP/1.1" 301 - "-" "Mozilla/5.0 (Windows NT 10.0; Win64; x64) AppleWebKit/537.36 (KHTML, like Gecko) Chrome/131.0.0.0 Safari/537.36"
35.189.91.16 - - [21/Sep/2026:08:06:31 +0700] "GET /.env.prod HTTP/1.1" 301 - "-" "Mozilla/5.0 (Windows NT 10.0; Win64; x64) AppleWebKit/537.36 (KHTML, like Gecko) Chrome/131.0.0.0 Safari/537.36"
35.189.91.16 - - [21/Sep/2026:08:06:33 +0700] "GET /.env.stage HTTP/1.1" 301 - "-" "Mozilla/5.0 (Windows NT 10.0; Win64; x64) AppleWebKit/537.36 (KHTML, like Gecko) Chrome/131.0.0.0 Safari/537.36"
186.139.32.177 - - [21/Sep/2026:08:06:34 +0700] "GET /wp-login.php HTTP/1.1" 200 7429 "-" "Mozilla/5.0 (Macintosh; Intel Mac OS X 10_15_7) AppleWebKit/605.1.15 (KHTML, like Gecko) Version/18.0 Safari/605.1.15"
35.189.91.16 - - [21/Sep/2026:08:06:34 +0700] "GET /.env.ci HTTP/1.1" 301 - "-" "Mozilla/5.0 (Windows NT 10.0; Win64; x64) AppleWebKit/537.36 (KHTML, like Gecko) Chrome/131.0.0.0 Safari/537.36"
35.189.91.16 - - [21/Sep/2026:08:06:35 +0700] "GET /.env.docker HTTP/1.1" 301 - "-" "Mozilla/5.0 (Windows NT 10.0; Win64; x64) AppleWebKit/537.36 (KHTML, like Gecko) Chrome/131.0.0.0 Safari/537.36"
35.189.91.16 - - [21/Sep/2026:08:06:36 +0700] "GET /.env.live HTTP/1.1" 301 - "-" "Mozilla/5.0 (Windows NT 10.0; Win64; x64) AppleWebKit/537.36 (KHTML, like Gecko) Chrome/131.0.0.0 Safari/537.36"
35.189.91.16 - - [21/Sep/2026:08:06:37 +0700] "GET /.env.preprod HTTP/1.1" 301 - "-" "Mozilla/5.0 (Windows NT 10.0; Win64; x64) AppleWebKit/537.36 (KHTML, like Gecko) Chrome/131.0.0.0 Safari/537.36"
35.189.91.16 - - [21/Sep/2026:08:06:38 +0700] "GET /.env.uat HTTP/1.1" 301 - "-" "Mozilla/5.0 (Windows NT 10.0; Win64; x64) AppleWebKit/537.36 (KHTML, like Gecko) Chrome/131.0.0.0 Safari/537.36"
35.189.91.16 - - [21/Sep/2026:08:06:39 +0700] "GET /.env.dist HTTP/1.1" 301 - "-" "Mozilla/5.0 (Windows NT 10.0; Win64; x64) AppleWebKit/537.36 (KHTML, like Gecko) Chrome/131.0.0.0 Safari/537.36"
35.189.91.16 - - [21/Sep/2026:08:06:40 +0700] "GET /.env.swp HTTP/1.1" 301 - "-" "Mozilla/5.0 (Windows NT 10.0; Win64; x64) AppleWebKit/537.36 (KHTML, like Gecko) Chrome/131.0.0.0 Safari/537.36"
35.189.91.16 - - [21/Sep/2026:08:06:42 +0700] "GET /.env~ HTTP/1.1" 301 - "-" "Mozilla/5.0 (Windows NT 10.0; Win64; x64) AppleWebKit/537.36 (KHTML, like Gecko) Chrome/131.0.0.0 Safari/537.36"
35.189.91.16 - - [21/Sep/2026:08:06:43 +0700] "GET /.env1 HTTP/1.1" 301 - "-" "Mozilla/5.0 (Windows NT 10.0; Win64; x64) AppleWebKit/537.36 (KHTML, like Gecko) Chrome/131.0.0.0 Safari/537.36"
35.189.91.16 - - [21/Sep/2026:08:06:44 +0700] "GET /.env2 HTTP/1.1" 301 - "-" "Mozilla/5.0 (Windows NT 10.0; Win64; x64) AppleWebKit/537.36 (KHTML, like Gecko) Chrome/131.0.0.0 Safari/537.36"
35.189.91.16 - - [21/Sep/2026:08:06:46 +0700] "GET /.env_copy HTTP/1.1" 301 - "-" "Mozilla/5.0 (Windows NT 10.0; Win64; x64) AppleWebKit/537.36 (KHTML, like Gecko) Chrome/131.0.0.0 Safari/537.36"
35.189.91.16 - - [21/Sep/2026:08:06:47 +0700] "GET /.env.txt HTTP/1.1" 301 - "-" "Mozilla/5.0 (Windows NT 10.0; Win64; x64) AppleWebKit/537.36 (KHTML, like Gecko) Chrome/131.0.0.0 Safari/537.36"
35.189.91.16 - - [21/Sep/2026:08:06:48 +0700] "GET /.env.json HTTP/1.1" 301 - "-" "Mozilla/5.0 (Windows NT 10.0; Win64; x64) AppleWebKit/537.36 (KHTML, like Gecko) Chrome/131.0.0.0 Safari/537.36"
2806:10ae:1b:e7d5:156e:6dea:d3c3:a68b - - [21/Sep/2026:08:06:48 +0700] "POST /xmlrpc.php HTTP/1.1" 200 1160 "-" "Mozilla/5.0 (Windows NT 10.0; Win64; x64; rv:133.0) Gecko/20100101 Firefox/133.0"
35.189.91.16 - - [21/Sep/2026:08:06:48 +0700] "GET /.env.yaml HTTP/1.1" 301 - "-" "Mozilla/5.0 (Windows NT 10.0; Win64; x64) AppleWebKit/537.36 (KHTML, like Gecko) Chrome/131.0.0.0 Safari/537.36"
35.189.91.16 - - [21/Sep/2026:08:06:50 +0700] "GET /.env.yml HTTP/1.1" 301 - "-" "Mozilla/5.0 (Windows NT 10.0; Win64; x64) AppleWebKit/537.36 (KHTML, like Gecko) Chrome/131.0.0.0 Safari/537.36"
35.189.91.16 - - [21/Sep/2026:08:06:51 +0700] "GET /app/.env HTTP/1.1" 301 - "-" "Mozilla/5.0 (Windows NT 10.0; Win64; x64) AppleWebKit/537.36 (KHTML, like Gecko) Chrome/131.0.0.0 Safari/537.36"
35.189.91.16 - - [21/Sep/2026:08:06:52 +0700] "GET /apps/.env HTTP/1.1" 301 - "-" "Mozilla/5.0 (Windows NT 10.0; Win64; x64) AppleWebKit/537.36 (KHTML, like Gecko) Chrome/131.0.0.0 Safari/537.36"
35.189.91.16 - - [21/Sep/2026:08:06:53 +0700] "GET /api/.env HTTP/1.1" 301 - "-" "Mozilla/5.0 (Windows NT 10.0; Win64; x64) AppleWebKit/537.36 (KHTML, like Gecko) Chrome/131.0.0.0 Safari/537.36"
35.189.91.16 - - [21/Sep/2026:08:06:55 +0700] "GET /web/.env HTTP/1.1" 301 - "-" "Mozilla/5.0 (Windows NT 10.0; Win64; x64) AppleWebKit/537.36 (KHTML, like Gecko) Chrome/131.0.0.0 Safari/537.36"
35.189.91.16 - - [21/Sep/2026:08:06:56 +0700] "GET /site/.env HTTP/1.1" 301 - "-" "Mozilla/5.0 (Windows NT 10.0; Win64; x64) AppleWebKit/537.36 (KHTML, like Gecko) Chrome/131.0.0.0 Safari/537.36"
35.189.91.16 - - [21/Sep/2026:08:06:57 +0700] "GET /public/.env HTTP/1.1" 301 - "-" "Mozilla/5.0 (Windows NT 10.0; Win64; x64) AppleWebKit/537.36 (KHTML, like Gecko) Chrome/131.0.0.0 Safari/537.36"
35.189.91.16 - - [21/Sep/2026:08:06:58 +0700] "GET /admin/.env HTTP/1.1" 301 - "-" "Mozilla/5.0 (Windows NT 10.0; Win64; x64) AppleWebKit/537.36 (KHTML, like Gecko) Chrome/131.0.0.0 Safari/537.36"
35.189.91.16 - - [21/Sep/2026:08:07:00 +0700] "GET /backend/.env HTTP/1.1" 301 - "-" "Mozilla/5.0 (Windows NT 10.0; Win64; x64) AppleWebKit/537.36 (KHTML, like Gecko) Chrome/131.0.0.0 Safari/537.36"
35.189.91.16 - - [21/Sep/2026:08:07:01 +0700] "GET /server/.env HTTP/1.1" 301 - "-" "Mozilla/5.0 (Windows NT 10.0; Win64; x64) AppleWebKit/537.36 (KHTML, like Gecko) Chrome/131.0.0.0 Safari/537.36"
35.189.91.16 - - [21/Sep/2026:08:07:03 +0700] "GET /frontend/.env HTTP/1.1" 301 - "-" "Mozilla/5.0 (Windows NT 10.0; Win64; x64) AppleWebKit/537.36 (KHTML, like Gecko) Chrome/131.0.0.0 Safari/537.36"
35.189.91.16 - - [21/Sep/2026:08:07:04 +0700] "GET /src/.env HTTP/1.1" 301 - "-" "Mozilla/5.0 (Windows NT 10.0; Win64; x64) AppleWebKit/537.36 (KHTML, like Gecko) Chrome/131.0.0.0 Safari/537.36"
187.188.59.180 - - [21/Sep/2026:08:07:05 +0700] "GET /wp-login.php HTTP/1.1" 200 7429 "-" "Mozilla/5.0 (Windows NT 10.0; Win64; x64) AppleWebKit/537.36 (KHTML, like Gecko) Chrome/124.0.0.0 Safari/537.36"
35.189.91.16 - - [21/Sep/2026:08:07:06 +0700] "GET /core/.env HTTP/1.1" 301 - "-" "Mozilla/5.0 (Windows NT 10.0; Win64; x64) AppleWebKit/537.36 (KHTML, like Gecko) Chrome/131.0.0.0 Safari/537.36"
187.188.59.180 - - [21/Sep/2026:08:07:07 +0700] "POST /wp-login.php HTTP/1.1" 302 - "https://bravo333c.com/wp-login.php" "Mozilla/5.0 (Windows NT 10.0; Win64; x64) AppleWebKit/537.36 (KHTML, like Gecko) Chrome/124.0.0.0 Safari/537.36"
35.189.91.16 - - [21/Sep/2026:08:07:08 +0700] "GET /core/app/.env HTTP/1.1" 301 - "-" "Mozilla/5.0 (Windows NT 10.0; Win64; x64) AppleWebKit/537.36 (KHTML, like Gecko) Chrome/131.0.0.0 Safari/537.36"
187.188.59.180 - - [21/Sep/2026:08:07:09 +0700] "GET /wp-admin/ HTTP/1.1" 200 192861 "https://bravo333c.com/wp-login.php" "Mozilla/5.0 (Windows NT 10.0; Win64; x64) AppleWebKit/537.36 (KHTML, like Gecko) Chrome/124.0.0.0 Safari/537.36"
35.189.91.16 - - [21/Sep/2026:08:07:10 +0700] "GET /config/.env HTTP/1.1" 301 - "-" "Mozilla/5.0 (Windows NT 10.0; Win64; x64) AppleWebKit/537.36 (KHTML, like Gecko) Chrome/131.0.0.0 Safari/537.36"
35.189.91.16 - - [21/Sep/2026:08:07:12 +0700] "GET /private/.env HTTP/1.1" 301 - "-" "Mozilla/5.0 (Windows NT 10.0; Win64; x64) AppleWebKit/537.36 (KHTML, like Gecko) Chrome/131.0.0.0 Safari/537.36"
187.188.59.180 - - [21/Sep/2026:08:07:12 +0700] "GET /wp-admin/ HTTP/1.1" 200 192859 "-" "Mozilla/5.0 (Windows NT 10.0; Win64; x64) AppleWebKit/537.36 (KHTML, like Gecko) Chrome/124.0.0.0 Safari/537.36"
35.189.91.16 - - [21/Sep/2026:08:07:13 +0700] "GET /application/.env HTTP/1.1" 301 - "-" "Mozilla/5.0 (Windows NT 10.0; Win64; x64) AppleWebKit/537.36 (KHTML, like Gecko) Chrome/131.0.0.0 Safari/537.36"
35.189.91.16 - - [21/Sep/2026:08:07:14 +0700] "GET /bootstrap/.env HTTP/1.1" 301 - "-" "Mozilla/5.0 (Windows NT 10.0; Win64; x64) AppleWebKit/537.36 (KHTML, like Gecko) Chrome/131.0.0.0 Safari/537.36"
35.189.91.16 - - [21/Sep/2026:08:07:16 +0700] "GET /database/.env HTTP/1.1" 301 - "-" "Mozilla/5.0 (Windows NT 10.0; Win64; x64) AppleWebKit/537.36 (KHTML, like Gecko) Chrome/131.0.0.0 Safari/537.36"
187.188.59.180 - - [21/Sep/2026:08:07:16 +0700] "GET /wp-admin/plugin-editor.php HTTP/1.1" 200 141023 "-" "Mozilla/5.0 (Windows NT 10.0; Win64; x64) AppleWebKit/537.36 (KHTML, like Gecko) Chrome/124.0.0.0 Safari/537.36"
35.189.91.16 - - [21/Sep/2026:08:07:17 +0700] "GET /storage/.env HTTP/1.1" 301 - "-" "Mozilla/5.0 (Windows NT 10.0; Win64; x64) AppleWebKit/537.36 (KHTML, like Gecko) Chrome/131.0.0.0 Safari/537.36"
187.188.59.180 - - [21/Sep/2026:08:07:16 +0700] "GET /wp-admin/plugins.php?plugin_status=all HTTP/1.1" 200 286100 "-" "Mozilla/5.0 (Windows NT 10.0; Win64; x64) AppleWebKit/537.36 (KHTML, like Gecko) Chrome/124.0.0.0 Safari/537.36"
35.189.91.16 - - [21/Sep/2026:08:07:19 +0700] "GET /var/www/.env HTTP/1.1" 301 - "-" "Mozilla/5.0 (Windows NT 10.0; Win64; x64) AppleWebKit/537.36 (KHTML, like Gecko) Chrome/131.0.0.0 Safari/537.36"
187.188.59.180 - - [21/Sep/2026:08:07:16 +0700] "GET /wp-admin/plugin-install.php HTTP/1.1" 200 163441 "-" "Mozilla/5.0 (Windows NT 10.0; Win64; x64) AppleWebKit/537.36 (KHTML, like Gecko) Chrome/124.0.0.0 Safari/537.36"
35.189.91.16 - - [21/Sep/2026:08:07:21 +0700] "GET /var/www/html/.env HTTP/1.1" 301 - "-" "Mozilla/5.0 (Windows NT 10.0; Win64; x64) AppleWebKit/537.36 (KHTML, like Gecko) Chrome/131.0.0.0 Safari/537.36"
187.188.59.180 - - [21/Sep/2026:08:07:21 +0700] "POST /wp-admin/update.php?action=upload-plugin HTTP/1.1" 500 2641 "https://bravo333c.com/wp-admin/update.php?action=upload-plugin" "Mozilla/5.0 (Windows NT 10.0; Win64; x64) AppleWebKit/537.36 (KHTML, like Gecko) Chrome/124.0.0.0 Safari/537.36"
35.189.91.16 - - [21/Sep/2026:08:07:23 +0700] "GET /current/.env HTTP/1.1" 301 - "-" "Mozilla/5.0 (Windows NT 10.0; Win64; x64) AppleWebKit/537.36 (KHTML, like Gecko) Chrome/131.0.0.0 Safari/537.36"
187.188.59.180 - - [21/Sep/2026:08:07:21 +0700] "GET /wp-admin/plugins.php?plugin_status=all HTTP/1.1" 200 286100 "-" "Mozilla/5.0 (Windows NT 10.0; Win64; x64) AppleWebKit/537.36 (KHTML, like Gecko) Chrome/124.0.0.0 Safari/537.36"
35.189.91.16 - - [21/Sep/2026:08:07:25 +0700] "GET /release/.env HTTP/1.1" 301 - "-" "Mozilla/5.0 (Windows NT 10.0; Win64; x64) AppleWebKit/537.36 (KHTML, like Gecko) Chrome/131.0.0.0 Safari/537.36"
35.189.91.16 - - [21/Sep/2026:08:07:27 +0700] "GET /releases/.env HTTP/1.1" 301 - "-" "Mozilla/5.0 (Windows NT 10.0; Win64; x64) AppleWebKit/537.36 (KHTML, like Gecko) Chrome/131.0.0.0 Safari/537.36"
35.189.91.16 - - [21/Sep/2026:08:07:28 +0700] "GET /shared/.env HTTP/1.1" 301 - "-" "Mozilla/5.0 (Windows NT 10.0; Win64; x64) AppleWebKit/537.36 (KHTML, like Gecko) Chrome/131.0.0.0 Safari/537.36"
187.188.59.180 - - [21/Sep/2026:08:07:27 +0700] "GET /wp-admin/plugins.php?plugin_status=all HTTP/1.1" 200 286100 "-" "Mozilla/5.0 (Windows NT 10.0; Win64; x64) AppleWebKit/537.36 (KHTML, like Gecko) Chrome/124.0.0.0 Safari/537.36"
35.189.91.16 - - [21/Sep/2026:08:07:29 +0700] "GET /deploy/.env HTTP/1.1" 301 - "-" "Mozilla/5.0 (Windows NT 10.0; Win64; x64) AppleWebKit/537.36 (KHTML, like Gecko) Chrome/131.0.0.0 Safari/537.36"
187.188.59.180 - - [21/Sep/2026:08:07:30 +0700] "GET /wp-admin/plugins.php?plugin_status=all HTTP/1.1" 200 286100 "-" "Mozilla/5.0 (Windows NT 10.0; Win64; x64) AppleWebKit/537.36 (KHTML, like Gecko) Chrome/124.0.0.0 Safari/537.36"
35.189.91.16 - - [21/Sep/2026:08:07:31 +0700] "GET /build/.env HTTP/1.1" 301 - "-" "Mozilla/5.0 (Windows NT 10.0; Win64; x64) AppleWebKit/537.36 (KHTML, like Gecko) Chrome/131.0.0.0 Safari/537.36"
35.189.91.16 - - [21/Sep/2026:08:07:34 +0700] "GET /dist/.env HTTP/1.1" 301 - "-" "Mozilla/5.0 (Windows NT 10.0; Win64; x64) AppleWebKit/537.36 (KHTML, like Gecko) Chrome/131.0.0.0 Safari/537.36"
187.188.59.180 - - [21/Sep/2026:08:07:33 +0700] "GET /wp-admin/plugins.php?plugin_status=all HTTP/1.1" 200 286100 "-" "Mozilla/5.0 (Windows NT 10.0; Win64; x64) AppleWebKit/537.36 (KHTML, like Gecko) Chrome/124.0.0.0 Safari/537.36"
35.189.91.16 - - [21/Sep/2026:08:07:36 +0700] "GET /public_html/.env HTTP/1.1" 301 - "-" "Mozilla/5.0 (Windows NT 10.0; Win64; x64) AppleWebKit/537.36 (KHTML, like Gecko) Chrome/131.0.0.0 Safari/537.36"
35.189.91.16 - - [21/Sep/2026:08:07:38 +0700] "GET /htdocs/.env HTTP/1.1" 301 - "-" "Mozilla/5.0 (Windows NT 10.0; Win64; x64) AppleWebKit/537.36 (KHTML, like Gecko) Chrome/131.0.0.0 Safari/537.36"
35.189.91.16 - - [21/Sep/2026:08:07:40 +0700] "GET /www/.env HTTP/1.1" 301 - "-" "Mozilla/5.0 (Windows NT 10.0; Win64; x64) AppleWebKit/537.36 (KHTML, like Gecko) Chrome/131.0.0.0 Safari/537.36"
35.189.91.16 - - [21/Sep/2026:08:07:42 +0700] "GET /html/.env HTTP/1.1" 301 - "-" "Mozilla/5.0 (Windows NT 10.0; Win64; x64) AppleWebKit/537.36 (KHTML, like Gecko) Chrome/131.0.0.0 Safari/537.36"
35.189.91.16 - - [21/Sep/2026:08:07:43 +0700] "GET /live/.env HTTP/1.1" 301 - "-" "Mozilla/5.0 (Windows NT 10.0; Win64; x64) AppleWebKit/537.36 (KHTML, like Gecko) Chrome/131.0.0.0 Safari/537.36"
35.189.91.16 - - [21/Sep/2026:08:07:45 +0700] "GET /prod/.env HTTP/1.1" 301 - "-" "Mozilla/5.0 (Windows NT 10.0; Win64; x64) AppleWebKit/537.36 (KHTML, like Gecko) Chrome/131.0.0.0 Safari/537.36"
35.189.91.16 - - [21/Sep/2026:08:07:46 +0700] "GET /dev/.env HTTP/1.1" 301 - "-" "Mozilla/5.0 (Windows NT 10.0; Win64; x64) AppleWebKit/537.36 (KHTML, like Gecko) Chrome/131.0.0.0 Safari/537.36"
35.189.91.16 - - [21/Sep/2026:08:07:47 +0700] "GET /staging/.env HTTP/1.1" 301 - "-" "Mozilla/5.0 (Windows NT 10.0; Win64; x64) AppleWebKit/537.36 (KHTML, like Gecko) Chrome/131.0.0.0 Safari/537.36"
