34.101.220.97 - - [21/Sep/2026:05:16:17 +0700] "GET /api/v3/.env HTTP/1.1" 301 - "-" "Mozilla/5.0 (Macintosh; Intel Mac OS X 10_15_7) AppleWebKit/537.36 (KHTML, like Gecko) Chrome/131.0.0.0 Safari/537.36"
34.101.220.97 - - [21/Sep/2026:05:16:19 +0700] "GET / HTTP/1.1" 200 86285 "-" "Mozilla/5.0 (Macintosh; Intel Mac OS X 10_15_7) AppleWebKit/537.36 (KHTML, like Gecko) Chrome/131.0.0.0 Safari/537.36"
34.101.220.97 - - [21/Sep/2026:05:16:20 +0700] "GET /api/dev/.env HTTP/1.1" 301 - "-" "Mozilla/5.0 (Macintosh; Intel Mac OS X 10_15_7) AppleWebKit/537.36 (KHTML, like Gecko) Chrome/131.0.0.0 Safari/537.36"
34.101.220.97 - - [21/Sep/2026:05:16:21 +0700] "GET / HTTP/1.1" 200 86285 "-" "Mozilla/5.0 (Macintosh; Intel Mac OS X 10_15_7) AppleWebKit/537.36 (KHTML, like Gecko) Chrome/131.0.0.0 Safari/537.36"
34.101.220.97 - - [21/Sep/2026:05:16:23 +0700] "GET /api/staging/.env HTTP/1.1" 301 - "-" "Mozilla/5.0 (Macintosh; Intel Mac OS X 10_15_7) AppleWebKit/537.36 (KHTML, like Gecko) Chrome/131.0.0.0 Safari/537.36"
34.101.220.97 - - [21/Sep/2026:05:16:24 +0700] "GET / HTTP/1.1" 200 86285 "-" "Mozilla/5.0 (Macintosh; Intel Mac OS X 10_15_7) AppleWebKit/537.36 (KHTML, like Gecko) Chrome/131.0.0.0 Safari/537.36"
34.101.220.97 - - [21/Sep/2026:05:16:25 +0700] "GET /vendor/.env HTTP/1.1" 301 - "-" "Mozilla/5.0 (Macintosh; Intel Mac OS X 10_15_7) AppleWebKit/537.36 (KHTML, like Gecko) Chrome/131.0.0.0 Safari/537.36"
34.101.220.97 - - [21/Sep/2026:05:16:27 +0700] "GET / HTTP/1.1" 200 86285 "-" "Mozilla/5.0 (Macintosh; Intel Mac OS X 10_15_7) AppleWebKit/537.36 (KHTML, like Gecko) Chrome/131.0.0.0 Safari/537.36"
34.101.220.97 - - [21/Sep/2026:05:16:28 +0700] "GET /lib/.env HTTP/1.1" 301 - "-" "Mozilla/5.0 (Macintosh; Intel Mac OS X 10_15_7) AppleWebKit/537.36 (KHTML, like Gecko) Chrome/131.0.0.0 Safari/537.36"
34.101.220.97 - - [21/Sep/2026:05:16:30 +0700] "GET / HTTP/1.1" 200 86285 "-" "Mozilla/5.0 (Macintosh; Intel Mac OS X 10_15_7) AppleWebKit/537.36 (KHTML, like Gecko) Chrome/131.0.0.0 Safari/537.36"
34.101.220.97 - - [21/Sep/2026:05:16:32 +0700] "GET /resources/.env HTTP/1.1" 301 - "-" "Mozilla/5.0 (Macintosh; Intel Mac OS X 10_15_7) AppleWebKit/537.36 (KHTML, like Gecko) Chrome/131.0.0.0 Safari/537.36"
34.101.220.97 - - [21/Sep/2026:05:16:34 +0700] "GET / HTTP/1.1" 200 86285 "-" "Mozilla/5.0 (Macintosh; Intel Mac OS X 10_15_7) AppleWebKit/537.36 (KHTML, like Gecko) Chrome/131.0.0.0 Safari/537.36"
34.101.220.97 - - [21/Sep/2026:05:16:35 +0700] "GET /assets/.env HTTP/1.1" 301 - "-" "Mozilla/5.0 (Macintosh; Intel Mac OS X 10_15_7) AppleWebKit/537.36 (KHTML, like Gecko) Chrome/131.0.0.0 Safari/537.36"
34.101.220.97 - - [21/Sep/2026:05:16:36 +0700] "GET / HTTP/1.1" 200 86285 "-" "Mozilla/5.0 (Macintosh; Intel Mac OS X 10_15_7) AppleWebKit/537.36 (KHTML, like Gecko) Chrome/131.0.0.0 Safari/537.36"
34.101.220.97 - - [21/Sep/2026:05:16:37 +0700] "GET /uploads/.env HTTP/1.1" 301 - "-" "Mozilla/5.0 (Macintosh; Intel Mac OS X 10_15_7) AppleWebKit/537.36 (KHTML, like Gecko) Chrome/131.0.0.0 Safari/537.36"
34.101.220.97 - - [21/Sep/2026:05:16:38 +0700] "GET / HTTP/1.1" 200 86285 "-" "Mozilla/5.0 (Macintosh; Intel Mac OS X 10_15_7) AppleWebKit/537.36 (KHTML, like Gecko) Chrome/131.0.0.0 Safari/537.36"
34.101.220.97 - - [21/Sep/2026:05:16:40 +0700] "GET /internal/.env HTTP/1.1" 301 - "-" "Mozilla/5.0 (Macintosh; Intel Mac OS X 10_15_7) AppleWebKit/537.36 (KHTML, like Gecko) Chrome/131.0.0.0 Safari/537.36"
34.101.220.97 - - [21/Sep/2026:05:16:42 +0700] "GET / HTTP/1.1" 200 86285 "-" "Mozilla/5.0 (Macintosh; Intel Mac OS X 10_15_7) AppleWebKit/537.36 (KHTML, like Gecko) Chrome/131.0.0.0 Safari/537.36"
34.101.220.97 - - [21/Sep/2026:05:16:44 +0700] "GET /tools/.env HTTP/1.1" 301 - "-" "Mozilla/5.0 (Macintosh; Intel Mac OS X 10_15_7) AppleWebKit/537.36 (KHTML, like Gecko) Chrome/131.0.0.0 Safari/537.36"
34.101.220.97 - - [21/Sep/2026:05:16:46 +0700] "GET / HTTP/1.1" 200 86285 "-" "Mozilla/5.0 (Macintosh; Intel Mac OS X 10_15_7) AppleWebKit/537.36 (KHTML, like Gecko) Chrome/131.0.0.0 Safari/537.36"
34.101.220.97 - - [21/Sep/2026:05:16:47 +0700] "GET /scripts/.env HTTP/1.1" 301 - "-" "Mozilla/5.0 (Macintosh; Intel Mac OS X 10_15_7) AppleWebKit/537.36 (KHTML, like Gecko) Chrome/131.0.0.0 Safari/537.36"
34.101.220.97 - - [21/Sep/2026:05:16:49 +0700] "GET / HTTP/1.1" 200 86285 "-" "Mozilla/5.0 (Macintosh; Intel Mac OS X 10_15_7) AppleWebKit/537.36 (KHTML, like Gecko) Chrome/131.0.0.0 Safari/537.36"
34.101.220.97 - - [21/Sep/2026:05:16:51 +0700] "GET /bin/.env HTTP/1.1" 301 - "-" "Mozilla/5.0 (Macintosh; Intel Mac OS X 10_15_7) AppleWebKit/537.36 (KHTML, like Gecko) Chrome/131.0.0.0 Safari/537.36"
34.101.220.97 - - [21/Sep/2026:05:16:52 +0700] "GET / HTTP/1.1" 200 86285 "-" "Mozilla/5.0 (Macintosh; Intel Mac OS X 10_15_7) AppleWebKit/537.36 (KHTML, like Gecko) Chrome/131.0.0.0 Safari/537.36"
34.101.220.97 - - [21/Sep/2026:05:16:54 +0700] "GET /sbin/.env HTTP/1.1" 301 - "-" "Mozilla/5.0 (Macintosh; Intel Mac OS X 10_15_7) AppleWebKit/537.36 (KHTML, like Gecko) Chrome/131.0.0.0 Safari/537.36"
34.101.220.97 - - [21/Sep/2026:05:16:55 +0700] "GET / HTTP/1.1" 200 86285 "-" "Mozilla/5.0 (Macintosh; Intel Mac OS X 10_15_7) AppleWebKit/537.36 (KHTML, like Gecko) Chrome/131.0.0.0 Safari/537.36"
34.101.220.97 - - [21/Sep/2026:05:16:57 +0700] "GET /local/.env HTTP/1.1" 301 - "-" "Mozilla/5.0 (Macintosh; Intel Mac OS X 10_15_7) AppleWebKit/537.36 (KHTML, like Gecko) Chrome/131.0.0.0 Safari/537.36"
34.101.220.97 - - [21/Sep/2026:05:16:58 +0700] "GET / HTTP/1.1" 200 86285 "-" "Mozilla/5.0 (Macintosh; Intel Mac OS X 10_15_7) AppleWebKit/537.36 (KHTML, like Gecko) Chrome/131.0.0.0 Safari/537.36"
34.101.220.97 - - [21/Sep/2026:05:17:00 +0700] "GET /portal/.env HTTP/1.1" 301 - "-" "Mozilla/5.0 (Macintosh; Intel Mac OS X 10_15_7) AppleWebKit/537.36 (KHTML, like Gecko) Chrome/131.0.0.0 Safari/537.36"
34.101.220.97 - - [21/Sep/2026:05:17:01 +0700] "GET / HTTP/1.1" 200 86285 "-" "Mozilla/5.0 (Macintosh; Intel Mac OS X 10_15_7) AppleWebKit/537.36 (KHTML, like Gecko) Chrome/131.0.0.0 Safari/537.36"
34.101.220.97 - - [21/Sep/2026:05:17:03 +0700] "GET /dashboard/.env HTTP/1.1" 301 - "-" "Mozilla/5.0 (Macintosh; Intel Mac OS X 10_15_7) AppleWebKit/537.36 (KHTML, like Gecko) Chrome/131.0.0.0 Safari/537.36"
34.101.220.97 - - [21/Sep/2026:05:17:04 +0700] "GET / HTTP/1.1" 200 86285 "-" "Mozilla/5.0 (Macintosh; Intel Mac OS X 10_15_7) AppleWebKit/537.36 (KHTML, like Gecko) Chrome/131.0.0.0 Safari/537.36"
34.101.220.97 - - [21/Sep/2026:05:17:05 +0700] "GET /panel/.env HTTP/1.1" 301 - "-" "Mozilla/5.0 (Macintosh; Intel Mac OS X 10_15_7) AppleWebKit/537.36 (KHTML, like Gecko) Chrome/131.0.0.0 Safari/537.36"
34.101.220.97 - - [21/Sep/2026:05:17:06 +0700] "GET / HTTP/1.1" 200 86285 "-" "Mozilla/5.0 (Macintosh; Intel Mac OS X 10_15_7) AppleWebKit/537.36 (KHTML, like Gecko) Chrome/131.0.0.0 Safari/537.36"
34.101.220.97 - - [21/Sep/2026:05:17:08 +0700] "GET /crm/.env HTTP/1.1" 301 - "-" "Mozilla/5.0 (Macintosh; Intel Mac OS X 10_15_7) AppleWebKit/537.36 (KHTML, like Gecko) Chrome/131.0.0.0 Safari/537.36"
34.101.220.97 - - [21/Sep/2026:05:17:09 +0700] "GET / HTTP/1.1" 200 86285 "-" "Mozilla/5.0 (Macintosh; Intel Mac OS X 10_15_7) AppleWebKit/537.36 (KHTML, like Gecko) Chrome/131.0.0.0 Safari/537.36"
34.101.220.97 - - [21/Sep/2026:05:17:10 +0700] "GET /erp/.env HTTP/1.1" 301 - "-" "Mozilla/5.0 (Macintosh; Intel Mac OS X 10_15_7) AppleWebKit/537.36 (KHTML, like Gecko) Chrome/131.0.0.0 Safari/537.36"
34.101.220.97 - - [21/Sep/2026:05:17:11 +0700] "GET / HTTP/1.1" 200 86285 "-" "Mozilla/5.0 (Macintosh; Intel Mac OS X 10_15_7) AppleWebKit/537.36 (KHTML, like Gecko) Chrome/131.0.0.0 Safari/537.36"
34.101.220.97 - - [21/Sep/2026:05:17:13 +0700] "GET /shop/.env HTTP/1.1" 301 - "-" "Mozilla/5.0 (Macintosh; Intel Mac OS X 10_15_7) AppleWebKit/537.36 (KHTML, like Gecko) Chrome/131.0.0.0 Safari/537.36"
34.101.220.97 - - [21/Sep/2026:05:17:15 +0700] "GET / HTTP/1.1" 200 86285 "-" "Mozilla/5.0 (Macintosh; Intel Mac OS X 10_15_7) AppleWebKit/537.36 (KHTML, like Gecko) Chrome/131.0.0.0 Safari/537.36"
34.101.220.97 - - [21/Sep/2026:05:17:16 +0700] "GET /store/.env HTTP/1.1" 301 - "-" "Mozilla/5.0 (Macintosh; Intel Mac OS X 10_15_7) AppleWebKit/537.36 (KHTML, like Gecko) Chrome/131.0.0.0 Safari/537.36"
34.101.220.97 - - [21/Sep/2026:05:17:17 +0700] "GET / HTTP/1.1" 200 86285 "-" "Mozilla/5.0 (Macintosh; Intel Mac OS X 10_15_7) AppleWebKit/537.36 (KHTML, like Gecko) Chrome/131.0.0.0 Safari/537.36"
34.101.220.97 - - [21/Sep/2026:05:17:20 +0700] "GET /saas/.env HTTP/1.1" 301 - "-" "Mozilla/5.0 (Macintosh; Intel Mac OS X 10_15_7) AppleWebKit/537.36 (KHTML, like Gecko) Chrome/131.0.0.0 Safari/537.36"
34.101.220.97 - - [21/Sep/2026:05:17:21 +0700] "GET / HTTP/1.1" 200 86285 "-" "Mozilla/5.0 (Macintosh; Intel Mac OS X 10_15_7) AppleWebKit/537.36 (KHTML, like Gecko) Chrome/131.0.0.0 Safari/537.36"
34.101.220.97 - - [21/Sep/2026:05:17:23 +0700] "GET /client/.env HTTP/1.1" 301 - "-" "Mozilla/5.0 (Macintosh; Intel Mac OS X 10_15_7) AppleWebKit/537.36 (KHTML, like Gecko) Chrome/131.0.0.0 Safari/537.36"
34.101.220.97 - - [21/Sep/2026:05:17:24 +0700] "GET / HTTP/1.1" 200 86285 "-" "Mozilla/5.0 (Macintosh; Intel Mac OS X 10_15_7) AppleWebKit/537.36 (KHTML, like Gecko) Chrome/131.0.0.0 Safari/537.36"
34.101.220.97 - - [21/Sep/2026:05:17:26 +0700] "GET /project/.env HTTP/1.1" 301 - "-" "Mozilla/5.0 (Macintosh; Intel Mac OS X 10_15_7) AppleWebKit/537.36 (KHTML, like Gecko) Chrome/131.0.0.0 Safari/537.36"
34.101.220.97 - - [21/Sep/2026:05:17:27 +0700] "GET / HTTP/1.1" 200 86285 "-" "Mozilla/5.0 (Macintosh; Intel Mac OS X 10_15_7) AppleWebKit/537.36 (KHTML, like Gecko) Chrome/131.0.0.0 Safari/537.36"
34.101.220.97 - - [21/Sep/2026:05:17:29 +0700] "GET /admin-panel/.env HTTP/1.1" 301 - "-" "Mozilla/5.0 (Macintosh; Intel Mac OS X 10_15_7) AppleWebKit/537.36 (KHTML, like Gecko) Chrome/131.0.0.0 Safari/537.36"
34.101.220.97 - - [21/Sep/2026:05:17:30 +0700] "GET / HTTP/1.1" 200 86285 "-" "Mozilla/5.0 (Macintosh; Intel Mac OS X 10_15_7) AppleWebKit/537.36 (KHTML, like Gecko) Chrome/131.0.0.0 Safari/537.36"
34.101.220.97 - - [21/Sep/2026:05:17:32 +0700] "GET /control-panel/.env HTTP/1.1" 301 - "-" "Mozilla/5.0 (Macintosh; Intel Mac OS X 10_15_7) AppleWebKit/537.36 (KHTML, like Gecko) Chrome/131.0.0.0 Safari/537.36"
34.101.220.97 - - [21/Sep/2026:05:17:34 +0700] "GET / HTTP/1.1" 200 86285 "-" "Mozilla/5.0 (Macintosh; Intel Mac OS X 10_15_7) AppleWebKit/537.36 (KHTML, like Gecko) Chrome/131.0.0.0 Safari/537.36"
34.101.220.97 - - [21/Sep/2026:05:17:36 +0700] "GET /user-panel/.env HTTP/1.1" 301 - "-" "Mozilla/5.0 (Macintosh; Intel Mac OS X 10_15_7) AppleWebKit/537.36 (KHTML, like Gecko) Chrome/131.0.0.0 Safari/537.36"
34.101.220.97 - - [21/Sep/2026:05:17:37 +0700] "GET / HTTP/1.1" 200 86285 "-" "Mozilla/5.0 (Macintosh; Intel Mac OS X 10_15_7) AppleWebKit/537.36 (KHTML, like Gecko) Chrome/131.0.0.0 Safari/537.36"
34.101.220.97 - - [21/Sep/2026:05:17:38 +0700] "GET /node/.env HTTP/1.1" 301 - "-" "Mozilla/5.0 (Macintosh; Intel Mac OS X 10_15_7) AppleWebKit/537.36 (KHTML, like Gecko) Chrome/131.0.0.0 Safari/537.36"
34.101.220.97 - - [21/Sep/2026:05:17:39 +0700] "GET / HTTP/1.1" 200 86285 "-" "Mozilla/5.0 (Macintosh; Intel Mac OS X 10_15_7) AppleWebKit/537.36 (KHTML, like Gecko) Chrome/131.0.0.0 Safari/537.36"
34.101.220.97 - - [21/Sep/2026:05:17:41 +0700] "GET /express/.env HTTP/1.1" 301 - "-" "Mozilla/5.0 (Macintosh; Intel Mac OS X 10_15_7) AppleWebKit/537.36 (KHTML, like Gecko) Chrome/131.0.0.0 Safari/537.36"
34.101.220.97 - - [21/Sep/2026:05:17:42 +0700] "GET / HTTP/1.1" 200 86285 "-" "Mozilla/5.0 (Macintosh; Intel Mac OS X 10_15_7) AppleWebKit/537.36 (KHTML, like Gecko) Chrome/131.0.0.0 Safari/537.36"
34.101.220.97 - - [21/Sep/2026:05:17:43 +0700] "GET /next/.env HTTP/1.1" 301 - "-" "Mozilla/5.0 (Macintosh; Intel Mac OS X 10_15_7) AppleWebKit/537.36 (KHTML, like Gecko) Chrome/131.0.0.0 Safari/537.36"
34.101.220.97 - - [21/Sep/2026:05:17:45 +0700] "GET / HTTP/1.1" 200 86285 "-" "Mozilla/5.0 (Macintosh; Intel Mac OS X 10_15_7) AppleWebKit/537.36 (KHTML, like Gecko) Chrome/131.0.0.0 Safari/537.36"
34.101.220.97 - - [21/Sep/2026:05:17:47 +0700] "GET /nuxt/.env HTTP/1.1" 301 - "-" "Mozilla/5.0 (Macintosh; Intel Mac OS X 10_15_7) AppleWebKit/537.36 (KHTML, like Gecko) Chrome/131.0.0.0 Safari/537.36"
34.101.220.97 - - [21/Sep/2026:05:17:48 +0700] "GET / HTTP/1.1" 200 86285 "-" "Mozilla/5.0 (Macintosh; Intel Mac OS X 10_15_7) AppleWebKit/537.36 (KHTML, like Gecko) Chrome/131.0.0.0 Safari/537.36"
34.101.220.97 - - [21/Sep/2026:05:17:49 +0700] "GET /nest/.env HTTP/1.1" 301 - "-" "Mozilla/5.0 (Macintosh; Intel Mac OS X 10_15_7) AppleWebKit/537.36 (KHTML, like Gecko) Chrome/131.0.0.0 Safari/537.36"
34.101.220.97 - - [21/Sep/2026:05:17:50 +0700] "GET / HTTP/1.1" 200 86285 "-" "Mozilla/5.0 (Macintosh; Intel Mac OS X 10_15_7) AppleWebKit/537.36 (KHTML, like Gecko) Chrome/131.0.0.0 Safari/537.36"
34.101.220.97 - - [21/Sep/2026:05:17:51 +0700] "GET /react/.env HTTP/1.1" 301 - "-" "Mozilla/5.0 (Macintosh; Intel Mac OS X 10_15_7) AppleWebKit/537.36 (KHTML, like Gecko) Chrome/131.0.0.0 Safari/537.36"
34.101.220.97 - - [21/Sep/2026:05:17:52 +0700] "GET / HTTP/1.1" 200 86285 "-" "Mozilla/5.0 (Macintosh; Intel Mac OS X 10_15_7) AppleWebKit/537.36 (KHTML, like Gecko) Chrome/131.0.0.0 Safari/537.36"
34.101.220.97 - - [21/Sep/2026:05:17:54 +0700] "GET /vue/.env HTTP/1.1" 301 - "-" "Mozilla/5.0 (Macintosh; Intel Mac OS X 10_15_7) AppleWebKit/537.36 (KHTML, like Gecko) Chrome/131.0.0.0 Safari/537.36"
34.101.220.97 - - [21/Sep/2026:05:17:55 +0700] "GET / HTTP/1.1" 200 86285 "-" "Mozilla/5.0 (Macintosh; Intel Mac OS X 10_15_7) AppleWebKit/537.36 (KHTML, like Gecko) Chrome/131.0.0.0 Safari/537.36"
34.101.220.97 - - [21/Sep/2026:05:17:57 +0700] "GET /angular/.env HTTP/1.1" 301 - "-" "Mozilla/5.0 (Macintosh; Intel Mac OS X 10_15_7) AppleWebKit/537.36 (KHTML, like Gecko) Chrome/131.0.0.0 Safari/537.36"
34.101.220.97 - - [21/Sep/2026:05:17:59 +0700] "GET / HTTP/1.1" 200 86285 "-" "Mozilla/5.0 (Macintosh; Intel Mac OS X 10_15_7) AppleWebKit/537.36 (KHTML, like Gecko) Chrome/131.0.0.0 Safari/537.36"
34.101.220.97 - - [21/Sep/2026:05:18:00 +0700] "GET /svelte/.env HTTP/1.1" 301 - "-" "Mozilla/5.0 (Macintosh; Intel Mac OS X 10_15_7) AppleWebKit/537.36 (KHTML, like Gecko) Chrome/131.0.0.0 Safari/537.36"
34.101.220.97 - - [21/Sep/2026:05:18:02 +0700] "GET / HTTP/1.1" 200 86285 "-" "Mozilla/5.0 (Macintosh; Intel Mac OS X 10_15_7) AppleWebKit/537.36 (KHTML, like Gecko) Chrome/131.0.0.0 Safari/537.36"
34.101.220.97 - - [21/Sep/2026:05:18:04 +0700] "GET /vite/.env HTTP/1.1" 301 - "-" "Mozilla/5.0 (Macintosh; Intel Mac OS X 10_15_7) AppleWebKit/537.36 (KHTML, like Gecko) Chrome/131.0.0.0 Safari/537.36"
34.101.220.97 - - [21/Sep/2026:05:18:07 +0700] "GET / HTTP/1.1" 200 86285 "-" "Mozilla/5.0 (Macintosh; Intel Mac OS X 10_15_7) AppleWebKit/537.36 (KHTML, like Gecko) Chrome/131.0.0.0 Safari/537.36"
34.101.220.97 - - [21/Sep/2026:05:18:08 +0700] "GET /backup/.env HTTP/1.1" 301 - "-" "Mozilla/5.0 (Macintosh; Intel Mac OS X 10_15_7) AppleWebKit/537.36 (KHTML, like Gecko) Chrome/131.0.0.0 Safari/537.36"
34.101.220.97 - - [21/Sep/2026:05:18:09 +0700] "GET / HTTP/1.1" 200 86285 "-" "Mozilla/5.0 (Macintosh; Intel Mac OS X 10_15_7) AppleWebKit/537.36 (KHTML, like Gecko) Chrome/131.0.0.0 Safari/537.36"
34.101.220.97 - - [21/Sep/2026:05:18:12 +0700] "GET /backups/.env HTTP/1.1" 301 - "-" "Mozilla/5.0 (Macintosh; Intel Mac OS X 10_15_7) AppleWebKit/537.36 (KHTML, like Gecko) Chrome/131.0.0.0 Safari/537.36"
34.101.220.97 - - [21/Sep/2026:05:18:13 +0700] "GET / HTTP/1.1" 200 86285 "-" "Mozilla/5.0 (Macintosh; Intel Mac OS X 10_15_7) AppleWebKit/537.36 (KHTML, like Gecko) Chrome/131.0.0.0 Safari/537.36"
34.101.220.97 - - [21/Sep/2026:05:18:16 +0700] "GET /old/.env HTTP/1.1" 301 - "-" "Mozilla/5.0 (Macintosh; Intel Mac OS X 10_15_7) AppleWebKit/537.36 (KHTML, like Gecko) Chrome/131.0.0.0 Safari/537.36"
34.101.220.97 - - [21/Sep/2026:05:18:18 +0700] "GET / HTTP/1.1" 200 86285 "-" "Mozilla/5.0 (Macintosh; Intel Mac OS X 10_15_7) AppleWebKit/537.36 (KHTML, like Gecko) Chrome/131.0.0.0 Safari/537.36"
34.101.220.97 - - [21/Sep/2026:05:18:20 +0700] "GET /tmp/.env HTTP/1.1" 301 - "-" "Mozilla/5.0 (Macintosh; Intel Mac OS X 10_15_7) AppleWebKit/537.36 (KHTML, like Gecko) Chrome/131.0.0.0 Safari/537.36"
34.101.220.97 - - [21/Sep/2026:05:18:22 +0700] "GET / HTTP/1.1" 200 86285 "-" "Mozilla/5.0 (Macintosh; Intel Mac OS X 10_15_7) AppleWebKit/537.36 (KHTML, like Gecko) Chrome/131.0.0.0 Safari/537.36"
34.101.220.97 - - [21/Sep/2026:05:18:25 +0700] "GET /temp/.env HTTP/1.1" 301 - "-" "Mozilla/5.0 (Macintosh; Intel Mac OS X 10_15_7) AppleWebKit/537.36 (KHTML, like Gecko) Chrome/131.0.0.0 Safari/537.36"
34.101.220.97 - - [21/Sep/2026:05:18:26 +0700] "GET / HTTP/1.1" 200 86285 "-" "Mozilla/5.0 (Macintosh; Intel Mac OS X 10_15_7) AppleWebKit/537.36 (KHTML, like Gecko) Chrome/131.0.0.0 Safari/537.36"
34.101.220.97 - - [21/Sep/2026:05:18:29 +0700] "GET /lab/.env HTTP/1.1" 301 - "-" "Mozilla/5.0 (Macintosh; Intel Mac OS X 10_15_7) AppleWebKit/537.36 (KHTML, like Gecko) Chrome/131.0.0.0 Safari/537.36"
34.101.220.97 - - [21/Sep/2026:05:18:30 +0700] "GET / HTTP/1.1" 200 86285 "-" "Mozilla/5.0 (Macintosh; Intel Mac OS X 10_15_7) AppleWebKit/537.36 (KHTML, like Gecko) Chrome/131.0.0.0 Safari/537.36"
34.101.220.97 - - [21/Sep/2026:05:18:32 +0700] "GET /cronlab/.env HTTP/1.1" 301 - "-" "Mozilla/5.0 (Macintosh; Intel Mac OS X 10_15_7) AppleWebKit/537.36 (KHTML, like Gecko) Chrome/131.0.0.0 Safari/537.36"
34.101.220.97 - - [21/Sep/2026:05:18:34 +0700] "GET / HTTP/1.1" 200 86285 "-" "Mozilla/5.0 (Macintosh; Intel Mac OS X 10_15_7) AppleWebKit/537.36 (KHTML, like Gecko) Chrome/131.0.0.0 Safari/537.36"
34.101.220.97 - - [21/Sep/2026:05:18:36 +0700] "GET /cron/.env HTTP/1.1" 301 - "-" "Mozilla/5.0 (Macintosh; Intel Mac OS X 10_15_7) AppleWebKit/537.36 (KHTML, like Gecko) Chrome/131.0.0.0 Safari/537.36"
34.101.220.97 - - [21/Sep/2026:05:18:38 +0700] "GET / HTTP/1.1" 200 86285 "-" "Mozilla/5.0 (Macintosh; Intel Mac OS X 10_15_7) AppleWebKit/537.36 (KHTML, like Gecko) Chrome/131.0.0.0 Safari/537.36"
34.101.220.97 - - [21/Sep/2026:05:18:40 +0700] "GET /en/.env HTTP/1.1" 301 - "-" "Mozilla/5.0 (Macintosh; Intel Mac OS X 10_15_7) AppleWebKit/537.36 (KHTML, like Gecko) Chrome/131.0.0.0 Safari/537.36"
34.101.220.97 - - [21/Sep/2026:05:18:41 +0700] "GET / HTTP/1.1" 200 86285 "-" "Mozilla/5.0 (Macintosh; Intel Mac OS X 10_15_7) AppleWebKit/537.36 (KHTML, like Gecko) Chrome/131.0.0.0 Safari/537.36"
34.101.220.97 - - [21/Sep/2026:05:18:44 +0700] "GET /administrator/.env HTTP/1.1" 301 - "-" "Mozilla/5.0 (Macintosh; Intel Mac OS X 10_15_7) AppleWebKit/537.36 (KHTML, like Gecko) Chrome/131.0.0.0 Safari/537.36"
34.101.220.97 - - [21/Sep/2026:05:18:45 +0700] "GET / HTTP/1.1" 200 86285 "-" "Mozilla/5.0 (Macintosh; Intel Mac OS X 10_15_7) AppleWebKit/537.36 (KHTML, like Gecko) Chrome/131.0.0.0 Safari/537.36"
34.101.220.97 - - [21/Sep/2026:05:18:50 +0700] "GET /psnlink/.env HTTP/1.1" 301 - "-" "Mozilla/5.0 (Macintosh; Intel Mac OS X 10_15_7) AppleWebKit/537.36 (KHTML, like Gecko) Chrome/131.0.0.0 Safari/537.36"
34.101.220.97 - - [21/Sep/2026:05:18:53 +0700] "GET / HTTP/1.1" 200 86285 "-" "Mozilla/5.0 (Macintosh; Intel Mac OS X 10_15_7) AppleWebKit/537.36 (KHTML, like Gecko) Chrome/131.0.0.0 Safari/537.36"
34.101.220.97 - - [21/Sep/2026:05:18:57 +0700] "GET /exapi/.env HTTP/1.1" 301 - "-" "Mozilla/5.0 (Macintosh; Intel Mac OS X 10_15_7) AppleWebKit/537.36 (KHTML, like Gecko) Chrome/131.0.0.0 Safari/537.36"
34.101.220.97 - - [21/Sep/2026:05:19:00 +0700] "GET / HTTP/1.1" 200 86285 "-" "Mozilla/5.0 (Macintosh; Intel Mac OS X 10_15_7) AppleWebKit/537.36 (KHTML, like Gecko) Chrome/131.0.0.0 Safari/537.36"
34.101.220.97 - - [21/Sep/2026:05:19:04 +0700] "GET /sitemaps/.env HTTP/1.1" 301 - "-" "Mozilla/5.0 (Macintosh; Intel Mac OS X 10_15_7) AppleWebKit/537.36 (KHTML, like Gecko) Chrome/131.0.0.0 Safari/537.36"
34.101.220.97 - - [21/Sep/2026:05:19:06 +0700] "GET / HTTP/1.1" 200 86285 "-" "Mozilla/5.0 (Macintosh; Intel Mac OS X 10_15_7) AppleWebKit/537.36 (KHTML, like Gecko) Chrome/131.0.0.0 Safari/537.36"
34.101.220.97 - - [21/Sep/2026:05:19:08 +0700] "GET /.env.backup1 HTTP/1.1" 301 - "-" "Mozilla/5.0 (Macintosh; Intel Mac OS X 10_15_7) AppleWebKit/537.36 (KHTML, like Gecko) Chrome/131.0.0.0 Safari/537.36"
34.101.220.97 - - [21/Sep/2026:05:19:11 +0700] "GET / HTTP/1.1" 200 86285 "-" "Mozilla/5.0 (Macintosh; Intel Mac OS X 10_15_7) AppleWebKit/537.36 (KHTML, like Gecko) Chrome/131.0.0.0 Safari/537.36"
34.101.220.97 - - [21/Sep/2026:05:19:13 +0700] "GET /.env.backup2 HTTP/1.1" 301 - "-" "Mozilla/5.0 (Macintosh; Intel Mac OS X 10_15_7) AppleWebKit/537.36 (KHTML, like Gecko) Chrome/131.0.0.0 Safari/537.36"
34.101.220.97 - - [21/Sep/2026:05:19:15 +0700] "GET / HTTP/1.1" 200 86285 "-" "Mozilla/5.0 (Macintosh; Intel Mac OS X 10_15_7) AppleWebKit/537.36 (KHTML, like Gecko) Chrome/131.0.0.0 Safari/537.36"
34.101.220.97 - - [21/Sep/2026:05:19:17 +0700] "GET /logs/.env HTTP/1.1" 301 - "-" "Mozilla/5.0 (Macintosh; Intel Mac OS X 10_15_7) AppleWebKit/537.36 (KHTML, like Gecko) Chrome/131.0.0.0 Safari/537.36"
34.101.220.97 - - [21/Sep/2026:05:19:18 +0700] "GET / HTTP/1.1" 200 86285 "-" "Mozilla/5.0 (Macintosh; Intel Mac OS X 10_15_7) AppleWebKit/537.36 (KHTML, like Gecko) Chrome/131.0.0.0 Safari/537.36"
34.101.220.97 - - [21/Sep/2026:05:19:21 +0700] "GET /cache/.env HTTP/1.1" 301 - "-" "Mozilla/5.0 (Macintosh; Intel Mac OS X 10_15_7) AppleWebKit/537.36 (KHTML, like Gecko) Chrome/131.0.0.0 Safari/537.36"
34.101.220.97 - - [21/Sep/2026:05:19:22 +0700] "GET / HTTP/1.1" 200 86285 "-" "Mozilla/5.0 (Macintosh; Intel Mac OS X 10_15_7) AppleWebKit/537.36 (KHTML, like Gecko) Chrome/131.0.0.0 Safari/537.36"
34.101.220.97 - - [21/Sep/2026:05:19:24 +0700] "GET /mailer/.env HTTP/1.1" 301 - "-" "Mozilla/5.0 (Macintosh; Intel Mac OS X 10_15_7) AppleWebKit/537.36 (KHTML, like Gecko) Chrome/131.0.0.0 Safari/537.36"
34.101.220.97 - - [21/Sep/2026:05:19:25 +0700] "GET / HTTP/1.1" 200 86285 "-" "Mozilla/5.0 (Macintosh; Intel Mac OS X 10_15_7) AppleWebKit/537.36 (KHTML, like Gecko) Chrome/131.0.0.0 Safari/537.36"
34.101.220.97 - - [21/Sep/2026:05:19:28 +0700] "GET /mail/.env HTTP/1.1" 301 - "-" "Mozilla/5.0 (Macintosh; Intel Mac OS X 10_15_7) AppleWebKit/537.36 (KHTML, like Gecko) Chrome/131.0.0.0 Safari/537.36"
34.101.220.97 - - [21/Sep/2026:05:19:29 +0700] "GET / HTTP/1.1" 200 86285 "-" "Mozilla/5.0 (Macintosh; Intel Mac OS X 10_15_7) AppleWebKit/537.36 (KHTML, like Gecko) Chrome/131.0.0.0 Safari/537.36"
34.101.220.97 - - [21/Sep/2026:05:19:32 +0700] "GET /email/.env HTTP/1.1" 301 - "-" "Mozilla/5.0 (Macintosh; Intel Mac OS X 10_15_7) AppleWebKit/537.36 (KHTML, like Gecko) Chrome/131.0.0.0 Safari/537.36"
34.101.220.97 - - [21/Sep/2026:05:19:33 +0700] "GET / HTTP/1.1" 200 86285 "-" "Mozilla/5.0 (Macintosh; Intel Mac OS X 10_15_7) AppleWebKit/537.36 (KHTML, like Gecko) Chrome/131.0.0.0 Safari/537.36"
34.101.220.97 - - [21/Sep/2026:05:19:34 +0700] "GET /smtp/.env HTTP/1.1" 301 - "-" "Mozilla/5.0 (Macintosh; Intel Mac OS X 10_15_7) AppleWebKit/537.36 (KHTML, like Gecko) Chrome/131.0.0.0 Safari/537.36"
34.101.220.97 - - [21/Sep/2026:05:19:35 +0700] "GET / HTTP/1.1" 200 86285 "-" "Mozilla/5.0 (Macintosh; Intel Mac OS X 10_15_7) AppleWebKit/537.36 (KHTML, like Gecko) Chrome/131.0.0.0 Safari/537.36"
34.101.220.97 - - [21/Sep/2026:05:19:36 +0700] "GET /mailing/.env HTTP/1.1" 301 - "-" "Mozilla/5.0 (Macintosh; Intel Mac OS X 10_15_7) AppleWebKit/537.36 (KHTML, like Gecko) Chrome/131.0.0.0 Safari/537.36"
34.101.220.97 - - [21/Sep/2026:05:19:38 +0700] "GET / HTTP/1.1" 200 86285 "-" "Mozilla/5.0 (Macintosh; Intel Mac OS X 10_15_7) AppleWebKit/537.36 (KHTML, like Gecko) Chrome/131.0.0.0 Safari/537.36"
34.101.220.97 - - [21/Sep/2026:05:19:39 +0700] "GET /notifications/.env HTTP/1.1" 301 - "-" "Mozilla/5.0 (Macintosh; Intel Mac OS X 10_15_7) AppleWebKit/537.36 (KHTML, like Gecko) Chrome/131.0.0.0 Safari/537.36"
34.101.220.97 - - [21/Sep/2026:05:19:40 +0700] "GET / HTTP/1.1" 200 86285 "-" "Mozilla/5.0 (Macintosh; Intel Mac OS X 10_15_7) AppleWebKit/537.36 (KHTML, like Gecko) Chrome/131.0.0.0 Safari/537.36"
34.101.220.97 - - [21/Sep/2026:05:19:41 +0700] "GET /notify/.env HTTP/1.1" 301 - "-" "Mozilla/5.0 (Macintosh; Intel Mac OS X 10_15_7) AppleWebKit/537.36 (KHTML, like Gecko) Chrome/131.0.0.0 Safari/537.36"
34.101.220.97 - - [21/Sep/2026:05:19:43 +0700] "GET / HTTP/1.1" 200 86285 "-" "Mozilla/5.0 (Macintosh; Intel Mac OS X 10_15_7) AppleWebKit/537.36 (KHTML, like Gecko) Chrome/131.0.0.0 Safari/537.36"
34.101.220.97 - - [21/Sep/2026:05:19:44 +0700] "GET /sender/.env HTTP/1.1" 301 - "-" "Mozilla/5.0 (Macintosh; Intel Mac OS X 10_15_7) AppleWebKit/537.36 (KHTML, like Gecko) Chrome/131.0.0.0 Safari/537.36"
34.101.220.97 - - [21/Sep/2026:05:19:45 +0700] "GET / HTTP/1.1" 200 86285 "-" "Mozilla/5.0 (Macintosh; Intel Mac OS X 10_15_7) AppleWebKit/537.36 (KHTML, like Gecko) Chrome/131.0.0.0 Safari/537.36"
34.101.220.97 - - [21/Sep/2026:05:19:47 +0700] "GET /campaign/.env HTTP/1.1" 301 - "-" "Mozilla/5.0 (Macintosh; Intel Mac OS X 10_15_7) AppleWebKit/537.36 (KHTML, like Gecko) Chrome/131.0.0.0 Safari/537.36"
34.101.220.97 - - [21/Sep/2026:05:19:49 +0700] "GET / HTTP/1.1" 200 86285 "-" "Mozilla/5.0 (Macintosh; Intel Mac OS X 10_15_7) AppleWebKit/537.36 (KHTML, like Gecko) Chrome/131.0.0.0 Safari/537.36"
34.101.220.97 - - [21/Sep/2026:05:19:50 +0700] "GET /newsletter/.env HTTP/1.1" 301 - "-" "Mozilla/5.0 (Macintosh; Intel Mac OS X 10_15_7) AppleWebKit/537.36 (KHTML, like Gecko) Chrome/131.0.0.0 Safari/537.36"
34.101.220.97 - - [21/Sep/2026:05:19:51 +0700] "GET / HTTP/1.1" 200 86285 "-" "Mozilla/5.0 (Macintosh; Intel Mac OS X 10_15_7) AppleWebKit/537.36 (KHTML, like Gecko) Chrome/131.0.0.0 Safari/537.36"
34.101.220.97 - - [21/Sep/2026:05:19:54 +0700] "GET /ses/.env HTTP/1.1" 301 - "-" "Mozilla/5.0 (Macintosh; Intel Mac OS X 10_15_7) AppleWebKit/537.36 (KHTML, like Gecko) Chrome/131.0.0.0 Safari/537.36"
34.101.220.97 - - [21/Sep/2026:05:19:55 +0700] "GET / HTTP/1.1" 200 86285 "-" "Mozilla/5.0 (Macintosh; Intel Mac OS X 10_15_7) AppleWebKit/537.36 (KHTML, like Gecko) Chrome/131.0.0.0 Safari/537.36"
34.101.220.97 - - [21/Sep/2026:05:19:57 +0700] "GET /sendgrid/.env HTTP/1.1" 301 - "-" "Mozilla/5.0 (Macintosh; Intel Mac OS X 10_15_7) AppleWebKit/537.36 (KHTML, like Gecko) Chrome/131.0.0.0 Safari/537.36"
34.101.220.97 - - [21/Sep/2026:05:19:58 +0700] "GET / HTTP/1.1" 200 86285 "-" "Mozilla/5.0 (Macintosh; Intel Mac OS X 10_15_7) AppleWebKit/537.36 (KHTML, like Gecko) Chrome/131.0.0.0 Safari/537.36"
34.101.220.97 - - [21/Sep/2026:05:19:59 +0700] "GET /sparkpost/.env HTTP/1.1" 301 - "-" "Mozilla/5.0 (Macintosh; Intel Mac OS X 10_15_7) AppleWebKit/537.36 (KHTML, like Gecko) Chrome/131.0.0.0 Safari/537.36"
34.101.220.97 - - [21/Sep/2026:05:20:01 +0700] "GET / HTTP/1.1" 200 86285 "-" "Mozilla/5.0 (Macintosh; Intel Mac OS X 10_15_7) AppleWebKit/537.36 (KHTML, like Gecko) Chrome/131.0.0.0 Safari/537.36"
34.101.220.97 - - [21/Sep/2026:05:20:03 +0700] "GET /postmark/.env HTTP/1.1" 301 - "-" "Mozilla/5.0 (Macintosh; Intel Mac OS X 10_15_7) AppleWebKit/537.36 (KHTML, like Gecko) Chrome/131.0.0.0 Safari/537.36"
34.101.220.97 - - [21/Sep/2026:05:20:05 +0700] "GET / HTTP/1.1" 200 86285 "-" "Mozilla/5.0 (Macintosh; Intel Mac OS X 10_15_7) AppleWebKit/537.36 (KHTML, like Gecko) Chrome/131.0.0.0 Safari/537.36"
34.101.220.97 - - [21/Sep/2026:05:20:06 +0700] "GET /mailgun/.env HTTP/1.1" 301 - "-" "Mozilla/5.0 (Macintosh; Intel Mac OS X 10_15_7) AppleWebKit/537.36 (KHTML, like Gecko) Chrome/131.0.0.0 Safari/537.36"
34.101.220.97 - - [21/Sep/2026:05:20:07 +0700] "GET / HTTP/1.1" 200 86285 "-" "Mozilla/5.0 (Macintosh; Intel Mac OS X 10_15_7) AppleWebKit/537.36 (KHTML, like Gecko) Chrome/131.0.0.0 Safari/537.36"
34.101.220.97 - - [21/Sep/2026:05:20:09 +0700] "GET /mandrill/.env HTTP/1.1" 301 - "-" "Mozilla/5.0 (Macintosh; Intel Mac OS X 10_15_7) AppleWebKit/537.36 (KHTML, like Gecko) Chrome/131.0.0.0 Safari/537.36"
34.101.220.97 - - [21/Sep/2026:05:20:10 +0700] "GET / HTTP/1.1" 200 86285 "-" "Mozilla/5.0 (Macintosh; Intel Mac OS X 10_15_7) AppleWebKit/537.36 (KHTML, like Gecko) Chrome/131.0.0.0 Safari/537.36"
34.101.220.97 - - [21/Sep/2026:05:20:12 +0700] "GET /mailjet/.env HTTP/1.1" 301 - "-" "Mozilla/5.0 (Macintosh; Intel Mac OS X 10_15_7) AppleWebKit/537.36 (KHTML, like Gecko) Chrome/131.0.0.0 Safari/537.36"
34.101.220.97 - - [21/Sep/2026:05:20:14 +0700] "GET / HTTP/1.1" 200 86285 "-" "Mozilla/5.0 (Macintosh; Intel Mac OS X 10_15_7) AppleWebKit/537.36 (KHTML, like Gecko) Chrome/131.0.0.0 Safari/537.36"
34.101.220.97 - - [21/Sep/2026:05:20:16 +0700] "GET /brevo/.env HTTP/1.1" 301 - "-" "Mozilla/5.0 (Macintosh; Intel Mac OS X 10_15_7) AppleWebKit/537.36 (KHTML, like Gecko) Chrome/131.0.0.0 Safari/537.36"
34.101.220.97 - - [21/Sep/2026:05:20:17 +0700] "GET / HTTP/1.1" 200 86285 "-" "Mozilla/5.0 (Macintosh; Intel Mac OS X 10_15_7) AppleWebKit/537.36 (KHTML, like Gecko) Chrome/131.0.0.0 Safari/537.36"
34.101.220.97 - - [21/Sep/2026:05:20:19 +0700] "GET /transactional/.env HTTP/1.1" 301 - "-" "Mozilla/5.0 (Macintosh; Intel Mac OS X 10_15_7) AppleWebKit/537.36 (KHTML, like Gecko) Chrome/131.0.0.0 Safari/537.36"
34.101.220.97 - - [21/Sep/2026:05:20:21 +0700] "GET / HTTP/1.1" 200 86285 "-" "Mozilla/5.0 (Macintosh; Intel Mac OS X 10_15_7) AppleWebKit/537.36 (KHTML, like Gecko) Chrome/131.0.0.0 Safari/537.36"
103.191.123.50 - - [21/Sep/2026:05:20:23 +0700] "POST /xmlrpc.php HTTP/1.1" 200 403 "-" "Jetpack by WordPress.com"
34.101.220.97 - - [21/Sep/2026:05:20:22 +0700] "GET /bulk/.env HTTP/1.1" 301 - "-" "Mozilla/5.0 (Macintosh; Intel Mac OS X 10_15_7) AppleWebKit/537.36 (KHTML, like Gecko) Chrome/131.0.0.0 Safari/537.36"
34.101.220.97 - - [21/Sep/2026:05:20:24 +0700] "GET / HTTP/1.1" 200 86285 "-" "Mozilla/5.0 (Macintosh; Intel Mac OS X 10_15_7) AppleWebKit/537.36 (KHTML, like Gecko) Chrome/131.0.0.0 Safari/537.36"
34.101.220.97 - - [21/Sep/2026:05:20:27 +0700] "GET /aws/.env HTTP/1.1" 301 - "-" "Mozilla/5.0 (Macintosh; Intel Mac OS X 10_15_7) AppleWebKit/537.36 (KHTML, like Gecko) Chrome/131.0.0.0 Safari/537.36"
34.101.220.97 - - [21/Sep/2026:05:20:28 +0700] "GET / HTTP/1.1" 200 86285 "-" "Mozilla/5.0 (Macintosh; Intel Mac OS X 10_15_7) AppleWebKit/537.36 (KHTML, like Gecko) Chrome/131.0.0.0 Safari/537.36"
34.101.220.97 - - [21/Sep/2026:05:20:29 +0700] "GET /azure/.env HTTP/1.1" 301 - "-" "Mozilla/5.0 (Macintosh; Intel Mac OS X 10_15_7) AppleWebKit/537.36 (KHTML, like Gecko) Chrome/131.0.0.0 Safari/537.36"
34.101.220.97 - - [21/Sep/2026:05:20:32 +0700] "GET / HTTP/1.1" 200 86285 "-" "Mozilla/5.0 (Macintosh; Intel Mac OS X 10_15_7) AppleWebKit/537.36 (KHTML, like Gecko) Chrome/131.0.0.0 Safari/537.36"
34.101.220.97 - - [21/Sep/2026:05:20:35 +0700] "GET /gcp/.env HTTP/1.1" 301 - "-" "Mozilla/5.0 (Macintosh; Intel Mac OS X 10_15_7) AppleWebKit/537.36 (KHTML, like Gecko) Chrome/131.0.0.0 Safari/537.36"
34.101.220.97 - - [21/Sep/2026:05:20:36 +0700] "GET / HTTP/1.1" 200 86285 "-" "Mozilla/5.0 (Macintosh; Intel Mac OS X 10_15_7) AppleWebKit/537.36 (KHTML, like Gecko) Chrome/131.0.0.0 Safari/537.36"
34.101.220.97 - - [21/Sep/2026:05:20:39 +0700] "GET /cloud/.env HTTP/1.1" 301 - "-" "Mozilla/5.0 (Macintosh; Intel Mac OS X 10_15_7) AppleWebKit/537.36 (KHTML, like Gecko) Chrome/131.0.0.0 Safari/537.36"
34.101.220.97 - - [21/Sep/2026:05:20:40 +0700] "GET / HTTP/1.1" 200 86285 "-" "Mozilla/5.0 (Macintosh; Intel Mac OS X 10_15_7) AppleWebKit/537.36 (KHTML, like Gecko) Chrome/131.0.0.0 Safari/537.36"
34.101.220.97 - - [21/Sep/2026:05:20:42 +0700] "GET /infrastructure/.env HTTP/1.1" 301 - "-" "Mozilla/5.0 (Macintosh; Intel Mac OS X 10_15_7) AppleWebKit/537.36 (KHTML, like Gecko) Chrome/131.0.0.0 Safari/537.36"
34.101.220.97 - - [21/Sep/2026:05:20:43 +0700] "GET / HTTP/1.1" 200 86285 "-" "Mozilla/5.0 (Macintosh; Intel Mac OS X 10_15_7) AppleWebKit/537.36 (KHTML, like Gecko) Chrome/131.0.0.0 Safari/537.36"
34.101.220.97 - - [21/Sep/2026:05:20:45 +0700] "GET /docker/.env HTTP/1.1" 301 - "-" "Mozilla/5.0 (Macintosh; Intel Mac OS X 10_15_7) AppleWebKit/537.36 (KHTML, like Gecko) Chrome/131.0.0.0 Safari/537.36"
34.101.220.97 - - [21/Sep/2026:05:20:46 +0700] "GET / HTTP/1.1" 200 86285 "-" "Mozilla/5.0 (Macintosh; Intel Mac OS X 10_15_7) AppleWebKit/537.36 (KHTML, like Gecko) Chrome/131.0.0.0 Safari/537.36"
34.101.220.97 - - [21/Sep/2026:05:20:47 +0700] "GET /k8s/.env HTTP/1.1" 301 - "-" "Mozilla/5.0 (Macintosh; Intel Mac OS X 10_15_7) AppleWebKit/537.36 (KHTML, like Gecko) Chrome/131.0.0.0 Safari/537.36"
34.101.220.97 - - [21/Sep/2026:05:20:48 +0700] "GET / HTTP/1.1" 200 86285 "-" "Mozilla/5.0 (Macintosh; Intel Mac OS X 10_15_7) AppleWebKit/537.36 (KHTML, like Gecko) Chrome/131.0.0.0 Safari/537.36"
34.101.220.97 - - [21/Sep/2026:05:20:50 +0700] "GET /kubernetes/.env HTTP/1.1" 301 - "-" "Mozilla/5.0 (Macintosh; Intel Mac OS X 10_15_7) AppleWebKit/537.36 (KHTML, like Gecko) Chrome/131.0.0.0 Safari/537.36"
34.101.220.97 - - [21/Sep/2026:05:20:51 +0700] "GET / HTTP/1.1" 200 86285 "-" "Mozilla/5.0 (Macintosh; Intel Mac OS X 10_15_7) AppleWebKit/537.36 (KHTML, like Gecko) Chrome/131.0.0.0 Safari/537.36"
34.101.220.97 - - [21/Sep/2026:05:20:53 +0700] "GET /terraform/.env HTTP/1.1" 301 - "-" "Mozilla/5.0 (Macintosh; Intel Mac OS X 10_15_7) AppleWebKit/537.36 (KHTML, like Gecko) Chrome/131.0.0.0 Safari/537.36"
34.101.220.97 - - [21/Sep/2026:05:20:54 +0700] "GET / HTTP/1.1" 200 86285 "-" "Mozilla/5.0 (Macintosh; Intel Mac OS X 10_15_7) AppleWebKit/537.36 (KHTML, like Gecko) Chrome/131.0.0.0 Safari/537.36"
34.101.220.97 - - [21/Sep/2026:05:20:56 +0700] "GET /ansible/.env HTTP/1.1" 301 - "-" "Mozilla/5.0 (Macintosh; Intel Mac OS X 10_15_7) AppleWebKit/537.36 (KHTML, like Gecko) Chrome/131.0.0.0 Safari/537.36"
34.101.220.97 - - [21/Sep/2026:05:20:57 +0700] "GET / HTTP/1.1" 200 86285 "-" "Mozilla/5.0 (Macintosh; Intel Mac OS X 10_15_7) AppleWebKit/537.36 (KHTML, like Gecko) Chrome/131.0.0.0 Safari/537.36"
34.101.220.97 - - [21/Sep/2026:05:20:59 +0700] "GET /.git/.env HTTP/1.1" 301 - "-" "Mozilla/5.0 (Macintosh; Intel Mac OS X 10_15_7) AppleWebKit/537.36 (KHTML, like Gecko) Chrome/131.0.0.0 Safari/537.36"
34.101.220.97 - - [21/Sep/2026:05:21:00 +0700] "GET / HTTP/1.1" 200 86285 "-" "Mozilla/5.0 (Macintosh; Intel Mac OS X 10_15_7) AppleWebKit/537.36 (KHTML, like Gecko) Chrome/131.0.0.0 Safari/537.36"
34.101.220.97 - - [21/Sep/2026:05:21:01 +0700] "GET /ci/.env HTTP/1.1" 301 - "-" "Mozilla/5.0 (Macintosh; Intel Mac OS X 10_15_7) AppleWebKit/537.36 (KHTML, like Gecko) Chrome/131.0.0.0 Safari/537.36"
34.101.220.97 - - [21/Sep/2026:05:21:03 +0700] "GET / HTTP/1.1" 200 86285 "-" "Mozilla/5.0 (Macintosh; Intel Mac OS X 10_15_7) AppleWebKit/537.36 (KHTML, like Gecko) Chrome/131.0.0.0 Safari/537.36"
34.101.220.97 - - [21/Sep/2026:05:21:05 +0700] "GET /cd/.env HTTP/1.1" 301 - "-" "Mozilla/5.0 (Macintosh; Intel Mac OS X 10_15_7) AppleWebKit/537.36 (KHTML, like Gecko) Chrome/131.0.0.0 Safari/537.36"
198.252.107.178 - - [21/Sep/2026:05:21:08 +0700] "POST /wp-cron.php?doing_wp_cron=1789942868.4546799659729003906250 HTTP/1.1" 200 - "-" "WordPress/7.1.1; https://bravo333c.com"
34.101.220.97 - - [21/Sep/2026:05:21:06 +0700] "GET / HTTP/1.1" 200 86285 "-" "Mozilla/5.0 (Macintosh; Intel Mac OS X 10_15_7) AppleWebKit/537.36 (KHTML, like Gecko) Chrome/131.0.0.0 Safari/537.36"
34.101.220.97 - - [21/Sep/2026:05:21:08 +0700] "GET /jenkins/.env HTTP/1.1" 301 - "-" "Mozilla/5.0 (Macintosh; Intel Mac OS X 10_15_7) AppleWebKit/537.36 (KHTML, like Gecko) Chrome/131.0.0.0 Safari/537.36"
198.252.107.178 - - [21/Sep/2026:05:21:11 +0700] "POST /wp-cron.php?doing_wp_cron=1789942871.4841558933258056640625 HTTP/1.1" 200 - "-" "WordPress/7.1.1; https://bravo333c.com"
179.208.248.217 - - [21/Sep/2026:05:21:10 +0700] "GET /wp-login.php HTTP/1.1" 200 7429 "-" "Mozilla/5.0 (Macintosh; Intel Mac OS X 10_15_7) AppleWebKit/605.1.15 (KHTML, like Gecko) Version/18.0 Safari/605.1.15"
198.252.107.178 - - [21/Sep/2026:05:21:12 +0700] "POST /wp-cron.php?doing_wp_cron=1789942872.7063889503479003906250 HTTP/1.1" 200 - "-" "WordPress/7.1.1; https://bravo333c.com"
34.101.220.97 - - [21/Sep/2026:05:21:10 +0700] "GET / HTTP/1.1" 200 86285 "-" "Mozilla/5.0 (Macintosh; Intel Mac OS X 10_15_7) AppleWebKit/537.36 (KHTML, like Gecko) Chrome/131.0.0.0 Safari/537.36"
34.101.220.97 - - [21/Sep/2026:05:21:12 +0700] "GET /gitlab/.env HTTP/1.1" 301 - "-" "Mozilla/5.0 (Macintosh; Intel Mac OS X 10_15_7) AppleWebKit/537.36 (KHTML, like Gecko) Chrome/131.0.0.0 Safari/537.36"
34.101.220.97 - - [21/Sep/2026:05:21:14 +0700] "GET / HTTP/1.1" 200 86285 "-" "Mozilla/5.0 (Macintosh; Intel Mac OS X 10_15_7) AppleWebKit/537.36 (KHTML, like Gecko) Chrome/131.0.0.0 Safari/537.36"
34.101.220.97 - - [21/Sep/2026:05:21:15 +0700] "GET /github/.env HTTP/1.1" 301 - "-" "Mozilla/5.0 (Macintosh; Intel Mac OS X 10_15_7) AppleWebKit/537.36 (KHTML, like Gecko) Chrome/131.0.0.0 Safari/537.36"
34.101.220.97 - - [21/Sep/2026:05:21:16 +0700] "GET / HTTP/1.1" 200 86285 "-" "Mozilla/5.0 (Macintosh; Intel Mac OS X 10_15_7) AppleWebKit/537.36 (KHTML, like Gecko) Chrome/131.0.0.0 Safari/537.36"
189.126.236.11 - - [21/Sep/2026:05:21:18 +0700] "POST /xmlrpc.php HTTP/1.1" 200 1160 "-" "Mozilla/5.0 (Macintosh; Intel Mac OS X 10_15_7) AppleWebKit/605.1.15 (KHTML, like Gecko) Version/18.0 Safari/605.1.15"
34.101.220.97 - - [21/Sep/2026:05:21:18 +0700] "GET /actions/.env HTTP/1.1" 301 - "-" "Mozilla/5.0 (Macintosh; Intel Mac OS X 10_15_7) AppleWebKit/537.36 (KHTML, like Gecko) Chrome/131.0.0.0 Safari/537.36"
34.101.220.97 - - [21/Sep/2026:05:21:19 +0700] "GET / HTTP/1.1" 200 86285 "-" "Mozilla/5.0 (Macintosh; Intel Mac OS X 10_15_7) AppleWebKit/537.36 (KHTML, like Gecko) Chrome/131.0.0.0 Safari/537.36"
34.101.220.97 - - [21/Sep/2026:05:21:20 +0700] "GET /circleci/.env HTTP/1.1" 301 - "-" "Mozilla/5.0 (Macintosh; Intel Mac OS X 10_15_7) AppleWebKit/537.36 (KHTML, like Gecko) Chrome/131.0.0.0 Safari/537.36"
34.101.220.97 - - [21/Sep/2026:05:21:21 +0700] "GET / HTTP/1.1" 200 86285 "-" "Mozilla/5.0 (Macintosh; Intel Mac OS X 10_15_7) AppleWebKit/537.36 (KHTML, like Gecko) Chrome/131.0.0.0 Safari/537.36"
181.79.147.157 - - [21/Sep/2026:05:21:23 +0700] "GET /wp-login.php HTTP/1.1" 200 7429 "-" "Mozilla/5.0 (Windows NT 10.0; Win64; x64; rv:133.0) Gecko/20100101 Firefox/133.0"
34.101.220.97 - - [21/Sep/2026:05:21:22 +0700] "GET /travis/.env HTTP/1.1" 301 - "-" "Mozilla/5.0 (Macintosh; Intel Mac OS X 10_15_7) AppleWebKit/537.36 (KHTML, like Gecko) Chrome/131.0.0.0 Safari/537.36"
181.79.147.157 - - [21/Sep/2026:05:21:24 +0700] "POST /wp-login.php HTTP/1.1" 302 - "https://bravo333c.com/wp-login.php" "Mozilla/5.0 (Windows NT 10.0; Win64; x64; rv:133.0) Gecko/20100101 Firefox/133.0"
34.101.220.97 - - [21/Sep/2026:05:21:23 +0700] "GET / HTTP/1.1" 200 86285 "-" "Mozilla/5.0 (Macintosh; Intel Mac OS X 10_15_7) AppleWebKit/537.36 (KHTML, like Gecko) Chrome/131.0.0.0 Safari/537.36"
34.101.220.97 - - [21/Sep/2026:05:21:25 +0700] "GET /buildkite/.env HTTP/1.1" 301 - "-" "Mozilla/5.0 (Macintosh; Intel Mac OS X 10_15_7) AppleWebKit/537.36 (KHTML, like Gecko) Chrome/131.0.0.0 Safari/537.36"
181.79.147.157 - - [21/Sep/2026:05:21:25 +0700] "GET /wp-admin/ HTTP/1.1" 200 192828 "https://bravo333c.com/wp-login.php" "Mozilla/5.0 (Windows NT 10.0; Win64; x64; rv:133.0) Gecko/20100101 Firefox/133.0"
34.101.220.97 - - [21/Sep/2026:05:21:27 +0700] "GET / HTTP/1.1" 200 86285 "-" "Mozilla/5.0 (Macintosh; Intel Mac OS X 10_15_7) AppleWebKit/537.36 (KHTML, like Gecko) Chrome/131.0.0.0 Safari/537.36"
34.101.220.97 - - [21/Sep/2026:05:21:28 +0700] "GET /mysql/.env HTTP/1.1" 301 - "-" "Mozilla/5.0 (Macintosh; Intel Mac OS X 10_15_7) AppleWebKit/537.36 (KHTML, like Gecko) Chrome/131.0.0.0 Safari/537.36"
181.79.147.157 - - [21/Sep/2026:05:21:29 +0700] "GET /wp-admin/ HTTP/1.1" 200 192824 "-" "Mozilla/5.0 (Windows NT 10.0; Win64; x64; rv:133.0) Gecko/20100101 Firefox/133.0"
34.101.220.97 - - [21/Sep/2026:05:21:29 +0700] "GET / HTTP/1.1" 200 86285 "-" "Mozilla/5.0 (Macintosh; Intel Mac OS X 10_15_7) AppleWebKit/537.36 (KHTML, like Gecko) Chrome/131.0.0.0 Safari/537.36"
34.101.220.97 - - [21/Sep/2026:05:21:31 +0700] "GET /postgres/.env HTTP/1.1" 301 - "-" "Mozilla/5.0 (Macintosh; Intel Mac OS X 10_15_7) AppleWebKit/537.36 (KHTML, like Gecko) Chrome/131.0.0.0 Safari/537.36"
34.101.220.97 - - [21/Sep/2026:05:21:32 +0700] "GET / HTTP/1.1" 200 86285 "-" "Mozilla/5.0 (Macintosh; Intel Mac OS X 10_15_7) AppleWebKit/537.36 (KHTML, like Gecko) Chrome/131.0.0.0 Safari/537.36"
181.79.147.157 - - [21/Sep/2026:05:21:32 +0700] "GET /wp-admin/plugin-editor.php HTTP/1.1" 200 140992 "-" "Mozilla/5.0 (Windows NT 10.0; Win64; x64; rv:133.0) Gecko/20100101 Firefox/133.0"
34.101.220.97 - - [21/Sep/2026:05:21:33 +0700] "GET /mongodb/.env HTTP/1.1" 301 - "-" "Mozilla/5.0 (Macintosh; Intel Mac OS X 10_15_7) AppleWebKit/537.36 (KHTML, like Gecko) Chrome/131.0.0.0 Safari/537.36"
181.79.147.157 - - [21/Sep/2026:05:21:33 +0700] "GET /wp-admin/plugins.php?plugin_status=all HTTP/1.1" 200 286067 "-" "Mozilla/5.0 (Windows NT 10.0; Win64; x64; rv:133.0) Gecko/20100101 Firefox/133.0"
34.101.220.97 - - [21/Sep/2026:05:21:35 +0700] "GET / HTTP/1.1" 200 86285 "-" "Mozilla/5.0 (Macintosh; Intel Mac OS X 10_15_7) AppleWebKit/537.36 (KHTML, like Gecko) Chrome/131.0.0.0 Safari/537.36"
181.79.147.157 - - [21/Sep/2026:05:21:33 +0700] "GET /wp-admin/plugin-install.php HTTP/1.1" 200 163408 "-" "Mozilla/5.0 (Windows NT 10.0; Win64; x64; rv:133.0) Gecko/20100101 Firefox/133.0"
34.101.220.97 - - [21/Sep/2026:05:21:37 +0700] "GET /redis/.env HTTP/1.1" 301 - "-" "Mozilla/5.0 (Macintosh; Intel Mac OS X 10_15_7) AppleWebKit/537.36 (KHTML, like Gecko) Chrome/131.0.0.0 Safari/537.36"
181.79.147.157 - - [21/Sep/2026:05:21:36 +0700] "GET /wp-admin/plugins.php?plugin_status=all HTTP/1.1" 200 286067 "-" "Mozilla/5.0 (Windows NT 10.0; Win64; x64; rv:133.0) Gecko/20100101 Firefox/133.0"
181.79.147.157 - - [21/Sep/2026:05:21:38 +0700] "POST /wp-admin/update.php?action=upload-plugin HTTP/1.1" 500 2641 "https://bravo333c.com/wp-admin/update.php?action=upload-plugin" "Mozilla/5.0 (Windows NT 10.0; Win64; x64; rv:133.0) Gecko/20100101 Firefox/133.0"
34.101.220.97 - - [21/Sep/2026:05:21:38 +0700] "GET / HTTP/1.1" 200 86285 "-" "Mozilla/5.0 (Macintosh; Intel Mac OS X 10_15_7) AppleWebKit/537.36 (KHTML, like Gecko) Chrome/131.0.0.0 Safari/537.36"
34.101.220.97 - - [21/Sep/2026:05:21:40 +0700] "GET /elasticsearch/.env HTTP/1.1" 301 - "-" "Mozilla/5.0 (Macintosh; Intel Mac OS X 10_15_7) AppleWebKit/537.36 (KHTML, like Gecko) Chrome/131.0.0.0 Safari/537.36"
34.101.220.97 - - [21/Sep/2026:05:21:42 +0700] "GET / HTTP/1.1" 200 86285 "-" "Mozilla/5.0 (Macintosh; Intel Mac OS X 10_15_7) AppleWebKit/537.36 (KHTML, like Gecko) Chrome/131.0.0.0 Safari/537.36"
181.79.147.157 - - [21/Sep/2026:05:21:40 +0700] "GET /wp-admin/plugins.php?plugin_status=all HTTP/1.1" 200 286067 "-" "Mozilla/5.0 (Windows NT 10.0; Win64; x64; rv:133.0) Gecko/20100101 Firefox/133.0"
34.101.220.97 - - [21/Sep/2026:05:21:43 +0700] "GET /rabbitmq/.env HTTP/1.1" 301 - "-" "Mozilla/5.0 (Macintosh; Intel Mac OS X 10_15_7) AppleWebKit/537.36 (KHTML, like Gecko) Chrome/131.0.0.0 Safari/537.36"
34.101.220.97 - - [21/Sep/2026:05:21:45 +0700] "GET / HTTP/1.1" 200 86285 "-" "Mozilla/5.0 (Macintosh; Intel Mac OS X 10_15_7) AppleWebKit/537.36 (KHTML, like Gecko) Chrome/131.0.0.0 Safari/537.36"
181.79.147.157 - - [21/Sep/2026:05:21:44 +0700] "GET /wp-admin/plugins.php?plugin_status=all HTTP/1.1" 200 286067 "-" "Mozilla/5.0 (Windows NT 10.0; Win64; x64; rv:133.0) Gecko/20100101 Firefox/133.0"
34.101.220.97 - - [21/Sep/2026:05:21:46 +0700] "GET /kafka/.env HTTP/1.1" 301 - "-" "Mozilla/5.0 (Macintosh; Intel Mac OS X 10_15_7) AppleWebKit/537.36 (KHTML, like Gecko) Chrome/131.0.0.0 Safari/537.36"
34.101.220.97 - - [21/Sep/2026:05:21:47 +0700] "GET / HTTP/1.1" 200 86285 "-" "Mozilla/5.0 (Macintosh; Intel Mac OS X 10_15_7) AppleWebKit/537.36 (KHTML, like Gecko) Chrome/131.0.0.0 Safari/537.36"
34.101.220.97 - - [21/Sep/2026:05:21:49 +0700] "GET /queue/.env HTTP/1.1" 301 - "-" "Mozilla/5.0 (Macintosh; Intel Mac OS X 10_15_7) AppleWebKit/537.36 (KHTML, like Gecko) Chrome/131.0.0.0 Safari/537.36"
181.79.147.157 - - [21/Sep/2026:05:21:48 +0700] "GET /wp-admin/plugins.php?plugin_status=all HTTP/1.1" 200 286069 "-" "Mozilla/5.0 (Windows NT 10.0; Win64; x64; rv:133.0) Gecko/20100101 Firefox/133.0"
34.101.220.97 - - [21/Sep/2026:05:21:50 +0700] "GET / HTTP/1.1" 200 86285 "-" "Mozilla/5.0 (Macintosh; Intel Mac OS X 10_15_7) AppleWebKit/537.36 (KHTML, like Gecko) Chrome/131.0.0.0 Safari/537.36"
34.101.220.97 - - [21/Sep/2026:05:21:51 +0700] "GET /worker/.env HTTP/1.1" 301 - "-" "Mozilla/5.0 (Macintosh; Intel Mac OS X 10_15_7) AppleWebKit/537.36 (KHTML, like Gecko) Chrome/131.0.0.0 Safari/537.36"
34.101.220.97 - - [21/Sep/2026:05:21:53 +0700] "GET / HTTP/1.1" 200 86285 "-" "Mozilla/5.0 (Macintosh; Intel Mac OS X 10_15_7) AppleWebKit/537.36 (KHTML, like Gecko) Chrome/131.0.0.0 Safari/537.36"
34.101.220.97 - - [21/Sep/2026:05:21:55 +0700] "GET /job/.env HTTP/1.1" 301 - "-" "Mozilla/5.0 (Macintosh; Intel Mac OS X 10_15_7) AppleWebKit/537.36 (KHTML, like Gecko) Chrome/131.0.0.0 Safari/537.36"
34.101.220.97 - - [21/Sep/2026:05:21:56 +0700] "GET / HTTP/1.1" 200 86285 "-" "Mozilla/5.0 (Macintosh; Intel Mac OS X 10_15_7) AppleWebKit/537.36 (KHTML, like Gecko) Chrome/131.0.0.0 Safari/537.36"
34.101.220.97 - - [21/Sep/2026:05:21:59 +0700] "GET /test/.env HTTP/1.1" 301 - "-" "Mozilla/5.0 (Macintosh; Intel Mac OS X 10_15_7) AppleWebKit/537.36 (KHTML, like Gecko) Chrome/131.0.0.0 Safari/537.36"
34.101.220.97 - - [21/Sep/2026:05:22:01 +0700] "GET / HTTP/1.1" 200 86285 "-" "Mozilla/5.0 (Macintosh; Intel Mac OS X 10_15_7) AppleWebKit/537.36 (KHTML, like Gecko) Chrome/131.0.0.0 Safari/537.36"
34.101.220.97 - - [21/Sep/2026:05:22:04 +0700] "GET /qa/.env HTTP/1.1" 301 - "-" "Mozilla/5.0 (Macintosh; Intel Mac OS X 10_15_7) AppleWebKit/537.36 (KHTML, like Gecko) Chrome/131.0.0.0 Safari/537.36"
34.101.220.97 - - [21/Sep/2026:05:22:06 +0700] "GET / HTTP/1.1" 200 86285 "-" "Mozilla/5.0 (Macintosh; Intel Mac OS X 10_15_7) AppleWebKit/537.36 (KHTML, like Gecko) Chrome/131.0.0.0 Safari/537.36"
34.101.220.97 - - [21/Sep/2026:05:22:09 +0700] "GET /preview/.env HTTP/1.1" 301 - "-" "Mozilla/5.0 (Macintosh; Intel Mac OS X 10_15_7) AppleWebKit/537.36 (KHTML, like Gecko) Chrome/131.0.0.0 Safari/537.36"
34.101.220.97 - - [21/Sep/2026:05:22:11 +0700] "GET / HTTP/1.1" 200 86285 "-" "Mozilla/5.0 (Macintosh; Intel Mac OS X 10_15_7) AppleWebKit/537.36 (KHTML, like Gecko) Chrome/131.0.0.0 Safari/537.36"
34.101.220.97 - - [21/Sep/2026:05:22:13 +0700] "GET /beta/.env HTTP/1.1" 301 - "-" "Mozilla/5.0 (Macintosh; Intel Mac OS X 10_15_7) AppleWebKit/537.36 (KHTML, like Gecko) Chrome/131.0.0.0 Safari/537.36"
34.101.220.97 - - [21/Sep/2026:05:22:15 +0700] "GET / HTTP/1.1" 200 86285 "-" "Mozilla/5.0 (Macintosh; Intel Mac OS X 10_15_7) AppleWebKit/537.36 (KHTML, like Gecko) Chrome/131.0.0.0 Safari/537.36"
34.101.220.97 - - [21/Sep/2026:05:22:18 +0700] "GET /uat/.env HTTP/1.1" 301 - "-" "Mozilla/5.0 (Macintosh; Intel Mac OS X 10_15_7) AppleWebKit/537.36 (KHTML, like Gecko) Chrome/131.0.0.0 Safari/537.36"
34.101.220.97 - - [21/Sep/2026:05:22:21 +0700] "GET / HTTP/1.1" 200 86285 "-" "Mozilla/5.0 (Macintosh; Intel Mac OS X 10_15_7) AppleWebKit/537.36 (KHTML, like Gecko) Chrome/131.0.0.0 Safari/537.36"
34.101.220.97 - - [21/Sep/2026:05:22:24 +0700] "GET /stage/.env HTTP/1.1" 301 - "-" "Mozilla/5.0 (Macintosh; Intel Mac OS X 10_15_7) AppleWebKit/537.36 (KHTML, like Gecko) Chrome/131.0.0.0 Safari/537.36"
34.101.220.97 - - [21/Sep/2026:05:22:26 +0700] "GET / HTTP/1.1" 200 86285 "-" "Mozilla/5.0 (Macintosh; Intel Mac OS X 10_15_7) AppleWebKit/537.36 (KHTML, like Gecko) Chrome/131.0.0.0 Safari/537.36"
34.101.220.97 - - [21/Sep/2026:05:22:28 +0700] "GET /development/.env HTTP/1.1" 301 - "-" "Mozilla/5.0 (Macintosh; Intel Mac OS X 10_15_7) AppleWebKit/537.36 (KHTML, like Gecko) Chrome/131.0.0.0 Safari/537.36"
34.101.220.97 - - [21/Sep/2026:05:22:30 +0700] "GET / HTTP/1.1" 200 86285 "-" "Mozilla/5.0 (Macintosh; Intel Mac OS X 10_15_7) AppleWebKit/537.36 (KHTML, like Gecko) Chrome/131.0.0.0 Safari/537.36"
34.101.220.97 - - [21/Sep/2026:05:22:33 +0700] "GET /production/.env HTTP/1.1" 301 - "-" "Mozilla/5.0 (Macintosh; Intel Mac OS X 10_15_7) AppleWebKit/537.36 (KHTML, like Gecko) Chrome/131.0.0.0 Safari/537.36"
187.19.141.164 - - [21/Sep/2026:05:22:35 +0700] "GET /wp-login.php HTTP/1.1" 200 7429 "-" "Mozilla/5.0 (Windows NT 10.0; Win64; x64; rv:133.0) Gecko/20100101 Firefox/133.0"
34.101.220.97 - - [21/Sep/2026:05:22:35 +0700] "GET / HTTP/1.1" 200 86285 "-" "Mozilla/5.0 (Macintosh; Intel Mac OS X 10_15_7) AppleWebKit/537.36 (KHTML, like Gecko) Chrome/131.0.0.0 Safari/537.36"
34.101.220.97 - - [21/Sep/2026:05:22:36 +0700] "GET /config/app/.env HTTP/1.1" 301 - "-" "Mozilla/5.0 (Macintosh; Intel Mac OS X 10_15_7) AppleWebKit/537.36 (KHTML, like Gecko) Chrome/131.0.0.0 Safari/537.36"
34.101.220.97 - - [21/Sep/2026:05:22:38 +0700] "GET / HTTP/1.1" 200 86285 "-" "Mozilla/5.0 (Macintosh; Intel Mac OS X 10_15_7) AppleWebKit/537.36 (KHTML, like Gecko) Chrome/131.0.0.0 Safari/537.36"
34.101.220.97 - - [21/Sep/2026:05:22:42 +0700] "GET /phpinfo.php HTTP/1.1" 404 16 "-" "Mozilla/5.0 (Macintosh; Intel Mac OS X 10_15_7) AppleWebKit/537.36 (KHTML, like Gecko) Chrome/131.0.0.0 Safari/537.36"
34.101.220.97 - - [21/Sep/2026:05:22:42 +0700] "GET /info.php HTTP/1.1" 404 16 "-" "Mozilla/5.0 (Macintosh; Intel Mac OS X 10_15_7) AppleWebKit/537.36 (KHTML, like Gecko) Chrome/131.0.0.0 Safari/537.36"
34.101.220.97 - - [21/Sep/2026:05:22:42 +0700] "GET /php.php HTTP/1.1" 404 16 "-" "Mozilla/5.0 (Macintosh; Intel Mac OS X 10_15_7) AppleWebKit/537.36 (KHTML, like Gecko) Chrome/131.0.0.0 Safari/537.36"
